CREATE DATABASE  IF NOT EXISTS `smpopmain_tmp` /*!40100 DEFAULT CHARACTER SET utf8 */;
USE `smpopmain_tmp`;
-- MySQL dump 10.13  Distrib 8.0.13, for Win64 (x86_64)
--
-- Host: localhost    Database: smpopmain_tmp
-- ------------------------------------------------------
-- Server version	5.7.31-log

/*!40101 SET @OLD_CHARACTER_SET_CLIENT=@@CHARACTER_SET_CLIENT */;
/*!40101 SET @OLD_CHARACTER_SET_RESULTS=@@CHARACTER_SET_RESULTS */;
/*!40101 SET @OLD_COLLATION_CONNECTION=@@COLLATION_CONNECTION */;
 SET NAMES utf8 ;
/*!40103 SET @OLD_TIME_ZONE=@@TIME_ZONE */;
/*!40103 SET TIME_ZONE='+00:00' */;
/*!40014 SET @OLD_UNIQUE_CHECKS=@@UNIQUE_CHECKS, UNIQUE_CHECKS=0 */;
/*!40014 SET @OLD_FOREIGN_KEY_CHECKS=@@FOREIGN_KEY_CHECKS, FOREIGN_KEY_CHECKS=0 */;
/*!40101 SET @OLD_SQL_MODE=@@SQL_MODE, SQL_MODE='NO_AUTO_VALUE_ON_ZERO' */;
/*!40111 SET @OLD_SQL_NOTES=@@SQL_NOTES, SQL_NOTES=0 */;
SET @MYSQLDUMP_TEMP_LOG_BIN = @@SESSION.SQL_LOG_BIN;
SET @@SESSION.SQL_LOG_BIN= 0;

--
-- GTID state at the beginning of the backup 
--

SET @@GLOBAL.GTID_PURGED=/*!80000 '+'*/ '';

--
-- Table structure for table `budget_apply`
--

DROP TABLE IF EXISTS `budget_apply`;
/*!40101 SET @saved_cs_client     = @@character_set_client */;
 SET character_set_client = utf8mb4 ;
CREATE TABLE `budget_apply` (
  `no` int(11) unsigned NOT NULL AUTO_INCREMENT,
  `item_no` int(11) unsigned NOT NULL,
  `mb_id` varchar(50) DEFAULT NULL,
  `reg_dtm` datetime NOT NULL DEFAULT CURRENT_TIMESTAMP,
  `request_amount` int(11) DEFAULT NULL,
  `request_content` varchar(500) DEFAULT NULL,
  `request_status` varchar(50) DEFAULT 'OPEN' COMMENT 'OPEN\\\\nCLOSE\\\\nREJECT',
  `rhq_no` int(10) unsigned DEFAULT '0',
  PRIMARY KEY (`no`)
) ENGINE=InnoDB DEFAULT CHARSET=utf8;
/*!40101 SET character_set_client = @saved_cs_client */;

--
-- Dumping data for table `budget_apply`
--

LOCK TABLES `budget_apply` WRITE;
/*!40000 ALTER TABLE `budget_apply` DISABLE KEYS */;
/*!40000 ALTER TABLE `budget_apply` ENABLE KEYS */;
UNLOCK TABLES;

--
-- Table structure for table `budget_item`
--

DROP TABLE IF EXISTS `budget_item`;
/*!40101 SET @saved_cs_client     = @@character_set_client */;
 SET character_set_client = utf8mb4 ;
CREATE TABLE `budget_item` (
  `no` int(11) NOT NULL AUTO_INCREMENT,
  `budget_Id` varchar(45) DEFAULT NULL,
  `mb_id` varchar(100) DEFAULT NULL,
  `reg_dtm` datetime DEFAULT NULL,
  `product_no` int(11) NOT NULL,
  `hq_support_name` varchar(45) NOT NULL COMMENT 'hq_support_name, ',
  `image` varchar(500) DEFAULT NULL,
  `name` varchar(200) DEFAULT NULL,
  `material` varchar(100) DEFAULT NULL,
  `dimension` varchar(500) DEFAULT NULL,
  `product_period` varchar(50) DEFAULT NULL,
  `count_option` int(11) NOT NULL,
  `unit_price` varchar(50) DEFAULT NULL,
  `rhq_no` int(11) NOT NULL,
  `subsidary_no` int(11) NOT NULL,
  `country_no` int(11) NOT NULL,
  `info` varchar(50) DEFAULT NULL,
  `budget_sum` decimal(19,1) DEFAULT NULL COMMENT 'hp_support_name , count_option 에 해당하는 항목의\\ncount_option * product의 합',
  PRIMARY KEY (`no`),
  UNIQUE KEY `budget_Id_UNIQUE` (`budget_Id`)
) ENGINE=InnoDB AUTO_INCREMENT=1656 DEFAULT CHARSET=utf8;
/*!40101 SET character_set_client = @saved_cs_client */;

--
-- Dumping data for table `budget_item`
--

LOCK TABLES `budget_item` WRITE;
/*!40000 ALTER TABLE `budget_item` DISABLE KEYS */;
INSERT INTO `budget_item` VALUES (15,NULL,'id_admin','2020-11-13 23:54:47',1605257341,'PaletteSupport','https://phg.smpop.net/data/item/1605257341/13.T2O1Infinity_TBD_Thumbnail.jpg','T2O1 Special Display','PC Resin(B&W), Diffuse PC, LED Light, Mirror','167 x 212 x 240 (mm)','',627,'99',2,3,3,'',171127.8),(16,NULL,'id_admin','2020-11-13 23:54:47',1605255679,'PaletteSupport','https://phg.smpop.net/data/item/1605255679/01.3DSignage_TBD_Thumbnail.jpg','Palette 3D Signage(LED)','PC Resin (B&W), Diffuse PC , LED light','190 x 90 x 45 (mm)','',5231,'19.8',2,3,3,'',171127.8),(17,NULL,'id_admin','2020-11-13 23:54:47',1605254256,'PaletteSupport','https://phg.smpop.net/data/item/1605254256/02.AttractorKVLrage_TBD_Thumbnail.jpg','Attractor KV Large','PCM 50% Anti, Acrylic, Diffuse PC, LED','195 x 300 x 45 (mm)','',70,'44.9',2,3,3,'',171127.8),(18,NULL,'id_admin','2020-11-13 23:54:48',1605253649,'PaletteSupport','https://phg.smpop.net/data/item/1605253649/12.SpecModule_TBD_Thumbnail.jpg','Spec Module','PCM 50% Anti, Acrylic','195 x 170 x 10 (mm)','',70,'15.3',2,3,3,'',171127.8),(19,NULL,'id_admin','2020-11-13 23:54:48',1605252142,'PaletteSupport','https://phg.smpop.net/data/item/1605252142/05.DeviceModule_TBD_Thumbnail.jpg','Device Module (Vertical)','PCM 50% Anti, Acrylic','97.5 x 170 x 10 (mm)','',70,'10.2',2,3,3,'',171127.8),(20,NULL,'id_admin','2020-11-13 23:54:48',1501132014,'PaletteSupport','https://phg.smpop.net/data/item/1501132014/02_Universalsecuritycable6typeC_640X640_191211.jpg','Universal Sensor Cable (Ver.6) Type C','PC, Urethane etc.','1700mm','2~3 weeks',70,'7.9',2,3,3,'',171127.8),(21,NULL,'id_admin','2020-11-13 23:59:32',1605257341,'PaletteSupport','https://phg.smpop.net/data/item/1605257341/13.T2O1Infinity_TBD_Thumbnail.jpg','T2O1 Special Display','PC Resin(B&W), Diffuse PC, LED Light, Mirror','167 x 212 x 240 (mm)','',1030,'99',2,4,4,'',327184.0),(22,NULL,'id_admin','2020-11-13 23:59:32',1605255830,'PaletteSupport','https://phg.smpop.net/data/item/1605255830/07.P3AttractorLarge_TBD_Thumbnail.jpg','P3 Attractor Artistic Large','PC Resin(B&W), Diffuse PC, LED Light, Mirror','195 x 300 x 45 (mm)','',14,'73.9',2,4,4,'',327184.0),(23,NULL,'id_admin','2020-11-13 23:59:32',1605255679,'PaletteSupport','https://phg.smpop.net/data/item/1605255679/01.3DSignage_TBD_Thumbnail.jpg','Palette 3D Signage(LED)','PC Resin (B&W), Diffuse PC , LED light','190 x 90 x 45 (mm)','',9060,'19.8',2,4,4,'',327184.0),(24,NULL,'id_admin','2020-11-13 23:59:32',1605254256,'PaletteSupport','https://phg.smpop.net/data/item/1605254256/02.AttractorKVLrage_TBD_Thumbnail.jpg','Attractor KV Large','PCM 50% Anti, Acrylic, Diffuse PC, LED','195 x 300 x 45 (mm)','',562,'44.9',2,4,4,'',327184.0),(25,NULL,'id_admin','2020-11-13 23:59:32',1605254018,'PaletteSupport','https://phg.smpop.net/data/item/1605254018/04.ColorchipModule_TBD_Thumbnail.jpg','Colorchip Module','PCM 50% Anti, Acrylic','97.5 x 170 x 10 (mm)','',14,'22.8',2,4,4,'',327184.0),(26,NULL,'id_admin','2020-11-13 23:59:32',1605253649,'PaletteSupport','https://phg.smpop.net/data/item/1605253649/12.SpecModule_TBD_Thumbnail.jpg','Spec Module','PCM 50% Anti, Acrylic','195 x 170 x 10 (mm)','',576,'15.3',2,4,4,'',327184.0),(27,NULL,'id_admin','2020-11-13 23:59:32',1605252142,'PaletteSupport','https://phg.smpop.net/data/item/1605252142/05.DeviceModule_TBD_Thumbnail.jpg','Device Module (Vertical)','PCM 50% Anti, Acrylic','97.5 x 170 x 10 (mm)','',576,'10.2',2,4,4,'',327184.0),(28,NULL,'id_admin','2020-11-13 23:59:32',1501132014,'PaletteSupport','https://phg.smpop.net/data/item/1501132014/02_Universalsecuritycable6typeC_640X640_191211.jpg','Universal Sensor Cable (Ver.6) Type C','PC, Urethane etc.','1700mm','2~3 weeks',576,'7.9',2,4,4,'',327184.0),(29,NULL,'id_admin','2020-11-14 00:00:52',1605257341,'PaletteSupport','https://phg.smpop.net/data/item/1605257341/13.T2O1Infinity_TBD_Thumbnail.jpg','T2O1 Special Display','PC Resin(B&W), Diffuse PC, LED Light, Mirror','167 x 212 x 240 (mm)','',454,'99',2,5,5,'',122749.3),(30,NULL,'id_admin','2020-11-14 00:00:52',1605255830,'PaletteSupport','https://phg.smpop.net/data/item/1605255830/07.P3AttractorLarge_TBD_Thumbnail.jpg','P3 Attractor Artistic Large','PC Resin(B&W), Diffuse PC, LED Light, Mirror','195 x 300 x 45 (mm)','',2,'73.9',2,5,5,'',122749.3),(31,NULL,'id_admin','2020-11-14 00:00:52',1605255679,'PaletteSupport','https://phg.smpop.net/data/item/1605255679/01.3DSignage_TBD_Thumbnail.jpg','Palette 3D Signage(LED)','PC Resin (B&W), Diffuse PC , LED light','190 x 90 x 45 (mm)','',3770,'19.8',2,5,5,'',122749.3),(32,NULL,'id_admin','2020-11-14 00:00:52',1605254256,'PaletteSupport','https://phg.smpop.net/data/item/1605254256/02.AttractorKVLrage_TBD_Thumbnail.jpg','Attractor KV Large','PCM 50% Anti, Acrylic, Diffuse PC, LED','195 x 300 x 45 (mm)','',37,'44.9',2,5,5,'',122749.3),(33,NULL,'id_admin','2020-11-14 00:00:52',1605254018,'PaletteSupport','https://phg.smpop.net/data/item/1605254018/04.ColorchipModule_TBD_Thumbnail.jpg','Colorchip Module','PCM 50% Anti, Acrylic','97.5 x 170 x 10 (mm)','',2,'22.8',2,5,5,'',122749.3),(34,NULL,'id_admin','2020-11-14 00:00:52',1605253649,'PaletteSupport','https://phg.smpop.net/data/item/1605253649/12.SpecModule_TBD_Thumbnail.jpg','Spec Module','PCM 50% Anti, Acrylic','195 x 170 x 10 (mm)','',39,'15.3',2,5,5,'',122749.3),(35,NULL,'id_admin','2020-11-14 00:00:52',1605252142,'PaletteSupport','https://phg.smpop.net/data/item/1605252142/05.DeviceModule_TBD_Thumbnail.jpg','Device Module (Vertical)','PCM 50% Anti, Acrylic','97.5 x 170 x 10 (mm)','',39,'10.2',2,5,5,'',122749.3),(36,NULL,'id_admin','2020-11-14 00:00:52',1501132014,'PaletteSupport','https://phg.smpop.net/data/item/1501132014/02_Universalsecuritycable6typeC_640X640_191211.jpg','Universal Sensor Cable (Ver.6) Type C','PC, Urethane etc.','1700mm','2~3 weeks',39,'7.9',2,5,5,'',122749.3),(37,NULL,'id_admin','2020-11-14 00:02:06',1605257341,'PaletteSupport','https://phg.smpop.net/data/item/1605257341/13.T2O1Infinity_TBD_Thumbnail.jpg','T2O1 Special Display','PC Resin(B&W), Diffuse PC, LED Light, Mirror','167 x 212 x 240 (mm)','',138,'99',2,6,6,'',52046.1),(38,NULL,'id_admin','2020-11-14 00:02:06',1605255679,'PaletteSupport','https://phg.smpop.net/data/item/1605255679/01.3DSignage_TBD_Thumbnail.jpg','Palette 3D Signage(LED)','PC Resin (B&W), Diffuse PC , LED light','190 x 90 x 45 (mm)','',1294,'19.8',2,6,6,'',52046.1),(39,NULL,'id_admin','2020-11-14 00:02:06',1605254256,'PaletteSupport','https://phg.smpop.net/data/item/1605254256/02.AttractorKVLrage_TBD_Thumbnail.jpg','Attractor KV Large','PCM 50% Anti, Acrylic, Diffuse PC, LED','195 x 300 x 45 (mm)','',163,'44.9',2,6,6,'',52046.1),(40,NULL,'id_admin','2020-11-14 00:02:06',1605253649,'PaletteSupport','https://phg.smpop.net/data/item/1605253649/12.SpecModule_TBD_Thumbnail.jpg','Spec Module','PCM 50% Anti, Acrylic','195 x 170 x 10 (mm)','',163,'15.3',2,6,6,'',52046.1),(41,NULL,'id_admin','2020-11-14 00:02:06',1605252142,'PaletteSupport','https://phg.smpop.net/data/item/1605252142/05.DeviceModule_TBD_Thumbnail.jpg','Device Module (Vertical)','PCM 50% Anti, Acrylic','97.5 x 170 x 10 (mm)','',163,'10.2',2,6,6,'',52046.1),(42,NULL,'id_admin','2020-11-14 00:02:06',1501132014,'PaletteSupport','https://phg.smpop.net/data/item/1501132014/02_Universalsecuritycable6typeC_640X640_191211.jpg','Universal Sensor Cable (Ver.6) Type C','PC, Urethane etc.','1700mm','2~3 weeks',163,'7.9',2,6,6,'',52046.1),(51,NULL,'id_admin','2020-11-14 00:03:26',1605257341,'PaletteSupport','https://phg.smpop.net/data/item/1605257341/13.T2O1Infinity_TBD_Thumbnail.jpg','T2O1 Special Display','PC Resin(B&W), Diffuse PC, LED Light, Mirror','167 x 212 x 240 (mm)','',164,'99',2,7,7,'',66462.9),(52,NULL,'id_admin','2020-11-14 00:03:26',1605255830,'PaletteSupport','https://phg.smpop.net/data/item/1605255830/07.P3AttractorLarge_TBD_Thumbnail.jpg','P3 Attractor Artistic Large','PC Resin(B&W), Diffuse PC, LED Light, Mirror','195 x 300 x 45 (mm)','',21,'73.9',2,7,7,'',66462.9),(53,NULL,'id_admin','2020-11-14 00:03:26',1605255679,'PaletteSupport','https://phg.smpop.net/data/item/1605255679/01.3DSignage_TBD_Thumbnail.jpg','Palette 3D Signage(LED)','PC Resin (B&W), Diffuse PC , LED light','190 x 90 x 45 (mm)','',1592,'19.8',2,7,7,'',66462.9),(54,NULL,'id_admin','2020-11-14 00:03:26',1605254256,'PaletteSupport','https://phg.smpop.net/data/item/1605254256/02.AttractorKVLrage_TBD_Thumbnail.jpg','Attractor KV Large','PCM 50% Anti, Acrylic, Diffuse PC, LED','195 x 300 x 45 (mm)','',204,'44.9',2,7,7,'',66462.9),(55,NULL,'id_admin','2020-11-14 00:03:26',1605254018,'PaletteSupport','https://phg.smpop.net/data/item/1605254018/04.ColorchipModule_TBD_Thumbnail.jpg','Colorchip Module','PCM 50% Anti, Acrylic','97.5 x 170 x 10 (mm)','',21,'22.8',2,7,7,'',66462.9),(56,NULL,'id_admin','2020-11-14 00:03:26',1605253649,'PaletteSupport','https://phg.smpop.net/data/item/1605253649/12.SpecModule_TBD_Thumbnail.jpg','Spec Module','PCM 50% Anti, Acrylic','195 x 170 x 10 (mm)','',225,'15.3',2,7,7,'',66462.9),(57,NULL,'id_admin','2020-11-14 00:03:26',1605252142,'PaletteSupport','https://phg.smpop.net/data/item/1605252142/05.DeviceModule_TBD_Thumbnail.jpg','Device Module (Vertical)','PCM 50% Anti, Acrylic','97.5 x 170 x 10 (mm)','',225,'10.2',2,7,7,'',66462.9),(58,NULL,'id_admin','2020-11-14 00:03:26',1501132014,'PaletteSupport','https://phg.smpop.net/data/item/1501132014/02_Universalsecuritycable6typeC_640X640_191211.jpg','Universal Sensor Cable (Ver.6) Type C','PC, Urethane etc.','1700mm','2~3 weeks',225,'7.9',2,7,7,'',66462.9),(59,NULL,'id_admin','2020-11-14 00:04:33',1605257341,'PaletteSupport','https://phg.smpop.net/data/item/1605257341/13.T2O1Infinity_TBD_Thumbnail.jpg','T2O1 Special Display','PC Resin(B&W), Diffuse PC, LED Light, Mirror','167 x 212 x 240 (mm)','',379,'99',2,8,9,'',104965.8),(60,NULL,'id_admin','2020-11-14 00:04:33',1605255830,'PaletteSupport','https://phg.smpop.net/data/item/1605255830/07.P3AttractorLarge_TBD_Thumbnail.jpg','P3 Attractor Artistic Large','PC Resin(B&W), Diffuse PC, LED Light, Mirror','195 x 300 x 45 (mm)','',3,'73.9',2,8,9,'',104965.8),(61,NULL,'id_admin','2020-11-14 00:04:33',1605255679,'PaletteSupport','https://phg.smpop.net/data/item/1605255679/01.3DSignage_TBD_Thumbnail.jpg','Palette 3D Signage(LED)','PC Resin (B&W), Diffuse PC , LED light','190 x 90 x 45 (mm)','',3177,'19.8',2,8,9,'',104965.8),(62,NULL,'id_admin','2020-11-14 00:04:33',1605254256,'PaletteSupport','https://phg.smpop.net/data/item/1605254256/02.AttractorKVLrage_TBD_Thumbnail.jpg','Attractor KV Large','PCM 50% Anti, Acrylic, Diffuse PC, LED','195 x 300 x 45 (mm)','',53,'44.9',2,8,9,'',104965.8),(63,NULL,'id_admin','2020-11-14 00:04:33',1605254018,'PaletteSupport','https://phg.smpop.net/data/item/1605254018/04.ColorchipModule_TBD_Thumbnail.jpg','Colorchip Module','PCM 50% Anti, Acrylic','97.5 x 170 x 10 (mm)','',3,'22.8',2,8,9,'',104965.8),(64,NULL,'id_admin','2020-11-14 00:04:33',1605253649,'PaletteSupport','https://phg.smpop.net/data/item/1605253649/12.SpecModule_TBD_Thumbnail.jpg','Spec Module','PCM 50% Anti, Acrylic','195 x 170 x 10 (mm)','',56,'15.3',2,8,9,'',104965.8),(65,NULL,'id_admin','2020-11-14 00:04:33',1605252142,'PaletteSupport','https://phg.smpop.net/data/item/1605252142/05.DeviceModule_TBD_Thumbnail.jpg','Device Module (Vertical)','PCM 50% Anti, Acrylic','97.5 x 170 x 10 (mm)','',56,'10.2',2,8,9,'',104965.8),(66,NULL,'id_admin','2020-11-14 00:04:33',1501132014,'PaletteSupport','https://phg.smpop.net/data/item/1501132014/02_Universalsecuritycable6typeC_640X640_191211.jpg','Universal Sensor Cable (Ver.6) Type C','PC, Urethane etc.','1700mm','2~3 weeks',56,'7.9',2,8,9,'',104965.8),(75,NULL,'id_admin','2020-11-14 00:09:27',1605257341,'PaletteSupport','https://phg.smpop.net/data/item/1605257341/13.T2O1Infinity_TBD_Thumbnail.jpg','T2O1 Special Display','PC Resin(B&W), Diffuse PC, LED Light, Mirror','167 x 212 x 240 (mm)','',352,'99',2,9,11,'',93220.7),(76,NULL,'id_admin','2020-11-14 00:09:27',1605255830,'PaletteSupport','https://phg.smpop.net/data/item/1605255830/07.P3AttractorLarge_TBD_Thumbnail.jpg','P3 Attractor Artistic Large','PC Resin(B&W), Diffuse PC, LED Light, Mirror','195 x 300 x 45 (mm)','',1,'73.9',2,9,11,'',93220.7),(77,NULL,'id_admin','2020-11-14 00:09:27',1605255679,'PaletteSupport','https://phg.smpop.net/data/item/1605255679/01.3DSignage_TBD_Thumbnail.jpg','Palette 3D Signage(LED)','PC Resin (B&W), Diffuse PC , LED light','190 x 90 x 45 (mm)','',2902,'19.8',2,9,11,'',93220.7),(78,NULL,'id_admin','2020-11-14 00:09:27',1605254256,'PaletteSupport','https://phg.smpop.net/data/item/1605254256/02.AttractorKVLrage_TBD_Thumbnail.jpg','Attractor KV Large','PCM 50% Anti, Acrylic, Diffuse PC, LED','195 x 300 x 45 (mm)','',10,'44.9',2,9,11,'',93220.7),(79,NULL,'id_admin','2020-11-14 00:09:27',1605254018,'PaletteSupport','https://phg.smpop.net/data/item/1605254018/04.ColorchipModule_TBD_Thumbnail.jpg','Colorchip Module','PCM 50% Anti, Acrylic','97.5 x 170 x 10 (mm)','',1,'22.8',2,9,11,'',93220.7),(80,NULL,'id_admin','2020-11-14 00:09:27',1605253649,'PaletteSupport','https://phg.smpop.net/data/item/1605253649/12.SpecModule_TBD_Thumbnail.jpg','Spec Module','PCM 50% Anti, Acrylic','195 x 170 x 10 (mm)','',11,'15.3',2,9,11,'',93220.7),(81,NULL,'id_admin','2020-11-14 00:09:27',1605252142,'PaletteSupport','https://phg.smpop.net/data/item/1605252142/05.DeviceModule_TBD_Thumbnail.jpg','Device Module (Vertical)','PCM 50% Anti, Acrylic','97.5 x 170 x 10 (mm)','',11,'10.2',2,9,11,'',93220.7),(82,NULL,'id_admin','2020-11-14 00:09:27',1501132014,'PaletteSupport','https://phg.smpop.net/data/item/1501132014/02_Universalsecuritycable6typeC_640X640_191211.jpg','Universal Sensor Cable (Ver.6) Type C','PC, Urethane etc.','1700mm','2~3 weeks',11,'7.9',2,9,11,'',93220.7),(83,NULL,'id_admin','2020-11-14 00:10:59',1605257341,'PaletteSupport','https://phg.smpop.net/data/item/1605257341/13.T2O1Infinity_TBD_Thumbnail.jpg','T2O1 Special Display','PC Resin(B&W), Diffuse PC, LED Light, Mirror','167 x 212 x 240 (mm)','',164,'99',2,10,15,'',46699.4),(84,NULL,'id_admin','2020-11-14 00:10:59',1605255830,'PaletteSupport','https://phg.smpop.net/data/item/1605255830/07.P3AttractorLarge_TBD_Thumbnail.jpg','P3 Attractor Artistic Large','PC Resin(B&W), Diffuse PC, LED Light, Mirror','195 x 300 x 45 (mm)','',22,'73.9',2,10,15,'',46699.4),(85,NULL,'id_admin','2020-11-14 00:10:59',1605255679,'PaletteSupport','https://phg.smpop.net/data/item/1605255679/01.3DSignage_TBD_Thumbnail.jpg','Palette 3D Signage(LED)','PC Resin (B&W), Diffuse PC , LED light','190 x 90 x 45 (mm)','',1394,'19.8',2,10,15,'',46699.4),(86,NULL,'id_admin','2020-11-14 00:10:59',1605254018,'PaletteSupport','https://phg.smpop.net/data/item/1605254018/04.ColorchipModule_TBD_Thumbnail.jpg','Colorchip Module','PCM 50% Anti, Acrylic','97.5 x 170 x 10 (mm)','',22,'22.8',2,10,15,'',46699.4),(87,NULL,'id_admin','2020-11-14 00:10:59',1605253649,'PaletteSupport','https://phg.smpop.net/data/item/1605253649/12.SpecModule_TBD_Thumbnail.jpg','Spec Module','PCM 50% Anti, Acrylic','195 x 170 x 10 (mm)','',22,'15.3',2,10,15,'',46699.4),(88,NULL,'id_admin','2020-11-14 00:10:59',1605252142,'PaletteSupport','https://phg.smpop.net/data/item/1605252142/05.DeviceModule_TBD_Thumbnail.jpg','Device Module (Vertical)','PCM 50% Anti, Acrylic','97.5 x 170 x 10 (mm)','',22,'10.2',2,10,15,'',46699.4),(89,NULL,'id_admin','2020-11-14 00:10:59',1501132014,'PaletteSupport','https://phg.smpop.net/data/item/1501132014/02_Universalsecuritycable6typeC_640X640_191211.jpg','Universal Sensor Cable (Ver.6) Type C','PC, Urethane etc.','1700mm','2~3 weeks',22,'7.9',2,10,15,'',46699.4),(90,NULL,'id_admin','2020-11-14 00:12:21',1605257341,'PaletteSupport','https://phg.smpop.net/data/item/1605257341/13.T2O1Infinity_TBD_Thumbnail.jpg','T2O1 Special Display','PC Resin(B&W), Diffuse PC, LED Light, Mirror','167 x 212 x 240 (mm)','',244,'99',2,11,16,'',68348.7),(91,NULL,'id_admin','2020-11-14 00:12:21',1605255679,'PaletteSupport','https://phg.smpop.net/data/item/1605255679/01.3DSignage_TBD_Thumbnail.jpg','Palette 3D Signage(LED)','PC Resin (B&W), Diffuse PC , LED light','190 x 90 x 45 (mm)','',2054,'19.8',2,11,16,'',68348.7),(92,NULL,'id_admin','2020-11-14 00:12:22',1605254256,'PaletteSupport','https://phg.smpop.net/data/item/1605254256/02.AttractorKVLrage_TBD_Thumbnail.jpg','Attractor KV Large','PCM 50% Anti, Acrylic, Diffuse PC, LED','195 x 300 x 45 (mm)','',45,'44.9',2,11,16,'',68348.7),(93,NULL,'id_admin','2020-11-14 00:12:22',1605253649,'PaletteSupport','https://phg.smpop.net/data/item/1605253649/12.SpecModule_TBD_Thumbnail.jpg','Spec Module','PCM 50% Anti, Acrylic','195 x 170 x 10 (mm)','',45,'15.3',2,11,16,'',68348.7),(94,NULL,'id_admin','2020-11-14 00:12:22',1605252142,'PaletteSupport','https://phg.smpop.net/data/item/1605252142/05.DeviceModule_TBD_Thumbnail.jpg','Device Module (Vertical)','PCM 50% Anti, Acrylic','97.5 x 170 x 10 (mm)','',45,'10.2',2,11,16,'',68348.7),(95,NULL,'id_admin','2020-11-14 00:12:22',1501132014,'PaletteSupport','https://phg.smpop.net/data/item/1501132014/02_Universalsecuritycable6typeC_640X640_191211.jpg','Universal Sensor Cable (Ver.6) Type C','PC, Urethane etc.','1700mm','2~3 weeks',45,'7.9',2,11,16,'',68348.7),(104,NULL,'id_admin','2020-11-14 00:14:34',1605257341,'PaletteSupport','https://phg.smpop.net/data/item/1605257341/13.T2O1Infinity_TBD_Thumbnail.jpg','T2O1 Special Display','PC Resin(B&W), Diffuse PC, LED Light, Mirror','167 x 212 x 240 (mm)','',46,'99',2,13,20,'',18167.6),(105,NULL,'id_admin','2020-11-14 00:14:34',1605255830,'PaletteSupport','https://phg.smpop.net/data/item/1605255830/07.P3AttractorLarge_TBD_Thumbnail.jpg','P3 Attractor Artistic Large','PC Resin(B&W), Diffuse PC, LED Light, Mirror','195 x 300 x 45 (mm)','',13,'73.9',2,13,20,'',18167.6),(106,NULL,'id_admin','2020-11-14 00:14:34',1605255679,'PaletteSupport','https://phg.smpop.net/data/item/1605255679/01.3DSignage_TBD_Thumbnail.jpg','Palette 3D Signage(LED)','PC Resin (B&W), Diffuse PC , LED light','190 x 90 x 45 (mm)','',440,'19.8',2,13,20,'',18167.6),(107,NULL,'id_admin','2020-11-14 00:14:34',1605254256,'PaletteSupport','https://phg.smpop.net/data/item/1605254256/02.AttractorKVLrage_TBD_Thumbnail.jpg','Attractor KV Large','PCM 50% Anti, Acrylic, Diffuse PC, LED','195 x 300 x 45 (mm)','',41,'44.9',2,13,20,'',18167.6),(108,NULL,'id_admin','2020-11-14 00:14:34',1605254018,'PaletteSupport','https://phg.smpop.net/data/item/1605254018/04.ColorchipModule_TBD_Thumbnail.jpg','Colorchip Module','PCM 50% Anti, Acrylic','97.5 x 170 x 10 (mm)','',13,'22.8',2,13,20,'',18167.6),(109,NULL,'id_admin','2020-11-14 00:14:34',1605253649,'PaletteSupport','https://phg.smpop.net/data/item/1605253649/12.SpecModule_TBD_Thumbnail.jpg','Spec Module','PCM 50% Anti, Acrylic','195 x 170 x 10 (mm)','',54,'15.3',2,13,20,'',18167.6),(110,NULL,'id_admin','2020-11-14 00:14:34',1605252142,'PaletteSupport','https://phg.smpop.net/data/item/1605252142/05.DeviceModule_TBD_Thumbnail.jpg','Device Module (Vertical)','PCM 50% Anti, Acrylic','97.5 x 170 x 10 (mm)','',54,'10.2',2,13,20,'',18167.6),(111,NULL,'id_admin','2020-11-14 00:14:34',1501132014,'PaletteSupport','https://phg.smpop.net/data/item/1501132014/02_Universalsecuritycable6typeC_640X640_191211.jpg','Universal Sensor Cable (Ver.6) Type C','PC, Urethane etc.','1700mm','2~3 weeks',54,'7.9',2,13,20,'',18167.6),(112,NULL,'id_admin','2020-11-14 00:15:41',1605257341,'PaletteSupport','https://phg.smpop.net/data/item/1605257341/13.T2O1Infinity_TBD_Thumbnail.jpg','T2O1 Special Display','PC Resin(B&W), Diffuse PC, LED Light, Mirror','167 x 212 x 240 (mm)','',103,'99',2,14,22,'',30471.5),(113,NULL,'id_admin','2020-11-14 00:15:41',1605255830,'PaletteSupport','https://phg.smpop.net/data/item/1605255830/07.P3AttractorLarge_TBD_Thumbnail.jpg','P3 Attractor Artistic Large','PC Resin(B&W), Diffuse PC, LED Light, Mirror','195 x 300 x 45 (mm)','',4,'73.9',2,14,22,'',30471.5),(114,NULL,'id_admin','2020-11-14 00:15:41',1605255679,'PaletteSupport','https://phg.smpop.net/data/item/1605255679/01.3DSignage_TBD_Thumbnail.jpg','Palette 3D Signage(LED)','PC Resin (B&W), Diffuse PC , LED light','190 x 90 x 45 (mm)','',883,'19.8',2,14,22,'',30471.5),(115,NULL,'id_admin','2020-11-14 00:15:41',1605254256,'PaletteSupport','https://phg.smpop.net/data/item/1605254256/02.AttractorKVLrage_TBD_Thumbnail.jpg','Attractor KV Large','PCM 50% Anti, Acrylic, Diffuse PC, LED','195 x 300 x 45 (mm)','',29,'44.9',2,14,22,'',30471.5),(116,NULL,'id_admin','2020-11-14 00:15:41',1605254018,'PaletteSupport','https://phg.smpop.net/data/item/1605254018/04.ColorchipModule_TBD_Thumbnail.jpg','Colorchip Module','PCM 50% Anti, Acrylic','97.5 x 170 x 10 (mm)','',4,'22.8',2,14,22,'',30471.5),(117,NULL,'id_admin','2020-11-14 00:15:41',1605253649,'PaletteSupport','https://phg.smpop.net/data/item/1605253649/12.SpecModule_TBD_Thumbnail.jpg','Spec Module','PCM 50% Anti, Acrylic','195 x 170 x 10 (mm)','',33,'15.3',2,14,22,'',30471.5),(118,NULL,'id_admin','2020-11-14 00:15:41',1605252142,'PaletteSupport','https://phg.smpop.net/data/item/1605252142/05.DeviceModule_TBD_Thumbnail.jpg','Device Module (Vertical)','PCM 50% Anti, Acrylic','97.5 x 170 x 10 (mm)','',33,'10.2',2,14,22,'',30471.5),(119,NULL,'id_admin','2020-11-14 00:15:41',1501132014,'PaletteSupport','https://phg.smpop.net/data/item/1501132014/02_Universalsecuritycable6typeC_640X640_191211.jpg','Universal Sensor Cable (Ver.6) Type C','PC, Urethane etc.','1700mm','2~3 weeks',33,'7.9',2,14,22,'',30471.5),(239,NULL,'id_admin','2020-11-14 00:59:53',1605255830,'PaletteSupport','https://phg.smpop.net/data/item/1605255830/07.P3AttractorLarge_TBD_Thumbnail.jpg','P3 Attractor Artistic Large','PC Resin(B&W), Diffuse PC, LED Light, Mirror','195 x 300 x 45 (mm)','',50,'73.9',5,29,69,'',16814.5),(240,NULL,'id_admin','2020-11-14 00:59:53',1605255679,'PaletteSupport','https://phg.smpop.net/data/item/1605255679/01.3DSignage_TBD_Thumbnail.jpg','Palette 3D Signage(LED)','PC Resin (B&W), Diffuse PC , LED light','190 x 90 x 45 (mm)','',145,'19.8',5,29,69,'',16814.5),(241,NULL,'id_admin','2020-11-14 00:59:53',1605254256,'PaletteSupport','https://phg.smpop.net/data/item/1605254256/02.AttractorKVLrage_TBD_Thumbnail.jpg','Attractor KV Large','PCM 50% Anti, Acrylic, Diffuse PC, LED','195 x 300 x 45 (mm)','',95,'44.9',5,29,69,'',16814.5),(242,NULL,'id_admin','2020-11-14 00:59:53',1605254018,'PaletteSupport','https://phg.smpop.net/data/item/1605254018/04.ColorchipModule_TBD_Thumbnail.jpg','Colorchip Module','PCM 50% Anti, Acrylic','97.5 x 170 x 10 (mm)','',50,'22.8',5,29,69,'',16814.5),(243,NULL,'id_admin','2020-11-14 00:59:53',1605253649,'PaletteSupport','https://phg.smpop.net/data/item/1605253649/12.SpecModule_TBD_Thumbnail.jpg','Spec Module','PCM 50% Anti, Acrylic','195 x 170 x 10 (mm)','',145,'15.3',5,29,69,'',16814.5),(244,NULL,'id_admin','2020-11-14 00:59:53',1605252142,'PaletteSupport','https://phg.smpop.net/data/item/1605252142/05.DeviceModule_TBD_Thumbnail.jpg','Device Module (Vertical)','PCM 50% Anti, Acrylic','97.5 x 170 x 10 (mm)','',145,'10.2',5,29,69,'',16814.5),(245,NULL,'id_admin','2020-11-14 00:59:53',1501132014,'PaletteSupport','https://phg.smpop.net/data/item/1501132014/02_Universalsecuritycable6typeC_640X640_191211.jpg','Universal Sensor Cable (Ver.6) Type C','PC, Urethane etc.','1700mm','2~3 weeks',145,'7.9',5,29,69,'',16814.5),(254,NULL,'id_admin','2020-11-14 01:02:31',1605255830,'PaletteSupport','https://phg.smpop.net/data/item/1605255830/07.P3AttractorLarge_TBD_Thumbnail.jpg','P3 Attractor Artistic Large','PC Resin(B&W), Diffuse PC, LED Light, Mirror','195 x 300 x 45 (mm)','',11,'73.9',5,32,74,'',21072.7),(255,NULL,'id_admin','2020-11-14 01:02:31',1605255679,'PaletteSupport','https://phg.smpop.net/data/item/1605255679/01.3DSignage_TBD_Thumbnail.jpg','Palette 3D Signage(LED)','PC Resin (B&W), Diffuse PC , LED light','190 x 90 x 45 (mm)','',209,'19.8',5,32,74,'',21072.7),(256,NULL,'id_admin','2020-11-14 01:02:31',1605254256,'PaletteSupport','https://phg.smpop.net/data/item/1605254256/02.AttractorKVLrage_TBD_Thumbnail.jpg','Attractor KV Large','PCM 50% Anti, Acrylic, Diffuse PC, LED','195 x 300 x 45 (mm)','',198,'44.9',5,32,74,'',21072.7),(257,NULL,'id_admin','2020-11-14 01:02:31',1605254018,'PaletteSupport','https://phg.smpop.net/data/item/1605254018/04.ColorchipModule_TBD_Thumbnail.jpg','Colorchip Module','PCM 50% Anti, Acrylic','97.5 x 170 x 10 (mm)','',11,'22.8',5,32,74,'',21072.7),(258,NULL,'id_admin','2020-11-14 01:02:31',1605253649,'PaletteSupport','https://phg.smpop.net/data/item/1605253649/12.SpecModule_TBD_Thumbnail.jpg','Spec Module','PCM 50% Anti, Acrylic','195 x 170 x 10 (mm)','',209,'15.3',5,32,74,'',21072.7),(259,NULL,'id_admin','2020-11-14 01:02:31',1605252142,'PaletteSupport','https://phg.smpop.net/data/item/1605252142/05.DeviceModule_TBD_Thumbnail.jpg','Device Module (Vertical)','PCM 50% Anti, Acrylic','97.5 x 170 x 10 (mm)','',209,'10.2',5,32,74,'',21072.7),(260,NULL,'id_admin','2020-11-14 01:02:31',1501132014,'PaletteSupport','https://phg.smpop.net/data/item/1501132014/02_Universalsecuritycable6typeC_640X640_191211.jpg','Universal Sensor Cable (Ver.6) Type C','PC, Urethane etc.','1700mm','2~3 weeks',209,'7.9',5,32,74,'',21072.7),(429,NULL,'id_admin','2020-11-14 01:53:23',1605257341,'PaletteSupport','https://phg.smpop.net/data/item/1605257341/13.T2O1Infinity_TBD_Thumbnail.jpg','T2O1 Special Display','PC Resin(B&W), Diffuse PC, LED Light, Mirror','167 x 212 x 240 (mm)','',61,'99',2,16,31,'',18545.7),(430,NULL,'id_admin','2020-11-14 01:53:23',1605255830,'PaletteSupport','https://phg.smpop.net/data/item/1605255830/07.P3AttractorLarge_TBD_Thumbnail.jpg','P3 Attractor Artistic Large','PC Resin(B&W), Diffuse PC, LED Light, Mirror','195 x 300 x 45 (mm)','',6,'73.9',2,16,31,'',18545.7),(431,NULL,'id_admin','2020-11-14 01:53:23',1605255679,'PaletteSupport','https://phg.smpop.net/data/item/1605255679/01.3DSignage_TBD_Thumbnail.jpg','Palette 3D Signage(LED)','PC Resin (B&W), Diffuse PC , LED light','190 x 90 x 45 (mm)','',525,'19.8',2,16,31,'',18545.7),(432,NULL,'id_admin','2020-11-14 01:53:23',1605254256,'PaletteSupport','https://phg.smpop.net/data/item/1605254256/02.AttractorKVLrage_TBD_Thumbnail.jpg','Attractor KV Large','PCM 50% Anti, Acrylic, Diffuse PC, LED','195 x 300 x 45 (mm)','',17,'44.9',2,16,31,'',18545.7),(433,NULL,'id_admin','2020-11-14 01:53:23',1605254018,'PaletteSupport','https://phg.smpop.net/data/item/1605254018/04.ColorchipModule_TBD_Thumbnail.jpg','Colorchip Module','PCM 50% Anti, Acrylic','97.5 x 170 x 10 (mm)','',6,'22.8',2,16,31,'',18545.7),(434,NULL,'id_admin','2020-11-14 01:53:23',1605253649,'PaletteSupport','https://phg.smpop.net/data/item/1605253649/12.SpecModule_TBD_Thumbnail.jpg','Spec Module','PCM 50% Anti, Acrylic','195 x 170 x 10 (mm)','',23,'15.3',2,16,31,'',18545.7),(435,NULL,'id_admin','2020-11-14 01:53:23',1605252142,'PaletteSupport','https://phg.smpop.net/data/item/1605252142/05.DeviceModule_TBD_Thumbnail.jpg','Device Module (Vertical)','PCM 50% Anti, Acrylic','97.5 x 170 x 10 (mm)','',23,'10.2',2,16,31,'',18545.7),(436,NULL,'id_admin','2020-11-14 01:53:23',1501132014,'PaletteSupport','https://phg.smpop.net/data/item/1501132014/02_Universalsecuritycable6typeC_640X640_191211.jpg','Universal Sensor Cable (Ver.6) Type C','PC, Urethane etc.','1700mm','2~3 weeks',23,'7.9',2,16,31,'',18545.7),(480,NULL,'rhqtesttwo','2020-11-14 02:18:06',1605257341,'PaletteSupport','https://phg.smpop.net/data/item/1605257341/13.T2O1Infinity_TBD_Thumbnail.jpg','T2O1 Special Display','PC Resin(B&W), Diffuse PC, LED Light, Mirror','167 x 212 x 240 (mm)','',74,'99',2,15,29,'',21315.2),(481,NULL,'rhqtesttwo','2020-11-14 02:18:06',1605255830,'PaletteSupport','https://phg.smpop.net/data/item/1605255830/07.P3AttractorLarge_TBD_Thumbnail.jpg','P3 Attractor Artistic Large','PC Resin(B&W), Diffuse PC, LED Light, Mirror','195 x 300 x 45 (mm)','',10,'73.9',2,15,29,'',21315.2),(482,NULL,'rhqtesttwo','2020-11-14 02:18:06',1605255679,'PaletteSupport','https://phg.smpop.net/data/item/1605255679/01.3DSignage_TBD_Thumbnail.jpg','Palette 3D Signage(LED)','PC Resin (B&W), Diffuse PC , LED light','190 x 90 x 45 (mm)','',625,'19.8',2,15,29,'',21315.2),(483,NULL,'rhqtesttwo','2020-11-14 02:18:06',1605254256,'PaletteSupport','https://phg.smpop.net/data/item/1605254256/02.AttractorKVLrage_TBD_Thumbnail.jpg','Attractor KV Large','PCM 50% Anti, Acrylic, Diffuse PC, LED','195 x 300 x 45 (mm)','',4,'44.9',2,15,29,'',21315.2),(484,NULL,'rhqtesttwo','2020-11-14 02:18:06',1605254018,'PaletteSupport','https://phg.smpop.net/data/item/1605254018/04.ColorchipModule_TBD_Thumbnail.jpg','Colorchip Module','PCM 50% Anti, Acrylic','97.5 x 170 x 10 (mm)','',10,'22.8',2,15,29,'',21315.2),(485,NULL,'rhqtesttwo','2020-11-14 02:18:06',1605253649,'PaletteSupport','https://phg.smpop.net/data/item/1605253649/12.SpecModule_TBD_Thumbnail.jpg','Spec Module','PCM 50% Anti, Acrylic','195 x 170 x 10 (mm)','',14,'15.3',2,15,29,'',21315.2),(486,NULL,'rhqtesttwo','2020-11-14 02:18:06',1605252142,'PaletteSupport','https://phg.smpop.net/data/item/1605252142/05.DeviceModule_TBD_Thumbnail.jpg','Device Module (Vertical)','PCM 50% Anti, Acrylic','97.5 x 170 x 10 (mm)','',14,'10.2',2,15,29,'',21315.2),(487,NULL,'rhqtesttwo','2020-11-14 02:18:06',1501132014,'PaletteSupport','https://phg.smpop.net/data/item/1501132014/02_Universalsecuritycable6typeC_640X640_191211.jpg','Universal Sensor Cable (Ver.6) Type C','PC, Urethane etc.','1700mm','2~3 weeks',14,'7.9',2,15,29,'',21315.2),(627,NULL,'manuse.li','2020-11-17 17:19:50',1605256679,'PaletteSupport','https://phg.smpop.net/data/item/1605256679/12.T2O1Attractor_TBD_Thumbnail.jpg','T2O1 Attractor Artistic Large','PC Resin(B&W), Diffuse PC, LED Light, Mirror','195 x 300 x 45 (mm)','',674,'62.3',6,37,81,'',139588.8),(628,NULL,'manuse.li','2020-11-17 17:19:50',1605255830,'PaletteSupport','https://phg.smpop.net/data/item/1605255830/07.P3AttractorLarge_TBD_Thumbnail.jpg','P3 Attractor Artistic Large','PC Resin(B&W), Diffuse PC, LED Light, Mirror','195 x 300 x 45 (mm)','',835,'73.9',6,37,81,'',139588.8),(629,NULL,'manuse.li','2020-11-17 17:19:50',1605255679,'PaletteSupport','https://phg.smpop.net/data/item/1605255679/01.3DSignage_TBD_Thumbnail.jpg','Palette 3D Signage(LED)','PC Resin (B&W), Diffuse PC , LED light','190 x 90 x 45 (mm)','',1628,'19.8',6,37,81,'',139588.8),(630,NULL,'manuse.li','2020-11-17 17:19:50',1501132014,'PaletteSupport','https://phg.smpop.net/data/item/1501132014/02_Universalsecuritycable6typeC_640X640_191211.jpg','Kumoh_Universal Sensor Cable (Ver.6)  Type C','PC, Urethane etc.','1700mm','2~3 weeks',463,'7.9',6,37,81,'',139588.8),(789,NULL,'gorie.lee','2020-11-19 16:09:17',1605257541,'PaletteSupport','https://phg.smpop.net/data/item/1605257541/15.T2O1SpecialdisplayOperatorUtype_TBD_Thumbnail.jpg','T2O1 Special Display U Type','PC Resin(B&W), Diffuse PC, LED Light, Mirror','167 x 212 x 240 (mm)','',147,'65.9',6,39,83,'',51700.9),(790,NULL,'gorie.lee','2020-11-19 16:09:17',1605256679,'PaletteSupport','https://phg.smpop.net/data/item/1605256679/12.T2O1Attractor_TBD_Thumbnail.jpg','T2O1 Attractor Artistic Large','PC Resin(B&W), Diffuse PC, LED Light, Mirror','195 x 300 x 45 (mm)','',5,'62.3',6,39,83,'',51700.9),(791,NULL,'gorie.lee','2020-11-19 16:09:17',1605255830,'PaletteSupport','https://phg.smpop.net/data/item/1605255830/07.P3AttractorLarge_TBD_Thumbnail.jpg','P3 Attractor Artistic Large','PC Resin(B&W), Diffuse PC, LED Light, Mirror','195 x 300 x 45 (mm)','',55,'73.9',6,39,83,'',51700.9),(792,NULL,'gorie.lee','2020-11-19 16:09:17',1605255679,'PaletteSupport','https://phg.smpop.net/data/item/1605255679/01.3DSignage_TBD_Thumbnail.jpg','Palette 3D Signage(LED)','PC Resin (B&W), Diffuse PC , LED light','190 x 90 x 45 (mm)','',1007,'19.8',6,39,83,'',51700.9),(793,NULL,'gorie.lee','2020-11-19 16:09:17',1605254256,'PaletteSupport','https://phg.smpop.net/data/item/1605254256/02.AttractorKVLrage_TBD_Thumbnail.jpg','Attractor KV Large','PCM 50% Anti, Acrylic, Diffuse PC, LED','195 x 300 x 45 (mm)','',160,'44.9',6,39,83,'',51700.9),(794,NULL,'gorie.lee','2020-11-19 16:09:17',1605254018,'PaletteSupport','https://phg.smpop.net/data/item/1605254018/04.ColorchipModule_TBD_Thumbnail.jpg','Colorchip Module','PCM 50% Anti, Acrylic','97.5 x 170 x 10 (mm)','',65,'22.8',6,39,83,'',51700.9),(795,NULL,'gorie.lee','2020-11-19 16:09:17',1605253649,'PaletteSupport','https://phg.smpop.net/data/item/1605253649/12.SpecModule_TBD_Thumbnail.jpg','Spec Module','PCM 50% Anti, Acrylic','195 x 170 x 10 (mm)','',200,'15.3',6,39,83,'',51700.9),(796,NULL,'gorie.lee','2020-11-19 16:09:17',1605252142,'PaletteSupport','https://phg.smpop.net/data/item/1605252142/05.DeviceModule_TBD_Thumbnail.jpg','Device Module (Vertical)','PCM 50% Anti, Acrylic','97.5 x 170 x 10 (mm)','',330,'10.2',6,39,83,'',51700.9),(797,NULL,'gorie.lee','2020-11-19 16:09:17',1501132014,'PaletteSupport','https://phg.smpop.net/data/item/1501132014/02_Universalsecuritycable6typeC_640X640_191211.jpg','Kumoh_Universal Sensor Cable (Ver.6)  Type C','PC, Urethane etc.','1700mm','2~3 weeks',330,'7.9',6,39,83,'',51700.9),(800,NULL,'herris.chan','2020-11-19 16:23:16',1605255830,'PaletteSupport','https://phg.smpop.net/data/item/1605255830/07.P3AttractorLarge_TBD_Thumbnail.jpg','P3 Attractor Artistic Large','PC Resin(B&W), Diffuse PC, LED Light, Mirror','195 x 300 x 45 (mm)','',350,'73.9',6,38,82,'',26221.4),(801,NULL,'herris.chan','2020-11-19 16:23:16',1605255679,'PaletteSupport','https://phg.smpop.net/data/item/1605255679/01.3DSignage_TBD_Thumbnail.jpg','Palette 3D Signage(LED)','PC Resin (B&W), Diffuse PC , LED light','190 x 90 x 45 (mm)','',18,'19.8',6,38,82,'',26221.4),(820,NULL,'id_admin','2020-11-19 17:06:15',1605255830,'PaletteSupport','https://phg.smpop.net/data/item/1605255830/07.P3AttractorLarge_TBD_Thumbnail.jpg','P3 Attractor Artistic Large','PC Resin(B&W), Diffuse PC, LED Light, Mirror','195 x 300 x 45 (mm)','',15,'73.9',1,1,1,'',1850.1),(821,NULL,'id_admin','2020-11-19 17:06:15',1605255679,'PaletteSupport','https://phg.smpop.net/data/item/1605255679/01.3DSignage_TBD_Thumbnail.jpg','Palette 3D Signage(LED)','PC Resin (B&W), Diffuse PC , LED light','190 x 90 x 45 (mm)','',8,'19.8',1,1,1,'',1850.1),(822,NULL,'id_admin','2020-11-19 17:06:15',1605254018,'PaletteSupport','https://phg.smpop.net/data/item/1605254018/04.ColorchipModule_TBD_Thumbnail.jpg','Colorchip Module','PCM 50% Anti, Acrylic','97.5 x 170 x 10 (mm)','',8,'22.8',1,1,1,'',1850.1),(823,NULL,'id_admin','2020-11-19 17:06:15',1605253649,'PaletteSupport','https://phg.smpop.net/data/item/1605253649/12.SpecModule_TBD_Thumbnail.jpg','Spec Module','PCM 50% Anti, Acrylic','195 x 170 x 10 (mm)','',12,'15.3',1,1,1,'',1850.1),(824,NULL,'id_admin','2020-11-19 17:06:15',1605252142,'PaletteSupport','https://phg.smpop.net/data/item/1605252142/05.DeviceModule_TBD_Thumbnail.jpg','Device Module (Vertical)','PCM 50% Anti, Acrylic','97.5 x 170 x 10 (mm)','',12,'10.2',1,1,1,'',1850.1),(825,NULL,'id_admin','2020-11-19 17:06:15',1501132014,'PaletteSupport','https://phg.smpop.net/data/item/1501132014/02_Universalsecuritycable6typeC_640X640_191211.jpg','Kumoh_Universal Sensor Cable (Ver.6)  Type C','PC, Urethane etc.','1700mm','2~3 weeks',12,'7.9',1,1,1,'',1850.1),(835,NULL,'l.secara','2020-11-20 00:59:20',1605257341,'PaletteSupport','https://phg.smpop.net/data/item/1605257341/13.T2O1Infinity_TBD_Thumbnail.jpg','T2O1 Special Display','PC Resin(B&W), Diffuse PC, LED Light, Mirror','167 x 212 x 240 (mm)','',82,'99',2,12,18,'',28119.4),(836,NULL,'l.secara','2020-11-20 00:59:20',1605255830,'PaletteSupport','https://phg.smpop.net/data/item/1605255830/07.P3AttractorLarge_TBD_Thumbnail.jpg','P3 Attractor Artistic Large','PC Resin(B&W), Diffuse PC, LED Light, Mirror','195 x 300 x 45 (mm)','',5,'73.9',2,12,18,'',28119.4),(837,NULL,'l.secara','2020-11-20 00:59:20',1605255679,'PaletteSupport','https://phg.smpop.net/data/item/1605255679/01.3DSignage_TBD_Thumbnail.jpg','Palette 3D Signage(LED)','PC Resin (B&W), Diffuse PC , LED light','190 x 90 x 45 (mm)','',744,'19.8',2,12,18,'',28119.4),(838,NULL,'l.secara','2020-11-20 00:59:20',1605254256,'PaletteSupport','https://phg.smpop.net/data/item/1605254256/02.AttractorKVLrage_TBD_Thumbnail.jpg','Attractor KV Large','PCM 50% Anti, Acrylic, Diffuse PC, LED','195 x 300 x 45 (mm)','',59,'44.9',2,12,18,'',28119.4),(839,NULL,'l.secara','2020-11-20 00:59:20',1605254018,'PaletteSupport','https://phg.smpop.net/data/item/1605254018/04.ColorchipModule_TBD_Thumbnail.jpg','Colorchip Module','PCM 50% Anti, Acrylic','97.5 x 170 x 10 (mm)','',5,'22.8',2,12,18,'',28119.4),(840,NULL,'l.secara','2020-11-20 00:59:20',1605253649,'PaletteSupport','https://phg.smpop.net/data/item/1605253649/12.SpecModule_TBD_Thumbnail.jpg','Spec Module','PCM 50% Anti, Acrylic','195 x 170 x 10 (mm)','',64,'15.3',2,12,18,'',28119.4),(841,NULL,'l.secara','2020-11-20 00:59:20',1605252142,'PaletteSupport','https://phg.smpop.net/data/item/1605252142/05.DeviceModule_TBD_Thumbnail.jpg','Device Module (Vertical)','PCM 50% Anti, Acrylic','97.5 x 170 x 10 (mm)','',64,'10.2',2,12,18,'',28119.4),(842,NULL,'l.secara','2020-11-20 00:59:20',1501132014,'PaletteSupport','https://phg.smpop.net/data/item/1501132014/02_Universalsecuritycable6typeC_640X640_191211.jpg','Kumoh_Universal Sensor Cable (Ver.6)  Type C','PC, Urethane etc.','1700mm','2~3 weeks',64,'7.9',2,12,18,'',28119.4),(928,NULL,'sb.hyung','2020-11-20 10:56:33',1605256679,'PaletteSupport','https://phg.smpop.net/data/item/1605256679/12.T2O1Attractor_TBD_Thumbnail.jpg','T2O1 Attractor Artistic Large','PC Resin(B&W), Diffuse PC, LED Light, Mirror','195 x 300 x 45 (mm)','',20,'62.3',4,23,56,'',54369.6),(929,NULL,'sb.hyung','2020-11-20 10:56:33',1605255830,'PaletteSupport','https://phg.smpop.net/data/item/1605255830/07.P3AttractorLarge_TBD_Thumbnail.jpg','P3 Attractor Artistic Large','PC Resin(B&W), Diffuse PC, LED Light, Mirror','195 x 300 x 45 (mm)','',80,'73.9',4,23,56,'',54369.6),(930,NULL,'sb.hyung','2020-11-20 10:56:33',1605255679,'PaletteSupport','https://phg.smpop.net/data/item/1605255679/01.3DSignage_TBD_Thumbnail.jpg','Palette 3D Signage(LED)','PC Resin (B&W), Diffuse PC , LED light','190 x 90 x 45 (mm)','',780,'19.8',4,23,56,'',54369.6),(931,NULL,'sb.hyung','2020-11-20 10:56:33',1605254256,'PaletteSupport','https://phg.smpop.net/data/item/1605254256/02.AttractorKVLrage_TBD_Thumbnail.jpg','Attractor KV Large','PCM 50% Anti, Acrylic, Diffuse PC, LED','195 x 300 x 45 (mm)','',250,'44.9',4,23,56,'',54369.6),(932,NULL,'sb.hyung','2020-11-20 10:56:33',1605254018,'PaletteSupport','https://phg.smpop.net/data/item/1605254018/04.ColorchipModule_TBD_Thumbnail.jpg','Colorchip Module','PCM 50% Anti, Acrylic','97.5 x 170 x 10 (mm)','',250,'22.8',4,23,56,'',54369.6),(933,NULL,'sb.hyung','2020-11-20 10:56:33',1605253649,'PaletteSupport','https://phg.smpop.net/data/item/1605253649/12.SpecModule_TBD_Thumbnail.jpg','Spec Module','PCM 50% Anti, Acrylic','195 x 170 x 10 (mm)','',182,'15.3',4,23,56,'',54369.6),(934,NULL,'sb.hyung','2020-11-20 10:56:33',1605252142,'PaletteSupport','https://phg.smpop.net/data/item/1605252142/05.DeviceModule_TBD_Thumbnail.jpg','Device Module (Vertical)','PCM 50% Anti, Acrylic','97.5 x 170 x 10 (mm)','',640,'10.2',4,23,56,'',54369.6),(935,NULL,'sb.hyung','2020-11-20 10:56:33',1501132014,'PaletteSupport','https://phg.smpop.net/data/item/1501132014/02_Universalsecuritycable6typeC_640X640_191211.jpg','Kumoh_Universal Sensor Cable (Ver.6)  Type C','PC, Urethane etc.','1700mm','2~3 weeks',700,'7.9',4,23,56,'',54369.6),(940,NULL,'sb.hyung','2020-11-20 11:00:26',1605255679,'PaletteSupport','https://phg.smpop.net/data/item/1605255679/01.3DSignage_TBD_Thumbnail.jpg','Palette 3D Signage(LED)','PC Resin (B&W), Diffuse PC , LED light','190 x 90 x 45 (mm)','',25,'19.8',4,22,45,'',2189.7),(941,NULL,'sb.hyung','2020-11-20 11:00:26',1605254018,'PaletteSupport','https://phg.smpop.net/data/item/1605254018/04.ColorchipModule_TBD_Thumbnail.jpg','Colorchip Module','PCM 50% Anti, Acrylic','97.5 x 170 x 10 (mm)','',24,'22.8',4,22,45,'',2189.7),(942,NULL,'sb.hyung','2020-11-20 11:00:26',1605253649,'PaletteSupport','https://phg.smpop.net/data/item/1605253649/12.SpecModule_TBD_Thumbnail.jpg','Spec Module','PCM 50% Anti, Acrylic','195 x 170 x 10 (mm)','',25,'15.3',4,22,45,'',2189.7),(943,NULL,'sb.hyung','2020-11-20 11:00:26',1605252142,'PaletteSupport','https://phg.smpop.net/data/item/1605252142/05.DeviceModule_TBD_Thumbnail.jpg','Device Module (Vertical)','PCM 50% Anti, Acrylic','97.5 x 170 x 10 (mm)','',75,'10.2',4,22,45,'',2189.7),(951,NULL,'id_admin','2020-11-20 16:19:37',1605257439,'PaletteSupport','https://phg.smpop.net/data/item/1605257439/10.SpecialdisplayUType_TBD_Thumbnail.jpg','P3 Special Display U Type','PC Resin(B&W), Diffuse PC, LED Light, Mirror','167 x 212 x 240 (mm)','',25,'75.8',1,2,2,'',72435.5),(952,NULL,'id_admin','2020-11-20 16:19:37',1605256982,'PaletteSupport','https://phg.smpop.net/data/item/1605256982/08.P3InfinitySpecialDisplay_TBD_Thumbnail.jpg','P3 Special Display','PC Resin(B&W), Diffuse PC, LED Light, Mirror','167 x 212 x 240 (mm)','',10,'110.7',1,2,2,'',72435.5),(953,NULL,'id_admin','2020-11-20 16:19:37',1605256679,'PaletteSupport','https://phg.smpop.net/data/item/1605256679/12.T2O1Attractor_TBD_Thumbnail.jpg','T2O1 Attractor Artistic Large','PC Resin(B&W), Diffuse PC, LED Light, Mirror','195 x 300 x 45 (mm)','',30,'62.3',1,2,2,'',72435.5),(954,NULL,'id_admin','2020-11-20 16:19:37',1605255830,'PaletteSupport','https://phg.smpop.net/data/item/1605255830/07.P3AttractorLarge_TBD_Thumbnail.jpg','P3 Attractor Artistic Large','PC Resin(B&W), Diffuse PC, LED Light, Mirror','195 x 300 x 45 (mm)','',365,'73.9',1,2,2,'',72435.5),(955,NULL,'id_admin','2020-11-20 16:19:37',1605255679,'PaletteSupport','https://phg.smpop.net/data/item/1605255679/01.3DSignage_TBD_Thumbnail.jpg','Palette 3D Signage(LED)','PC Resin (B&W), Diffuse PC , LED light','190 x 90 x 45 (mm)','',1925,'19.8',1,2,2,'',72435.5),(956,NULL,'id_admin','2020-11-20 16:19:37',1605254018,'PaletteSupport','https://phg.smpop.net/data/item/1605254018/04.ColorchipModule_TBD_Thumbnail.jpg','Colorchip Module','PCM 50% Anti, Acrylic','97.5 x 170 x 10 (mm)','',50,'22.8',1,2,2,'',72435.5),(957,NULL,'id_admin','2020-11-20 16:19:37',1605253649,'PaletteSupport','https://phg.smpop.net/data/item/1605253649/12.SpecModule_TBD_Thumbnail.jpg','Spec Module','PCM 50% Anti, Acrylic','195 x 170 x 10 (mm)','',40,'15.3',1,2,2,'',72435.5),(958,NULL,'id_admin','2020-11-20 16:19:37',1605252142,'PaletteSupport','https://phg.smpop.net/data/item/1605252142/05.DeviceModule_TBD_Thumbnail.jpg','Device Module (Vertical)','PCM 50% Anti, Acrylic','97.5 x 170 x 10 (mm)','',40,'10.2',1,2,2,'',72435.5),(959,NULL,'id_admin','2020-11-20 16:19:37',1501132014,'PaletteSupport','https://phg.smpop.net/data/item/1501132014/02_Universalsecuritycable6typeC_640X640_191211.jpg','Kumoh_Universal Sensor Cable (Ver.6)  Type C','PC, Urethane etc.','1700mm','2~3 weeks',40,'7.9',1,2,2,'',72435.5),(1014,NULL,'id_admin','2020-11-23 14:50:14',1605256982,'PaletteSupport','https://phg.smpop.net/data/item/1605256982/08.P3InfinitySpecialDisplay_TBD_Thumbnail.jpg','P3 Special Display','PC Resin(B&W), Diffuse PC, LED Light, Mirror','167 x 212 x 240 (mm)','',20,'110.7',3,20,38,'',13576.0),(1015,NULL,'id_admin','2020-11-23 14:50:14',1605255830,'PaletteSupport','https://phg.smpop.net/data/item/1605255830/07.P3AttractorLarge_TBD_Thumbnail.jpg','P3 Attractor Artistic Large','PC Resin(B&W), Diffuse PC, LED Light, Mirror','195 x 300 x 45 (mm)','',18,'73.9',3,20,38,'',13576.0),(1016,NULL,'id_admin','2020-11-23 14:50:14',1605255679,'PaletteSupport','https://phg.smpop.net/data/item/1605255679/01.3DSignage_TBD_Thumbnail.jpg','Palette 3D Signage(LED)','PC Resin (B&W), Diffuse PC , LED light','190 x 90 x 45 (mm)','',66,'19.8',3,20,38,'',13576.0),(1017,NULL,'id_admin','2020-11-23 14:50:14',1605254256,'PaletteSupport','https://phg.smpop.net/data/item/1605254256/02.AttractorKVLrage_TBD_Thumbnail.jpg','Attractor KV Large','PCM 50% Anti, Acrylic, Diffuse PC, LED','195 x 300 x 45 (mm)','',8,'44.9',3,20,38,'',13576.0),(1018,NULL,'id_admin','2020-11-23 14:50:14',1605253649,'PaletteSupport','https://phg.smpop.net/data/item/1605253649/12.SpecModule_TBD_Thumbnail.jpg','Spec Module','PCM 50% Anti, Acrylic','195 x 170 x 10 (mm)','',250,'15.3',3,20,38,'',13576.0),(1019,NULL,'id_admin','2020-11-23 14:50:14',1605252142,'PaletteSupport','https://phg.smpop.net/data/item/1605252142/05.DeviceModule_TBD_Thumbnail.jpg','Device Module (Vertical)','PCM 50% Anti, Acrylic','97.5 x 170 x 10 (mm)','',250,'10.2',3,20,38,'',13576.0),(1020,NULL,'id_admin','2020-11-23 14:50:14',1501132014,'PaletteSupport','https://phg.smpop.net/data/item/1501132014/02_Universalsecuritycable6typeC_640X640_191211.jpg','Kumoh_Universal Sensor Cable (Ver.6)  Type C','PC, Urethane etc.','1700mm','2~3 weeks',252,'7.9',3,20,38,'',13576.0),(1039,NULL,'sujin5889','2020-11-23 17:05:45',1605255830,'PaletteSupport','https://phg.smpop.net/data/item/1605255830/07.P3AttractorLarge_TBD_Thumbnail.jpg','P3 Attractor Artistic Large','PC Resin(B&W), Diffuse PC, LED Light, Mirror','195 x 300 x 45 (mm)','',232,'73.9',3,18,34,'',46874.0),(1040,NULL,'sujin5889','2020-11-23 17:05:45',1605255679,'PaletteSupport','https://phg.smpop.net/data/item/1605255679/01.3DSignage_TBD_Thumbnail.jpg','Palette 3D Signage(LED)','PC Resin (B&W), Diffuse PC , LED light','190 x 90 x 45 (mm)','',296,'19.8',3,18,34,'',46874.0),(1041,NULL,'sujin5889','2020-11-23 17:05:45',1605254256,'PaletteSupport','https://phg.smpop.net/data/item/1605254256/02.AttractorKVLrage_TBD_Thumbnail.jpg','Attractor KV Large','PCM 50% Anti, Acrylic, Diffuse PC, LED','195 x 300 x 45 (mm)','',14,'44.9',3,18,34,'',46874.0),(1042,NULL,'sujin5889','2020-11-23 17:05:45',1605254018,'PaletteSupport','https://phg.smpop.net/data/item/1605254018/04.ColorchipModule_TBD_Thumbnail.jpg','Colorchip Module','PCM 50% Anti, Acrylic','97.5 x 170 x 10 (mm)','',824,'22.8',3,18,34,'',46874.0),(1043,NULL,'sujin5889','2020-11-23 17:05:45',1605252142,'PaletteSupport','https://phg.smpop.net/data/item/1605252142/05.DeviceModule_TBD_Thumbnail.jpg','Device Module (Vertical)','PCM 50% Anti, Acrylic','97.5 x 170 x 10 (mm)','',246,'10.2',3,18,34,'',46874.0),(1044,NULL,'sujin5889','2020-11-23 17:05:45',1501132014,'PaletteSupport','https://phg.smpop.net/data/item/1501132014/02_Universalsecuritycable6typeC_640X640_191211.jpg','Kumoh_Universal Sensor Cable (Ver.6)  Type C','PC, Urethane etc.','1700mm','2~3 weeks',246,'7.9',3,18,34,'',46874.0),(1045,NULL,'dameli_sh','2020-11-23 17:07:09',1605255679,'PaletteSupport','https://phg.smpop.net/data/item/1605255679/01.3DSignage_TBD_Thumbnail.jpg','Palette 3D Signage(LED)','PC Resin (B&W), Diffuse PC , LED light','190 x 90 x 45 (mm)','',20,'19.8',3,20,39,'',3514.8),(1046,NULL,'dameli_sh','2020-11-23 17:07:09',1605254256,'PaletteSupport','https://phg.smpop.net/data/item/1605254256/02.AttractorKVLrage_TBD_Thumbnail.jpg','Attractor KV Large','PCM 50% Anti, Acrylic, Diffuse PC, LED','195 x 300 x 45 (mm)','',4,'44.9',3,20,39,'',3514.8),(1047,NULL,'dameli_sh','2020-11-23 17:07:09',1605253649,'PaletteSupport','https://phg.smpop.net/data/item/1605253649/12.SpecModule_TBD_Thumbnail.jpg','Spec Module','PCM 50% Anti, Acrylic','195 x 170 x 10 (mm)','',88,'15.3',3,20,39,'',3514.8),(1048,NULL,'dameli_sh','2020-11-23 17:07:09',1605252142,'PaletteSupport','https://phg.smpop.net/data/item/1605252142/05.DeviceModule_TBD_Thumbnail.jpg','Device Module (Vertical)','PCM 50% Anti, Acrylic','97.5 x 170 x 10 (mm)','',88,'10.2',3,20,39,'',3514.8),(1049,NULL,'dameli_sh','2020-11-23 17:07:09',1501132014,'PaletteSupport','https://phg.smpop.net/data/item/1501132014/02_Universalsecuritycable6typeC_640X640_191211.jpg','Kumoh_Universal Sensor Cable (Ver.6)  Type C','PC, Urethane etc.','1700mm','2~3 weeks',88,'7.9',3,20,39,'',3514.8),(1050,NULL,'dameli_sh','2020-11-23 17:55:42',1605255679,'PaletteSupport','https://phg.smpop.net/data/item/1605255679/01.3DSignage_TBD_Thumbnail.jpg','Palette 3D Signage(LED)','PC Resin (B&W), Diffuse PC , LED light','190 x 90 x 45 (mm)','',1,'19.8',3,20,40,'',198.3),(1051,NULL,'dameli_sh','2020-11-23 17:55:42',1605254256,'PaletteSupport','https://phg.smpop.net/data/item/1605254256/02.AttractorKVLrage_TBD_Thumbnail.jpg','Attractor KV Large','PCM 50% Anti, Acrylic, Diffuse PC, LED','195 x 300 x 45 (mm)','',1,'44.9',3,20,40,'',198.3),(1052,NULL,'dameli_sh','2020-11-23 17:55:42',1605253649,'PaletteSupport','https://phg.smpop.net/data/item/1605253649/12.SpecModule_TBD_Thumbnail.jpg','Spec Module','PCM 50% Anti, Acrylic','195 x 170 x 10 (mm)','',4,'15.3',3,20,40,'',198.3),(1053,NULL,'dameli_sh','2020-11-23 17:55:42',1605252142,'PaletteSupport','https://phg.smpop.net/data/item/1605252142/05.DeviceModule_TBD_Thumbnail.jpg','Device Module (Vertical)','PCM 50% Anti, Acrylic','97.5 x 170 x 10 (mm)','',4,'10.2',3,20,40,'',198.3),(1054,NULL,'dameli_sh','2020-11-23 17:55:42',1501132014,'PaletteSupport','https://phg.smpop.net/data/item/1501132014/02_Universalsecuritycable6typeC_640X640_191211.jpg','Kumoh_Universal Sensor Cable (Ver.6)  Type C','PC, Urethane etc.','1700mm','2~3 weeks',4,'7.9',3,20,40,'',198.3),(1055,NULL,'dameli_sh','2020-11-23 17:56:09',1605255679,'PaletteSupport','https://phg.smpop.net/data/item/1605255679/01.3DSignage_TBD_Thumbnail.jpg','Palette 3D Signage(LED)','PC Resin (B&W), Diffuse PC , LED light','190 x 90 x 45 (mm)','',1,'19.8',3,20,41,'',198.3),(1056,NULL,'dameli_sh','2020-11-23 17:56:09',1605254256,'PaletteSupport','https://phg.smpop.net/data/item/1605254256/02.AttractorKVLrage_TBD_Thumbnail.jpg','Attractor KV Large','PCM 50% Anti, Acrylic, Diffuse PC, LED','195 x 300 x 45 (mm)','',1,'44.9',3,20,41,'',198.3),(1057,NULL,'dameli_sh','2020-11-23 17:56:09',1605253649,'PaletteSupport','https://phg.smpop.net/data/item/1605253649/12.SpecModule_TBD_Thumbnail.jpg','Spec Module','PCM 50% Anti, Acrylic','195 x 170 x 10 (mm)','',4,'15.3',3,20,41,'',198.3),(1058,NULL,'dameli_sh','2020-11-23 17:56:09',1605252142,'PaletteSupport','https://phg.smpop.net/data/item/1605252142/05.DeviceModule_TBD_Thumbnail.jpg','Device Module (Vertical)','PCM 50% Anti, Acrylic','97.5 x 170 x 10 (mm)','',4,'10.2',3,20,41,'',198.3),(1059,NULL,'dameli_sh','2020-11-23 17:56:09',1501132014,'PaletteSupport','https://phg.smpop.net/data/item/1501132014/02_Universalsecuritycable6typeC_640X640_191211.jpg','Kumoh_Universal Sensor Cable (Ver.6)  Type C','PC, Urethane etc.','1700mm','2~3 weeks',4,'7.9',3,20,41,'',198.3),(1060,NULL,'dameli_sh','2020-11-23 17:56:35',1605255679,'PaletteSupport','https://phg.smpop.net/data/item/1605255679/01.3DSignage_TBD_Thumbnail.jpg','Palette 3D Signage(LED)','PC Resin (B&W), Diffuse PC , LED light','190 x 90 x 45 (mm)','',1,'19.8',3,20,42,'',198.3),(1061,NULL,'dameli_sh','2020-11-23 17:56:35',1605254256,'PaletteSupport','https://phg.smpop.net/data/item/1605254256/02.AttractorKVLrage_TBD_Thumbnail.jpg','Attractor KV Large','PCM 50% Anti, Acrylic, Diffuse PC, LED','195 x 300 x 45 (mm)','',1,'44.9',3,20,42,'',198.3),(1062,NULL,'dameli_sh','2020-11-23 17:56:35',1605253649,'PaletteSupport','https://phg.smpop.net/data/item/1605253649/12.SpecModule_TBD_Thumbnail.jpg','Spec Module','PCM 50% Anti, Acrylic','195 x 170 x 10 (mm)','',4,'15.3',3,20,42,'',198.3),(1063,NULL,'dameli_sh','2020-11-23 17:56:35',1605252142,'PaletteSupport','https://phg.smpop.net/data/item/1605252142/05.DeviceModule_TBD_Thumbnail.jpg','Device Module (Vertical)','PCM 50% Anti, Acrylic','97.5 x 170 x 10 (mm)','',4,'10.2',3,20,42,'',198.3),(1064,NULL,'dameli_sh','2020-11-23 17:56:35',1501132014,'PaletteSupport','https://phg.smpop.net/data/item/1501132014/02_Universalsecuritycable6typeC_640X640_191211.jpg','Kumoh_Universal Sensor Cable (Ver.6)  Type C','PC, Urethane etc.','1700mm','2~3 weeks',4,'7.9',3,20,42,'',198.3),(1065,NULL,'dameli_sh','2020-11-23 17:57:01',1605255679,'PaletteSupport','https://phg.smpop.net/data/item/1605255679/01.3DSignage_TBD_Thumbnail.jpg','Palette 3D Signage(LED)','PC Resin (B&W), Diffuse PC , LED light','190 x 90 x 45 (mm)','',3,'19.8',3,20,43,'',483.2),(1066,NULL,'dameli_sh','2020-11-23 17:57:01',1605254256,'PaletteSupport','https://phg.smpop.net/data/item/1605254256/02.AttractorKVLrage_TBD_Thumbnail.jpg','Attractor KV Large','PCM 50% Anti, Acrylic, Diffuse PC, LED','195 x 300 x 45 (mm)','',2,'44.9',3,20,43,'',483.2),(1067,NULL,'dameli_sh','2020-11-23 17:57:01',1605253649,'PaletteSupport','https://phg.smpop.net/data/item/1605253649/12.SpecModule_TBD_Thumbnail.jpg','Spec Module','PCM 50% Anti, Acrylic','195 x 170 x 10 (mm)','',10,'15.3',3,20,43,'',483.2),(1068,NULL,'dameli_sh','2020-11-23 17:57:01',1605252142,'PaletteSupport','https://phg.smpop.net/data/item/1605252142/05.DeviceModule_TBD_Thumbnail.jpg','Device Module (Vertical)','PCM 50% Anti, Acrylic','97.5 x 170 x 10 (mm)','',10,'10.2',3,20,43,'',483.2),(1069,NULL,'dameli_sh','2020-11-23 17:57:01',1501132014,'PaletteSupport','https://phg.smpop.net/data/item/1501132014/02_Universalsecuritycable6typeC_640X640_191211.jpg','Kumoh_Universal Sensor Cable (Ver.6)  Type C','PC, Urethane etc.','1700mm','2~3 weeks',10,'7.9',3,20,43,'',483.2),(1077,NULL,'hm0503','2020-11-23 18:55:21',1605255830,'PaletteSupport','https://phg.smpop.net/data/item/1605255830/07.P3AttractorLarge_TBD_Thumbnail.jpg','P3 Attractor Artistic Large','PC Resin(B&W), Diffuse PC, LED Light, Mirror','195 x 300 x 45 (mm)','',231,'73.9',7,40,84,'',290756.2),(1078,NULL,'hm0503','2020-11-23 18:55:21',1605255679,'PaletteSupport','https://phg.smpop.net/data/item/1605255679/01.3DSignage_TBD_Thumbnail.jpg','Palette 3D Signage(LED)','PC Resin (B&W), Diffuse PC , LED light','190 x 90 x 45 (mm)','',2830,'19.8',7,40,84,'',290756.2),(1079,NULL,'hm0503','2020-11-23 18:55:21',1605254256,'PaletteSupport','https://phg.smpop.net/data/item/1605254256/02.AttractorKVLrage_TBD_Thumbnail.jpg','Attractor KV Large','PCM 50% Anti, Acrylic, Diffuse PC, LED','195 x 300 x 45 (mm)','',2625,'44.9',7,40,84,'',290756.2),(1080,NULL,'hm0503','2020-11-23 18:55:21',1605254018,'PaletteSupport','https://phg.smpop.net/data/item/1605254018/04.ColorchipModule_TBD_Thumbnail.jpg','Colorchip Module','PCM 50% Anti, Acrylic','97.5 x 170 x 10 (mm)','',231,'22.8',7,40,84,'',290756.2),(1081,NULL,'hm0503','2020-11-23 18:55:21',1605253649,'PaletteSupport','https://phg.smpop.net/data/item/1605253649/12.SpecModule_TBD_Thumbnail.jpg','Spec Module','PCM 50% Anti, Acrylic','195 x 170 x 10 (mm)','',2830,'15.3',7,40,84,'',290756.2),(1082,NULL,'hm0503','2020-11-23 18:55:21',1605252142,'PaletteSupport','https://phg.smpop.net/data/item/1605252142/05.DeviceModule_TBD_Thumbnail.jpg','Device Module (Vertical)','PCM 50% Anti, Acrylic','97.5 x 170 x 10 (mm)','',2830,'10.2',7,40,84,'',290756.2),(1083,NULL,'hm0503','2020-11-23 18:55:21',1501132014,'PaletteSupport','https://phg.smpop.net/data/item/1501132014/02_Universalsecuritycable6typeC_640X640_191211.jpg','Kumoh_Universal Sensor Cable (Ver.6)  Type C','PC, Urethane etc.','1700mm','2~3 weeks',2830,'7.9',7,40,84,'',290756.2),(1084,NULL,'hm0503','2020-11-23 18:57:59',1605256679,'PaletteSupport','https://phg.smpop.net/data/item/1605256679/12.T2O1Attractor_TBD_Thumbnail.jpg','T2O1 Attractor Artistic Large','PC Resin(B&W), Diffuse PC, LED Light, Mirror','195 x 300 x 45 (mm)','',16,'62.3',7,42,89,'',31822.9),(1085,NULL,'hm0503','2020-11-23 18:57:59',1605255830,'PaletteSupport','https://phg.smpop.net/data/item/1605255830/07.P3AttractorLarge_TBD_Thumbnail.jpg','P3 Attractor Artistic Large','PC Resin(B&W), Diffuse PC, LED Light, Mirror','195 x 300 x 45 (mm)','',16,'73.9',7,42,89,'',31822.9),(1086,NULL,'hm0503','2020-11-23 18:57:59',1605255679,'PaletteSupport','https://phg.smpop.net/data/item/1605255679/01.3DSignage_TBD_Thumbnail.jpg','Palette 3D Signage(LED)','PC Resin (B&W), Diffuse PC , LED light','190 x 90 x 45 (mm)','',321,'19.8',7,42,89,'',31822.9),(1087,NULL,'hm0503','2020-11-23 18:57:59',1605254256,'PaletteSupport','https://phg.smpop.net/data/item/1605254256/02.AttractorKVLrage_TBD_Thumbnail.jpg','Attractor KV Large','PCM 50% Anti, Acrylic, Diffuse PC, LED','195 x 300 x 45 (mm)','',16,'44.9',7,42,89,'',31822.9),(1088,NULL,'hm0503','2020-11-23 18:57:59',1605254018,'PaletteSupport','https://phg.smpop.net/data/item/1605254018/04.ColorchipModule_TBD_Thumbnail.jpg','Colorchip Module','PCM 50% Anti, Acrylic','97.5 x 170 x 10 (mm)','',893,'22.8',7,42,89,'',31822.9),(1089,NULL,'hm0503','2020-11-23 18:57:59',1605253649,'PaletteSupport','https://phg.smpop.net/data/item/1605253649/12.SpecModule_TBD_Thumbnail.jpg','Spec Module','PCM 50% Anti, Acrylic','195 x 170 x 10 (mm)','',32,'15.3',7,42,89,'',31822.9),(1090,NULL,'hm0503','2020-11-23 18:57:59',1605252142,'PaletteSupport','https://phg.smpop.net/data/item/1605252142/05.DeviceModule_TBD_Thumbnail.jpg','Device Module (Vertical)','PCM 50% Anti, Acrylic','97.5 x 170 x 10 (mm)','',95,'10.2',7,42,89,'',31822.9),(1091,NULL,'hm0503','2020-11-23 18:57:59',1501132014,'PaletteSupport','https://phg.smpop.net/data/item/1501132014/02_Universalsecuritycable6typeC_640X640_191211.jpg','Kumoh_Universal Sensor Cable (Ver.6)  Type C','PC, Urethane etc.','1700mm','2~3 weeks',95,'7.9',7,42,89,'',31822.9),(1092,NULL,'hm0503','2020-11-23 19:00:16',1605255830,'PaletteSupport','https://phg.smpop.net/data/item/1605255830/07.P3AttractorLarge_TBD_Thumbnail.jpg','P3 Attractor Artistic Large','PC Resin(B&W), Diffuse PC, LED Light, Mirror','195 x 300 x 45 (mm)','',478,'73.9',7,43,90,'',137472.5),(1093,NULL,'hm0503','2020-11-23 19:00:16',1605255679,'PaletteSupport','https://phg.smpop.net/data/item/1605255679/01.3DSignage_TBD_Thumbnail.jpg','Palette 3D Signage(LED)','PC Resin (B&W), Diffuse PC , LED light','190 x 90 x 45 (mm)','',2252,'19.8',7,43,90,'',137472.5),(1094,NULL,'hm0503','2020-11-23 19:00:16',1605254256,'PaletteSupport','https://phg.smpop.net/data/item/1605254256/02.AttractorKVLrage_TBD_Thumbnail.jpg','Attractor KV Large','PCM 50% Anti, Acrylic, Diffuse PC, LED','195 x 300 x 45 (mm)','',526,'44.9',7,43,90,'',137472.5),(1095,NULL,'hm0503','2020-11-23 19:00:16',1605254018,'PaletteSupport','https://phg.smpop.net/data/item/1605254018/04.ColorchipModule_TBD_Thumbnail.jpg','Colorchip Module','PCM 50% Anti, Acrylic','97.5 x 170 x 10 (mm)','',14,'22.8',7,43,90,'',137472.5),(1096,NULL,'hm0503','2020-11-23 19:00:16',1605253649,'PaletteSupport','https://phg.smpop.net/data/item/1605253649/12.SpecModule_TBD_Thumbnail.jpg','Spec Module','PCM 50% Anti, Acrylic','195 x 170 x 10 (mm)','',1470,'15.3',7,43,90,'',137472.5),(1097,NULL,'hm0503','2020-11-23 19:00:16',1501132014,'PaletteSupport','https://phg.smpop.net/data/item/1501132014/02_Universalsecuritycable6typeC_640X640_191211.jpg','Kumoh_Universal Sensor Cable (Ver.6)  Type C','PC, Urethane etc.','1700mm','2~3 weeks',1409,'7.9',7,43,90,'',137472.5),(1098,NULL,'hm0503','2020-11-23 19:04:33',1605255830,'PaletteSupport','https://phg.smpop.net/data/item/1605255830/07.P3AttractorLarge_TBD_Thumbnail.jpg','P3 Attractor Artistic Large','PC Resin(B&W), Diffuse PC, LED Light, Mirror','195 x 300 x 45 (mm)','',8,'73.9',7,41,88,'',2479.1),(1099,NULL,'hm0503','2020-11-23 19:04:33',1605255679,'PaletteSupport','https://phg.smpop.net/data/item/1605255679/01.3DSignage_TBD_Thumbnail.jpg','Palette 3D Signage(LED)','PC Resin (B&W), Diffuse PC , LED light','190 x 90 x 45 (mm)','',45,'19.8',7,41,88,'',2479.1),(1100,NULL,'hm0503','2020-11-23 19:04:33',1605254018,'PaletteSupport','https://phg.smpop.net/data/item/1605254018/04.ColorchipModule_TBD_Thumbnail.jpg','Colorchip Module','PCM 50% Anti, Acrylic','97.5 x 170 x 10 (mm)','',8,'22.8',7,41,88,'',2479.1),(1101,NULL,'hm0503','2020-11-23 19:04:33',1605252142,'PaletteSupport','https://phg.smpop.net/data/item/1605252142/05.DeviceModule_TBD_Thumbnail.jpg','Device Module (Vertical)','PCM 50% Anti, Acrylic','97.5 x 170 x 10 (mm)','',45,'10.2',7,41,88,'',2479.1),(1102,NULL,'hm0503','2020-11-23 19:04:33',1501132014,'PaletteSupport','https://phg.smpop.net/data/item/1501132014/02_Universalsecuritycable6typeC_640X640_191211.jpg','Kumoh_Universal Sensor Cable (Ver.6)  Type C','PC, Urethane etc.','1700mm','2~3 weeks',45,'7.9',7,41,88,'',2479.1),(1103,NULL,'hm0503','2020-11-23 19:05:42',1605255830,'PaletteSupport','https://phg.smpop.net/data/item/1605255830/07.P3AttractorLarge_TBD_Thumbnail.jpg','P3 Attractor Artistic Large','PC Resin(B&W), Diffuse PC, LED Light, Mirror','195 x 300 x 45 (mm)','',11,'73.9',7,41,87,'',7117.6),(1104,NULL,'hm0503','2020-11-23 19:05:42',1605255679,'PaletteSupport','https://phg.smpop.net/data/item/1605255679/01.3DSignage_TBD_Thumbnail.jpg','Palette 3D Signage(LED)','PC Resin (B&W), Diffuse PC , LED light','190 x 90 x 45 (mm)','',64,'19.8',7,41,87,'',7117.6),(1105,NULL,'hm0503','2020-11-23 19:05:42',1605254256,'PaletteSupport','https://phg.smpop.net/data/item/1605254256/02.AttractorKVLrage_TBD_Thumbnail.jpg','Attractor KV Large','PCM 50% Anti, Acrylic, Diffuse PC, LED','195 x 300 x 45 (mm)','',59,'44.9',7,41,87,'',7117.6),(1106,NULL,'hm0503','2020-11-23 19:05:42',1605254018,'PaletteSupport','https://phg.smpop.net/data/item/1605254018/04.ColorchipModule_TBD_Thumbnail.jpg','Colorchip Module','PCM 50% Anti, Acrylic','97.5 x 170 x 10 (mm)','',11,'22.8',7,41,87,'',7117.6),(1107,NULL,'hm0503','2020-11-23 19:05:42',1605253649,'PaletteSupport','https://phg.smpop.net/data/item/1605253649/12.SpecModule_TBD_Thumbnail.jpg','Spec Module','PCM 50% Anti, Acrylic','195 x 170 x 10 (mm)','',64,'15.3',7,41,87,'',7117.6),(1108,NULL,'hm0503','2020-11-23 19:05:42',1605252142,'PaletteSupport','https://phg.smpop.net/data/item/1605252142/05.DeviceModule_TBD_Thumbnail.jpg','Device Module (Vertical)','PCM 50% Anti, Acrylic','97.5 x 170 x 10 (mm)','',64,'10.2',7,41,87,'',7117.6),(1109,NULL,'hm0503','2020-11-23 19:05:42',1501132014,'PaletteSupport','https://phg.smpop.net/data/item/1501132014/02_Universalsecuritycable6typeC_640X640_191211.jpg','Kumoh_Universal Sensor Cable (Ver.6)  Type C','PC, Urethane etc.','1700mm','2~3 weeks',64,'7.9',7,41,87,'',7117.6),(1110,NULL,'hm0503','2020-11-23 19:06:47',1605255830,'PaletteSupport','https://phg.smpop.net/data/item/1605255830/07.P3AttractorLarge_TBD_Thumbnail.jpg','P3 Attractor Artistic Large','PC Resin(B&W), Diffuse PC, LED Light, Mirror','195 x 300 x 45 (mm)','',44,'73.9',7,41,86,'',10225.3),(1111,NULL,'hm0503','2020-11-23 19:06:47',1605255679,'PaletteSupport','https://phg.smpop.net/data/item/1605255679/01.3DSignage_TBD_Thumbnail.jpg','Palette 3D Signage(LED)','PC Resin (B&W), Diffuse PC , LED light','190 x 90 x 45 (mm)','',81,'19.8',7,41,86,'',10225.3),(1112,NULL,'hm0503','2020-11-23 19:06:47',1605254256,'PaletteSupport','https://phg.smpop.net/data/item/1605254256/02.AttractorKVLrage_TBD_Thumbnail.jpg','Attractor KV Large','PCM 50% Anti, Acrylic, Diffuse PC, LED','195 x 300 x 45 (mm)','',37,'44.9',7,41,86,'',10225.3),(1113,NULL,'hm0503','2020-11-23 19:06:47',1605254018,'PaletteSupport','https://phg.smpop.net/data/item/1605254018/04.ColorchipModule_TBD_Thumbnail.jpg','Colorchip Module','PCM 50% Anti, Acrylic','97.5 x 170 x 10 (mm)','',44,'22.8',7,41,86,'',10225.3),(1114,NULL,'hm0503','2020-11-23 19:06:47',1605253649,'PaletteSupport','https://phg.smpop.net/data/item/1605253649/12.SpecModule_TBD_Thumbnail.jpg','Spec Module','PCM 50% Anti, Acrylic','195 x 170 x 10 (mm)','',81,'15.3',7,41,86,'',10225.3),(1115,NULL,'hm0503','2020-11-23 19:06:47',1605252142,'PaletteSupport','https://phg.smpop.net/data/item/1605252142/05.DeviceModule_TBD_Thumbnail.jpg','Device Module (Vertical)','PCM 50% Anti, Acrylic','97.5 x 170 x 10 (mm)','',81,'10.2',7,41,86,'',10225.3),(1116,NULL,'hm0503','2020-11-23 19:06:47',1501132014,'PaletteSupport','https://phg.smpop.net/data/item/1501132014/02_Universalsecuritycable6typeC_640X640_191211.jpg','Kumoh_Universal Sensor Cable (Ver.6)  Type C','PC, Urethane etc.','1700mm','2~3 weeks',81,'7.9',7,41,86,'',10225.3),(1125,NULL,'hm0503','2020-11-23 19:09:28',1605257341,'PaletteSupport','https://phg.smpop.net/data/item/1605257341/13.T2O1Infinity_TBD_Thumbnail.jpg','T2O1 Special Display','PC Resin(B&W), Diffuse PC, LED Light, Mirror','167 x 212 x 240 (mm)','',25,'99',7,41,85,'',208249.0),(1126,NULL,'hm0503','2020-11-23 19:09:28',1605256982,'PaletteSupport','https://phg.smpop.net/data/item/1605256982/08.P3InfinitySpecialDisplay_TBD_Thumbnail.jpg','P3 Special Display','PC Resin(B&W), Diffuse PC, LED Light, Mirror','167 x 212 x 240 (mm)','',25,'110.7',7,41,85,'',208249.0),(1127,NULL,'hm0503','2020-11-23 19:09:28',1605255830,'PaletteSupport','https://phg.smpop.net/data/item/1605255830/07.P3AttractorLarge_TBD_Thumbnail.jpg','P3 Attractor Artistic Large','PC Resin(B&W), Diffuse PC, LED Light, Mirror','195 x 300 x 45 (mm)','',122,'73.9',7,41,85,'',208249.0),(1128,NULL,'hm0503','2020-11-23 19:09:28',1605255679,'PaletteSupport','https://phg.smpop.net/data/item/1605255679/01.3DSignage_TBD_Thumbnail.jpg','Palette 3D Signage(LED)','PC Resin (B&W), Diffuse PC , LED light','190 x 90 x 45 (mm)','',1575,'19.8',7,41,85,'',208249.0),(1129,NULL,'hm0503','2020-11-23 19:09:28',1605254256,'PaletteSupport','https://phg.smpop.net/data/item/1605254256/02.AttractorKVLrage_TBD_Thumbnail.jpg','Attractor KV Large','PCM 50% Anti, Acrylic, Diffuse PC, LED','195 x 300 x 45 (mm)','',1453,'44.9',7,41,85,'',208249.0),(1130,NULL,'hm0503','2020-11-23 19:09:28',1605254018,'PaletteSupport','https://phg.smpop.net/data/item/1605254018/04.ColorchipModule_TBD_Thumbnail.jpg','Colorchip Module','PCM 50% Anti, Acrylic','97.5 x 170 x 10 (mm)','',945,'22.8',7,41,85,'',208249.0),(1131,NULL,'hm0503','2020-11-23 19:09:28',1605252142,'PaletteSupport','https://phg.smpop.net/data/item/1605252142/05.DeviceModule_TBD_Thumbnail.jpg','Device Module (Vertical)','PCM 50% Anti, Acrylic','97.5 x 170 x 10 (mm)','',4200,'10.2',7,41,85,'',208249.0),(1132,NULL,'hm0503','2020-11-23 19:09:28',1501132014,'PaletteSupport','https://phg.smpop.net/data/item/1501132014/02_Universalsecuritycable6typeC_640X640_191211.jpg','Kumoh_Universal Sensor Cable (Ver.6)  Type C','PC, Urethane etc.','1700mm','2~3 weeks',4200,'7.9',7,41,85,'',208249.0),(1133,NULL,'hm0503','2020-11-23 19:13:08',1605255830,'PaletteSupport','https://phg.smpop.net/data/item/1605255830/07.P3AttractorLarge_TBD_Thumbnail.jpg','P3 Attractor Artistic Large','PC Resin(B&W), Diffuse PC, LED Light, Mirror','195 x 300 x 45 (mm)','',64,'73.9',7,44,91,'',179982.7),(1134,NULL,'hm0503','2020-11-23 19:13:08',1605255679,'PaletteSupport','https://phg.smpop.net/data/item/1605255679/01.3DSignage_TBD_Thumbnail.jpg','Palette 3D Signage(LED)','PC Resin (B&W), Diffuse PC , LED light','190 x 90 x 45 (mm)','',1151,'19.8',7,44,91,'',179982.7),(1135,NULL,'hm0503','2020-11-23 19:13:08',1605254256,'PaletteSupport','https://phg.smpop.net/data/item/1605254256/02.AttractorKVLrage_TBD_Thumbnail.jpg','Attractor KV Large','PCM 50% Anti, Acrylic, Diffuse PC, LED','195 x 300 x 45 (mm)','',1313,'44.9',7,44,91,'',179982.7),(1136,NULL,'hm0503','2020-11-23 19:13:08',1605254018,'PaletteSupport','https://phg.smpop.net/data/item/1605254018/04.ColorchipModule_TBD_Thumbnail.jpg','Colorchip Module','PCM 50% Anti, Acrylic','97.5 x 170 x 10 (mm)','',64,'22.8',7,44,91,'',179982.7),(1137,NULL,'hm0503','2020-11-23 19:13:08',1605253649,'PaletteSupport','https://phg.smpop.net/data/item/1605253649/12.SpecModule_TBD_Thumbnail.jpg','Spec Module','PCM 50% Anti, Acrylic','195 x 170 x 10 (mm)','',2756,'15.3',7,44,91,'',179982.7),(1138,NULL,'hm0503','2020-11-23 19:13:08',1605252142,'PaletteSupport','https://phg.smpop.net/data/item/1605252142/05.DeviceModule_TBD_Thumbnail.jpg','Device Module (Vertical)','PCM 50% Anti, Acrylic','97.5 x 170 x 10 (mm)','',2756,'10.2',7,44,91,'',179982.7),(1139,NULL,'hm0503','2020-11-23 19:13:08',1501132014,'PaletteSupport','https://phg.smpop.net/data/item/1501132014/02_Universalsecuritycable6typeC_640X640_191211.jpg','Kumoh_Universal Sensor Cable (Ver.6)  Type C','PC, Urethane etc.','1700mm','2~3 weeks',2756,'7.9',7,44,91,'',179982.7),(1140,NULL,'hm0503','2020-11-23 19:14:26',1605256982,'PaletteSupport','https://phg.smpop.net/data/item/1605256982/08.P3InfinitySpecialDisplay_TBD_Thumbnail.jpg','P3 Special Display','PC Resin(B&W), Diffuse PC, LED Light, Mirror','167 x 212 x 240 (mm)','',150,'110.7',7,45,92,'',81954.0),(1141,NULL,'hm0503','2020-11-23 19:14:26',1605255830,'PaletteSupport','https://phg.smpop.net/data/item/1605255830/07.P3AttractorLarge_TBD_Thumbnail.jpg','P3 Attractor Artistic Large','PC Resin(B&W), Diffuse PC, LED Light, Mirror','195 x 300 x 45 (mm)','',134,'73.9',7,45,92,'',81954.0),(1142,NULL,'hm0503','2020-11-23 19:14:26',1605255679,'PaletteSupport','https://phg.smpop.net/data/item/1605255679/01.3DSignage_TBD_Thumbnail.jpg','Palette 3D Signage(LED)','PC Resin (B&W), Diffuse PC , LED light','190 x 90 x 45 (mm)','',36,'19.8',7,45,92,'',81954.0),(1143,NULL,'hm0503','2020-11-23 19:14:26',1605254256,'PaletteSupport','https://phg.smpop.net/data/item/1605254256/02.AttractorKVLrage_TBD_Thumbnail.jpg','Attractor KV Large','PCM 50% Anti, Acrylic, Diffuse PC, LED','195 x 300 x 45 (mm)','',501,'44.9',7,45,92,'',81954.0),(1144,NULL,'hm0503','2020-11-23 19:14:26',1605253649,'PaletteSupport','https://phg.smpop.net/data/item/1605253649/12.SpecModule_TBD_Thumbnail.jpg','Spec Module','PCM 50% Anti, Acrylic','195 x 170 x 10 (mm)','',635,'15.3',7,45,92,'',81954.0),(1145,NULL,'hm0503','2020-11-23 19:14:26',1605252142,'PaletteSupport','https://phg.smpop.net/data/item/1605252142/05.DeviceModule_TBD_Thumbnail.jpg','Device Module (Vertical)','PCM 50% Anti, Acrylic','97.5 x 170 x 10 (mm)','',1271,'10.2',7,45,92,'',81954.0),(1146,NULL,'hm0503','2020-11-23 19:14:26',1501132014,'PaletteSupport','https://phg.smpop.net/data/item/1501132014/02_Universalsecuritycable6typeC_640X640_191211.jpg','Kumoh_Universal Sensor Cable (Ver.6)  Type C','PC, Urethane etc.','1700mm','2~3 weeks',1210,'7.9',7,45,92,'',81954.0),(1147,NULL,'hm0503','2020-11-23 19:16:03',1605257439,'PaletteSupport','https://phg.smpop.net/data/item/1605257439/10.SpecialdisplayUType_TBD_Thumbnail.jpg','P3 Special Display U Type','PC Resin(B&W), Diffuse PC, LED Light, Mirror','167 x 212 x 240 (mm)','',60,'75.8',7,46,93,'',15368.7),(1148,NULL,'hm0503','2020-11-23 19:16:03',1605255830,'PaletteSupport','https://phg.smpop.net/data/item/1605255830/07.P3AttractorLarge_TBD_Thumbnail.jpg','P3 Attractor Artistic Large','PC Resin(B&W), Diffuse PC, LED Light, Mirror','195 x 300 x 45 (mm)','',11,'73.9',7,46,93,'',15368.7),(1149,NULL,'hm0503','2020-11-23 19:16:03',1605255679,'PaletteSupport','https://phg.smpop.net/data/item/1605255679/01.3DSignage_TBD_Thumbnail.jpg','Palette 3D Signage(LED)','PC Resin (B&W), Diffuse PC , LED light','190 x 90 x 45 (mm)','',130,'19.8',7,46,93,'',15368.7),(1150,NULL,'hm0503','2020-11-23 19:16:03',1605254256,'PaletteSupport','https://phg.smpop.net/data/item/1605254256/02.AttractorKVLrage_TBD_Thumbnail.jpg','Attractor KV Large','PCM 50% Anti, Acrylic, Diffuse PC, LED','195 x 300 x 45 (mm)','',55,'44.9',7,46,93,'',15368.7),(1151,NULL,'hm0503','2020-11-23 19:16:03',1605254018,'PaletteSupport','https://phg.smpop.net/data/item/1605254018/04.ColorchipModule_TBD_Thumbnail.jpg','Colorchip Module','PCM 50% Anti, Acrylic','97.5 x 170 x 10 (mm)','',65,'22.8',7,46,93,'',15368.7),(1152,NULL,'hm0503','2020-11-23 19:16:03',1605253649,'PaletteSupport','https://phg.smpop.net/data/item/1605253649/12.SpecModule_TBD_Thumbnail.jpg','Spec Module','PCM 50% Anti, Acrylic','195 x 170 x 10 (mm)','',43,'15.3',7,46,93,'',15368.7),(1153,NULL,'hm0503','2020-11-23 19:16:04',1605252142,'PaletteSupport','https://phg.smpop.net/data/item/1605252142/05.DeviceModule_TBD_Thumbnail.jpg','Device Module (Vertical)','PCM 50% Anti, Acrylic','97.5 x 170 x 10 (mm)','',43,'10.2',7,46,93,'',15368.7),(1154,NULL,'hm0503','2020-11-23 19:16:04',1501132014,'PaletteSupport','https://phg.smpop.net/data/item/1501132014/02_Universalsecuritycable6typeC_640X640_191211.jpg','Kumoh_Universal Sensor Cable (Ver.6)  Type C','PC, Urethane etc.','1700mm','2~3 weeks',302,'7.9',7,46,93,'',15368.7),(1155,NULL,'hm0503','2020-11-23 19:17:22',1605257439,'PaletteSupport','https://phg.smpop.net/data/item/1605257439/10.SpecialdisplayUType_TBD_Thumbnail.jpg','P3 Special Display U Type','PC Resin(B&W), Diffuse PC, LED Light, Mirror','167 x 212 x 240 (mm)','',105,'75.8',7,47,94,'',13166.3),(1156,NULL,'hm0503','2020-11-23 19:17:22',1605255830,'PaletteSupport','https://phg.smpop.net/data/item/1605255830/07.P3AttractorLarge_TBD_Thumbnail.jpg','P3 Attractor Artistic Large','PC Resin(B&W), Diffuse PC, LED Light, Mirror','195 x 300 x 45 (mm)','',7,'73.9',7,47,94,'',13166.3),(1157,NULL,'hm0503','2020-11-23 19:17:22',1605255679,'PaletteSupport','https://phg.smpop.net/data/item/1605255679/01.3DSignage_TBD_Thumbnail.jpg','Palette 3D Signage(LED)','PC Resin (B&W), Diffuse PC , LED light','190 x 90 x 45 (mm)','',217,'19.8',7,47,94,'',13166.3),(1158,NULL,'hm0503','2020-11-23 19:17:22',1605254018,'PaletteSupport','https://phg.smpop.net/data/item/1605254018/04.ColorchipModule_TBD_Thumbnail.jpg','Colorchip Module','PCM 50% Anti, Acrylic','97.5 x 170 x 10 (mm)','',7,'22.8',7,47,94,'',13166.3),(1159,NULL,'hm0503','2020-11-23 19:17:22',1605253649,'PaletteSupport','https://phg.smpop.net/data/item/1605253649/12.SpecModule_TBD_Thumbnail.jpg','Spec Module','PCM 50% Anti, Acrylic','195 x 170 x 10 (mm)','',7,'15.3',7,47,94,'',13166.3),(1160,NULL,'hm0503','2020-11-23 19:17:22',1605252142,'PaletteSupport','https://phg.smpop.net/data/item/1605252142/05.DeviceModule_TBD_Thumbnail.jpg','Device Module (Vertical)','PCM 50% Anti, Acrylic','97.5 x 170 x 10 (mm)','',7,'10.2',7,47,94,'',13166.3),(1161,NULL,'hm0503','2020-11-23 19:17:22',1501132014,'PaletteSupport','https://phg.smpop.net/data/item/1501132014/02_Universalsecuritycable6typeC_640X640_191211.jpg','Kumoh_Universal Sensor Cable (Ver.6)  Type C','PC, Urethane etc.','1700mm','2~3 weeks',7,'7.9',7,47,94,'',13166.3),(1193,NULL,'sb.hyung','2020-11-24 09:50:36',1605257541,'PaletteSupport','https://phg.smpop.net/data/item/1605257541/15.T2O1SpecialdisplayOperatorUtype_TBD_Thumbnail.jpg','T2O1 Special Display U Type','PC Resin(B&W), Diffuse PC, LED Light, Mirror','167 x 212 x 240 (mm)','',60,'65.9',4,21,44,'',76056.2),(1194,NULL,'sb.hyung','2020-11-24 09:50:36',1605257439,'PaletteSupport','https://phg.smpop.net/data/item/1605257439/10.SpecialdisplayUType_TBD_Thumbnail.jpg','P3 Special Display U Type','PC Resin(B&W), Diffuse PC, LED Light, Mirror','167 x 212 x 240 (mm)','',90,'75.8',4,21,44,'',76056.2),(1195,NULL,'sb.hyung','2020-11-24 09:50:36',1605257341,'PaletteSupport','https://phg.smpop.net/data/item/1605257341/13.T2O1Infinity_TBD_Thumbnail.jpg','T2O1 Special Display','PC Resin(B&W), Diffuse PC, LED Light, Mirror','167 x 212 x 240 (mm)','',30,'99',4,21,44,'',76056.2),(1196,NULL,'sb.hyung','2020-11-24 09:50:36',1605256982,'PaletteSupport','https://phg.smpop.net/data/item/1605256982/08.P3InfinitySpecialDisplay_TBD_Thumbnail.jpg','P3 Special Display','PC Resin(B&W), Diffuse PC, LED Light, Mirror','167 x 212 x 240 (mm)','',45,'110.7',4,21,44,'',76056.2),(1197,NULL,'sb.hyung','2020-11-24 09:50:36',1605255830,'PaletteSupport','https://phg.smpop.net/data/item/1605255830/07.P3AttractorLarge_TBD_Thumbnail.jpg','P3 Attractor Artistic Large','PC Resin(B&W), Diffuse PC, LED Light, Mirror','195 x 300 x 45 (mm)','',275,'73.9',4,21,44,'',76056.2),(1198,NULL,'sb.hyung','2020-11-24 09:50:36',1605255679,'PaletteSupport','https://phg.smpop.net/data/item/1605255679/01.3DSignage_TBD_Thumbnail.jpg','Palette 3D Signage(LED)','PC Resin (B&W), Diffuse PC , LED light','190 x 90 x 45 (mm)','',1869,'19.8',4,21,44,'',76056.2),(1226,NULL,'matthew.tham','2020-11-24 10:06:15',1605850357,'WEARABLE','https://phg.smpop.net/data/item/1605850357/AtticSingleDeviceModuleDummy_640X640.png','Attic Single Device Module ( Dummy )','Polycarbonate','195*170*25mm','2~3 weeks',20,'70',1,2,2,'',58800.0),(1227,NULL,'matthew.tham','2020-11-24 10:06:15',1605851179,'WEARABLE','https://phg.smpop.net/data/item/1605851179/AtticCradleDummy_640X640_02.png','Attic Cradle ( Dummy )','Polycarbonate','154*99*75mm','2~3 weeks',1025,'56',1,2,2,'',58800.0),(1228,NULL,'id_admin','2020-11-24 10:35:01',1605256679,'PaletteSupport','https://phg.smpop.net/data/item/1605256679/12.T2O1Attractor_TBD_Thumbnail.jpg','T2O1 Attractor Artistic Large','PC Resin(B&W), Diffuse PC, LED Light, Mirror','195 x 300 x 45 (mm)','',65,'62.3',4,25,60,'',8922.3),(1229,NULL,'id_admin','2020-11-24 10:35:01',1605255830,'PaletteSupport','https://phg.smpop.net/data/item/1605255830/07.P3AttractorLarge_TBD_Thumbnail.jpg','P3 Attractor Artistic Large','PC Resin(B&W), Diffuse PC, LED Light, Mirror','195 x 300 x 45 (mm)','',10,'73.9',4,25,60,'',8922.3),(1230,NULL,'id_admin','2020-11-24 10:35:01',1605255679,'PaletteSupport','https://phg.smpop.net/data/item/1605255679/01.3DSignage_TBD_Thumbnail.jpg','Palette 3D Signage(LED)','PC Resin (B&W), Diffuse PC , LED light','190 x 90 x 45 (mm)','',200,'19.8',4,25,60,'',8922.3),(1231,NULL,'id_admin','2020-11-24 10:35:01',1501132014,'PaletteSupport','https://phg.smpop.net/data/item/1501132014/02_Universalsecuritycable6typeC_640X640_191211.jpg','Kumoh_Universal Sensor Cable (Ver.6)  Type C','PC, Urethane etc.','1700mm','2~3 weeks',22,'7.9',4,25,60,'',8922.3),(1232,NULL,'id_admin','2020-11-24 10:57:57',1605257341,'PaletteSupport','https://phg.smpop.net/data/item/1605257341/13.T2O1Infinity_TBD_Thumbnail.jpg','T2O1 Special Display','PC Resin(B&W), Diffuse PC, LED Light, Mirror','167 x 212 x 240 (mm)','',3,'99',4,27,63,'',4631.7),(1233,NULL,'id_admin','2020-11-24 10:57:57',1605256982,'PaletteSupport','https://phg.smpop.net/data/item/1605256982/08.P3InfinitySpecialDisplay_TBD_Thumbnail.jpg','P3 Special Display','PC Resin(B&W), Diffuse PC, LED Light, Mirror','167 x 212 x 240 (mm)','',3,'110.7',4,27,63,'',4631.7),(1234,NULL,'id_admin','2020-11-24 10:57:57',1605256679,'PaletteSupport','https://phg.smpop.net/data/item/1605256679/12.T2O1Attractor_TBD_Thumbnail.jpg','T2O1 Attractor Artistic Large','PC Resin(B&W), Diffuse PC, LED Light, Mirror','195 x 300 x 45 (mm)','',5,'62.3',4,27,63,'',4631.7),(1235,NULL,'id_admin','2020-11-24 10:57:57',1605255830,'PaletteSupport','https://phg.smpop.net/data/item/1605255830/07.P3AttractorLarge_TBD_Thumbnail.jpg','P3 Attractor Artistic Large','PC Resin(B&W), Diffuse PC, LED Light, Mirror','195 x 300 x 45 (mm)','',5,'73.9',4,27,63,'',4631.7),(1236,NULL,'id_admin','2020-11-24 10:57:57',1605255679,'PaletteSupport','https://phg.smpop.net/data/item/1605255679/01.3DSignage_TBD_Thumbnail.jpg','Palette 3D Signage(LED)','PC Resin (B&W), Diffuse PC , LED light','190 x 90 x 45 (mm)','',107,'19.8',4,27,63,'',4631.7),(1237,NULL,'id_admin','2020-11-24 10:57:57',1605254018,'PaletteSupport','https://phg.smpop.net/data/item/1605254018/04.ColorchipModule_TBD_Thumbnail.jpg','Colorchip Module','PCM 50% Anti, Acrylic','97.5 x 170 x 10 (mm)','',22,'22.8',4,27,63,'',4631.7),(1238,NULL,'id_admin','2020-11-24 10:57:57',1605253649,'PaletteSupport','https://phg.smpop.net/data/item/1605253649/12.SpecModule_TBD_Thumbnail.jpg','Spec Module','PCM 50% Anti, Acrylic','195 x 170 x 10 (mm)','',21,'15.3',4,27,63,'',4631.7),(1239,NULL,'id_admin','2020-11-24 10:57:57',1605252142,'PaletteSupport','https://phg.smpop.net/data/item/1605252142/05.DeviceModule_TBD_Thumbnail.jpg','Device Module (Vertical)','PCM 50% Anti, Acrylic','97.5 x 170 x 10 (mm)','',21,'10.2',4,27,63,'',4631.7),(1240,NULL,'id_admin','2020-11-24 10:57:57',1501132014,'PaletteSupport','https://phg.smpop.net/data/item/1501132014/02_Universalsecuritycable6typeC_640X640_191211.jpg','Kumoh_Universal Sensor Cable (Ver.6)  Type C','PC, Urethane etc.','1700mm','2~3 weeks',21,'7.9',4,27,63,'',4631.7),(1250,NULL,'id_admin','2020-11-24 11:00:44',1605257341,'PaletteSupport','https://phg.smpop.net/data/item/1605257341/13.T2O1Infinity_TBD_Thumbnail.jpg','T2O1 Special Display','PC Resin(B&W), Diffuse PC, LED Light, Mirror','167 x 212 x 240 (mm)','',5,'99',4,26,62,'',6036.5),(1251,NULL,'id_admin','2020-11-24 11:00:44',1605256982,'PaletteSupport','https://phg.smpop.net/data/item/1605256982/08.P3InfinitySpecialDisplay_TBD_Thumbnail.jpg','P3 Special Display','PC Resin(B&W), Diffuse PC, LED Light, Mirror','167 x 212 x 240 (mm)','',5,'110.7',4,26,62,'',6036.5),(1252,NULL,'id_admin','2020-11-24 11:00:44',1605256679,'PaletteSupport','https://phg.smpop.net/data/item/1605256679/12.T2O1Attractor_TBD_Thumbnail.jpg','T2O1 Attractor Artistic Large','PC Resin(B&W), Diffuse PC, LED Light, Mirror','195 x 300 x 45 (mm)','',12,'62.3',4,26,62,'',6036.5),(1253,NULL,'id_admin','2020-11-24 11:00:44',1605255830,'PaletteSupport','https://phg.smpop.net/data/item/1605255830/07.P3AttractorLarge_TBD_Thumbnail.jpg','P3 Attractor Artistic Large','PC Resin(B&W), Diffuse PC, LED Light, Mirror','195 x 300 x 45 (mm)','',11,'73.9',4,26,62,'',6036.5),(1254,NULL,'id_admin','2020-11-24 11:00:44',1605255679,'PaletteSupport','https://phg.smpop.net/data/item/1605255679/01.3DSignage_TBD_Thumbnail.jpg','Palette 3D Signage(LED)','PC Resin (B&W), Diffuse PC , LED light','190 x 90 x 45 (mm)','',103,'19.8',4,26,62,'',6036.5),(1255,NULL,'id_admin','2020-11-24 11:00:44',1605254018,'PaletteSupport','https://phg.smpop.net/data/item/1605254018/04.ColorchipModule_TBD_Thumbnail.jpg','Colorchip Module','PCM 50% Anti, Acrylic','97.5 x 170 x 10 (mm)','',23,'22.8',4,26,62,'',6036.5),(1256,NULL,'id_admin','2020-11-24 11:00:44',1605253649,'PaletteSupport','https://phg.smpop.net/data/item/1605253649/12.SpecModule_TBD_Thumbnail.jpg','Spec Module','PCM 50% Anti, Acrylic','195 x 170 x 10 (mm)','',23,'15.3',4,26,62,'',6036.5),(1257,NULL,'id_admin','2020-11-24 11:00:44',1605252142,'PaletteSupport','https://phg.smpop.net/data/item/1605252142/05.DeviceModule_TBD_Thumbnail.jpg','Device Module (Vertical)','PCM 50% Anti, Acrylic','97.5 x 170 x 10 (mm)','',23,'10.2',4,26,62,'',6036.5),(1258,NULL,'id_admin','2020-11-24 11:00:44',1572900260,'PaletteSupport','https://phg.smpop.net/data/item/1572900260/Normal_Universalexposedcable_TypeC_LSEplate.jpg','S2865 - Invue Normal Security, Exposed Cable Type C','Plastic, Urethane','1.5 m','Available to Ship',33,'8.4',4,26,62,'',6036.5),(1262,NULL,'id_admin','2020-11-24 11:01:58',1605256679,'PaletteSupport','https://phg.smpop.net/data/item/1605256679/12.T2O1Attractor_TBD_Thumbnail.jpg','T2O1 Attractor Artistic Large','PC Resin(B&W), Diffuse PC, LED Light, Mirror','195 x 300 x 45 (mm)','',20,'62.3',4,25,61,'',5590.8),(1263,NULL,'id_admin','2020-11-24 11:01:58',1605255830,'PaletteSupport','https://phg.smpop.net/data/item/1605255830/07.P3AttractorLarge_TBD_Thumbnail.jpg','P3 Attractor Artistic Large','PC Resin(B&W), Diffuse PC, LED Light, Mirror','195 x 300 x 45 (mm)','',32,'73.9',4,25,61,'',5590.8),(1264,NULL,'id_admin','2020-11-24 11:01:58',1605255679,'PaletteSupport','https://phg.smpop.net/data/item/1605255679/01.3DSignage_TBD_Thumbnail.jpg','Palette 3D Signage(LED)','PC Resin (B&W), Diffuse PC , LED light','190 x 90 x 45 (mm)','',100,'19.8',4,25,61,'',5590.8),(1275,NULL,'id_admin','2020-11-24 11:03:33',1605257341,'PaletteSupport','https://phg.smpop.net/data/item/1605257341/13.T2O1Infinity_TBD_Thumbnail.jpg','T2O1 Special Display','PC Resin(B&W), Diffuse PC, LED Light, Mirror','167 x 212 x 240 (mm)','',3,'99',4,24,59,'',1456.4),(1276,NULL,'id_admin','2020-11-24 11:03:33',1605256982,'PaletteSupport','https://phg.smpop.net/data/item/1605256982/08.P3InfinitySpecialDisplay_TBD_Thumbnail.jpg','P3 Special Display','PC Resin(B&W), Diffuse PC, LED Light, Mirror','167 x 212 x 240 (mm)','',3,'110.7',4,24,59,'',1456.4),(1277,NULL,'id_admin','2020-11-24 11:03:33',1605256679,'PaletteSupport','https://phg.smpop.net/data/item/1605256679/12.T2O1Attractor_TBD_Thumbnail.jpg','T2O1 Attractor Artistic Large','PC Resin(B&W), Diffuse PC, LED Light, Mirror','195 x 300 x 45 (mm)','',2,'62.3',4,24,59,'',1456.4),(1278,NULL,'id_admin','2020-11-24 11:03:33',1605255830,'PaletteSupport','https://phg.smpop.net/data/item/1605255830/07.P3AttractorLarge_TBD_Thumbnail.jpg','P3 Attractor Artistic Large','PC Resin(B&W), Diffuse PC, LED Light, Mirror','195 x 300 x 45 (mm)','',2,'73.9',4,24,59,'',1456.4),(1279,NULL,'id_admin','2020-11-24 11:03:33',1605255679,'PaletteSupport','https://phg.smpop.net/data/item/1605255679/01.3DSignage_TBD_Thumbnail.jpg','Palette 3D Signage(LED)','PC Resin (B&W), Diffuse PC , LED light','190 x 90 x 45 (mm)','',8,'19.8',4,24,59,'',1456.4),(1280,NULL,'id_admin','2020-11-24 11:03:33',1605254256,'PaletteSupport','https://phg.smpop.net/data/item/1605254256/02.AttractorKVLrage_TBD_Thumbnail.jpg','Attractor KV Large','PCM 50% Anti, Acrylic, Diffuse PC, LED','195 x 300 x 45 (mm)','',4,'44.9',4,24,59,'',1456.4),(1281,NULL,'id_admin','2020-11-24 11:03:33',1605254018,'PaletteSupport','https://phg.smpop.net/data/item/1605254018/04.ColorchipModule_TBD_Thumbnail.jpg','Colorchip Module','PCM 50% Anti, Acrylic','97.5 x 170 x 10 (mm)','',4,'22.8',4,24,59,'',1456.4),(1282,NULL,'id_admin','2020-11-24 11:03:33',1605253649,'PaletteSupport','https://phg.smpop.net/data/item/1605253649/12.SpecModule_TBD_Thumbnail.jpg','Spec Module','PCM 50% Anti, Acrylic','195 x 170 x 10 (mm)','',4,'15.3',4,24,59,'',1456.4),(1283,NULL,'id_admin','2020-11-24 11:03:33',1605252142,'PaletteSupport','https://phg.smpop.net/data/item/1605252142/05.DeviceModule_TBD_Thumbnail.jpg','Device Module (Vertical)','PCM 50% Anti, Acrylic','97.5 x 170 x 10 (mm)','',4,'10.2',4,24,59,'',1456.4),(1284,NULL,'id_admin','2020-11-24 11:03:33',1501132014,'PaletteSupport','https://phg.smpop.net/data/item/1501132014/02_Universalsecuritycable6typeC_640X640_191211.jpg','Kumoh_Universal Sensor Cable (Ver.6)  Type C','PC, Urethane etc.','1700mm','2~3 weeks',3,'7.9',4,24,59,'',1456.4),(1285,NULL,'swn.jung','2020-11-24 11:14:59',1605257541,'PaletteSupport','https://phg.smpop.net/data/item/1605257541/15.T2O1SpecialdisplayOperatorUtype_TBD_Thumbnail.jpg','T2O1 Special Display U Type','PC Resin(B&W), Diffuse PC, LED Light, Mirror','167 x 212 x 240 (mm)','',8,'65.9',4,24,57,'',8319.9),(1286,NULL,'swn.jung','2020-11-24 11:14:59',1605257439,'PaletteSupport','https://phg.smpop.net/data/item/1605257439/10.SpecialdisplayUType_TBD_Thumbnail.jpg','P3 Special Display U Type','PC Resin(B&W), Diffuse PC, LED Light, Mirror','167 x 212 x 240 (mm)','',4,'75.8',4,24,57,'',8319.9),(1287,NULL,'swn.jung','2020-11-24 11:14:59',1605256679,'PaletteSupport','https://phg.smpop.net/data/item/1605256679/12.T2O1Attractor_TBD_Thumbnail.jpg','T2O1 Attractor Artistic Large','PC Resin(B&W), Diffuse PC, LED Light, Mirror','195 x 300 x 45 (mm)','',3,'62.3',4,24,57,'',8319.9),(1288,NULL,'swn.jung','2020-11-24 11:14:59',1605255830,'PaletteSupport','https://phg.smpop.net/data/item/1605255830/07.P3AttractorLarge_TBD_Thumbnail.jpg','P3 Attractor Artistic Large','PC Resin(B&W), Diffuse PC, LED Light, Mirror','195 x 300 x 45 (mm)','',3,'73.9',4,24,57,'',8319.9),(1289,NULL,'swn.jung','2020-11-24 11:14:59',1605255679,'PaletteSupport','https://phg.smpop.net/data/item/1605255679/01.3DSignage_TBD_Thumbnail.jpg','Palette 3D Signage(LED)','PC Resin (B&W), Diffuse PC , LED light','190 x 90 x 45 (mm)','',112,'19.8',4,24,57,'',8319.9),(1290,NULL,'swn.jung','2020-11-24 11:14:59',1605254256,'PaletteSupport','https://phg.smpop.net/data/item/1605254256/02.AttractorKVLrage_TBD_Thumbnail.jpg','Attractor KV Large','PCM 50% Anti, Acrylic, Diffuse PC, LED','195 x 300 x 45 (mm)','',75,'44.9',4,24,57,'',8319.9),(1291,NULL,'swn.jung','2020-11-24 11:14:59',1605254018,'PaletteSupport','https://phg.smpop.net/data/item/1605254018/04.ColorchipModule_TBD_Thumbnail.jpg','Colorchip Module','PCM 50% Anti, Acrylic','97.5 x 170 x 10 (mm)','',6,'22.8',4,24,57,'',8319.9),(1292,NULL,'swn.jung','2020-11-24 11:14:59',1605253649,'PaletteSupport','https://phg.smpop.net/data/item/1605253649/12.SpecModule_TBD_Thumbnail.jpg','Spec Module','PCM 50% Anti, Acrylic','195 x 170 x 10 (mm)','',50,'15.3',4,24,57,'',8319.9),(1293,NULL,'swn.jung','2020-11-24 11:14:59',1605252142,'PaletteSupport','https://phg.smpop.net/data/item/1605252142/05.DeviceModule_TBD_Thumbnail.jpg','Device Module (Vertical)','PCM 50% Anti, Acrylic','97.5 x 170 x 10 (mm)','',50,'10.2',4,24,57,'',8319.9),(1294,NULL,'swn.jung','2020-11-24 11:14:59',1572900260,'PaletteSupport','https://phg.smpop.net/data/item/1572900260/Normal_Universalexposedcable_TypeC_LSEplate.jpg','S2865 - Invue Normal Security, Exposed Cable Type C','Plastic, Urethane','1.5 m','Available to Ship',10,'8.4',4,24,57,'',8319.9),(1295,NULL,'swn.jung','2020-11-24 11:16:45',1605257341,'PaletteSupport','https://phg.smpop.net/data/item/1605257341/13.T2O1Infinity_TBD_Thumbnail.jpg','T2O1 Special Display','PC Resin(B&W), Diffuse PC, LED Light, Mirror','167 x 212 x 240 (mm)','',3,'99',4,24,58,'',2160.8),(1296,NULL,'swn.jung','2020-11-24 11:16:45',1605256982,'PaletteSupport','https://phg.smpop.net/data/item/1605256982/08.P3InfinitySpecialDisplay_TBD_Thumbnail.jpg','P3 Special Display','PC Resin(B&W), Diffuse PC, LED Light, Mirror','167 x 212 x 240 (mm)','',3,'110.7',4,24,58,'',2160.8),(1297,NULL,'swn.jung','2020-11-24 11:16:45',1605256679,'PaletteSupport','https://phg.smpop.net/data/item/1605256679/12.T2O1Attractor_TBD_Thumbnail.jpg','T2O1 Attractor Artistic Large','PC Resin(B&W), Diffuse PC, LED Light, Mirror','195 x 300 x 45 (mm)','',6,'62.3',4,24,58,'',2160.8),(1298,NULL,'swn.jung','2020-11-24 11:16:45',1605255830,'PaletteSupport','https://phg.smpop.net/data/item/1605255830/07.P3AttractorLarge_TBD_Thumbnail.jpg','P3 Attractor Artistic Large','PC Resin(B&W), Diffuse PC, LED Light, Mirror','195 x 300 x 45 (mm)','',6,'73.9',4,24,58,'',2160.8),(1299,NULL,'swn.jung','2020-11-24 11:16:45',1605255679,'PaletteSupport','https://phg.smpop.net/data/item/1605255679/01.3DSignage_TBD_Thumbnail.jpg','Palette 3D Signage(LED)','PC Resin (B&W), Diffuse PC , LED light','190 x 90 x 45 (mm)','',8,'19.8',4,24,58,'',2160.8),(1300,NULL,'swn.jung','2020-11-24 11:16:45',1605254256,'PaletteSupport','https://phg.smpop.net/data/item/1605254256/02.AttractorKVLrage_TBD_Thumbnail.jpg','Attractor KV Large','PCM 50% Anti, Acrylic, Diffuse PC, LED','195 x 300 x 45 (mm)','',4,'44.9',4,24,58,'',2160.8),(1301,NULL,'swn.jung','2020-11-24 11:16:45',1605254018,'PaletteSupport','https://phg.smpop.net/data/item/1605254018/04.ColorchipModule_TBD_Thumbnail.jpg','Colorchip Module','PCM 50% Anti, Acrylic','97.5 x 170 x 10 (mm)','',11,'22.8',4,24,58,'',2160.8),(1302,NULL,'swn.jung','2020-11-24 11:16:45',1605253649,'PaletteSupport','https://phg.smpop.net/data/item/1605253649/12.SpecModule_TBD_Thumbnail.jpg','Spec Module','PCM 50% Anti, Acrylic','195 x 170 x 10 (mm)','',4,'15.3',4,24,58,'',2160.8),(1303,NULL,'swn.jung','2020-11-24 11:16:45',1605252142,'PaletteSupport','https://phg.smpop.net/data/item/1605252142/05.DeviceModule_TBD_Thumbnail.jpg','Device Module (Vertical)','PCM 50% Anti, Acrylic','97.5 x 170 x 10 (mm)','',4,'10.2',4,24,58,'',2160.8),(1304,NULL,'swn.jung','2020-11-24 11:16:45',1501132014,'PaletteSupport','https://phg.smpop.net/data/item/1501132014/02_Universalsecuritycable6typeC_640X640_191211.jpg','Kumoh_Universal Sensor Cable (Ver.6)  Type C','PC, Urethane etc.','1700mm','2~3 weeks',3,'7.9',4,24,58,'',2160.8),(1305,NULL,'swn.jung','2020-11-24 11:18:32',1605257541,'PaletteSupport','https://phg.smpop.net/data/item/1605257541/15.T2O1SpecialdisplayOperatorUtype_TBD_Thumbnail.jpg','T2O1 Special Display U Type','PC Resin(B&W), Diffuse PC, LED Light, Mirror','167 x 212 x 240 (mm)','',2,'65.9',4,22,53,'',1650.2),(1306,NULL,'swn.jung','2020-11-24 11:18:32',1605257439,'PaletteSupport','https://phg.smpop.net/data/item/1605257439/10.SpecialdisplayUType_TBD_Thumbnail.jpg','P3 Special Display U Type','PC Resin(B&W), Diffuse PC, LED Light, Mirror','167 x 212 x 240 (mm)','',3,'75.8',4,22,53,'',1650.2),(1307,NULL,'swn.jung','2020-11-24 11:18:32',1605256679,'PaletteSupport','https://phg.smpop.net/data/item/1605256679/12.T2O1Attractor_TBD_Thumbnail.jpg','T2O1 Attractor Artistic Large','PC Resin(B&W), Diffuse PC, LED Light, Mirror','195 x 300 x 45 (mm)','',4,'62.3',4,22,53,'',1650.2),(1308,NULL,'swn.jung','2020-11-24 11:18:32',1605255830,'PaletteSupport','https://phg.smpop.net/data/item/1605255830/07.P3AttractorLarge_TBD_Thumbnail.jpg','P3 Attractor Artistic Large','PC Resin(B&W), Diffuse PC, LED Light, Mirror','195 x 300 x 45 (mm)','',5,'73.9',4,22,53,'',1650.2),(1309,NULL,'swn.jung','2020-11-24 11:18:32',1605255679,'PaletteSupport','https://phg.smpop.net/data/item/1605255679/01.3DSignage_TBD_Thumbnail.jpg','Palette 3D Signage(LED)','PC Resin (B&W), Diffuse PC , LED light','190 x 90 x 45 (mm)','',12,'19.8',4,22,53,'',1650.2),(1310,NULL,'swn.jung','2020-11-24 11:18:32',1605254018,'PaletteSupport','https://phg.smpop.net/data/item/1605254018/04.ColorchipModule_TBD_Thumbnail.jpg','Colorchip Module','PCM 50% Anti, Acrylic','97.5 x 170 x 10 (mm)','',9,'22.8',4,22,53,'',1650.2),(1311,NULL,'swn.jung','2020-11-24 11:18:32',1605253649,'PaletteSupport','https://phg.smpop.net/data/item/1605253649/12.SpecModule_TBD_Thumbnail.jpg','Spec Module','PCM 50% Anti, Acrylic','195 x 170 x 10 (mm)','',9,'15.3',4,22,53,'',1650.2),(1312,NULL,'swn.jung','2020-11-24 11:18:32',1605252142,'PaletteSupport','https://phg.smpop.net/data/item/1605252142/05.DeviceModule_TBD_Thumbnail.jpg','Device Module (Vertical)','PCM 50% Anti, Acrylic','97.5 x 170 x 10 (mm)','',9,'10.2',4,22,53,'',1650.2),(1313,NULL,'swn.jung','2020-11-24 11:21:21',1605257541,'PaletteSupport','https://phg.smpop.net/data/item/1605257541/15.T2O1SpecialdisplayOperatorUtype_TBD_Thumbnail.jpg','T2O1 Special Display U Type','PC Resin(B&W), Diffuse PC, LED Light, Mirror','167 x 212 x 240 (mm)','',4,'65.9',4,22,54,'',1668.5),(1314,NULL,'swn.jung','2020-11-24 11:21:21',1605257439,'PaletteSupport','https://phg.smpop.net/data/item/1605257439/10.SpecialdisplayUType_TBD_Thumbnail.jpg','P3 Special Display U Type','PC Resin(B&W), Diffuse PC, LED Light, Mirror','167 x 212 x 240 (mm)','',5,'75.8',4,22,54,'',1668.5),(1315,NULL,'swn.jung','2020-11-24 11:21:21',1605255679,'PaletteSupport','https://phg.smpop.net/data/item/1605255679/01.3DSignage_TBD_Thumbnail.jpg','Palette 3D Signage(LED)','PC Resin (B&W), Diffuse PC , LED light','190 x 90 x 45 (mm)','',10,'19.8',4,22,54,'',1668.5),(1316,NULL,'swn.jung','2020-11-24 11:21:21',1605254256,'PaletteSupport','https://phg.smpop.net/data/item/1605254256/02.AttractorKVLrage_TBD_Thumbnail.jpg','Attractor KV Large','PCM 50% Anti, Acrylic, Diffuse PC, LED','195 x 300 x 45 (mm)','',11,'44.9',4,22,54,'',1668.5),(1317,NULL,'swn.jung','2020-11-24 11:21:21',1605253649,'PaletteSupport','https://phg.smpop.net/data/item/1605253649/12.SpecModule_TBD_Thumbnail.jpg','Spec Module','PCM 50% Anti, Acrylic','195 x 170 x 10 (mm)','',10,'15.3',4,22,54,'',1668.5),(1318,NULL,'swn.jung','2020-11-24 11:21:21',1605252142,'PaletteSupport','https://phg.smpop.net/data/item/1605252142/05.DeviceModule_TBD_Thumbnail.jpg','Device Module (Vertical)','PCM 50% Anti, Acrylic','97.5 x 170 x 10 (mm)','',10,'10.2',4,22,54,'',1668.5),(1319,NULL,'swn.jung','2020-11-24 11:21:21',1501132014,'PaletteSupport','https://phg.smpop.net/data/item/1501132014/02_Universalsecuritycable6typeC_640X640_191211.jpg','Kumoh_Universal Sensor Cable (Ver.6)  Type C','PC, Urethane etc.','1700mm','2~3 weeks',10,'7.9',4,22,54,'',1668.5),(1320,NULL,'swn.jung','2020-11-24 11:22:04',1605257341,'PaletteSupport','https://phg.smpop.net/data/item/1605257341/13.T2O1Infinity_TBD_Thumbnail.jpg','T2O1 Special Display','PC Resin(B&W), Diffuse PC, LED Light, Mirror','167 x 212 x 240 (mm)','',5,'99',4,22,50,'',1733.7),(1321,NULL,'swn.jung','2020-11-24 11:22:04',1605256982,'PaletteSupport','https://phg.smpop.net/data/item/1605256982/08.P3InfinitySpecialDisplay_TBD_Thumbnail.jpg','P3 Special Display','PC Resin(B&W), Diffuse PC, LED Light, Mirror','167 x 212 x 240 (mm)','',5,'110.7',4,22,50,'',1733.7),(1322,NULL,'swn.jung','2020-11-24 11:22:04',1605255679,'PaletteSupport','https://phg.smpop.net/data/item/1605255679/01.3DSignage_TBD_Thumbnail.jpg','Palette 3D Signage(LED)','PC Resin (B&W), Diffuse PC , LED light','190 x 90 x 45 (mm)','',21,'19.8',4,22,50,'',1733.7),(1323,NULL,'swn.jung','2020-11-24 11:22:04',1605254256,'PaletteSupport','https://phg.smpop.net/data/item/1605254256/02.AttractorKVLrage_TBD_Thumbnail.jpg','Attractor KV Large','PCM 50% Anti, Acrylic, Diffuse PC, LED','195 x 300 x 45 (mm)','',6,'44.9',4,22,50,'',1733.7),(1324,NULL,'swn.jung','2020-11-24 11:22:55',1605257341,'PaletteSupport','https://phg.smpop.net/data/item/1605257341/13.T2O1Infinity_TBD_Thumbnail.jpg','T2O1 Special Display','PC Resin(B&W), Diffuse PC, LED Light, Mirror','167 x 212 x 240 (mm)','',2,'99',4,22,46,'',2640.6),(1325,NULL,'swn.jung','2020-11-24 11:22:55',1605256982,'PaletteSupport','https://phg.smpop.net/data/item/1605256982/08.P3InfinitySpecialDisplay_TBD_Thumbnail.jpg','P3 Special Display','PC Resin(B&W), Diffuse PC, LED Light, Mirror','167 x 212 x 240 (mm)','',2,'110.7',4,22,46,'',2640.6),(1326,NULL,'swn.jung','2020-11-24 11:22:55',1605256679,'PaletteSupport','https://phg.smpop.net/data/item/1605256679/12.T2O1Attractor_TBD_Thumbnail.jpg','T2O1 Attractor Artistic Large','PC Resin(B&W), Diffuse PC, LED Light, Mirror','195 x 300 x 45 (mm)','',3,'62.3',4,22,46,'',2640.6),(1327,NULL,'swn.jung','2020-11-24 11:22:55',1605255830,'PaletteSupport','https://phg.smpop.net/data/item/1605255830/07.P3AttractorLarge_TBD_Thumbnail.jpg','P3 Attractor Artistic Large','PC Resin(B&W), Diffuse PC, LED Light, Mirror','195 x 300 x 45 (mm)','',3,'73.9',4,22,46,'',2640.6),(1328,NULL,'swn.jung','2020-11-24 11:22:55',1605255679,'PaletteSupport','https://phg.smpop.net/data/item/1605255679/01.3DSignage_TBD_Thumbnail.jpg','Palette 3D Signage(LED)','PC Resin (B&W), Diffuse PC , LED light','190 x 90 x 45 (mm)','',38,'19.8',4,22,46,'',2640.6),(1329,NULL,'swn.jung','2020-11-24 11:22:55',1605254256,'PaletteSupport','https://phg.smpop.net/data/item/1605254256/02.AttractorKVLrage_TBD_Thumbnail.jpg','Attractor KV Large','PCM 50% Anti, Acrylic, Diffuse PC, LED','195 x 300 x 45 (mm)','',8,'44.9',4,22,46,'',2640.6),(1330,NULL,'swn.jung','2020-11-24 11:22:55',1605252142,'PaletteSupport','https://phg.smpop.net/data/item/1605252142/05.DeviceModule_TBD_Thumbnail.jpg','Device Module (Vertical)','PCM 50% Anti, Acrylic','97.5 x 170 x 10 (mm)','',30,'10.2',4,22,46,'',2640.6),(1331,NULL,'swn.jung','2020-11-24 11:22:55',1501132014,'PaletteSupport','https://phg.smpop.net/data/item/1501132014/02_Universalsecuritycable6typeC_640X640_191211.jpg','Kumoh_Universal Sensor Cable (Ver.6)  Type C','PC, Urethane etc.','1700mm','2~3 weeks',50,'7.9',4,22,46,'',2640.6),(1332,NULL,'swn.jung','2020-11-24 11:23:43',1605255679,'PaletteSupport','https://phg.smpop.net/data/item/1605255679/01.3DSignage_TBD_Thumbnail.jpg','Palette 3D Signage(LED)','PC Resin (B&W), Diffuse PC , LED light','190 x 90 x 45 (mm)','',31,'19.8',4,22,47,'',1819.5),(1333,NULL,'swn.jung','2020-11-24 11:23:43',1605254018,'PaletteSupport','https://phg.smpop.net/data/item/1605254018/04.ColorchipModule_TBD_Thumbnail.jpg','Colorchip Module','PCM 50% Anti, Acrylic','97.5 x 170 x 10 (mm)','',3,'22.8',4,22,47,'',1819.5),(1334,NULL,'swn.jung','2020-11-24 11:23:43',1605253649,'PaletteSupport','https://phg.smpop.net/data/item/1605253649/12.SpecModule_TBD_Thumbnail.jpg','Spec Module','PCM 50% Anti, Acrylic','195 x 170 x 10 (mm)','',31,'15.3',4,22,47,'',1819.5),(1335,NULL,'swn.jung','2020-11-24 11:23:43',1605252142,'PaletteSupport','https://phg.smpop.net/data/item/1605252142/05.DeviceModule_TBD_Thumbnail.jpg','Device Module (Vertical)','PCM 50% Anti, Acrylic','97.5 x 170 x 10 (mm)','',65,'10.2',4,22,47,'',1819.5),(1336,NULL,'swn.jung','2020-11-24 11:24:23',1605252142,'PaletteSupport','https://phg.smpop.net/data/item/1605252142/05.DeviceModule_TBD_Thumbnail.jpg','Device Module (Vertical)','PCM 50% Anti, Acrylic','97.5 x 170 x 10 (mm)','',19,'10.2',4,22,48,'',193.8),(1345,NULL,'swn.jung','2020-11-24 11:29:47',1605257541,'PaletteSupport','https://phg.smpop.net/data/item/1605257541/15.T2O1SpecialdisplayOperatorUtype_TBD_Thumbnail.jpg','T2O1 Special Display U Type','PC Resin(B&W), Diffuse PC, LED Light, Mirror','167 x 212 x 240 (mm)','',7,'65.9',4,22,49,'',2697.9),(1346,NULL,'swn.jung','2020-11-24 11:29:47',1605257439,'PaletteSupport','https://phg.smpop.net/data/item/1605257439/10.SpecialdisplayUType_TBD_Thumbnail.jpg','P3 Special Display U Type','PC Resin(B&W), Diffuse PC, LED Light, Mirror','167 x 212 x 240 (mm)','',8,'75.8',4,22,49,'',2697.9),(1347,NULL,'swn.jung','2020-11-24 11:29:47',1605256679,'PaletteSupport','https://phg.smpop.net/data/item/1605256679/12.T2O1Attractor_TBD_Thumbnail.jpg','T2O1 Attractor Artistic Large','PC Resin(B&W), Diffuse PC, LED Light, Mirror','195 x 300 x 45 (mm)','',6,'62.3',4,22,49,'',2697.9),(1348,NULL,'swn.jung','2020-11-24 11:29:47',1605255830,'PaletteSupport','https://phg.smpop.net/data/item/1605255830/07.P3AttractorLarge_TBD_Thumbnail.jpg','P3 Attractor Artistic Large','PC Resin(B&W), Diffuse PC, LED Light, Mirror','195 x 300 x 45 (mm)','',6,'73.9',4,22,49,'',2697.9),(1349,NULL,'swn.jung','2020-11-24 11:29:47',1605255679,'PaletteSupport','https://phg.smpop.net/data/item/1605255679/01.3DSignage_TBD_Thumbnail.jpg','Palette 3D Signage(LED)','PC Resin (B&W), Diffuse PC , LED light','190 x 90 x 45 (mm)','',22,'19.8',4,22,49,'',2697.9),(1350,NULL,'swn.jung','2020-11-24 11:29:47',1605253649,'PaletteSupport','https://phg.smpop.net/data/item/1605253649/12.SpecModule_TBD_Thumbnail.jpg','Spec Module','PCM 50% Anti, Acrylic','195 x 170 x 10 (mm)','',10,'15.3',4,22,49,'',2697.9),(1351,NULL,'swn.jung','2020-11-24 11:29:47',1605252142,'PaletteSupport','https://phg.smpop.net/data/item/1605252142/05.DeviceModule_TBD_Thumbnail.jpg','Device Module (Vertical)','PCM 50% Anti, Acrylic','97.5 x 170 x 10 (mm)','',22,'10.2',4,22,49,'',2697.9),(1352,NULL,'swn.jung','2020-11-24 11:31:44',1605257541,'PaletteSupport','https://phg.smpop.net/data/item/1605257541/15.T2O1SpecialdisplayOperatorUtype_TBD_Thumbnail.jpg','T2O1 Special Display U Type','PC Resin(B&W), Diffuse PC, LED Light, Mirror','167 x 212 x 240 (mm)','',5,'65.9',4,22,51,'',2096.6),(1353,NULL,'swn.jung','2020-11-24 11:31:44',1605257439,'PaletteSupport','https://phg.smpop.net/data/item/1605257439/10.SpecialdisplayUType_TBD_Thumbnail.jpg','P3 Special Display U Type','PC Resin(B&W), Diffuse PC, LED Light, Mirror','167 x 212 x 240 (mm)','',5,'75.8',4,22,51,'',2096.6),(1354,NULL,'swn.jung','2020-11-24 11:31:44',1605256679,'PaletteSupport','https://phg.smpop.net/data/item/1605256679/12.T2O1Attractor_TBD_Thumbnail.jpg','T2O1 Attractor Artistic Large','PC Resin(B&W), Diffuse PC, LED Light, Mirror','195 x 300 x 45 (mm)','',5,'62.3',4,22,51,'',2096.6),(1355,NULL,'swn.jung','2020-11-24 11:31:44',1605255830,'PaletteSupport','https://phg.smpop.net/data/item/1605255830/07.P3AttractorLarge_TBD_Thumbnail.jpg','P3 Attractor Artistic Large','PC Resin(B&W), Diffuse PC, LED Light, Mirror','195 x 300 x 45 (mm)','',5,'73.9',4,22,51,'',2096.6),(1356,NULL,'swn.jung','2020-11-24 11:31:44',1605255679,'PaletteSupport','https://phg.smpop.net/data/item/1605255679/01.3DSignage_TBD_Thumbnail.jpg','Palette 3D Signage(LED)','PC Resin (B&W), Diffuse PC , LED light','190 x 90 x 45 (mm)','',20,'19.8',4,22,51,'',2096.6),(1357,NULL,'swn.jung','2020-11-24 11:31:44',1605253649,'PaletteSupport','https://phg.smpop.net/data/item/1605253649/12.SpecModule_TBD_Thumbnail.jpg','Spec Module','PCM 50% Anti, Acrylic','195 x 170 x 10 (mm)','',7,'15.3',4,22,51,'',2096.6),(1358,NULL,'swn.jung','2020-11-24 11:31:44',1605252142,'PaletteSupport','https://phg.smpop.net/data/item/1605252142/05.DeviceModule_TBD_Thumbnail.jpg','Device Module (Vertical)','PCM 50% Anti, Acrylic','97.5 x 170 x 10 (mm)','',20,'10.2',4,22,51,'',2096.6),(1359,NULL,'swn.jung','2020-11-24 11:32:21',1605257541,'PaletteSupport','https://phg.smpop.net/data/item/1605257541/15.T2O1SpecialdisplayOperatorUtype_TBD_Thumbnail.jpg','T2O1 Special Display U Type','PC Resin(B&W), Diffuse PC, LED Light, Mirror','167 x 212 x 240 (mm)','',5,'65.9',4,22,52,'',2096.6),(1360,NULL,'swn.jung','2020-11-24 11:32:21',1605257439,'PaletteSupport','https://phg.smpop.net/data/item/1605257439/10.SpecialdisplayUType_TBD_Thumbnail.jpg','P3 Special Display U Type','PC Resin(B&W), Diffuse PC, LED Light, Mirror','167 x 212 x 240 (mm)','',5,'75.8',4,22,52,'',2096.6),(1361,NULL,'swn.jung','2020-11-24 11:32:21',1605256679,'PaletteSupport','https://phg.smpop.net/data/item/1605256679/12.T2O1Attractor_TBD_Thumbnail.jpg','T2O1 Attractor Artistic Large','PC Resin(B&W), Diffuse PC, LED Light, Mirror','195 x 300 x 45 (mm)','',5,'62.3',4,22,52,'',2096.6),(1362,NULL,'swn.jung','2020-11-24 11:32:21',1605255830,'PaletteSupport','https://phg.smpop.net/data/item/1605255830/07.P3AttractorLarge_TBD_Thumbnail.jpg','P3 Attractor Artistic Large','PC Resin(B&W), Diffuse PC, LED Light, Mirror','195 x 300 x 45 (mm)','',5,'73.9',4,22,52,'',2096.6),(1363,NULL,'swn.jung','2020-11-24 11:32:21',1605255679,'PaletteSupport','https://phg.smpop.net/data/item/1605255679/01.3DSignage_TBD_Thumbnail.jpg','Palette 3D Signage(LED)','PC Resin (B&W), Diffuse PC , LED light','190 x 90 x 45 (mm)','',20,'19.8',4,22,52,'',2096.6),(1364,NULL,'swn.jung','2020-11-24 11:32:21',1605253649,'PaletteSupport','https://phg.smpop.net/data/item/1605253649/12.SpecModule_TBD_Thumbnail.jpg','Spec Module','PCM 50% Anti, Acrylic','195 x 170 x 10 (mm)','',7,'15.3',4,22,52,'',2096.6),(1365,NULL,'swn.jung','2020-11-24 11:32:21',1605252142,'PaletteSupport','https://phg.smpop.net/data/item/1605252142/05.DeviceModule_TBD_Thumbnail.jpg','Device Module (Vertical)','PCM 50% Anti, Acrylic','97.5 x 170 x 10 (mm)','',20,'10.2',4,22,52,'',2096.6),(1471,NULL,'sook.h.park','2020-11-24 13:48:55',1605255830,'PaletteSupport','https://phg.smpop.net/data/item/1605255830/07.P3AttractorLarge_TBD_Thumbnail.jpg','P3 Attractor Artistic Large','PC Resin(B&W), Diffuse PC, LED Light, Mirror','195 x 300 x 45 (mm)','',20,'73.9',8,51,98,'',10417.0),(1472,NULL,'sook.h.park','2020-11-24 13:48:55',1605255679,'PaletteSupport','https://phg.smpop.net/data/item/1605255679/01.3DSignage_TBD_Thumbnail.jpg','Palette 3D Signage(LED)','PC Resin (B&W), Diffuse PC , LED light','190 x 90 x 45 (mm)','',65,'19.8',8,51,98,'',10417.0),(1473,NULL,'sook.h.park','2020-11-24 13:48:55',1605254256,'PaletteSupport','https://phg.smpop.net/data/item/1605254256/02.AttractorKVLrage_TBD_Thumbnail.jpg','Attractor KV Large','PCM 50% Anti, Acrylic, Diffuse PC, LED','195 x 300 x 45 (mm)','',70,'44.9',8,51,98,'',10417.0),(1474,NULL,'sook.h.park','2020-11-24 13:48:55',1605253649,'PaletteSupport','https://phg.smpop.net/data/item/1605253649/12.SpecModule_TBD_Thumbnail.jpg','Spec Module','PCM 50% Anti, Acrylic','195 x 170 x 10 (mm)','',135,'15.3',8,51,98,'',10417.0),(1475,NULL,'sook.h.park','2020-11-24 13:48:55',1605252142,'PaletteSupport','https://phg.smpop.net/data/item/1605252142/05.DeviceModule_TBD_Thumbnail.jpg','Device Module (Vertical)','PCM 50% Anti, Acrylic','97.5 x 170 x 10 (mm)','',135,'10.2',8,51,98,'',10417.0),(1476,NULL,'sook.h.park','2020-11-24 13:48:55',1501132014,'PaletteSupport','https://phg.smpop.net/data/item/1501132014/02_Universalsecuritycable6typeC_640X640_191211.jpg','Kumoh_Universal Sensor Cable (Ver.6)  Type C','PC, Urethane etc.','1700mm','2~3 weeks',135,'7.9',8,51,98,'',10417.0),(1491,NULL,'sook.h.park','2020-11-24 13:57:48',1605255830,'PaletteSupport','https://phg.smpop.net/data/item/1605255830/07.P3AttractorLarge_TBD_Thumbnail.jpg','P3 Attractor Artistic Large','PC Resin(B&W), Diffuse PC, LED Light, Mirror','195 x 300 x 45 (mm)','',30,'73.9',8,49,96,'',10238.0),(1492,NULL,'sook.h.park','2020-11-24 13:57:48',1605255679,'PaletteSupport','https://phg.smpop.net/data/item/1605255679/01.3DSignage_TBD_Thumbnail.jpg','Palette 3D Signage(LED)','PC Resin (B&W), Diffuse PC , LED light','190 x 90 x 45 (mm)','',100,'19.8',8,49,96,'',10238.0),(1493,NULL,'sook.h.park','2020-11-24 13:57:48',1605254256,'PaletteSupport','https://phg.smpop.net/data/item/1605254256/02.AttractorKVLrage_TBD_Thumbnail.jpg','Attractor KV Large','PCM 50% Anti, Acrylic, Diffuse PC, LED','195 x 300 x 45 (mm)','',50,'44.9',8,49,96,'',10238.0),(1494,NULL,'sook.h.park','2020-11-24 13:57:48',1605254018,'PaletteSupport','https://phg.smpop.net/data/item/1605254018/04.ColorchipModule_TBD_Thumbnail.jpg','Colorchip Module','PCM 50% Anti, Acrylic','97.5 x 170 x 10 (mm)','',20,'22.8',8,49,96,'',10238.0),(1495,NULL,'sook.h.park','2020-11-24 13:57:48',1605253649,'PaletteSupport','https://phg.smpop.net/data/item/1605253649/12.SpecModule_TBD_Thumbnail.jpg','Spec Module','PCM 50% Anti, Acrylic','195 x 170 x 10 (mm)','',100,'15.3',8,49,96,'',10238.0),(1496,NULL,'sook.h.park','2020-11-24 13:57:48',1605252142,'PaletteSupport','https://phg.smpop.net/data/item/1605252142/05.DeviceModule_TBD_Thumbnail.jpg','Device Module (Vertical)','PCM 50% Anti, Acrylic','97.5 x 170 x 10 (mm)','',100,'10.2',8,49,96,'',10238.0),(1497,NULL,'sook.h.park','2020-11-24 13:57:48',1501132014,'PaletteSupport','https://phg.smpop.net/data/item/1501132014/02_Universalsecuritycable6typeC_640X640_191211.jpg','Kumoh_Universal Sensor Cable (Ver.6)  Type C','PC, Urethane etc.','1700mm','2~3 weeks',100,'7.9',8,49,96,'',10238.0),(1498,NULL,'sook.h.park','2020-11-24 14:00:34',1605257341,'PaletteSupport','https://phg.smpop.net/data/item/1605257341/13.T2O1Infinity_TBD_Thumbnail.jpg','T2O1 Special Display','PC Resin(B&W), Diffuse PC, LED Light, Mirror','167 x 212 x 240 (mm)','',2,'99',8,50,97,'',13263.0),(1499,NULL,'sook.h.park','2020-11-24 14:00:34',1605255830,'PaletteSupport','https://phg.smpop.net/data/item/1605255830/07.P3AttractorLarge_TBD_Thumbnail.jpg','P3 Attractor Artistic Large','PC Resin(B&W), Diffuse PC, LED Light, Mirror','195 x 300 x 45 (mm)','',150,'73.9',8,50,97,'',13263.0),(1500,NULL,'sook.h.park','2020-11-24 14:00:34',1605255679,'PaletteSupport','https://phg.smpop.net/data/item/1605255679/01.3DSignage_TBD_Thumbnail.jpg','Palette 3D Signage(LED)','PC Resin (B&W), Diffuse PC , LED light','190 x 90 x 45 (mm)','',100,'19.8',8,50,97,'',13263.0),(1501,NULL,'sanghyo.jung','2020-11-24 14:06:52',1605257541,'PaletteSupport','https://phg.smpop.net/data/item/1605257541/15.T2O1SpecialdisplayOperatorUtype_TBD_Thumbnail.jpg','T2O1 Special Display U Type','PC Resin(B&W), Diffuse PC, LED Light, Mirror','167 x 212 x 240 (mm)','',64,'65.9',9,52,99,'',29521.6),(1502,NULL,'sanghyo.jung','2020-11-24 14:06:52',1605257439,'PaletteSupport','https://phg.smpop.net/data/item/1605257439/10.SpecialdisplayUType_TBD_Thumbnail.jpg','P3 Special Display U Type','PC Resin(B&W), Diffuse PC, LED Light, Mirror','167 x 212 x 240 (mm)','',116,'75.8',9,52,99,'',29521.6),(1503,NULL,'sanghyo.jung','2020-11-24 14:06:52',1605256679,'PaletteSupport','https://phg.smpop.net/data/item/1605256679/12.T2O1Attractor_TBD_Thumbnail.jpg','T2O1 Attractor Artistic Large','PC Resin(B&W), Diffuse PC, LED Light, Mirror','195 x 300 x 45 (mm)','',28,'62.3',9,52,99,'',29521.6),(1504,NULL,'sanghyo.jung','2020-11-24 14:06:52',1605255830,'PaletteSupport','https://phg.smpop.net/data/item/1605255830/07.P3AttractorLarge_TBD_Thumbnail.jpg','P3 Attractor Artistic Large','PC Resin(B&W), Diffuse PC, LED Light, Mirror','195 x 300 x 45 (mm)','',35,'73.9',9,52,99,'',29521.6),(1505,NULL,'sanghyo.jung','2020-11-24 14:06:52',1605255679,'PaletteSupport','https://phg.smpop.net/data/item/1605255679/01.3DSignage_TBD_Thumbnail.jpg','Palette 3D Signage(LED)','PC Resin (B&W), Diffuse PC , LED light','190 x 90 x 45 (mm)','',286,'19.8',9,52,99,'',29521.6),(1506,NULL,'sanghyo.jung','2020-11-24 14:06:52',1605254256,'PaletteSupport','https://phg.smpop.net/data/item/1605254256/02.AttractorKVLrage_TBD_Thumbnail.jpg','Attractor KV Large','PCM 50% Anti, Acrylic, Diffuse PC, LED','195 x 300 x 45 (mm)','',45,'44.9',9,52,99,'',29521.6),(1507,NULL,'sanghyo.jung','2020-11-24 14:06:52',1605254018,'PaletteSupport','https://phg.smpop.net/data/item/1605254018/04.ColorchipModule_TBD_Thumbnail.jpg','Colorchip Module','PCM 50% Anti, Acrylic','97.5 x 170 x 10 (mm)','',59,'22.8',9,52,99,'',29521.6),(1508,NULL,'sanghyo.jung','2020-11-24 14:06:52',1605253649,'PaletteSupport','https://phg.smpop.net/data/item/1605253649/12.SpecModule_TBD_Thumbnail.jpg','Spec Module','PCM 50% Anti, Acrylic','195 x 170 x 10 (mm)','',126,'15.3',9,52,99,'',29521.6),(1509,NULL,'sanghyo.jung','2020-11-24 14:06:52',1605252142,'PaletteSupport','https://phg.smpop.net/data/item/1605252142/05.DeviceModule_TBD_Thumbnail.jpg','Device Module (Vertical)','PCM 50% Anti, Acrylic','97.5 x 170 x 10 (mm)','',120,'10.2',9,52,99,'',29521.6),(1510,NULL,'ks5.park','2020-11-24 14:21:54',1605257341,'PaletteSupport','https://phg.smpop.net/data/item/1605257341/13.T2O1Infinity_TBD_Thumbnail.jpg','T2O1 Special Display','PC Resin(B&W), Diffuse PC, LED Light, Mirror','167 x 212 x 240 (mm)','',18,'99',2,17,33,'',7340.4),(1511,NULL,'ks5.park','2020-11-24 14:21:54',1605255679,'PaletteSupport','https://phg.smpop.net/data/item/1605255679/01.3DSignage_TBD_Thumbnail.jpg','Palette 3D Signage(LED)','PC Resin (B&W), Diffuse PC , LED light','190 x 90 x 45 (mm)','',170,'19.8',2,17,33,'',7340.4),(1512,NULL,'ks5.park','2020-11-24 14:21:54',1605254256,'PaletteSupport','https://phg.smpop.net/data/item/1605254256/02.AttractorKVLrage_TBD_Thumbnail.jpg','Attractor KV Large','PCM 50% Anti, Acrylic, Diffuse PC, LED','195 x 300 x 45 (mm)','',28,'44.9',2,17,33,'',7340.4),(1513,NULL,'ks5.park','2020-11-24 14:21:54',1605253649,'PaletteSupport','https://phg.smpop.net/data/item/1605253649/12.SpecModule_TBD_Thumbnail.jpg','Spec Module','PCM 50% Anti, Acrylic','195 x 170 x 10 (mm)','',28,'15.3',2,17,33,'',7340.4),(1514,NULL,'ks5.park','2020-11-24 14:21:54',1605252142,'PaletteSupport','https://phg.smpop.net/data/item/1605252142/05.DeviceModule_TBD_Thumbnail.jpg','Device Module (Vertical)','PCM 50% Anti, Acrylic','97.5 x 170 x 10 (mm)','',28,'10.2',2,17,33,'',7340.4),(1515,NULL,'ks5.park','2020-11-24 14:21:54',1501132014,'PaletteSupport','https://phg.smpop.net/data/item/1501132014/02_Universalsecuritycable6typeC_640X640_191211.jpg','Kumoh_Universal Sensor Cable (Ver.6)  Type C','PC, Urethane etc.','1700mm','2~3 weeks',28,'7.9',2,17,33,'',7340.4),(1525,NULL,'swn.jung','2020-11-24 14:24:22',1605257341,'PaletteSupport','https://phg.smpop.net/data/item/1605257341/13.T2O1Infinity_TBD_Thumbnail.jpg','T2O1 Special Display','PC Resin(B&W), Diffuse PC, LED Light, Mirror','167 x 212 x 240 (mm)','',5,'99',5,28,64,'',7640.5),(1526,NULL,'swn.jung','2020-11-24 14:24:22',1605256982,'PaletteSupport','https://phg.smpop.net/data/item/1605256982/08.P3InfinitySpecialDisplay_TBD_Thumbnail.jpg','P3 Special Display','PC Resin(B&W), Diffuse PC, LED Light, Mirror','167 x 212 x 240 (mm)','',5,'110.7',5,28,64,'',7640.5),(1527,NULL,'swn.jung','2020-11-24 14:24:22',1605255830,'PaletteSupport','https://phg.smpop.net/data/item/1605255830/07.P3AttractorLarge_TBD_Thumbnail.jpg','P3 Attractor Artistic Large','PC Resin(B&W), Diffuse PC, LED Light, Mirror','195 x 300 x 45 (mm)','',17,'73.9',5,28,64,'',7640.5),(1528,NULL,'swn.jung','2020-11-24 14:24:22',1605255679,'PaletteSupport','https://phg.smpop.net/data/item/1605255679/01.3DSignage_TBD_Thumbnail.jpg','Palette 3D Signage(LED)','PC Resin (B&W), Diffuse PC , LED light','190 x 90 x 45 (mm)','',154,'19.8',5,28,64,'',7640.5),(1529,NULL,'swn.jung','2020-11-24 14:24:22',1605254256,'PaletteSupport','https://phg.smpop.net/data/item/1605254256/02.AttractorKVLrage_TBD_Thumbnail.jpg','Attractor KV Large','PCM 50% Anti, Acrylic, Diffuse PC, LED','195 x 300 x 45 (mm)','',17,'44.9',5,28,64,'',7640.5),(1530,NULL,'swn.jung','2020-11-24 14:24:22',1605254018,'PaletteSupport','https://phg.smpop.net/data/item/1605254018/04.ColorchipModule_TBD_Thumbnail.jpg','Colorchip Module','PCM 50% Anti, Acrylic','97.5 x 170 x 10 (mm)','',17,'22.8',5,28,64,'',7640.5),(1531,NULL,'swn.jung','2020-11-24 14:24:22',1605253649,'PaletteSupport','https://phg.smpop.net/data/item/1605253649/12.SpecModule_TBD_Thumbnail.jpg','Spec Module','PCM 50% Anti, Acrylic','195 x 170 x 10 (mm)','',34,'15.3',5,28,64,'',7640.5),(1532,NULL,'swn.jung','2020-11-24 14:24:22',1605252142,'PaletteSupport','https://phg.smpop.net/data/item/1605252142/05.DeviceModule_TBD_Thumbnail.jpg','Device Module (Vertical)','PCM 50% Anti, Acrylic','97.5 x 170 x 10 (mm)','',34,'10.2',5,28,64,'',7640.5),(1533,NULL,'swn.jung','2020-11-24 14:24:22',1501132014,'PaletteSupport','https://phg.smpop.net/data/item/1501132014/02_Universalsecuritycable6typeC_640X640_191211.jpg','Kumoh_Universal Sensor Cable (Ver.6)  Type C','PC, Urethane etc.','1700mm','2~3 weeks',34,'7.9',5,28,64,'',7640.5),(1534,NULL,'swn.jung','2020-11-24 14:25:42',1605257341,'PaletteSupport','https://phg.smpop.net/data/item/1605257341/13.T2O1Infinity_TBD_Thumbnail.jpg','T2O1 Special Display','PC Resin(B&W), Diffuse PC, LED Light, Mirror','167 x 212 x 240 (mm)','',3,'99',5,28,65,'',2811.0),(1535,NULL,'swn.jung','2020-11-24 14:25:42',1605256982,'PaletteSupport','https://phg.smpop.net/data/item/1605256982/08.P3InfinitySpecialDisplay_TBD_Thumbnail.jpg','P3 Special Display','PC Resin(B&W), Diffuse PC, LED Light, Mirror','167 x 212 x 240 (mm)','',4,'110.7',5,28,65,'',2811.0),(1536,NULL,'swn.jung','2020-11-24 14:25:42',1605255830,'PaletteSupport','https://phg.smpop.net/data/item/1605255830/07.P3AttractorLarge_TBD_Thumbnail.jpg','P3 Attractor Artistic Large','PC Resin(B&W), Diffuse PC, LED Light, Mirror','195 x 300 x 45 (mm)','',4,'73.9',5,28,65,'',2811.0),(1537,NULL,'swn.jung','2020-11-24 14:25:42',1605255679,'PaletteSupport','https://phg.smpop.net/data/item/1605255679/01.3DSignage_TBD_Thumbnail.jpg','Palette 3D Signage(LED)','PC Resin (B&W), Diffuse PC , LED light','190 x 90 x 45 (mm)','',45,'19.8',5,28,65,'',2811.0),(1538,NULL,'swn.jung','2020-11-24 14:25:42',1605254256,'PaletteSupport','https://phg.smpop.net/data/item/1605254256/02.AttractorKVLrage_TBD_Thumbnail.jpg','Attractor KV Large','PCM 50% Anti, Acrylic, Diffuse PC, LED','195 x 300 x 45 (mm)','',8,'44.9',5,28,65,'',2811.0),(1539,NULL,'swn.jung','2020-11-24 14:25:42',1605254018,'PaletteSupport','https://phg.smpop.net/data/item/1605254018/04.ColorchipModule_TBD_Thumbnail.jpg','Colorchip Module','PCM 50% Anti, Acrylic','97.5 x 170 x 10 (mm)','',4,'22.8',5,28,65,'',2811.0),(1540,NULL,'swn.jung','2020-11-24 14:25:42',1605253649,'PaletteSupport','https://phg.smpop.net/data/item/1605253649/12.SpecModule_TBD_Thumbnail.jpg','Spec Module','PCM 50% Anti, Acrylic','195 x 170 x 10 (mm)','',13,'15.3',5,28,65,'',2811.0),(1541,NULL,'swn.jung','2020-11-24 14:25:42',1605252142,'PaletteSupport','https://phg.smpop.net/data/item/1605252142/05.DeviceModule_TBD_Thumbnail.jpg','Device Module (Vertical)','PCM 50% Anti, Acrylic','97.5 x 170 x 10 (mm)','',13,'10.2',5,28,65,'',2811.0),(1542,NULL,'swn.jung','2020-11-24 14:25:42',1501132014,'PaletteSupport','https://phg.smpop.net/data/item/1501132014/02_Universalsecuritycable6typeC_640X640_191211.jpg','Kumoh_Universal Sensor Cable (Ver.6)  Type C','PC, Urethane etc.','1700mm','2~3 weeks',13,'7.9',5,28,65,'',2811.0),(1543,NULL,'swn.jung','2020-11-24 14:26:50',1605257341,'PaletteSupport','https://phg.smpop.net/data/item/1605257341/13.T2O1Infinity_TBD_Thumbnail.jpg','T2O1 Special Display','PC Resin(B&W), Diffuse PC, LED Light, Mirror','167 x 212 x 240 (mm)','',2,'99',5,28,66,'',4224.9),(1544,NULL,'swn.jung','2020-11-24 14:26:50',1605256982,'PaletteSupport','https://phg.smpop.net/data/item/1605256982/08.P3InfinitySpecialDisplay_TBD_Thumbnail.jpg','P3 Special Display','PC Resin(B&W), Diffuse PC, LED Light, Mirror','167 x 212 x 240 (mm)','',3,'110.7',5,28,66,'',4224.9),(1545,NULL,'swn.jung','2020-11-24 14:26:50',1605255830,'PaletteSupport','https://phg.smpop.net/data/item/1605255830/07.P3AttractorLarge_TBD_Thumbnail.jpg','P3 Attractor Artistic Large','PC Resin(B&W), Diffuse PC, LED Light, Mirror','195 x 300 x 45 (mm)','',4,'73.9',5,28,66,'',4224.9),(1546,NULL,'swn.jung','2020-11-24 14:26:50',1605255679,'PaletteSupport','https://phg.smpop.net/data/item/1605255679/01.3DSignage_TBD_Thumbnail.jpg','Palette 3D Signage(LED)','PC Resin (B&W), Diffuse PC , LED light','190 x 90 x 45 (mm)','',127,'19.8',5,28,66,'',4224.9),(1547,NULL,'swn.jung','2020-11-24 14:26:50',1605254256,'PaletteSupport','https://phg.smpop.net/data/item/1605254256/02.AttractorKVLrage_TBD_Thumbnail.jpg','Attractor KV Large','PCM 50% Anti, Acrylic, Diffuse PC, LED','195 x 300 x 45 (mm)','',8,'44.9',5,28,66,'',4224.9),(1548,NULL,'swn.jung','2020-11-24 14:26:50',1605254018,'PaletteSupport','https://phg.smpop.net/data/item/1605254018/04.ColorchipModule_TBD_Thumbnail.jpg','Colorchip Module','PCM 50% Anti, Acrylic','97.5 x 170 x 10 (mm)','',4,'22.8',5,28,66,'',4224.9),(1549,NULL,'swn.jung','2020-11-24 14:26:50',1605253649,'PaletteSupport','https://phg.smpop.net/data/item/1605253649/12.SpecModule_TBD_Thumbnail.jpg','Spec Module','PCM 50% Anti, Acrylic','195 x 170 x 10 (mm)','',13,'15.3',5,28,66,'',4224.9),(1550,NULL,'swn.jung','2020-11-24 14:26:50',1605252142,'PaletteSupport','https://phg.smpop.net/data/item/1605252142/05.DeviceModule_TBD_Thumbnail.jpg','Device Module (Vertical)','PCM 50% Anti, Acrylic','97.5 x 170 x 10 (mm)','',13,'10.2',5,28,66,'',4224.9),(1551,NULL,'swn.jung','2020-11-24 14:26:50',1501132014,'PaletteSupport','https://phg.smpop.net/data/item/1501132014/02_Universalsecuritycable6typeC_640X640_191211.jpg','Kumoh_Universal Sensor Cable (Ver.6)  Type C','PC, Urethane etc.','1700mm','2~3 weeks',13,'7.9',5,28,66,'',4224.9),(1552,NULL,'swn.jung','2020-11-24 14:27:30',1605257341,'PaletteSupport','https://phg.smpop.net/data/item/1605257341/13.T2O1Infinity_TBD_Thumbnail.jpg','T2O1 Special Display','PC Resin(B&W), Diffuse PC, LED Light, Mirror','167 x 212 x 240 (mm)','',2,'99',5,28,67,'',2492.1),(1553,NULL,'swn.jung','2020-11-24 14:27:30',1605256982,'PaletteSupport','https://phg.smpop.net/data/item/1605256982/08.P3InfinitySpecialDisplay_TBD_Thumbnail.jpg','P3 Special Display','PC Resin(B&W), Diffuse PC, LED Light, Mirror','167 x 212 x 240 (mm)','',3,'110.7',5,28,67,'',2492.1),(1554,NULL,'swn.jung','2020-11-24 14:27:30',1605255830,'PaletteSupport','https://phg.smpop.net/data/item/1605255830/07.P3AttractorLarge_TBD_Thumbnail.jpg','P3 Attractor Artistic Large','PC Resin(B&W), Diffuse PC, LED Light, Mirror','195 x 300 x 45 (mm)','',2,'73.9',5,28,67,'',2492.1),(1555,NULL,'swn.jung','2020-11-24 14:27:30',1605255679,'PaletteSupport','https://phg.smpop.net/data/item/1605255679/01.3DSignage_TBD_Thumbnail.jpg','Palette 3D Signage(LED)','PC Resin (B&W), Diffuse PC , LED light','190 x 90 x 45 (mm)','',56,'19.8',5,28,67,'',2492.1),(1556,NULL,'swn.jung','2020-11-24 14:27:30',1605254256,'PaletteSupport','https://phg.smpop.net/data/item/1605254256/02.AttractorKVLrage_TBD_Thumbnail.jpg','Attractor KV Large','PCM 50% Anti, Acrylic, Diffuse PC, LED','195 x 300 x 45 (mm)','',8,'44.9',5,28,67,'',2492.1),(1557,NULL,'swn.jung','2020-11-24 14:27:30',1605254018,'PaletteSupport','https://phg.smpop.net/data/item/1605254018/04.ColorchipModule_TBD_Thumbnail.jpg','Colorchip Module','PCM 50% Anti, Acrylic','97.5 x 170 x 10 (mm)','',2,'22.8',5,28,67,'',2492.1),(1558,NULL,'swn.jung','2020-11-24 14:27:30',1605253649,'PaletteSupport','https://phg.smpop.net/data/item/1605253649/12.SpecModule_TBD_Thumbnail.jpg','Spec Module','PCM 50% Anti, Acrylic','195 x 170 x 10 (mm)','',9,'15.3',5,28,67,'',2492.1),(1559,NULL,'swn.jung','2020-11-24 14:27:30',1605252142,'PaletteSupport','https://phg.smpop.net/data/item/1605252142/05.DeviceModule_TBD_Thumbnail.jpg','Device Module (Vertical)','PCM 50% Anti, Acrylic','97.5 x 170 x 10 (mm)','',9,'10.2',5,28,67,'',2492.1),(1560,NULL,'swn.jung','2020-11-24 14:27:30',1501132014,'PaletteSupport','https://phg.smpop.net/data/item/1501132014/02_Universalsecuritycable6typeC_640X640_191211.jpg','Kumoh_Universal Sensor Cable (Ver.6)  Type C','PC, Urethane etc.','1700mm','2~3 weeks',9,'7.9',5,28,67,'',2492.1),(1561,NULL,'swn.jung','2020-11-24 14:28:20',1605257341,'PaletteSupport','https://phg.smpop.net/data/item/1605257341/13.T2O1Infinity_TBD_Thumbnail.jpg','T2O1 Special Display','PC Resin(B&W), Diffuse PC, LED Light, Mirror','167 x 212 x 240 (mm)','',2,'99',5,28,68,'',2302.6),(1562,NULL,'swn.jung','2020-11-24 14:28:20',1605256982,'PaletteSupport','https://phg.smpop.net/data/item/1605256982/08.P3InfinitySpecialDisplay_TBD_Thumbnail.jpg','P3 Special Display','PC Resin(B&W), Diffuse PC, LED Light, Mirror','167 x 212 x 240 (mm)','',3,'110.7',5,28,68,'',2302.6),(1563,NULL,'swn.jung','2020-11-24 14:28:20',1605255830,'PaletteSupport','https://phg.smpop.net/data/item/1605255830/07.P3AttractorLarge_TBD_Thumbnail.jpg','P3 Attractor Artistic Large','PC Resin(B&W), Diffuse PC, LED Light, Mirror','195 x 300 x 45 (mm)','',1,'73.9',5,28,68,'',2302.6),(1564,NULL,'swn.jung','2020-11-24 14:28:20',1605255679,'PaletteSupport','https://phg.smpop.net/data/item/1605255679/01.3DSignage_TBD_Thumbnail.jpg','Palette 3D Signage(LED)','PC Resin (B&W), Diffuse PC , LED light','190 x 90 x 45 (mm)','',53,'19.8',5,28,68,'',2302.6),(1565,NULL,'swn.jung','2020-11-24 14:28:20',1605254256,'PaletteSupport','https://phg.smpop.net/data/item/1605254256/02.AttractorKVLrage_TBD_Thumbnail.jpg','Attractor KV Large','PCM 50% Anti, Acrylic, Diffuse PC, LED','195 x 300 x 45 (mm)','',8,'44.9',5,28,68,'',2302.6),(1566,NULL,'swn.jung','2020-11-24 14:28:20',1605254018,'PaletteSupport','https://phg.smpop.net/data/item/1605254018/04.ColorchipModule_TBD_Thumbnail.jpg','Colorchip Module','PCM 50% Anti, Acrylic','97.5 x 170 x 10 (mm)','',1,'22.8',5,28,68,'',2302.6),(1567,NULL,'swn.jung','2020-11-24 14:28:20',1605253649,'PaletteSupport','https://phg.smpop.net/data/item/1605253649/12.SpecModule_TBD_Thumbnail.jpg','Spec Module','PCM 50% Anti, Acrylic','195 x 170 x 10 (mm)','',8,'15.3',5,28,68,'',2302.6),(1568,NULL,'swn.jung','2020-11-24 14:28:21',1605252142,'PaletteSupport','https://phg.smpop.net/data/item/1605252142/05.DeviceModule_TBD_Thumbnail.jpg','Device Module (Vertical)','PCM 50% Anti, Acrylic','97.5 x 170 x 10 (mm)','',8,'10.2',5,28,68,'',2302.6),(1569,NULL,'swn.jung','2020-11-24 14:28:21',1501132014,'PaletteSupport','https://phg.smpop.net/data/item/1501132014/02_Universalsecuritycable6typeC_640X640_191211.jpg','Kumoh_Universal Sensor Cable (Ver.6)  Type C','PC, Urethane etc.','1700mm','2~3 weeks',8,'7.9',5,28,68,'',2302.6),(1570,NULL,'swn.jung','2020-11-24 14:30:30',1605256982,'PaletteSupport','https://phg.smpop.net/data/item/1605256982/08.P3InfinitySpecialDisplay_TBD_Thumbnail.jpg','P3 Special Display','PC Resin(B&W), Diffuse PC, LED Light, Mirror','167 x 212 x 240 (mm)','',1,'110.7',5,30,70,'',2618.0),(1571,NULL,'swn.jung','2020-11-24 14:30:30',1605255830,'PaletteSupport','https://phg.smpop.net/data/item/1605255830/07.P3AttractorLarge_TBD_Thumbnail.jpg','P3 Attractor Artistic Large','PC Resin(B&W), Diffuse PC, LED Light, Mirror','195 x 300 x 45 (mm)','',15,'73.9',5,30,70,'',2618.0),(1572,NULL,'swn.jung','2020-11-24 14:30:30',1605255679,'PaletteSupport','https://phg.smpop.net/data/item/1605255679/01.3DSignage_TBD_Thumbnail.jpg','Palette 3D Signage(LED)','PC Resin (B&W), Diffuse PC , LED light','190 x 90 x 45 (mm)','',19,'19.8',5,30,70,'',2618.0),(1573,NULL,'swn.jung','2020-11-24 14:30:30',1605254256,'PaletteSupport','https://phg.smpop.net/data/item/1605254256/02.AttractorKVLrage_TBD_Thumbnail.jpg','Attractor KV Large','PCM 50% Anti, Acrylic, Diffuse PC, LED','195 x 300 x 45 (mm)','',4,'44.9',5,30,70,'',2618.0),(1574,NULL,'swn.jung','2020-11-24 14:30:30',1605254018,'PaletteSupport','https://phg.smpop.net/data/item/1605254018/04.ColorchipModule_TBD_Thumbnail.jpg','Colorchip Module','PCM 50% Anti, Acrylic','97.5 x 170 x 10 (mm)','',15,'22.8',5,30,70,'',2618.0),(1575,NULL,'swn.jung','2020-11-24 14:30:30',1605253649,'PaletteSupport','https://phg.smpop.net/data/item/1605253649/12.SpecModule_TBD_Thumbnail.jpg','Spec Module','PCM 50% Anti, Acrylic','195 x 170 x 10 (mm)','',15,'15.3',5,30,70,'',2618.0),(1576,NULL,'swn.jung','2020-11-24 14:30:30',1605252142,'PaletteSupport','https://phg.smpop.net/data/item/1605252142/05.DeviceModule_TBD_Thumbnail.jpg','Device Module (Vertical)','PCM 50% Anti, Acrylic','97.5 x 170 x 10 (mm)','',15,'10.2',5,30,70,'',2618.0),(1577,NULL,'swn.jung','2020-11-24 14:30:30',1501132014,'PaletteSupport','https://phg.smpop.net/data/item/1501132014/02_Universalsecuritycable6typeC_640X640_191211.jpg','Kumoh_Universal Sensor Cable (Ver.6)  Type C','PC, Urethane etc.','1700mm','2~3 weeks',15,'7.9',5,30,70,'',2618.0),(1578,NULL,'swn.jung','2020-11-24 14:31:20',1605255679,'PaletteSupport','https://phg.smpop.net/data/item/1605255679/01.3DSignage_TBD_Thumbnail.jpg','Palette 3D Signage(LED)','PC Resin (B&W), Diffuse PC , LED light','190 x 90 x 45 (mm)','',15,'19.8',5,30,72,'',743.8),(1579,NULL,'swn.jung','2020-11-24 14:31:20',1605254256,'PaletteSupport','https://phg.smpop.net/data/item/1605254256/02.AttractorKVLrage_TBD_Thumbnail.jpg','Attractor KV Large','PCM 50% Anti, Acrylic, Diffuse PC, LED','195 x 300 x 45 (mm)','',4,'44.9',5,30,72,'',743.8),(1580,NULL,'swn.jung','2020-11-24 14:31:20',1605253649,'PaletteSupport','https://phg.smpop.net/data/item/1605253649/12.SpecModule_TBD_Thumbnail.jpg','Spec Module','PCM 50% Anti, Acrylic','195 x 170 x 10 (mm)','',8,'15.3',5,30,72,'',743.8),(1581,NULL,'swn.jung','2020-11-24 14:31:20',1605252142,'PaletteSupport','https://phg.smpop.net/data/item/1605252142/05.DeviceModule_TBD_Thumbnail.jpg','Device Module (Vertical)','PCM 50% Anti, Acrylic','97.5 x 170 x 10 (mm)','',8,'10.2',5,30,72,'',743.8),(1582,NULL,'swn.jung','2020-11-24 14:31:20',1501132014,'PaletteSupport','https://phg.smpop.net/data/item/1501132014/02_Universalsecuritycable6typeC_640X640_191211.jpg','Kumoh_Universal Sensor Cable (Ver.6)  Type C','PC, Urethane etc.','1700mm','2~3 weeks',8,'7.9',5,30,72,'',743.8),(1583,NULL,'hm0503.kim','2020-11-24 14:31:50',1605257541,'PaletteSupport','https://phg.smpop.net/data/item/1605257541/15.T2O1SpecialdisplayOperatorUtype_TBD_Thumbnail.jpg','T2O1 Special Display U Type','PC Resin(B&W), Diffuse PC, LED Light, Mirror','167 x 212 x 240 (mm)','',1,'65.9',4,22,55,'',386.8),(1584,NULL,'hm0503.kim','2020-11-24 14:31:50',1605257439,'PaletteSupport','https://phg.smpop.net/data/item/1605257439/10.SpecialdisplayUType_TBD_Thumbnail.jpg','P3 Special Display U Type','PC Resin(B&W), Diffuse PC, LED Light, Mirror','167 x 212 x 240 (mm)','',1,'75.8',4,22,55,'',386.8),(1585,NULL,'hm0503.kim','2020-11-24 14:31:50',1605255679,'PaletteSupport','https://phg.smpop.net/data/item/1605255679/01.3DSignage_TBD_Thumbnail.jpg','Palette 3D Signage(LED)','PC Resin (B&W), Diffuse PC , LED light','190 x 90 x 45 (mm)','',3,'19.8',4,22,55,'',386.8),(1586,NULL,'hm0503.kim','2020-11-24 14:31:50',1605254018,'PaletteSupport','https://phg.smpop.net/data/item/1605254018/04.ColorchipModule_TBD_Thumbnail.jpg','Colorchip Module','PCM 50% Anti, Acrylic','97.5 x 170 x 10 (mm)','',3,'22.8',4,22,55,'',386.8),(1587,NULL,'hm0503.kim','2020-11-24 14:31:50',1605253649,'PaletteSupport','https://phg.smpop.net/data/item/1605253649/12.SpecModule_TBD_Thumbnail.jpg','Spec Module','PCM 50% Anti, Acrylic','195 x 170 x 10 (mm)','',3,'15.3',4,22,55,'',386.8),(1588,NULL,'hm0503.kim','2020-11-24 14:31:50',1605252142,'PaletteSupport','https://phg.smpop.net/data/item/1605252142/05.DeviceModule_TBD_Thumbnail.jpg','Device Module (Vertical)','PCM 50% Anti, Acrylic','97.5 x 170 x 10 (mm)','',7,'10.2',4,22,55,'',386.8),(1589,NULL,'swn.jung','2020-11-24 14:32:50',1605257341,'PaletteSupport','https://phg.smpop.net/data/item/1605257341/13.T2O1Infinity_TBD_Thumbnail.jpg','T2O1 Special Display','PC Resin(B&W), Diffuse PC, LED Light, Mirror','167 x 212 x 240 (mm)','',20,'99',5,33,75,'',20246.5),(1590,NULL,'swn.jung','2020-11-24 14:32:50',1605256982,'PaletteSupport','https://phg.smpop.net/data/item/1605256982/08.P3InfinitySpecialDisplay_TBD_Thumbnail.jpg','P3 Special Display','PC Resin(B&W), Diffuse PC, LED Light, Mirror','167 x 212 x 240 (mm)','',19,'110.7',5,33,75,'',20246.5),(1591,NULL,'swn.jung','2020-11-24 14:32:50',1605255830,'PaletteSupport','https://phg.smpop.net/data/item/1605255830/07.P3AttractorLarge_TBD_Thumbnail.jpg','P3 Attractor Artistic Large','PC Resin(B&W), Diffuse PC, LED Light, Mirror','195 x 300 x 45 (mm)','',2,'73.9',5,33,75,'',20246.5),(1592,NULL,'swn.jung','2020-11-24 14:32:50',1605255679,'PaletteSupport','https://phg.smpop.net/data/item/1605255679/01.3DSignage_TBD_Thumbnail.jpg','Palette 3D Signage(LED)','PC Resin (B&W), Diffuse PC , LED light','190 x 90 x 45 (mm)','',471,'19.8',5,33,75,'',20246.5),(1593,NULL,'swn.jung','2020-11-24 14:32:50',1605254256,'PaletteSupport','https://phg.smpop.net/data/item/1605254256/02.AttractorKVLrage_TBD_Thumbnail.jpg','Attractor KV Large','PCM 50% Anti, Acrylic, Diffuse PC, LED','195 x 300 x 45 (mm)','',84,'44.9',5,33,75,'',20246.5),(1594,NULL,'swn.jung','2020-11-24 14:32:50',1605254018,'PaletteSupport','https://phg.smpop.net/data/item/1605254018/04.ColorchipModule_TBD_Thumbnail.jpg','Colorchip Module','PCM 50% Anti, Acrylic','97.5 x 170 x 10 (mm)','',2,'22.8',5,33,75,'',20246.5),(1595,NULL,'swn.jung','2020-11-24 14:32:50',1605253649,'PaletteSupport','https://phg.smpop.net/data/item/1605253649/12.SpecModule_TBD_Thumbnail.jpg','Spec Module','PCM 50% Anti, Acrylic','195 x 170 x 10 (mm)','',86,'15.3',5,33,75,'',20246.5),(1596,NULL,'swn.jung','2020-11-24 14:32:50',1605252142,'PaletteSupport','https://phg.smpop.net/data/item/1605252142/05.DeviceModule_TBD_Thumbnail.jpg','Device Module (Vertical)','PCM 50% Anti, Acrylic','97.5 x 170 x 10 (mm)','',86,'10.2',5,33,75,'',20246.5),(1597,NULL,'swn.jung','2020-11-24 14:32:50',1501132014,'PaletteSupport','https://phg.smpop.net/data/item/1501132014/02_Universalsecuritycable6typeC_640X640_191211.jpg','Kumoh_Universal Sensor Cable (Ver.6)  Type C','PC, Urethane etc.','1700mm','2~3 weeks',86,'7.9',5,33,75,'',20246.5),(1598,NULL,'swn.jung','2020-11-24 14:33:35',1605255830,'PaletteSupport','https://phg.smpop.net/data/item/1605255830/07.P3AttractorLarge_TBD_Thumbnail.jpg','P3 Attractor Artistic Large','PC Resin(B&W), Diffuse PC, LED Light, Mirror','195 x 300 x 45 (mm)','',35,'73.9',5,34,76,'',13721.2),(1599,NULL,'swn.jung','2020-11-24 14:33:35',1605255679,'PaletteSupport','https://phg.smpop.net/data/item/1605255679/01.3DSignage_TBD_Thumbnail.jpg','Palette 3D Signage(LED)','PC Resin (B&W), Diffuse PC , LED light','190 x 90 x 45 (mm)','',133,'19.8',5,34,76,'',13721.2),(1600,NULL,'swn.jung','2020-11-24 14:33:35',1605254256,'PaletteSupport','https://phg.smpop.net/data/item/1605254256/02.AttractorKVLrage_TBD_Thumbnail.jpg','Attractor KV Large','PCM 50% Anti, Acrylic, Diffuse PC, LED','195 x 300 x 45 (mm)','',90,'44.9',5,34,76,'',13721.2),(1601,NULL,'swn.jung','2020-11-24 14:33:35',1605253649,'PaletteSupport','https://phg.smpop.net/data/item/1605253649/12.SpecModule_TBD_Thumbnail.jpg','Spec Module','PCM 50% Anti, Acrylic','195 x 170 x 10 (mm)','',133,'15.3',5,34,76,'',13721.2),(1602,NULL,'swn.jung','2020-11-24 14:33:35',1605252142,'PaletteSupport','https://phg.smpop.net/data/item/1605252142/05.DeviceModule_TBD_Thumbnail.jpg','Device Module (Vertical)','PCM 50% Anti, Acrylic','97.5 x 170 x 10 (mm)','',134,'10.2',5,34,76,'',13721.2),(1603,NULL,'swn.jung','2020-11-24 14:33:35',1501132014,'PaletteSupport','https://phg.smpop.net/data/item/1501132014/02_Universalsecuritycable6typeC_640X640_191211.jpg','Kumoh_Universal Sensor Cable (Ver.6)  Type C','PC, Urethane etc.','1700mm','2~3 weeks',134,'7.9',5,34,76,'',13721.2),(1611,NULL,'swn.jung','2020-11-24 14:35:28',1605255830,'PaletteSupport','https://phg.smpop.net/data/item/1605255830/07.P3AttractorLarge_TBD_Thumbnail.jpg','P3 Attractor Artistic Large','PC Resin(B&W), Diffuse PC, LED Light, Mirror','195 x 300 x 45 (mm)','',10,'73.9',5,35,78,'',4462.0),(1612,NULL,'swn.jung','2020-11-24 14:35:28',1605255679,'PaletteSupport','https://phg.smpop.net/data/item/1605255679/01.3DSignage_TBD_Thumbnail.jpg','Palette 3D Signage(LED)','PC Resin (B&W), Diffuse PC , LED light','190 x 90 x 45 (mm)','',40,'19.8',5,35,78,'',4462.0),(1613,NULL,'swn.jung','2020-11-24 14:35:28',1605254256,'PaletteSupport','https://phg.smpop.net/data/item/1605254256/02.AttractorKVLrage_TBD_Thumbnail.jpg','Attractor KV Large','PCM 50% Anti, Acrylic, Diffuse PC, LED','195 x 300 x 45 (mm)','',30,'44.9',5,35,78,'',4462.0),(1614,NULL,'swn.jung','2020-11-24 14:35:28',1605254018,'PaletteSupport','https://phg.smpop.net/data/item/1605254018/04.ColorchipModule_TBD_Thumbnail.jpg','Colorchip Module','PCM 50% Anti, Acrylic','97.5 x 170 x 10 (mm)','',10,'22.8',5,35,78,'',4462.0),(1615,NULL,'swn.jung','2020-11-24 14:35:28',1605253649,'PaletteSupport','https://phg.smpop.net/data/item/1605253649/12.SpecModule_TBD_Thumbnail.jpg','Spec Module','PCM 50% Anti, Acrylic','195 x 170 x 10 (mm)','',40,'15.3',5,35,78,'',4462.0),(1616,NULL,'swn.jung','2020-11-24 14:35:28',1605252142,'PaletteSupport','https://phg.smpop.net/data/item/1605252142/05.DeviceModule_TBD_Thumbnail.jpg','Device Module (Vertical)','PCM 50% Anti, Acrylic','97.5 x 170 x 10 (mm)','',40,'10.2',5,35,78,'',4462.0),(1617,NULL,'swn.jung','2020-11-24 14:35:28',1572900260,'PaletteSupport','https://phg.smpop.net/data/item/1572900260/Normal_Universalexposedcable_TypeC_LSEplate.jpg','S2865 - Invue Normal Security, Exposed Cable Type C','Plastic, Urethane','1.5 m','Available to Ship',40,'8.4',5,35,78,'',4462.0),(1618,NULL,'swn.jung','2020-11-24 14:36:46',1605257341,'PaletteSupport','https://phg.smpop.net/data/item/1605257341/13.T2O1Infinity_TBD_Thumbnail.jpg','T2O1 Special Display','PC Resin(B&W), Diffuse PC, LED Light, Mirror','167 x 212 x 240 (mm)','',40,'99',5,36,80,'',28544.2),(1619,NULL,'swn.jung','2020-11-24 14:36:46',1605256982,'PaletteSupport','https://phg.smpop.net/data/item/1605256982/08.P3InfinitySpecialDisplay_TBD_Thumbnail.jpg','P3 Special Display','PC Resin(B&W), Diffuse PC, LED Light, Mirror','167 x 212 x 240 (mm)','',55,'110.7',5,36,80,'',28544.2),(1620,NULL,'swn.jung','2020-11-24 14:36:46',1605255830,'PaletteSupport','https://phg.smpop.net/data/item/1605255830/07.P3AttractorLarge_TBD_Thumbnail.jpg','P3 Attractor Artistic Large','PC Resin(B&W), Diffuse PC, LED Light, Mirror','195 x 300 x 45 (mm)','',23,'73.9',5,36,80,'',28544.2),(1621,NULL,'swn.jung','2020-11-24 14:36:46',1605255679,'PaletteSupport','https://phg.smpop.net/data/item/1605255679/01.3DSignage_TBD_Thumbnail.jpg','Palette 3D Signage(LED)','PC Resin (B&W), Diffuse PC , LED light','190 x 90 x 45 (mm)','',783,'19.8',5,36,80,'',28544.2),(1622,NULL,'swn.jung','2020-11-24 14:36:46',1605254018,'PaletteSupport','https://phg.smpop.net/data/item/1605254018/04.ColorchipModule_TBD_Thumbnail.jpg','Colorchip Module','PCM 50% Anti, Acrylic','97.5 x 170 x 10 (mm)','',23,'22.8',5,36,80,'',28544.2),(1623,NULL,'swn.jung','2020-11-24 14:36:47',1605253649,'PaletteSupport','https://phg.smpop.net/data/item/1605253649/12.SpecModule_TBD_Thumbnail.jpg','Spec Module','PCM 50% Anti, Acrylic','195 x 170 x 10 (mm)','',23,'15.3',5,36,80,'',28544.2),(1624,NULL,'swn.jung','2020-11-24 14:36:47',1605252142,'PaletteSupport','https://phg.smpop.net/data/item/1605252142/05.DeviceModule_TBD_Thumbnail.jpg','Device Module (Vertical)','PCM 50% Anti, Acrylic','97.5 x 170 x 10 (mm)','',23,'10.2',5,36,80,'',28544.2),(1625,NULL,'swn.jung','2020-11-24 14:36:47',1501132014,'PaletteSupport','https://phg.smpop.net/data/item/1501132014/02_Universalsecuritycable6typeC_640X640_191211.jpg','Kumoh_Universal Sensor Cable (Ver.6)  Type C','PC, Urethane etc.','1700mm','2~3 weeks',23,'7.9',5,36,80,'',28544.2),(1626,NULL,'sanghyo.jung','2020-11-24 14:39:06',1605257541,'PaletteSupport','https://phg.smpop.net/data/item/1605257541/15.T2O1SpecialdisplayOperatorUtype_TBD_Thumbnail.jpg','T2O1 Special Display U Type','PC Resin(B&W), Diffuse PC, LED Light, Mirror','167 x 212 x 240 (mm)','',2,'65.9',9,53,100,'',7016.9),(1627,NULL,'sanghyo.jung','2020-11-24 14:39:06',1605257439,'PaletteSupport','https://phg.smpop.net/data/item/1605257439/10.SpecialdisplayUType_TBD_Thumbnail.jpg','P3 Special Display U Type','PC Resin(B&W), Diffuse PC, LED Light, Mirror','167 x 212 x 240 (mm)','',2,'75.8',9,53,100,'',7016.9),(1628,NULL,'sanghyo.jung','2020-11-24 14:39:06',1605256679,'PaletteSupport','https://phg.smpop.net/data/item/1605256679/12.T2O1Attractor_TBD_Thumbnail.jpg','T2O1 Attractor Artistic Large','PC Resin(B&W), Diffuse PC, LED Light, Mirror','195 x 300 x 45 (mm)','',3,'62.3',9,53,100,'',7016.9),(1629,NULL,'sanghyo.jung','2020-11-24 14:39:06',1605255830,'PaletteSupport','https://phg.smpop.net/data/item/1605255830/07.P3AttractorLarge_TBD_Thumbnail.jpg','P3 Attractor Artistic Large','PC Resin(B&W), Diffuse PC, LED Light, Mirror','195 x 300 x 45 (mm)','',3,'73.9',9,53,100,'',7016.9),(1630,NULL,'sanghyo.jung','2020-11-24 14:39:06',1605255679,'PaletteSupport','https://phg.smpop.net/data/item/1605255679/01.3DSignage_TBD_Thumbnail.jpg','Palette 3D Signage(LED)','PC Resin (B&W), Diffuse PC , LED light','190 x 90 x 45 (mm)','',77,'19.8',9,53,100,'',7016.9),(1631,NULL,'sanghyo.jung','2020-11-24 14:39:06',1605254256,'PaletteSupport','https://phg.smpop.net/data/item/1605254256/02.AttractorKVLrage_TBD_Thumbnail.jpg','Attractor KV Large','PCM 50% Anti, Acrylic, Diffuse PC, LED','195 x 300 x 45 (mm)','',57,'44.9',9,53,100,'',7016.9),(1632,NULL,'sanghyo.jung','2020-11-24 14:39:06',1605254018,'PaletteSupport','https://phg.smpop.net/data/item/1605254018/04.ColorchipModule_TBD_Thumbnail.jpg','Colorchip Module','PCM 50% Anti, Acrylic','97.5 x 170 x 10 (mm)','',6,'22.8',9,53,100,'',7016.9),(1633,NULL,'sanghyo.jung','2020-11-24 14:39:06',1605253649,'PaletteSupport','https://phg.smpop.net/data/item/1605253649/12.SpecModule_TBD_Thumbnail.jpg','Spec Module','PCM 50% Anti, Acrylic','195 x 170 x 10 (mm)','',63,'15.3',9,53,100,'',7016.9),(1634,NULL,'sanghyo.jung','2020-11-24 14:39:06',1605252142,'PaletteSupport','https://phg.smpop.net/data/item/1605252142/05.DeviceModule_TBD_Thumbnail.jpg','Device Module (Vertical)','PCM 50% Anti, Acrylic','97.5 x 170 x 10 (mm)','',63,'10.2',9,53,100,'',7016.9),(1635,NULL,'sanghyo.jung','2020-11-24 14:39:06',1501132014,'PaletteSupport','https://phg.smpop.net/data/item/1501132014/02_Universalsecuritycable6typeC_640X640_191211.jpg','Kumoh_Universal Sensor Cable (Ver.6)  Type C','PC, Urethane etc.','1700mm','2~3 weeks',63,'7.9',9,53,100,'',7016.9),(1636,NULL,'shinhee.bong','2020-11-24 14:42:23',1605255830,'PaletteSupport','https://phg.smpop.net/data/item/1605255830/07.P3AttractorLarge_TBD_Thumbnail.jpg','P3 Attractor Artistic Large','PC Resin(B&W), Diffuse PC, LED Light, Mirror','195 x 300 x 45 (mm)','',21,'73.9',5,35,77,'',14974.6),(1637,NULL,'shinhee.bong','2020-11-24 14:42:23',1605255679,'PaletteSupport','https://phg.smpop.net/data/item/1605255679/01.3DSignage_TBD_Thumbnail.jpg','Palette 3D Signage(LED)','PC Resin (B&W), Diffuse PC , LED light','190 x 90 x 45 (mm)','',153,'19.8',5,35,77,'',14974.6),(1638,NULL,'shinhee.bong','2020-11-24 14:42:23',1605254256,'PaletteSupport','https://phg.smpop.net/data/item/1605254256/02.AttractorKVLrage_TBD_Thumbnail.jpg','Attractor KV Large','PCM 50% Anti, Acrylic, Diffuse PC, LED','195 x 300 x 45 (mm)','',107,'44.9',5,35,77,'',14974.6),(1639,NULL,'shinhee.bong','2020-11-24 14:42:23',1605254018,'PaletteSupport','https://phg.smpop.net/data/item/1605254018/04.ColorchipModule_TBD_Thumbnail.jpg','Colorchip Module','PCM 50% Anti, Acrylic','97.5 x 170 x 10 (mm)','',21,'22.8',5,35,77,'',14974.6),(1640,NULL,'shinhee.bong','2020-11-24 14:42:23',1605253649,'PaletteSupport','https://phg.smpop.net/data/item/1605253649/12.SpecModule_TBD_Thumbnail.jpg','Spec Module','PCM 50% Anti, Acrylic','195 x 170 x 10 (mm)','',153,'15.3',5,35,77,'',14974.6),(1641,NULL,'shinhee.bong','2020-11-24 14:42:23',1605252142,'PaletteSupport','https://phg.smpop.net/data/item/1605252142/05.DeviceModule_TBD_Thumbnail.jpg','Device Module (Vertical)','PCM 50% Anti, Acrylic','97.5 x 170 x 10 (mm)','',153,'10.2',5,35,77,'',14974.6),(1642,NULL,'shinhee.bong','2020-11-24 14:42:23',1501132014,'PaletteSupport','https://phg.smpop.net/data/item/1501132014/02_Universalsecuritycable6typeC_640X640_191211.jpg','Kumoh_Universal Sensor Cable (Ver.6)  Type C','PC, Urethane etc.','1700mm','2~3 weeks',153,'7.9',5,35,77,'',14974.6),(1643,NULL,'sook.h.park','2020-11-24 14:43:16',1605256679,'PaletteSupport','https://phg.smpop.net/data/item/1605256679/12.T2O1Attractor_TBD_Thumbnail.jpg','T2O1 Attractor Artistic Large','PC Resin(B&W), Diffuse PC, LED Light, Mirror','195 x 300 x 45 (mm)','',1200,'62.3',8,48,95,'',733151.5),(1644,NULL,'sook.h.park','2020-11-24 14:43:16',1605255830,'PaletteSupport','https://phg.smpop.net/data/item/1605255830/07.P3AttractorLarge_TBD_Thumbnail.jpg','P3 Attractor Artistic Large','PC Resin(B&W), Diffuse PC, LED Light, Mirror','195 x 300 x 45 (mm)','',1300,'73.9',8,48,95,'',733151.5),(1645,NULL,'sook.h.park','2020-11-24 14:43:16',1605255679,'PaletteSupport','https://phg.smpop.net/data/item/1605255679/01.3DSignage_TBD_Thumbnail.jpg','Palette 3D Signage(LED)','PC Resin (B&W), Diffuse PC , LED light','190 x 90 x 45 (mm)','',8500,'19.8',8,48,95,'',733151.5),(1646,NULL,'sook.h.park','2020-11-24 14:43:16',1605254256,'PaletteSupport','https://phg.smpop.net/data/item/1605254256/02.AttractorKVLrage_TBD_Thumbnail.jpg','Attractor KV Large','PCM 50% Anti, Acrylic, Diffuse PC, LED','195 x 300 x 45 (mm)','',2035,'44.9',8,48,95,'',733151.5),(1647,NULL,'sook.h.park','2020-11-24 14:43:16',1605254018,'PaletteSupport','https://phg.smpop.net/data/item/1605254018/04.ColorchipModule_TBD_Thumbnail.jpg','Colorchip Module','PCM 50% Anti, Acrylic','97.5 x 170 x 10 (mm)','',2500,'22.8',8,48,95,'',733151.5),(1648,NULL,'sook.h.park','2020-11-24 14:43:16',1605253649,'PaletteSupport','https://phg.smpop.net/data/item/1605253649/12.SpecModule_TBD_Thumbnail.jpg','Spec Module','PCM 50% Anti, Acrylic','195 x 170 x 10 (mm)','',6000,'15.3',8,48,95,'',733151.5),(1649,NULL,'sook.h.park','2020-11-24 14:43:16',1605252142,'PaletteSupport','https://phg.smpop.net/data/item/1605252142/05.DeviceModule_TBD_Thumbnail.jpg','Device Module (Vertical)','PCM 50% Anti, Acrylic','97.5 x 170 x 10 (mm)','',8500,'10.2',8,48,95,'',733151.5),(1650,NULL,'sook.h.park','2020-11-24 14:43:16',1501132014,'PaletteSupport','https://phg.smpop.net/data/item/1501132014/02_Universalsecuritycable6typeC_640X640_191211.jpg','Kumoh_Universal Sensor Cable (Ver.6)  Type C','PC, Urethane etc.','1700mm','2~3 weeks',8500,'7.9',8,48,95,'',733151.5),(1651,NULL,'swn.jung','2020-11-24 14:53:38',1605255830,'PaletteSupport','https://phg.smpop.net/data/item/1605255830/07.P3AttractorLarge_TBD_Thumbnail.jpg','P3 Attractor Artistic Large','PC Resin(B&W), Diffuse PC, LED Light, Mirror','195 x 300 x 45 (mm)','',119,'73.9',3,19,37,'',14000.3),(1652,NULL,'swn.jung','2020-11-24 14:53:38',1605255679,'PaletteSupport','https://phg.smpop.net/data/item/1605255679/01.3DSignage_TBD_Thumbnail.jpg','Palette 3D Signage(LED)','PC Resin (B&W), Diffuse PC , LED light','190 x 90 x 45 (mm)','',234,'19.8',3,19,37,'',14000.3),(1653,NULL,'swn.jung','2020-11-24 14:53:38',1605254018,'PaletteSupport','https://phg.smpop.net/data/item/1605254018/04.ColorchipModule_TBD_Thumbnail.jpg','Colorchip Module','PCM 50% Anti, Acrylic','97.5 x 170 x 10 (mm)','',5,'22.8',3,19,37,'',14000.3),(1654,NULL,'swn.jung','2020-11-24 14:53:38',1605253649,'PaletteSupport','https://phg.smpop.net/data/item/1605253649/12.SpecModule_TBD_Thumbnail.jpg','Spec Module','PCM 50% Anti, Acrylic','195 x 170 x 10 (mm)','',10,'15.3',3,19,37,'',14000.3),(1655,NULL,'swn.jung','2020-11-24 14:53:38',1605252142,'PaletteSupport','https://phg.smpop.net/data/item/1605252142/05.DeviceModule_TBD_Thumbnail.jpg','Device Module (Vertical)','PCM 50% Anti, Acrylic','97.5 x 170 x 10 (mm)','',30,'10.2',3,19,37,'',14000.3);
/*!40000 ALTER TABLE `budget_item` ENABLE KEYS */;
UNLOCK TABLES;

--
-- Table structure for table `budget_options`
--

DROP TABLE IF EXISTS `budget_options`;
/*!40101 SET @saved_cs_client     = @@character_set_client */;
 SET character_set_client = utf8mb4 ;
CREATE TABLE `budget_options` (
  `option_no` int(11) unsigned NOT NULL AUTO_INCREMENT,
  `budget_no` int(11) unsigned NOT NULL,
  `product_no` int(11) unsigned NOT NULL,
  `option_cnt` int(3) unsigned NOT NULL DEFAULT '0',
  `option_name` varchar(100) DEFAULT NULL,
  `option_lang` varchar(100) DEFAULT NULL,
  `origin_file_name` varchar(100) DEFAULT NULL,
  `save_file_url` varchar(500) DEFAULT NULL,
  `reg_dtm` datetime DEFAULT CURRENT_TIMESTAMP,
  PRIMARY KEY (`option_no`)
) ENGINE=InnoDB DEFAULT CHARSET=utf8 COMMENT='버젯 옵션 테이블';
/*!40101 SET character_set_client = @saved_cs_client */;

--
-- Dumping data for table `budget_options`
--

LOCK TABLES `budget_options` WRITE;
/*!40000 ALTER TABLE `budget_options` DISABLE KEYS */;
/*!40000 ALTER TABLE `budget_options` ENABLE KEYS */;
UNLOCK TABLES;

--
-- Table structure for table `corporation_email`
--

DROP TABLE IF EXISTS `corporation_email`;
/*!40101 SET @saved_cs_client     = @@character_set_client */;
 SET character_set_client = utf8mb4 ;
CREATE TABLE `corporation_email` (
  `idx` int(11) NOT NULL AUTO_INCREMENT,
  `corporation_id` varchar(45) NOT NULL,
  `email` varchar(100) DEFAULT NULL,
  `Responsibility` varchar(45) DEFAULT NULL,
  PRIMARY KEY (`idx`),
  UNIQUE KEY `idx_UNIQUE` (`idx`)
) ENGINE=InnoDB AUTO_INCREMENT=452 DEFAULT CHARSET=utf8;
/*!40101 SET character_set_client = @saved_cs_client */;

--
-- Dumping data for table `corporation_email`
--

LOCK TABLES `corporation_email` WRITE;
/*!40000 ALTER TABLE `corporation_email` DISABLE KEYS */;
INSERT INTO `corporation_email` VALUES (451,'R0004','rhqtesttwo@samsung.com','rhqtesttwo');
/*!40000 ALTER TABLE `corporation_email` ENABLE KEYS */;
UNLOCK TABLES;

--
-- Table structure for table `corporation_structure`
--

DROP TABLE IF EXISTS `corporation_structure`;
/*!40101 SET @saved_cs_client     = @@character_set_client */;
 SET character_set_client = utf8mb4 ;
CREATE TABLE `corporation_structure` (
  `index` int(11) NOT NULL AUTO_INCREMENT,
  `id` varchar(45) NOT NULL,
  `perents_id` varchar(45) DEFAULT NULL,
  `name` varchar(45) DEFAULT NULL,
  `corporation` varchar(45) DEFAULT NULL,
  PRIMARY KEY (`index`),
  UNIQUE KEY `id_UNIQUE` (`id`)
) ENGINE=InnoDB AUTO_INCREMENT=175 DEFAULT CHARSET=utf8;
/*!40101 SET character_set_client = @saved_cs_client */;

--
-- Dumping data for table `corporation_structure`
--

LOCK TABLES `corporation_structure` WRITE;
/*!40000 ALTER TABLE `corporation_structure` DISABLE KEYS */;
INSERT INTO `corporation_structure` VALUES (1,'H0001','0','admin','hq'),(2,'R0001','H0001','North America ','rhq'),(3,'R0002','H0001','Europe ','rhq'),(4,'R0003','H0001','CIS ','rhq'),(5,'R0004','H0001','Latin America','rhq'),(6,'R0005','H0001','Middle East','rhq'),(7,'R0006','H0001','CHINA ','rhq'),(8,'R0007','H0001','South East Asia ','rhq'),(9,'R0008','H0001','South West Asia','rhq'),(10,'R0009','H0001','Africa','rhq'),(11,'S0001','R0001','SEA','subsidiary'),(12,'S0002','R0001','SECA','subsidiary'),(13,'S0003','R0002','SEG','subsidiary'),(14,'S0004','R0002','SEUK','subsidiary'),(15,'S0005','R0002','SEF','subsidiary'),(16,'S0006','R0002','SEI','subsidiary'),(17,'S0007','R0002','SEIB','subsidiary'),(18,'S0008','R0002','SEBN','subsidiary'),(19,'S0009','R0002','SENA','subsidiary'),(20,'S0010','R0002','SEPOL','subsidiary'),(21,'S0011','R0002','SEAS','subsidiary'),(22,'S0012','R0002','SEROM','subsidiary'),(23,'S0013','R0002','SECZ','subsidiary'),(24,'S0014','R0002','SEAD','subsidiary'),(25,'S0015','R0002','SEH','subsidiary'),(26,'S0016','R0002','SEB','subsidiary'),(27,'S0017','R0002','SEGR','subsidiary'),(28,'S0018','R0003','SERC','subsidiary'),(29,'S0019','R0003','SEUC','subsidiary'),(30,'S0020','R0003','SECE','subsidiary'),(31,'S0021','R0004','SEDA-S','subsidiary'),(32,'S0022','R0004','SELA','subsidiary'),(33,'S0023','R0004','SEM','subsidiary'),(34,'S0024','R0004','SEASA','subsidiary'),(35,'S0025','R0004','SECH','subsidiary'),(36,'S0026','R0004','SAMCOL','subsidiary'),(37,'S0027','R0004','SEPR','subsidiary'),(38,'S0028','R0005','SGE','subsidiary'),(39,'S0029','R0005','SETK','subsidiary'),(40,'S0030','R0005','SELV','subsidiary'),(41,'S0031','R0005','Iran','subsidiary'),(42,'S0032','R0005','SEPAK','subsidiary'),(43,'S0033','R0005','SESAR','subsidiary'),(44,'S0034','R0005','SEEG','subsidiary'),(45,'S0035','R0005','SEMAG','subsidiary'),(46,'S0036','R0005','SEIL','subsidiary'),(47,'S0037','R0006','SCIC','subsidiary'),(48,'S0038','R0006','SEHK','subsidiary'),(49,'S0039','R0006','SET','subsidiary'),(50,'S0040','R0007','SEIN-S','subsidiary'),(51,'S0041','R0007','TSE','subsidiary'),(52,'S0042','R0007','SEAU','subsidiary'),(53,'S0043','R0007','SAVINA-S','subsidiary'),(54,'S0044','R0007','SME','subsidiary'),(55,'S0045','R0007','SEPCO','subsidiary'),(56,'S0046','R0007','SAPL','subsidiary'),(57,'S0047','R0007','SENZ','subsidiary'),(58,'S0048','R0008','SIEL-S','subsidiary'),(59,'S0049','R0008','Nepal','subsidiary'),(60,'S0050','R0008','Sri Lanka','subsidiary'),(61,'S0051','R0008','Bangladesh','subsidiary'),(62,'S0052','R0009','SSA','subsidiary'),(63,'S0053','R0009','SCA','subsidiary'),(64,'C0001','S0001','USA','country'),(65,'C0002','S0002','Canada','country'),(66,'C0003','S0003','Germany','country'),(67,'C0004','S0004','UK','country'),(68,'C0005','S0005','France','country'),(69,'C0006','S0006','Italy','country'),(70,'C0007','S0007','Spain','country'),(71,'C0008','S0007','Portugal','country'),(72,'C0009','S0008','Netherlands','country'),(73,'C0010','S0008','Belgium','country'),(74,'C0011','S0009','Sweden','country'),(75,'C0012','S0009','Denmark','country'),(76,'C0013','S0009','Finland','country'),(77,'C0014','S0009','Norway','country'),(78,'C0015','S0010','Poland','country'),(79,'C0016','S0011','Switzerland','country'),(80,'C0017','S0011','Austria','country'),(81,'C0018','S0012','ROMANIA','country'),(82,'C0019','S0012','Bulagria','country'),(83,'C0020','S0013','Czech','country'),(84,'C0021','S0013','Slovakia','country'),(85,'C0022','S0014','Croatia','country'),(86,'C0023','S0014','Serbia','country'),(87,'C0024','S0014','Montenegro','country'),(88,'C0025','S0014','Slovenia','country'),(89,'C0026','S0014','Macedonia','country'),(90,'C0027','S0014','Bosnia','country'),(91,'C0028','S0014','Albania','country'),(92,'C0029','S0015','Hungary','country'),(93,'C0030','S0016','Lithania','country'),(94,'C0031','S0016','Latvia','country'),(95,'C0032','S0016','Estonia','country'),(96,'C0033','S0017','Greece','country'),(97,'C0034','S0018','Russia','country'),(98,'C0035','S0018','Azerbaijan','country'),(99,'C0036','S0018','Georgia','country'),(100,'C0037','S0019','Ukraine','country'),(101,'C0038','S0020','Kazakhstan','country'),(102,'C0039','S0020','Uzbekistan','country'),(103,'C0040','S0020','Tajikistan','country'),(104,'C0041','S0020','Kyrgyzstan','country'),(105,'C0042','S0020','Turkmenistan','country'),(106,'C0043','S0020','Mongolia','country'),(107,'C0044','S0021','bRazil','country'),(108,'C0045','S0022','Puerto Rico','country'),(109,'C0046','S0022','Panama','country'),(110,'C0047','S0022','Miami','country'),(111,'C0048','S0022','Trinidad & Tobago','country'),(112,'C0049','S0022','Guatemala','country'),(113,'C0050','S0022','Dominica','country'),(114,'C0051','S0022','Honduras','country'),(115,'C0052','S0022','El Salvador','country'),(116,'C0053','S0022','Ecuador','country'),(117,'C0054','S0022','Costa Rica','country'),(118,'C0055','S0022','Jamaica','country'),(119,'C0056','S0023','Mexico','country'),(120,'C0057','S0024','Argentina','country'),(121,'C0058','S0024','Paraguay','country'),(122,'C0059','S0024','Uruguay','country'),(123,'C0060','S0025','Chile','country'),(124,'C0061','S0025','Bolivia','country'),(125,'C0062','S0026','Colombia','country'),(126,'C0063','S0027','PERU','country'),(127,'C0064','S0028','UAE','country'),(128,'C0065','S0028','Bahrain','country'),(129,'C0066','S0028','Kuwait','country'),(130,'C0067','S0028','Oman','country'),(131,'C0068','S0028','Qatar','country'),(132,'C0069','S0029','Turkey','country'),(133,'C0070','S0030','Jordan','country'),(134,'C0071','S0030','Lebanon','country'),(135,'C0072','S0030','Iraq','country'),(136,'C0073','S0031','IRAN','country'),(137,'C0074','S0032','Pakistan','country'),(138,'C0075','S0033','Saudi Arabia','country'),(139,'C0076','S0034','Egypt','country'),(140,'C0077','S0035','Morocco','country'),(141,'C0078','S0035','Tunisia','country'),(142,'C0079','S0035','Algeria','country'),(143,'C0080','S0036','Israel','country'),(144,'C0081','S0037','China','country'),(145,'C0082','S0038','Hongkong','country'),(146,'C0083','S0039','Taiwan','country'),(147,'C0084','S0040','Indonesia','country'),(148,'C0085','S0041','Thailand','country'),(149,'C0086','S0041','Myanmar','country'),(150,'C0087','S0041','Cambodia','country'),(151,'C0088','S0041','Laos','country'),(152,'C0089','S0042','Australia','country'),(153,'C0090','S0043','Vietnam','country'),(154,'C0091','S0044','Malaysia','country'),(155,'C0092','S0045','Philippines','country'),(156,'C0093','S0046','Singapore','country'),(157,'C0094','S0047','New Zealand','country'),(158,'C0095','S0048','INDIA','country'),(159,'C0096','S0049','Nepal','country'),(160,'C0097','S0050','Sri Lanka','country'),(161,'C0098','S0051','Bangladesh','country'),(162,'C0099','S0052','S.Africa','country'),(163,'C0100','S0053','Kenya','country'),(164,'C0101','S0053','Zambia','country'),(165,'C0102','S0053','Angola','country'),(166,'C0103','S0053','Zimbabwe','country'),(167,'C0104','S0053','Mauritius','country'),(168,'C0105','S0053','Nigeria','country'),(169,'C0106','S0053','Ghana','country'),(170,'C0107','S0053','Ivory Coast','country'),(171,'C0108','S0053','Cameroon','country'),(172,'C0109','S0053','Senegal','country'),(173,'C0110','S0053','Mozambique','country'),(174,'C0111','S0053','Malawi','country');
/*!40000 ALTER TABLE `corporation_structure` ENABLE KEYS */;
UNLOCK TABLES;

--
-- Table structure for table `country`
--

DROP TABLE IF EXISTS `country`;
/*!40101 SET @saved_cs_client     = @@character_set_client */;
 SET character_set_client = utf8mb4 ;
CREATE TABLE `country` (
  `no` int(11) NOT NULL,
  `rhq_no` int(11) DEFAULT NULL,
  `subsidary_no` int(11) DEFAULT NULL,
  `name` varchar(100) NOT NULL,
  `str_id` varchar(40) NOT NULL,
  PRIMARY KEY (`no`),
  KEY `name_idx` (`name`)
) ENGINE=InnoDB DEFAULT CHARSET=utf8;
/*!40101 SET character_set_client = @saved_cs_client */;

--
-- Dumping data for table `country`
--

LOCK TABLES `country` WRITE;
/*!40000 ALTER TABLE `country` DISABLE KEYS */;
INSERT INTO `country` VALUES (1,1,1,'USA','C0001'),(2,1,2,'Canada','C0002'),(3,2,3,'Germany','C0003'),(4,2,4,'UK','C0004'),(5,2,5,'France','C0005'),(6,2,6,'Italy','C0006'),(7,2,7,'Spain','C0007'),(8,2,7,'Portugal','C0008'),(9,2,8,'Netherlands','C0009'),(10,2,8,'Belgium','C0010'),(11,2,9,'Sweden','C0011'),(12,2,9,'Denmark','C0012'),(13,2,9,'Finland','C0013'),(14,2,9,'Norway','C0014'),(15,2,10,'Poland','C0015'),(16,2,11,'Switzerland','C0016'),(17,2,11,'Austria','C0017'),(18,2,12,'ROMANIA','C0018'),(19,2,12,'Bulagria','C0019'),(20,2,13,'Czech','C0020'),(21,2,13,'Slovakia','C0021'),(22,2,14,'Croatia','C0022'),(23,2,14,'Serbia','C0023'),(24,2,14,'Montenegro','C0024'),(25,2,14,'Slovenia','C0025'),(26,2,14,'Macedonia','C0026'),(27,2,14,'Bosnia','C0027'),(28,2,14,'Albania','C0028'),(29,2,15,'Hungary','C0029'),(30,2,16,'Lithania','C0030'),(31,2,16,'Latvia','C0031'),(32,2,16,'Estonia','C0032'),(33,2,17,'Greece','C0033'),(34,3,18,'Russia','C0034'),(35,3,18,'Azerbaijan','C0035'),(36,3,18,'Georgia','C0036'),(37,3,19,'Ukraine','C0037'),(38,3,20,'Kazakhstan','C0038'),(39,3,20,'Uzbekistan','C0039'),(40,3,20,'Tajikistan','C0040'),(41,3,20,'Kyrgyzstan','C0041'),(42,3,20,'Turkmenistan','C0042'),(43,3,20,'Mongolia','C0043'),(44,4,21,'bRazil','C0044'),(45,4,22,'Puerto Rico','C0045'),(46,4,22,'Panama','C0046'),(47,4,22,'Miami','C0047'),(48,4,22,'Trinidad & Tobago','C0048'),(49,4,22,'Guatemala','C0049'),(50,4,22,'Dominica','C0050'),(51,4,22,'Honduras','C0051'),(52,4,22,'El Salvador','C0052'),(53,4,22,'Ecuador','C0053'),(54,4,22,'Costa Rica','C0054'),(55,4,22,'Jamaica','C0055'),(56,4,23,'Mexico','C0056'),(57,4,24,'Argentina','C0057'),(58,4,24,'Paraguay','C0058'),(59,4,24,'Uruguay','C0059'),(60,4,25,'Chile','C0060'),(61,4,25,'Bolivia','C0061'),(62,4,26,'Colombia','C0062'),(63,4,27,'PERU','C0063'),(64,5,28,'UAE','C0064'),(65,5,28,'Bahrain','C0065'),(66,5,28,'Kuwait','C0066'),(67,5,28,'Oman','C0067'),(68,5,28,'Qatar','C0068'),(69,5,29,'Turkey','C0069'),(70,5,30,'Jordan','C0070'),(71,5,30,'Lebanon','C0071'),(72,5,30,'Iraq','C0072'),(73,5,31,'IRAN','C0073'),(74,5,32,'Pakistan','C0074'),(75,5,33,'Saudi Arabia','C0075'),(76,5,34,'Egypt','C0076'),(77,5,35,'Morocco','C0077'),(78,5,35,'Tunisia','C0078'),(79,5,35,'Algeria','C0079'),(80,5,36,'Israel','C0080'),(81,6,37,'China','C0081'),(82,6,38,'Hongkong','C0082'),(83,6,39,'Taiwan','C0083'),(84,7,40,'Indonesia','C0084'),(85,7,41,'Thailand','C0085'),(86,7,41,'Myanmar','C0086'),(87,7,41,'Cambodia','C0087'),(88,7,41,'Laos','C0088'),(89,7,42,'Australia','C0089'),(90,7,43,'Vietnam','C0090'),(91,7,44,'Malaysia','C0091'),(92,7,45,'Philippines','C0092'),(93,7,46,'Singapore','C0093'),(94,7,47,'New Zealand','C0094'),(95,8,48,'INDIA','C0095'),(96,8,49,'Nepal','C0096'),(97,8,50,'Sri Lanka','C0097'),(98,8,51,'Bangladesh','C0098'),(99,9,52,'S.Africa','C0099'),(100,9,53,'Kenya','C0100'),(101,9,53,'Zambia','C0101'),(102,9,53,'Angola','C0102'),(103,9,53,'Zimbabwe','C0103'),(104,9,53,'Mauritius','C0104'),(105,9,53,'Nigeria','C0105'),(106,9,53,'Ghana','C0106'),(107,9,53,'Ivory Coast','C0107'),(108,9,53,'Cameroon','C0108'),(109,9,53,'Senegal','C0109'),(110,9,53,'Mozambique','C0110'),(111,9,53,'Malawi','C0111');
/*!40000 ALTER TABLE `country` ENABLE KEYS */;
UNLOCK TABLES;

--
-- Table structure for table `country_budget`
--

DROP TABLE IF EXISTS `country_budget`;
/*!40101 SET @saved_cs_client     = @@character_set_client */;
 SET character_set_client = utf8mb4 ;
CREATE TABLE `country_budget` (
  `support_name` varchar(100) NOT NULL,
  `rhq_no` int(11) unsigned NOT NULL,
  `subsidary_no` int(11) unsigned NOT NULL,
  `country_no` int(11) unsigned NOT NULL,
  `budget_money` decimal(19,1) NOT NULL,
  PRIMARY KEY (`support_name`,`country_no`)
) ENGINE=InnoDB DEFAULT CHARSET=utf8;
/*!40101 SET character_set_client = @saved_cs_client */;

--
-- Dumping data for table `country_budget`
--

LOCK TABLES `country_budget` WRITE;
/*!40000 ALTER TABLE `country_budget` DISABLE KEYS */;
INSERT INTO `country_budget` VALUES ('cheiltest',7,44,91,4000.0),('cheiltest2',7,41,85,20209.0),('cheilttest1',5,30,71,500.0),('cheilttest1',5,30,72,500.0),('cheilttest1',5,34,76,500.0),('PaletteSupport',1,1,1,1850.1),('PaletteSupport',1,2,2,73227.5),('PaletteSupport',2,3,3,171128.0),('PaletteSupport',2,4,4,327191.0),('PaletteSupport',2,5,5,122756.0),('PaletteSupport',2,6,6,52050.0),('PaletteSupport',2,7,7,66464.0),('PaletteSupport',2,8,9,104969.0),('PaletteSupport',2,9,11,93238.0),('PaletteSupport',2,10,15,46715.0),('PaletteSupport',2,11,16,68360.0),('PaletteSupport',2,12,18,28135.0),('PaletteSupport',2,13,20,18185.0),('PaletteSupport',2,14,22,30474.0),('PaletteSupport',2,15,29,21317.0),('PaletteSupport',2,16,30,0.0),('PaletteSupport',2,16,31,18546.0),('PaletteSupport',2,16,32,0.0),('PaletteSupport',2,17,33,7342.0),('PaletteSupport',3,18,34,46874.0),('PaletteSupport',3,19,37,14000.3),('PaletteSupport',3,20,38,13576.0),('PaletteSupport',3,20,39,3514.8),('PaletteSupport',3,20,40,198.3),('PaletteSupport',3,20,41,198.3),('PaletteSupport',3,20,42,198.3),('PaletteSupport',3,20,43,483.2),('PaletteSupport',4,21,44,76056.2),('PaletteSupport',4,22,45,2189.7),('PaletteSupport',4,22,46,2640.6),('PaletteSupport',4,22,47,1819.5),('PaletteSupport',4,22,48,193.8),('PaletteSupport',4,22,49,2697.9),('PaletteSupport',4,22,50,1733.7),('PaletteSupport',4,22,51,2096.6),('PaletteSupport',4,22,52,2096.6),('PaletteSupport',4,22,53,1650.2),('PaletteSupport',4,22,54,1668.5),('PaletteSupport',4,22,55,386.8),('PaletteSupport',4,23,56,54369.6),('PaletteSupport',4,24,57,8319.9),('PaletteSupport',4,24,58,2160.8),('PaletteSupport',4,24,59,1456.4),('PaletteSupport',4,25,60,8922.3),('PaletteSupport',4,25,61,5590.8),('PaletteSupport',4,26,62,6036.5),('PaletteSupport',4,27,63,4631.7),('PaletteSupport',5,28,64,7640.5),('PaletteSupport',5,28,65,2811.0),('PaletteSupport',5,28,66,4224.9),('PaletteSupport',5,28,67,2492.1),('PaletteSupport',5,28,68,2302.6),('PaletteSupport',5,29,69,16814.5),('PaletteSupport',5,30,70,2618.0),('PaletteSupport',5,30,72,743.8),('PaletteSupport',5,32,74,21072.7),('PaletteSupport',5,33,75,20246.5),('PaletteSupport',5,34,76,13721.2),('PaletteSupport',5,35,77,14974.6),('PaletteSupport',5,35,78,4462.0),('PaletteSupport',5,35,79,1122.5),('PaletteSupport',5,36,80,28544.2),('PaletteSupport',6,37,81,139596.0),('PaletteSupport',6,38,82,26233.0),('PaletteSupport',6,39,83,51928.0),('PaletteSupport',7,40,84,290756.2),('PaletteSupport',7,41,85,208249.0),('PaletteSupport',7,41,86,10225.3),('PaletteSupport',7,41,87,7117.6),('PaletteSupport',7,41,88,2479.1),('PaletteSupport',7,42,89,31822.9),('PaletteSupport',7,43,90,137472.5),('PaletteSupport',7,44,91,179982.7),('PaletteSupport',7,45,92,81954.0),('PaletteSupport',7,46,93,15368.7),('PaletteSupport',7,47,94,13166.3),('PaletteSupport',8,48,95,818205.0),('PaletteSupport',8,49,96,10740.0),('PaletteSupport',8,50,97,15500.0),('PaletteSupport',8,51,98,10740.0),('PaletteSupport',9,52,99,29521.6),('PaletteSupport',9,53,100,18568.0),('PaletteSupport',9,53,104,4333.0),('PaletteSupport',9,53,105,14842.0),('PaletteSupport',9,53,106,7821.0),('PaletteSupport',9,53,107,3897.0),('PaletteSupport',9,53,108,1849.0),('PaletteSupport',9,53,109,9413.0),('PaletteSupport',9,53,111,0.0),('p_test',2,13,20,2947.0),('test_1',9,53,111,1.0),('WEARABLE',1,2,2,58864.9);
/*!40000 ALTER TABLE `country_budget` ENABLE KEYS */;
UNLOCK TABLES;

--
-- Table structure for table `hq_budget`
--

DROP TABLE IF EXISTS `hq_budget`;
/*!40101 SET @saved_cs_client     = @@character_set_client */;
 SET character_set_client = utf8mb4 ;
CREATE TABLE `hq_budget` (
  `support_name` varchar(100) NOT NULL,
  `budget_money` decimal(19,1) NOT NULL,
  PRIMARY KEY (`support_name`)
) ENGINE=InnoDB DEFAULT CHARSET=utf8;
/*!40101 SET character_set_client = @saved_cs_client */;

--
-- Dumping data for table `hq_budget`
--

LOCK TABLES `hq_budget` WRITE;
/*!40000 ALTER TABLE `hq_budget` DISABLE KEYS */;
INSERT INTO `hq_budget` VALUES ('cheiltest',111111.0),('cheiltest2',20209.0),('cheilttest1',1500.0),('PaletteSupport',4012759.5),('p_test',2947.0),('test_1',1.0),('WEARABLE',59656.9);
/*!40000 ALTER TABLE `hq_budget` ENABLE KEYS */;
UNLOCK TABLES;

--
-- Table structure for table `member_auth`
--

DROP TABLE IF EXISTS `member_auth`;
/*!40101 SET @saved_cs_client     = @@character_set_client */;
 SET character_set_client = utf8mb4 ;
CREATE TABLE `member_auth` (
  `idx` bigint(20) NOT NULL AUTO_INCREMENT,
  `mb_id` varchar(45) NOT NULL,
  `fk_structur_id` varchar(45) NOT NULL,
  `name` varchar(45) NOT NULL,
  `auth` varchar(45) NOT NULL,
  `email` varchar(45) NOT NULL,
  `usage_yn` varchar(45) NOT NULL,
  PRIMARY KEY (`idx`)
) ENGINE=InnoDB AUTO_INCREMENT=1635 DEFAULT CHARSET=utf8;
/*!40101 SET character_set_client = @saved_cs_client */;

--
-- Dumping data for table `member_auth`
--

LOCK TABLES `member_auth` WRITE;
/*!40000 ALTER TABLE `member_auth` DISABLE KEYS */;
INSERT INTO `member_auth` VALUES (1403,'soohwan.chi','H0001','지수환','HQ','soohwan.chi@samsung.com','y'),(1404,'hm0503.kim','H0001','김현민','HQ','hm0503.kim@samsung.com','y'),(1405,'gahyun.ahn','H0001','안가현','HQ','gahyun.ahn@samsung.com  ','y'),(1406,'','H0001','정희정','HQ','julie.jung@samsung.com  ','y'),(1407,'swn.jung','H0001','정승원','HQ','swn.jung@samsung.com','y'),(1408,'chanju.hwang','H0001','황찬주','HQ','chanju.hwang@samsung.com ','y'),(1409,'matthew.tham','R0001','matthew.tham','RHQ','matthew.tham@samsung.com','y'),(1410,'','R0002','seongmin.an','RHQ','seongmin.an@samsung.com','y'),(1411,'ks5.park','R0002','ks5.park','RHQ','ks5.park@samsung.com  ','y'),(1412,'','R0002','kunwoo.noh','RHQ','kunwoo.noh@samsung.com','y'),(1413,'','R0003','sujinsue.kim','RHQ','sujinsue.kim@samsung.com','y'),(1414,'','R0003','ssyoung.cho','RHQ','ssyoung.cho@samsung.com','y'),(1415,'chorok.yun','R0003','chorok.yun','RHQ','chorok.yun@samsung.com','y'),(1416,'','R0003','swsw.choi','RHQ','swsw.choi@samsung.com','y'),(1417,'sb.hyung','R0004','sb.hyung','RHQ','sb.hyung@samsung.com','y'),(1418,'hyesoo.im','R0004','hyesoo.im','RHQ','hyesoo.im@samsung.com','y'),(1419,'shinhee.bong','R0005','shinhee.bong','RHQ','shinhee.bong@samsung.com','y'),(1420,'','R0005','kojasm','RHQ','kojasm@samsung.com','y'),(1421,'','R0005','seun.oh','RHQ','seun.oh@samsung.com','y'),(1422,'','R0005','jichul.mun','RHQ','jichul.mun@samsung.com ','y'),(1423,'','R0005','assahd.shin','RHQ','assahd.shin@samsung.com ','y'),(1424,'','R0005','sanz.l','RHQ','sanz.l@samsung.com ','y'),(1425,'','R0005','dblue24.lee','RHQ','dblue24.lee@samsung.com ','y'),(1426,'','R0005','siri.sung','RHQ','siri.sung@samsung.com ','y'),(1427,'','R0005','youngjae.an','RHQ','youngjae.an@samsung.com  ','y'),(1428,'','R0005','jackie.chu','RHQ','jackie.chu@samsung.com ','y'),(1429,'csloje.kim','R0005','csloje.kim','RHQ','csloje.kim@samsung.com ','y'),(1430,'','R0005','earl.choi','RHQ','earl.choi@samsung.com ','y'),(1431,'','R0006','manuse.li','RHQ','manuse.li@samsung.com','y'),(1432,'','R0006','herris.chan','RHQ','herris.chan@samsung.com','y'),(1433,'','R0006','koey.chan','RHQ','koey.chan@samsung.com','y'),(1434,'','R0006','cindy.h','RHQ','cindy.h@samsung.com','y'),(1435,'','R0006','louise.l','RHQ','louise.l@samsung.com','y'),(1436,'','R0006','gorie.lee','RHQ','gorie.lee@samsung.com','y'),(1437,'','R0007','jong.jin','RHQ','jong.jin@samsung.com','y'),(1438,'','R0007','sunyeop.yoo','RHQ','sunyeop.yoo@samsung.com','y'),(1439,'sook.h.park','R0008','sook.h.park','RHQ','sook.h.park@samsung.com','y'),(1440,'','R0008','choi.sunguk','RHQ','choi.sunguk@samsung.com','y'),(1441,'','R0008','sksksk.lee','RHQ','sksksk.lee@samsung.com','y'),(1442,'','R0008','yang.insu','RHQ','yang.insu@samsung.com','y'),(1443,'sanghyo.jung','R0009','sanghyo.jung','RHQ','sanghyo.jung@samsung.com','y'),(1444,'','R0009','b0104.lee','RHQ','b0104.lee@samsung.com','y'),(1445,'','R0009','pju.park','RHQ','pju.park@samsung.com','y'),(1446,'','S0001','j.gustafson','SUBSIDIARY','j.gustafson@sea.samsung.com ','y'),(1447,'','S0002','derek.wu','SUBSIDIARY','derek.wu@partner.samsung.com','y'),(1448,'','S0003',' j.mangels','SUBSIDIARY',' j.mangels@cheil.com','y'),(1449,'','S0004','p.kaye','SUBSIDIARY','p.kaye@partner.samsung.com','y'),(1450,'','S0005','m.gardrat','SUBSIDIARY','m.gardrat@samsung.com','y'),(1451,'','S0006','m.lunardi','SUBSIDIARY','m.lunardi@samsung.com','y'),(1452,'','S0007','ana.oliveira','SUBSIDIARY','ana.oliveira@samsung.com ','y'),(1453,'','S0007','a.valera','SUBSIDIARY','a.valera@samsung.com','y'),(1454,'','S0008','choi.ahreum','SUBSIDIARY','choi.ahreum@cheil.com','y'),(1455,'','S0009','anna.heith','SUBSIDIARY','anna.heith@cheil.com','y'),(1456,'','S0009','c.wirmark','SUBSIDIARY','c.wirmark@partner.samsung.com','y'),(1457,'','S0010','m.aftowicz','SUBSIDIARY','m.aftowicz@samsung.com','y'),(1458,'','S0011','a.haag','SUBSIDIARY','a.haag@samsung.com','y'),(1459,'','S0012','g.alekian','SUBSIDIARY','g.alekian@samsung.com','y'),(1460,'','S0012','l.secara','SUBSIDIARY','l.secara@samsung.com','y'),(1461,'','S0013','l.kuzelikova','SUBSIDIARY','l.kuzelikova@samsung.com','y'),(1462,'','S0014','i.balent','SUBSIDIARY','i.balent@samsung.com','y'),(1463,'','S0014','f.micic','SUBSIDIARY','f.micic@samsung.com','y'),(1464,'','S0015','tamas.kiss','SUBSIDIARY','tamas.kiss@samsung.com','y'),(1465,'','S0016','v.riauka','SUBSIDIARY','v.riauka@partner.samsung.com','y'),(1466,'','S0017','g.freris','SUBSIDIARY','g.freris@partner.samsung.com','y'),(1467,'','S0018','zelenkov.i','SUBSIDIARY','zelenkov.i@partner.samsung.com','y'),(1468,'','S0019','i.ivaschenko','SUBSIDIARY','i.ivaschenko@samsung.com','y'),(1469,'','S0020','dinara.t','SUBSIDIARY','dinara.t@samsung.com','y'),(1470,'','S0021','vicky.ango','SUBSIDIARY','vicky.ango@samsung.com','y'),(1471,'','S0022','thomas.l','SUBSIDIARY','thomas.l@samsung.com','y'),(1472,'','S0022','m.ruano','SUBSIDIARY','m.ruano@partner.samsung.com','y'),(1473,'','S0022','torre.j','SUBSIDIARY','torre.j@samsung.com','y'),(1474,'','S0023','adriana.cn','SUBSIDIARY','adriana.cn@samsung.com','y'),(1475,'','S0024','ramirez.p','SUBSIDIARY','ramirez.p@samsung.com','y'),(1476,'','S0025','r.falcon','SUBSIDIARY','r.falcon@samsung.com','y'),(1477,'','S0026','ra.torres','SUBSIDIARY','ra.torres@partner.samsung.com','y'),(1478,'','S0027','k.pazsoldan','SUBSIDIARY','k.pazsoldan@samsung.com','y'),(1479,'','S0028','tarun.m','SUBSIDIARY','tarun.m@samsung.com','y'),(1480,'','S0029','arif.i','SUBSIDIARY','arif.i@samsung.com','y'),(1481,'','S0030','m.othman','SUBSIDIARY','m.othman@samsung.com','y'),(1482,'','S0031','s.shahidi','SUBSIDIARY','s.shahidi@samsung.com','y'),(1483,'','S0032','amanj.a','SUBSIDIARY','amanj.a@samsung.com','y'),(1484,'','S0033','Tamer.raafat','SUBSIDIARY','Tamer.raafat@samsung.com','y'),(1485,'','S0034','razeen.m','SUBSIDIARY','razeen.m@partner.samsung.com','y'),(1486,'','S0035','b.moussa','SUBSIDIARY','b.moussa@partner.samsung.com','y'),(1487,'','S0036','o.bauer','SUBSIDIARY','o.bauer@samsung.com','y'),(1488,'','S0037','manuse.li','SUBSIDIARY','manuse.li@samsung.com','y'),(1489,'','S0038','koey.chan','SUBSIDIARY','koey.chan@samsung.com','y'),(1490,'','S0039','cindy.h','SUBSIDIARY','cindy.h@samsung.com','y'),(1491,'','S0040','n.zuhri','SUBSIDIARY','n.zuhri@samsung.com','y'),(1492,'','S0041','pisoot.t','SUBSIDIARY','pisoot.t@samsung.com','y'),(1493,'','S0042','t.stephens','SUBSIDIARY','t.stephens@partner.samsung.com','y'),(1494,'','S0043','nhungoc.tr','SUBSIDIARY','nhungoc.tr@partner.samsung.com','y'),(1495,'','S0044','tchenshun.k','SUBSIDIARY','tchenshun.k@samsung.com','y'),(1496,'','S0045','e.portalio','SUBSIDIARY','e.portalio@samsung.com','y'),(1497,'','S0046','sheri.lim','SUBSIDIARY','sheri.lim@samsung.com','y'),(1498,'','S0047','g.claase','SUBSIDIARY','g.claase@samsung.com','y'),(1499,'','S0048','akshaya.b','SUBSIDIARY','akshaya.b@samsung.com','y'),(1500,'','S0048','sumit.s2','SUBSIDIARY','sumit.s2@partner.smsung.com','y'),(1501,'','S0049','a.bista','SUBSIDIARY','a.bista@partner.samsung.com','y'),(1502,'','S0050','asitha.w','SUBSIDIARY','asitha.w@samsung.com','y'),(1503,'','S0051','abid.ashraf','SUBSIDIARY','abid.ashraf@samsung.com','y'),(1504,'','S0052','thabo.tlowan','SUBSIDIARY','thabo.tlowan@samsung.com','y'),(1505,'','S0053','a.Ishmael','SUBSIDIARY','a.Ishmael@samsung.com','y'),(1506,'','C0001','j.gustafson','COUNTRY','j.gustafson@sea.samsung.com ','y'),(1507,'','C0002','derek.wu','COUNTRY','derek.wu@partner.samsung.com','y'),(1508,'','C0003','f.loeffler','COUNTRY','f.loeffler@cheil.com','y'),(1509,'','C0004','d.hudson','COUNTRY','d.hudson@partner.samsung.com','y'),(1510,'','C0005','a.gorage','COUNTRY','a.gorage@samsung.com','y'),(1511,'','C0006','m.lunardi','COUNTRY','m.lunardi@samsung.com','y'),(1512,'','C0007','da.escribano','COUNTRY','da.escribano@partner.samsung.com','y'),(1513,'','C0008','MarianaSantosmp.santos','COUNTRY','MarianaSantosmp.santos@samsung.com','y'),(1514,'','C0009','c.moonen','COUNTRY','c.moonen@cheil.com','y'),(1515,'','C0010','choi.ahreum','COUNTRY','choi.ahreum@cheil.com','y'),(1516,'','C0011','anna.heith','COUNTRY','anna.heith@cheil.com','y'),(1517,'','C0012','anna.heith','COUNTRY','anna.heith@cheil.com','y'),(1518,'','C0013','anna.heith','COUNTRY','anna.heith@cheil.com','y'),(1519,'','C0014','anna.heith','COUNTRY','anna.heith@cheil.com','y'),(1520,'','C0015','m.kalinowska','COUNTRY','m.kalinowska@partner.samsung.com','y'),(1521,'','C0016','a.haag','COUNTRY','a.haag@samsung.com','y'),(1522,'','C0017','c.hangelmann','COUNTRY','c.hangelmann@cheil.com','y'),(1523,'','C0018','a.tanasescu','COUNTRY','a.tanasescu@samsung.com','y'),(1524,'','C0019','g.alekian','COUNTRY','g.alekian@samsung.com','y'),(1525,'','C0020','marek.murdych','COUNTRY','marek.murdych@cheil.com','y'),(1526,'','C0021','l.kuzelikova','COUNTRY','l.kuzelikova@samsung.com','y'),(1527,'','C0022','m.tavcar','COUNTRY','m.tavcar@partner.samsung.com','y'),(1528,'','C0023','i.balent','COUNTRY','i.balent@samsung.com','y'),(1529,'','C0024','i.balent','COUNTRY','i.balent@samsung.com','y'),(1530,'','C0025','i.balent','COUNTRY','i.balent@samsung.com','y'),(1531,'','C0026','i.balent','COUNTRY','i.balent@samsung.com','y'),(1532,'','C0027','i.balent','COUNTRY','i.balent@samsung.com','y'),(1533,'','C0028','j.nikolovski','COUNTRY','j.nikolovski@partner.samsung.com','y'),(1534,'','C0029','a.tomanek','COUNTRY','a.tomanek@samsung.com','y'),(1535,'','C0030','v.riauka','COUNTRY','v.riauka@partner.samsung.com','y'),(1536,'','C0031','v.riauka','COUNTRY','v.riauka@partner.samsung.com','y'),(1537,'','C0032','vita.jasmane','COUNTRY','vita.jasmane@kuehne-nagel.com','y'),(1538,'','C0033','e.branika','COUNTRY','e.branika@samsung.com','y'),(1539,'','C0034','evteeva.n','COUNTRY','evteeva.n@samsung.com','y'),(1540,'','C0035','farida.i','COUNTRY','farida.i@partner.samsung.com','y'),(1541,'','C0036','irina.pak','COUNTRY','irina.pak@samsung.com','y'),(1542,'','C0037','y.sirenko','COUNTRY','y.sirenko@partner.samsung.com','y'),(1543,'','C0038','dinara.t','COUNTRY','dinara.t@samsung.com','y'),(1544,'','C0039','dinara.t','COUNTRY','dinara.t@samsung.com','y'),(1545,'','C0040','dinara.t','COUNTRY','dinara.t@samsung.com','y'),(1546,'','C0041','dinara.t','COUNTRY','dinara.t@samsung.com','y'),(1547,'','C0042','dinara.t','COUNTRY','dinara.t@samsung.com','y'),(1548,'','C0043','dinara.t','COUNTRY','dinara.t@samsung.com','y'),(1549,'','C0044','e.mendonca','COUNTRY','e.mendonca@partner.samsung.com','y'),(1550,'','C0045','thomas.l','COUNTRY','thomas.l@samsung.com','y'),(1551,'','C0046','f.almendral','COUNTRY','f.almendral@samsung.com','y'),(1552,'','C0047','m.hinestrosa','COUNTRY','m.hinestrosa@samsung.com','y'),(1553,'','C0048','thomas.l','COUNTRY','thomas.l@samsung.com','y'),(1554,'','C0049','thomas.l','COUNTRY','thomas.l@samsung.com','y'),(1555,'','C0050','thomas.l','COUNTRY','thomas.l@samsung.com','y'),(1556,'','C0051','ilarios','COUNTRY','ilarios@gccpunto.com','y'),(1557,'','C0052','ointeriano','COUNTRY','ointeriano@pcomercial.com','y'),(1558,'','C0053','ortega.d','COUNTRY','ortega.d@samsung.com','y'),(1559,'','C0054','ah.lizano','COUNTRY','ah.lizano@samsung.com','y'),(1560,'','C0055','thomas.l','COUNTRY','thomas.l@samsung.com','y'),(1561,'','C0056','ana.castro','COUNTRY','ana.castro@samsung.com','y'),(1562,'','C0057','carlos.e','COUNTRY','carlos.e@cheil.com','y'),(1563,'','C0058','ana.villagra','COUNTRY','ana.villagra@bonus.com.py','y'),(1564,'','C0059','e.heinzen','COUNTRY','e.heinzen@samsung.com','y'),(1565,'','C0060','tomas.canals','COUNTRY','tomas.canals@samsung.com','y'),(1566,'','C0061','jm.lievana','COUNTRY','jm.lievana@samsung.com','y'),(1567,'','C0062','ra.torres','COUNTRY','ra.torres@partner.samsung.com','y'),(1568,'','C0063','k.pazsoldan','COUNTRY','k.pazsoldan@samsung.com','y'),(1569,'','C0064','tarun.m','COUNTRY','tarun.m@samsung.com','y'),(1570,'','C0065','ali','COUNTRY','ali@binhindi.com','y'),(1571,'','C0066','sohaib','COUNTRY','sohaib@albabtaingroup.com.kw','y'),(1572,'','C0067','jibreel-musa','COUNTRY','jibreel-musa@sarcooman.com','y'),(1573,'','C0068','vijay.appaji','COUNTRY','vijay.appaji@alibinali.com','y'),(1574,'','C0069','m.cicek','COUNTRY','m.cicek@samsung.com','y'),(1575,'','C0070','lamees.a','COUNTRY','lamees.a@partner.samsung.com','y'),(1576,'','C0071','gassia.b','COUNTRY','gassia.b@samsung.com','y'),(1577,'','C0072','m.othman','COUNTRY','m.othman@samsung.com','y'),(1578,'','C0073','s.shahidi','COUNTRY','s.shahidi@samsung.com','y'),(1579,'','C0074','m.waqas','COUNTRY','m.waqas@partner.samsung.com','y'),(1580,'','C0075','a.chatila','COUNTRY','a.chatila@samsung.com','y'),(1581,'','C0076','m.abdelhamed','COUNTRY','m.abdelhamed@samsung.com','y'),(1582,'','C0077','omar.kamal','COUNTRY','omar.kamal@partner.samsung.com','y'),(1583,'','C0078','meriem.douki','COUNTRY','meriem.douki@cap.tn','y'),(1584,'','C0079','z.lammari','COUNTRY','z.lammari@samsung.com','y'),(1585,'','C0080','o.bauer','COUNTRY','o.bauer@samsung.com','y'),(1586,'','C0081','lan2012.jin','COUNTRY','lan2012.jin@samsung.com','y'),(1587,'','C0082','laura.law','COUNTRY','laura.law@samsung.com','y'),(1588,'','C0083','myeongki.min','COUNTRY','myeongki.min@samsung.com','y'),(1589,'','C0084','risa.ap','COUNTRY','risa.ap@partner.samsung.com','y'),(1590,'','C0085','pisoot.t','COUNTRY','pisoot.t@samsung.com','y'),(1591,'','C0086','mt.soe','COUNTRY','mt.soe@samsung.com','y'),(1592,'','C0087','cheavong.s','COUNTRY','cheavong.s@samsung.com','y'),(1593,'','C0088','nitphada.m','COUNTRY','nitphada.m@samsung.com','y'),(1594,'','C0089','p.palinkasov','COUNTRY','p.palinkasov@partner.samsung.com','y'),(1595,'','C0090','quy.ntn','COUNTRY','quy.ntn@partner.samsung.com','y'),(1596,'','C0091','tchenshun.k','COUNTRY','tchenshun.k@samsung.com','y'),(1597,'rm.adm06','C0092','a.gimenez','COUNTRY','a.gimenez@samsung.com','y'),(1598,'','C0093','rachel.pow','COUNTRY','rachel.pow@samsung.com','y'),(1599,'','C0094','g.claase','COUNTRY','g.claase@samsung.com','y'),(1600,'','C0095','akshaya.b','COUNTRY','akshaya.b@samsung.com','y'),(1601,'','C0096','a.bista','COUNTRY','a.bista@partner.samsung.com','y'),(1602,'','C0097','irshad','COUNTRY','irshad@tpcslk.com','y'),(1603,'','C0098','arifur.rahman','COUNTRY','arifur.rahman@fdl.com.bd','y'),(1604,'','C0099','zane.nkosi','COUNTRY','zane.nkosi@cheil.com','y'),(1605,'','C0100','s.githende','COUNTRY','s.githende@samsung.com','y'),(1606,'','C0101','r.bunda','COUNTRY','r.bunda@samsung.com','y'),(1607,'','C0102','a.Ishmael','COUNTRY','a.Ishmael@samsung.com','y'),(1608,'','C0103','a.Ishmael','COUNTRY','a.Ishmael@samsung.com','y'),(1609,'','C0104','mi-ryung.h','COUNTRY','mi-ryung.h@samsung.com','y'),(1610,'','C0105','olayera.o','COUNTRY','olayera.o@partner.samsung.com','y'),(1611,'','C0106','a.Ishmael','COUNTRY','a.Ishmael@samsung.com','y'),(1612,'','C0107','Nguessan.a','COUNTRY','Nguessan.a@samsung.com','y'),(1613,'','C0108','i.mbomboo','COUNTRY','i.mbomboo@partner.samsung.com','y'),(1614,'','C0109','a.diaite','COUNTRY','a.diaite@samsung.com','y'),(1615,'','C0110','a.Ishmael','COUNTRY','a.Ishmael@samsung.com','y'),(1616,'','C0111','a.Ishmael','COUNTRY','a.Ishmael@samsung.com','y'),(1617,'','R0006','koey.chan','RHQ','koey.chan@samsung.com','y'),(1618,'','R0003','dameli.s','RHQ','dameli.s@partner.samsung.com','y'),(1619,'','V0001','yunji.park','VENDOR','yunji.park@chaigraphics.com','y'),(1620,'','V0001','hyunjean.kim','VENDOR','hyunjean.kim@chaigraphics.com','y'),(1621,'','V0001','Junghun.kim','VENDOR','Junghun.kim@chaigraphics.com','y'),(1627,'','R0003','sujin5889','RHQ','sujin5889@gmail.com','y'),(1628,'','R0002','c.burls','RHQ','c.burls@samsung.com','y'),(1629,'','R0002','k.michalik','RHQ','k.michalik@samsung.com','y'),(1630,'hm0503.kim','H0001','hm0503','HQ','hm0503.kim@gmail.com','y'),(1631,'','R0003','sujin5889','RHQ','sujin5889@gmail.com','N'),(1632,'','R0003','musaeva.u','RHQ','musaeva.u@samsung.com','y'),(1633,'smpopadtest','H0001','smpopadtest','HQ','smpopadtest@gmail.com','y'),(1634,'rhqtesttwo','R0004','rhqtesttwo','RHQ','rhqtesttwo@samsung.com','y');
/*!40000 ALTER TABLE `member_auth` ENABLE KEYS */;
UNLOCK TABLES;

--
-- Table structure for table `notice`
--

DROP TABLE IF EXISTS `notice`;
/*!40101 SET @saved_cs_client     = @@character_set_client */;
 SET character_set_client = utf8mb4 ;
CREATE TABLE `notice` (
  `idx` bigint(20) unsigned NOT NULL AUTO_INCREMENT COMMENT '일련번호',
  `nt_type` char(1) NOT NULL DEFAULT 'N' COMMENT '공지종류 (N: 일반, S: 시스템, I: 정보)',
  `reg_dtm` datetime NOT NULL DEFAULT CURRENT_TIMESTAMP COMMENT '등록일자',
  `subject` varchar(512) DEFAULT NULL COMMENT '제목',
  `contents` text COMMENT '내용',
  `link1` varchar(512) DEFAULT NULL COMMENT '링크1',
  `link2` varchar(512) DEFAULT NULL COMMENT '링크2',
  `file1` varchar(512) DEFAULT NULL COMMENT '파일경로1',
  `org_file1` varchar(512) DEFAULT NULL COMMENT '원본파일명1',
  `file2` varchar(512) DEFAULT NULL COMMENT '파일경로2',
  `org_file2` varchar(512) DEFAULT NULL COMMENT '원본파일명2',
  `view_cnt` int(10) unsigned NOT NULL DEFAULT '0' COMMENT '읽은횟수',
  `writer` varchar(512) DEFAULT NULL COMMENT '작성자',
  `main_page` char(1) DEFAULT 'N' COMMENT '메인페이지 노출 여부 (노출: Y, 미노출: N)',
  `mod_dtm` datetime DEFAULT CURRENT_TIMESTAMP,
  `use_yn` char(1) DEFAULT 'Y',
  PRIMARY KEY (`idx`)
) ENGINE=InnoDB AUTO_INCREMENT=4 DEFAULT CHARSET=utf8 COMMENT='공지사항';
/*!40101 SET character_set_client = @saved_cs_client */;

--
-- Dumping data for table `notice`
--

LOCK TABLES `notice` WRITE;
/*!40000 ALTER TABLE `notice` DISABLE KEYS */;
INSERT INTO `notice` VALUES (2,'N','2020-11-14 01:49:06','HQ Support Guide V_1.5 RHQ','<p>HQ Support Guide V_1.5 RHQ</p>  ','','','/home/tomcat/tomcat9/data/notice_20201116110450_1.pdf','RHQ&RPM_manual_HQsupport1116.pdf',NULL,'',91,'운영자','N','2020-11-16 20:04:50','Y'),(3,'N','2020-11-14 05:14:52','HQ Support Guide V_1.5 sublsidiary/country','<p>HQ Support Guide V_1.5 sublsidiary/country</p>  ','','','/home/tomcat/tomcat9/data/notice_20201116110517_1.pdf','Subsidiary&Country_manual_HQsupport1116.pdf',NULL,'',78,'운영자','N','2020-11-16 20:05:18','Y');
/*!40000 ALTER TABLE `notice` ENABLE KEYS */;
UNLOCK TABLES;

--
-- Table structure for table `order_list`
--

DROP TABLE IF EXISTS `order_list`;
/*!40101 SET @saved_cs_client     = @@character_set_client */;
 SET character_set_client = utf8mb4 ;
CREATE TABLE `order_list` (
  `order_id` bigint(20) unsigned NOT NULL AUTO_INCREMENT,
  `mb_id` varchar(45) COLLATE utf8_bin NOT NULL,
  `hq_support_name` varchar(45) COLLATE utf8_bin NOT NULL,
  `country_no` int(11) NOT NULL DEFAULT '0',
  `country_id` varchar(45) COLLATE utf8_bin NOT NULL DEFAULT '',
  `budget_price` int(11) DEFAULT NULL,
  `file1` varchar(512) COLLATE utf8_bin DEFAULT NULL,
  `org_file1` varchar(512) COLLATE utf8_bin DEFAULT NULL,
  `price` int(11) DEFAULT NULL,
  `state` varchar(45) COLLATE utf8_bin DEFAULT NULL,
  `date` datetime DEFAULT CURRENT_TIMESTAMP,
  `od_id` bigint(20) unsigned DEFAULT NULL,
  `od_name` varchar(20) COLLATE utf8_bin DEFAULT '',
  `od_email` varchar(100) COLLATE utf8_bin DEFAULT '',
  `od_tel` varchar(20) COLLATE utf8_bin DEFAULT '',
  `od_hp` varchar(20) COLLATE utf8_bin DEFAULT '',
  `od_company` varchar(100) COLLATE utf8_bin DEFAULT NULL,
  `od_zip1` char(3) COLLATE utf8_bin DEFAULT '',
  `od_zip2` char(3) COLLATE utf8_bin DEFAULT '',
  `od_addr1` varchar(255) COLLATE utf8_bin DEFAULT '',
  `od_addr2` varchar(255) COLLATE utf8_bin DEFAULT '',
  `od_addr3` varchar(255) COLLATE utf8_bin DEFAULT '',
  `od_addr_jibeon` varchar(255) COLLATE utf8_bin DEFAULT '',
  `od_deposit_name` varchar(20) COLLATE utf8_bin DEFAULT '',
  `od_b_name` varchar(20) COLLATE utf8_bin DEFAULT '',
  `od_b_email` varchar(100) COLLATE utf8_bin DEFAULT NULL,
  `od_b_tel` varchar(20) COLLATE utf8_bin DEFAULT '',
  `od_b_hp` varchar(20) COLLATE utf8_bin DEFAULT '',
  `od_b_company` varchar(100) COLLATE utf8_bin DEFAULT NULL,
  `od_b_zip1` char(3) COLLATE utf8_bin DEFAULT '',
  `od_b_zip2` char(3) COLLATE utf8_bin DEFAULT '',
  `od_b_addr1` varchar(255) COLLATE utf8_bin DEFAULT '',
  `od_b_addr2` varchar(255) COLLATE utf8_bin DEFAULT '',
  `od_b_addr3` varchar(255) COLLATE utf8_bin DEFAULT '',
  `od_b_addr_jibeon` varchar(255) COLLATE utf8_bin DEFAULT '',
  `od_c_name` varchar(20) COLLATE utf8_bin DEFAULT NULL,
  `od_c_email` varchar(100) COLLATE utf8_bin DEFAULT NULL,
  `od_c_hp` varchar(20) COLLATE utf8_bin DEFAULT NULL,
  `od_c_company` varchar(100) COLLATE utf8_bin DEFAULT NULL,
  `od_c_addr2` varchar(255) COLLATE utf8_bin DEFAULT NULL,
  `od_memo` text COLLATE utf8_bin,
  `od_cart_count` int(11) DEFAULT '0',
  `od_cart_price` float DEFAULT '0',
  `od_cart_coupon` int(11) DEFAULT '0',
  `od_send_cost` int(11) DEFAULT '0',
  `od_send_cost2` int(11) DEFAULT '0',
  `od_send_coupon` int(11) DEFAULT '0',
  `od_receipt_price` int(11) DEFAULT '0',
  `od_cancel_price` int(11) DEFAULT '0',
  `od_receipt_point` int(11) DEFAULT '0',
  `od_refund_price` int(11) DEFAULT '0',
  `od_bank_account` varchar(255) COLLATE utf8_bin DEFAULT '',
  `od_receipt_time` datetime DEFAULT '0000-00-00 00:00:00',
  `od_coupon` int(11) DEFAULT '0',
  `od_misu` float DEFAULT '0',
  `od_shop_memo` text COLLATE utf8_bin,
  `od_mod_history` text COLLATE utf8_bin,
  `od_status` varchar(255) COLLATE utf8_bin DEFAULT '',
  `od_hope_date` date DEFAULT '0000-00-00',
  `od_settle_case` varchar(255) COLLATE utf8_bin DEFAULT '',
  `od_mobile` tinyint(4) DEFAULT '0',
  `od_pg` varchar(255) COLLATE utf8_bin DEFAULT '',
  `od_tno` varchar(255) COLLATE utf8_bin DEFAULT '',
  `od_app_no` varchar(20) COLLATE utf8_bin DEFAULT '',
  `od_escrow` tinyint(4) DEFAULT '0',
  `od_casseqno` varchar(255) COLLATE utf8_bin DEFAULT '',
  `od_tax_flag` tinyint(4) DEFAULT '0',
  `od_tax_mny` int(11) DEFAULT '0',
  `od_vat_mny` int(11) DEFAULT '0',
  `od_free_mny` int(11) DEFAULT '0',
  `od_delivery_company` varchar(100) COLLATE utf8_bin DEFAULT '0',
  `od_invoice` varchar(255) COLLATE utf8_bin DEFAULT '',
  `od_invoice_time` datetime DEFAULT '0000-00-00 00:00:00',
  `od_cash` tinyint(4) DEFAULT NULL,
  `od_cash_no` varchar(255) COLLATE utf8_bin DEFAULT NULL,
  `od_cash_info` text COLLATE utf8_bin,
  `od_time` datetime DEFAULT '0000-00-00 00:00:00',
  `od_pwd` varchar(255) COLLATE utf8_bin DEFAULT '',
  `od_ip` varchar(25) COLLATE utf8_bin DEFAULT '',
  `od_owner_id` varchar(225) COLLATE utf8_bin DEFAULT NULL,
  `od_1` varchar(255) COLLATE utf8_bin DEFAULT NULL,
  `od_2` varchar(255) COLLATE utf8_bin DEFAULT NULL,
  `od_3` varchar(255) COLLATE utf8_bin DEFAULT NULL,
  `od_4` varchar(255) COLLATE utf8_bin DEFAULT NULL,
  `od_5` varchar(255) COLLATE utf8_bin DEFAULT NULL,
  `od_6` varchar(255) COLLATE utf8_bin DEFAULT NULL,
  `od_7` datetime DEFAULT '0000-00-00 00:00:00',
  `od_country` varchar(255) COLLATE utf8_bin DEFAULT NULL,
  PRIMARY KEY (`order_id`)
) ENGINE=InnoDB AUTO_INCREMENT=2 DEFAULT CHARSET=utf8 COLLATE=utf8_bin COMMENT='오더리스트';
/*!40101 SET character_set_client = @saved_cs_client */;

--
-- Dumping data for table `order_list`
--

LOCK TABLES `order_list` WRITE;
/*!40000 ALTER TABLE `order_list` DISABLE KEYS */;
/*!40000 ALTER TABLE `order_list` ENABLE KEYS */;
UNLOCK TABLES;

--
-- Table structure for table `recent_delivery`
--

DROP TABLE IF EXISTS `recent_delivery`;
/*!40101 SET @saved_cs_client     = @@character_set_client */;
 SET character_set_client = utf8mb4 ;
CREATE TABLE `recent_delivery` (
  `idx` bigint(20) unsigned NOT NULL AUTO_INCREMENT,
  `mb_id` varchar(100) DEFAULT NULL,
  `od_name` varchar(100) DEFAULT NULL,
  `od_hp` varchar(50) DEFAULT NULL,
  `od_addr2` varchar(500) DEFAULT NULL,
  `default_yn` char(1) DEFAULT NULL,
  `od_time` datetime DEFAULT CURRENT_TIMESTAMP,
  `co_name` varchar(45) NOT NULL,
  `addr_type` int(11) NOT NULL,
  `country_no` int(11) NOT NULL,
  PRIMARY KEY (`idx`),
  KEY `mbid_idx` (`mb_id`)
) ENGINE=InnoDB AUTO_INCREMENT=203 DEFAULT CHARSET=utf8 COMMENT='최근 배송지';
/*!40101 SET character_set_client = @saved_cs_client */;

--
-- Dumping data for table `recent_delivery`
--

LOCK TABLES `recent_delivery` WRITE;
/*!40000 ALTER TABLE `recent_delivery` DISABLE KEYS */;
INSERT INTO `recent_delivery` VALUES (1,'','Derek Wu','6472036490','2050 Derry Rd W, Mississauga, ON CANADA / ZIP CODE : L5N 0B9','Y','2020-11-21 23:26:56','Samsung Electronics Canad',1,2),(2,'','Jörn Mangels','4961969713476',' Am Kronberger Hang 8 Schwalbach / ZIP CODE : 65824','Y','2020-11-21 23:26:56','Cheil Germany GmbH',1,3),(3,'','Paulina Kaye','(00)447590371326','1000 Hillswood Drive, Chertsey, KT16 0PS','Y','2020-11-21 23:26:56','Samsung House',1,4),(4,'','Marion Gardrat / Cecile Rizzo','+33144047602','1 rue Fructidor 93484 Saint Ouen Cedex / ZIP CODE : 93484','Y','2020-11-21 23:26:56','CHEIL France',1,5),(5,'','Maura Lunardi','393355327782','Via Mike Bongiorno, 9   /   20124 Milano MI','Y','2020-11-21 23:26:56','SAMSUNG ELECTRONICS ITALIA SPA  ',1,6),(6,'','Paula Ortega Moya','+34679846595','Parque Emp Omega Edificio C - Av. De La Transición Española, 32 - 28108 Alcobendas – Madrid','Y','2020-11-21 23:26:56','SAMSUNG ELECTRONICS IBERIA, S.A.U.',1,7),(7,'','Ana Oliveira','+351966541878','Lagoas Park, Edificio 5B, Piso 0  / ZIP CODE :  2740-245 Porto Salvo - Portugal','Y','2020-11-21 23:26:56','Samsung Electronics Portugal',1,8),(8,'','Ahreum Choi','+31625120791','Evert van de Beekstraat 310, 1118 CX, Schiphol (The Netherlands) / ZIP CODE : 1118 CX Schiphol ','Y','2020-11-21 23:26:56','Samsung Electornics Benelux',1,9),(9,'','Ahreum Choi','+31625120791','Evert van de Beekstraat 310, 1118 CX, Schiphol (The Netherlands) / ZIP CODE : 1118 CX Schiphol ','Y','2020-11-21 23:26:56','Samsung Electornics Benelux',1,10),(10,'','Jimmy Gustavsson','+46700809488','Veddesta Distribution AB, Stålgatan 11A, 19572 ROSERSBERG, SWEDEN / ZIP CODE :  195 72 Rosersberg','Y','2020-11-21 23:26:56','Veddesta Distribution AB',1,11),(11,'','Jimmy Gustavsson','+46700809488','Veddesta Distribution AB, Stålgatan 11A, 19572 ROSERSBERG, SWEDEN / ZIP CODE :  195 72 Rosersberg','Y','2020-11-21 23:26:56','Veddesta Distribution AB',1,12),(12,'','Jimmy Gustavsson','+46700809488','Veddesta Distribution AB, Stålgatan 11A, 19572 ROSERSBERG, SWEDEN / ZIP CODE :  195 72 Rosersberg','Y','2020-11-21 23:26:56','Veddesta Distribution AB',1,13),(13,'','Jimmy Gustavsson','+46700809488','Veddesta Distribution AB, Stålgatan 11A, 19572 ROSERSBERG, SWEDEN / ZIP CODE :  195 72 Rosersberg','Y','2020-11-21 23:26:56','Veddesta Distribution AB',1,14),(14,'','Martyna Gruza','+48600099929','Postępu 14, 02-676 Warsaw, POLAND / ZIP CODE : 02-676','Y','2020-11-21 23:26:56','Samsung Electronics Polska',1,15),(15,'','Andreas Haag','+41444557860','Giessbübelstrasse 30, 8045 Zurich / ZIP CODE : 8045','Y','2020-11-21 23:26:56','Samsung Switzerland GmbH',1,16),(16,'','Laurentiu Ionut Secara','+40725682484','Platinium Business and Convention Center 172-176 Bucharest-Ploiesti St Bd A, 5th floorSector 1, Bucharest, Romania','Y','2020-11-21 23:26:56','S.C. SAMSUNG ELECTRONICS ROMANIA S.R.L.',1,18),(17,'','Gabriella Alekian','+359897717030','European Trade Centre, 115M Tsarigradsko Shousse Blvd., block D, 4th  floor 1784 Sofia, Bulgaria / ZIP CODE : 1784','Y','2020-11-21 23:26:56','Samsung Electronics Romania S.R.L., Bulgaria ',1,19),(18,'','','','Samsung SDS Global SCL Austria GmbHRegus Business Center, Office Park 1,Top B02, A-1300 Vienna Airport , Austria','Y','2020-11-21 23:26:56','[CONSIGNEE]Samsung Electronics Austria GmbHPr',1,17),(19,'','Marek Murdych','+420776462010','V Parku 2308/8, 148 00  Praha 4-Chodov','Y','2020-11-21 23:26:56','Cheil Germany GmbH, organizační  složka',1,20),(20,'','Marek Murdych','+420776462010','V Parku 2308/8, 148 00  Praha 4-Chodov','Y','2020-11-21 23:26:56','Cheil Germany GmbH, organizační  složka',1,21),(21,'','Iva Balent','+385914637561',' Zagreb, Radnička cesta 37 b, Croatia / ZIP CODE : 10000 Zagreb','Y','2020-11-21 23:26:56','SAMSUNG ELECTRONICS AUSTRIA Gmbh Podružnica Z',1,22),(22,'','Filip Micic','381628002908','Omladinski Brigada 90V 11070 Novi Beograd / ZIP CODE :11000Please add: Free of charge, for custom clearance only　','Y','2020-11-21 23:26:56','SAMSUNG ELECTRONICS AUSTRIA Gmbh Belgrade Bra',1,23),(23,'','Filip Micic','381628002908','Omladinski Brigada 90V 11070 Novi Beograd / ZIP CODE :11000　Please add: Free of charge, for custom clearance only','Y','2020-11-21 23:26:56','SAMSUNG ELECTRONICS AUSTRIA Gmbh Belgrade Bra',1,24),(24,'','Iva Balent','+385914637561',' Zagreb, Radnička cesta 37 b, Croatia / ZIP CODE : 10000 Zagreb','Y','2020-11-21 23:26:56','SAMSUNG ELECTRONICS AUSTRIA Gmbh Podružnica Z',1,25),(25,'','Filip Micic','381628002908','Omladinski Brigada 90V 11070 Novi Beograd / ZIP CODE :11000　Please add: Free of charge, for custom clearance only','Y','2020-11-21 23:26:56','SAMSUNG ELECTRONICS AUSTRIA Gmbh Belgrade Bra',1,26),(26,'','Iva Balent','+385914637561','Zagreb, Radnička cesta 37 b, CroatiaZIP CODE : 10000 Zagreb','Y','2020-11-21 23:26:56','SAMSUNG ELECTRONICS AUSTRIA Gmbh Podružnica Z',1,27),(27,'','Filip Micic','381628002908','Omladinski Brigada 90V 11070 Novi Beograd / ZIP CODE :11000　Please add: Free of charge, for custom clearance only','Y','2020-11-21 23:26:56','SAMSUNG ELECTRONICS AUSTRIA Gmbh Belgrade Bra',1,28),(28,'','Tamas Kiss / Emoke Benedek','+36306575654','1138. Budapest. Dunavirág utca 2. Gateway Office. I. torony / ZIP CODE :1138','Y','2020-11-21 23:26:56','Samsung Magyar Zrt',1,29),(29,'','Vita Jasmane','37167241418',' Rudeņi 2, Saurieši, Salaspils novads, / ZIP CODE :  LV-2118, Latviathis is - for Samsung Electronics Baltics SIA.','Y','2020-11-21 23:26:56','SIA Kuehne+Nagel',1,30),(30,'','Vita Jasmane','37167241418',' Rudeņi 2, Saurieši, Salaspils novads, / ZIP CODE :  LV-2118, Latviathis is - for Samsung Electronics Baltics SIA.','Y','2020-11-21 23:26:56','SIA Kuehne+Nagel',1,31),(31,'','Vita Jasmane','37167241418',' Rudeņi 2, Saurieši, Salaspils novads, / ZIP CODE :  LV-2118, Latviathis is - for Samsung Electronics Baltics SIA.','Y','2020-11-21 23:26:56','SIA Kuehne+Nagel',1,32),(32,'','George Freris','+306941610810',' 24A Kifissias Ave.Marousi, Athens, 15125 Greece / ZIP CODE : 15125','Y','2020-11-21 23:26:56','Samsung Greece',1,33),(33,'','Ivan Zelenkov','+79036896690','MOSCOW, RUSSIA NOVINSKY BULVAR 31 /  ZIP/POSTAL: 123242','Y','2020-11-21 23:26:56','LLC” SAMSUNG ELECTRONICS RUS COMPANY” ',1,34),(34,'','Murad Hajiyev','994512069854','Azerbaijan, Baku, Bakikahnov street 24, Bridge Plaza 12 floor / ZIP CODE : AZ 1065','Y','2020-11-21 23:26:56','Samsung Electronics  Caucasus Company LLC ',1,35),(35,'','Nino Nakani','995322202408','King David Business Center, Aleksidze Str. 12, 0193, Tbilisi, Georgia / ZIP CODE : 0193 　','Y','2020-11-21 23:26:56','LLC Samsung Electronics Caucasus Company Repr',1,36),(36,'','Ivashchenko Igor','380671546503','57, Lva Tolstogo St.,floor 24, BC 101 Tower, Kiev,01032 Ukraine','Y','2020-11-21 23:26:56','Samsung Electronics Ukraine Company',1,37),(37,'','Dinara Toktybayeva','77010593749','Al-Farabi 36, Block - B, Almaty 050059, Kazakhstan / ZIP CODE : 050059','Y','2020-11-21 23:26:56','Samsung Electronics Central Eurasia',1,38),(38,'','Dinara Toktybayeva','77010593749','Al-Farabi 36, Block - B, Almaty 050059, Kazakhstan / ZIP CODE : 050059','Y','2020-11-21 23:26:56','Samsung Electronics Central Eurasia',1,39),(39,'','Dinara Toktybayeva','77010593749','Al-Farabi 36, Block - B, Almaty 050059, Kazakhstan / ZIP CODE : 050059','Y','2020-11-21 23:26:56','Samsung Electronics Central Eurasia',1,40),(40,'','Dinara Toktybayeva','77010593749','Al-Farabi 36, Block - B, Almaty 050059, Kazakhstan / ZIP CODE : 050059','Y','2020-11-21 23:26:56','Samsung Electronics Central Eurasia',1,41),(41,'','Dinara Toktybayeva','77010593749','Al-Farabi 36, Block - B, Almaty 050059, Kazakhstan / ZIP CODE : 050059','Y','2020-11-21 23:26:56','Samsung Electronics Central Eurasia',1,43),(42,'','Man Li','8613811964107','Avic Capital Tower(Zhonghang Ziben Dasha), Building 2,4th District, Wangjing East Park, Chaoyang Dist., Beijing, China     ','Y','2020-11-21 23:26:56','Man Li, SAMSUNG (CHINA) INVESTMENT CO. LTD',1,81),(43,'','Laura Law / Koey Chan','+85228626021','33/F , 18 Harbour Road , Central Plaza, WanChai, Hong Kong','Y','2020-11-21 23:26:56','Samsung Electronic HK Limited',1,82),(44,'','Peter Tsai','886975202292','10F,NO.399-1,RUI GUANG RD.,NEI HUDIST,TAIPEI,TAIWAN,R.O.C','Y','2020-11-21 23:26:56','[CONSIGNEE] SAMSUNG ELECTRONICS TAIWAN CO. LT',1,83),(45,'','','021940150058000','TCC BATAVIA - TOWER ONE LANTAI 21JL. KH. MAS MANSYUR KAV. 126, Kel. Karet Tengsin, Kec. Tanah Abang, Kota Adm. Jakarta Pusat, Prop. DKI Jakarta  / Post Code : 10220','Y','2020-11-21 23:26:56',' PT SAMSUNG TELECOMMUNICATION INDONESIA',1,84),(46,'','Tapanachainukool / Watsittha Saefung','66950955775','33RD - 35TH FLOORS, EMPIRE TOWER 1, SOUTH SATHORN RD. YANNAWA,SATHORN, BANGKOK 10120 THAILAND / ZIP CODE : 10120','Y','2020-11-21 23:26:56','THAI SAMSUNG ELECTRONICS CO. LTD.',1,85),(47,'','Phyo Thinzar Tun Thu','943182909',' ENDRA (12) STREET, NO.(985), (K) QUARTER, NORTH OKKALAPA TOWNSHIP, YANGON REGION, MYANMAR Contact person - Phyo Thinzar Tun Thu','Y','2020-11-21 23:26:56','Thu United Family Co.,Ltd.',1,86),(48,'','CHEA VONG SOVITHYA','(855)77212111','21st floor, Phnom Penh Tower, #445 Monivong Blvd., Sangkat Boeung Pralit,Khan 7Makara, Phnom Penh, / ZIP CODE : 120308 ','Y','2020-11-21 23:26:56','Branch of Thai Samsung Electronics Co., LTD.',1,87),(49,'','Nitphada Muensaveng','8562052297999','33-35th Floor, Empire Tower, 01 South Sathorn Road,Yannawa, Sathorn, Bangkok 10120, Thailand','Y','2020-11-21 23:26:56','THAI SAMSUNG ELECTRONICS CO.,LTD',1,88),(50,'','Tina Stephens','+61297639686','3 Murray Rose Avenue, Sydney Olympic Park  NSW 2127 Australia ','Y','2020-11-21 23:26:56','Samsung Electronics Australia PTY LTD ',1,89),(51,'','Tran Nhu Ngoc','84799882424','Fl. 25 Bitexco Financial Tower, 02 HaiTrieu Str, BenNghe Ward, Dist 1,HoChiMinh City, VietNam','Y','2020-11-21 23:26:56','SAMSUNG ELECTRONICS HCMC CE COMPLEX CO., LTD ',1,90),(52,'','Shun/Lechu','60123453545','Level 16, Mercu 2, No.3, Jalan Bangsar KL ECO CITY, KUALA LUMPUR, MALAYSIA / ZIP/Postal code : 59200','Y','2020-11-21 23:26:56','Samsung Malaysia Electronics',1,91),(53,'','Emie Portalio','632-2147629','9F Science Hub Tower 4 Mckinley Hill Cyberpark, Fort Bonifacio,Taguig City Philippines','Y','2020-11-21 23:26:56','Samsung Electronics Philippines Corporation',1,92),(54,'','Sheri Lim','6598533859',' 30 Pasir Panjang, #17-31/32, Mapletree Business City, Singapore 117440','Y','2020-11-21 23:26:56','Samsung Asia Pte Ltd',1,93),(55,'','Geoff Claase','6421497490','24 The Warehouse Way, Northcote, Auckland 0627 / ZIP CODE : 0627','Y','2020-11-21 23:26:56','Samsung Electronics New Zealand Ltd',1,94),(56,'','Biswajit Chandra','918527896111','Samsung India Electronics Pvt. Ltd. , KHET NO. 25 & 28, KHATA KHATAUNI NO. 77, VILLAGE GUAJPUR, PARGANA, DANAKPUR, ECOTECH II, GREATER NOIDA, UTTAR PRADESH-201306','Y','2020-11-21 23:26:56','Biswajit Chandra',1,95),(57,'','Jayram Thapa','9779802002764','KB Plaza, Beena Marga, Kathmandu, Nepal','Y','2020-11-21 23:26:56','Integrated Mobility Solutions Pvt Ltd',1,96),(58,'','Raveen Jayasekara','94773730349','NO. 90, UNION PLACE COLOMBO 02 SRI LANKA / ZIP/POSTAL:00200','Y','2020-11-21 23:26:56','JOHN KEELLS OFFICE AUTOMATIONS (PVT) LTD',1,97),(59,'','Arifur Rahman','1777702333','Khawaja Palace,76/B (3rd Floor), Road 11,Banani, Dhaka - 1213, Bangladesh / ZIP CODE : 1213 　','Y','2020-11-21 23:26:56','Fair Distribution Ltd',1,98),(60,'','Tarun Makija','971501893620','Samsung Building, 5th Floor, Near Butterfly Roundabout, Opposite Arjaan by Rotana, P.O. Box 500047, Dubai Media City, Dubai, UAE / ZIP CODE : 500047 　','Y','2020-11-21 23:26:56','Samsung Gulf Electronics',1,64),(61,'','Ali Hujairi','+97317408000',' PO BOX  632, #32, Building #00264, Road #0328, Block #356, Salihiya, Bahrain','Y','2020-11-21 23:26:56','Bin Hindi',1,65),(62,'','Mohamad Sohaib','96550011358','Abdul Aziz Saud Al Batain and Sons, Salahuddin St. P.O Box 599 Safat 13006, Kuwait / ZIP CODE : 599','Y','2020-11-21 23:26:56','Al Babtain',1,66),(63,'','Jomy Joshep','+96899320350','Muscat, Ruwi, Oppsite to Al Falaj Hotel. Sarco Oman P.O Box 3994. Ruwi 112. Oman / ZIP CODE : 3994','Y','2020-11-21 23:26:56','Sarco',1,67),(64,'','Mr. Vijaya','+97430031236','ABA Tower 6th Floor, Airport Road, Umm Ghuwailina, P.O. Box: 1993, Doha – Qatar  / ZIP CODE : 1993','Y','2020-11-21 23:26:56','Qatar Marketing  company Dohatna innovative D',1,68),(65,'','Arif Sahin Isci, Meral Cicek','905301596492','Flatofis Istanbul Is Merkezi Otakcilar Cad. No: 78 Kat:4 No:B3 34050  Eyup ,Istanbul,Turkey  / ZIP CODE : 34050','Y','2020-11-21 23:26:56','SAMSUNG ELECTRONICS ISTANBUL PAZARLAMA VE TIC',1,69),(66,'','Maha Othman','962790389355','King Hussein Business Park, King Abdulllah II street, Building 5','Y','2020-11-21 23:26:56','Samsung Electronics Levant Jordan Co. LTD',1,70),(67,'','Majida Sayah','+96179300915','Zakhem Plaza, 4th Floor, Sin El Fil   - Beirut, Lebanon, Att.:Jean-Pierre Keyrouz ','Y','2020-11-21 23:26:56','Samsung Electronics Levant',1,71),(68,'','Amanj Basil Abdulsamad','9647508252623',' Villa # 351 , Italian Village 1 , Erbil , Kurdistan Region , Iraq','Y','2020-11-21 23:26:56','Samsung Electronics Levant ',1,72),(69,'','Amanj Basil Abdulsamad','9647508252623','Villa # 351 , Italian Village 1 , Erbil , Kurdistan Region , Iraq','Y','2020-11-21 23:26:56','Samsung Electronics Levant ',1,74),(70,'','Tamer Raafat','00966569302985','9th floor, Hamad tower, Al Olaya District, King Fahad Road, P.O. Box 3143, Riyadh 12212 Kingdom of Saudi Arabia','Y','2020-11-21 23:26:56','SAMSUNG ELECTRONICS SAUDI ARABIA Ltd. ',1,75),(71,'','Mr. Razeen','971508934123','Barwil Dubai LLC Near Alokozay, Jebel Ali  Free Zone South, Dubai ,U.A.E.','Y','2020-11-21 23:26:56','Samsung SDS Global Supply Chain Logistics M.E',1,76),(72,'','Belaabbas Moussa','212671522157','Immeuble Horizon, 4-5 etage, Mandarona 300, Lot n°9,Sidi Maarouf - CP 20150 Casablanca, Morocco / ZIP CODE : 20150 　','Y','2020-11-21 23:26:56','Samsung Electronics maghreb Arab',1,77),(73,'','Meriem Douki','21626128800',' B1-7 COMPLEXE YASMINE TOWER BOULVARD DE LA TERRE 1082 TUNIS TUNISIA ','Y','2020-11-21 23:26:56','COMPAGNE AFRICAINE PUBLICITE\'\'CAP\'\' ',1,78),(74,'','Zoheir Redouane Lammari','+97145676725','IMMEUBLE CMA-CGM,8E ÉTAGE COTÉ SUD.QUARTIER D’AFFAIRES D’ALGER BAB EZZOUAR, ALGER 16311 ALGERIA / ZIP :16311','Y','2020-11-21 23:26:56','Samsung Gulf Electronics FZE',1,79),(75,'','ornit bauer','972547372355','22 aharon bert petah tikva, israel , 4951448 / ZIP CODE : 4951448 　','Y','2020-11-21 23:26:56','Samsung Israel ',1,80),(76,'','Thabo Tlowan','\'27115491515','2929 william nicol drive, Bryanston, 2021 Johannesburg ','Y','2020-11-21 23:26:56','Samsung Electornics South Africa',1,99),(77,'','Stanley Githende','254204294000','P.O. Box 27577-00506, West End Towers, 3rd Floor, Waiyaki Way, Nairobi Kenya','Y','2020-11-21 23:26:56','Samsung Electronics East Africa, Nairobi Keny',1,100),(78,'','John Manyika','27113956606','1 Northern Perimeter Rd, O.R. Tambo Airport, Kempton Park, Gauteng, 1627 ','Y','2020-11-21 23:26:56','John Manyika | Storeman ',1,101),(79,'','Sabnish Beharee','23057292022','[Management Company: Gove Support Management] Office A, 8th Floor, Tower A, 1 CyberCity, Ebene – Mauritius 72201　 / ZIP CODE : 72201 　','Y','2020-11-21 23:26:56','Samsung Electronics Mauritius Post',1,104),(80,'','Olayera Olaoluwa','2348039679161','14th Floor One 6 Temple Tower, 16 Temple Street Ikoyi, Lagos, Nigeria.','Y','2020-11-21 23:26:56','Samsung Electronics West Africa Ltd.',1,105),(81,'','Alhassan Leo Ishmeal','233302744444','2nd Floor Stanbic Heights, Airport City, Accra - Ghana','Y','2020-11-21 23:26:56','Samsung Electronics West Africa Ltd',1,106),(82,'','Alassane Diaite','221338596135',' Building 2K PLAZA SUITE C1, RTE DU MERIDIEN PRESIDENT, Alamdies, Dakar, Senegal','Y','2020-11-21 23:26:56','Samsung Electronics SCA, Dakar, Senegal',1,109),(83,'','','0022554181818',' Abidjan Plateau Rue du commerce, Immeuble SCI AMIRAL 4th floor','Y','2020-11-21 23:26:56','SOCIETE KARAGNARA ET FRERES Abidjan – Cote D’',1,107),(84,'','','696712298','  3rd Floor former DHL building opposite Hotel Serena Bali (Cowork Africa)    Douala - Cameroon','Y','2020-11-21 23:26:56','MBOMBOO NGAPNA Ibrahim',1,108),(85,'','','','AVENIDA DOUTOR CHUCRI ZAIDAN,1240–DIAMOND TOWER14°AO 21 °ANDAR,VILA SÃO FRANCISCO / ZIP: 04711-130, SÃO PAULO – SP - BRAZILCNPJ: 00.280.273/0007-22','Y','2020-11-21 23:26:56','SAMSUNG ELECTRONICA DA AMAZONIA LTDA',1,44),(86,'','Stanley Losilla','50768705345','Tower 7, Floor 7, Business Park, Costa del Este, Panama City, Panama','Y','2020-11-21 23:26:56','Samsung Electronics Latinoamerica, Z.L., S.A.',1,46),(87,'','Mariana Hinestosa','3059085217','9850 NW 41 ST, SUITE 350, DORAL, FL 33178 / ZIP CODE : 33178','Y','2020-11-21 23:26:56','Samsung Electronics Latinoamerica ',1,47),(88,'','Fredy Wong / Mathew Ruano','(502)23046481','5 ave. 5-55 zona 14 Torre 2 Nivel 14 Edificio Europlaza / NIT: 6021755-3Fredy Wong / Mathew Ruano','Y','2020-11-21 23:26:56','Samsung Electronics Latinoamérica (Zona Libre',1,49),(89,'','Anghe Trigueros','22681250','Edificio Corporativo Los Próceres piso 8, No, 802 Parque Los próceres entre Blvd. Morazán y Ave.La Pa; Tegucigalpa Honduras','Y','2020-11-21 23:26:56','SAMSUNG ELECTRONICS LATINOAMERICA (ZONA LIBRE',1,51),(90,'','','(503)72109760','AV. El Espino, #77 URB. Madre Selva, Antiguo Cuscatlan, La LibertadOrlando Interiano','Y','2020-11-21 23:26:56','Research & Planning, S.A DE C.V',1,52),(91,'','','18095335447','Av. Winston Churchill No.93, Torre Empresarial Blue Mall,Piso 27, Santo Domingo Republica Dominicana.','Y','2020-11-21 23:26:56','Samsung Electronics Lationamerica Zona Libre ',1,50),(92,'','Clara Colon','+59345006300','Av. Rodrigo Chávez González, Parque Empresarial Colón Edificio Corporativo II, 3r Piso oficina 301 - EC090112 Ecuador  / ZIP CODE : 090112','Y','2020-11-21 23:26:56',' SAMSUNG ELECTRONICS LATINOAMERICA ZONA LIBRE',1,53),(93,'','Dennise Ortega / Manuel Lecaro','(506)40363310','Avenida Escazu Torre Lexus piso 4, San Rafael Escazú, San José Costa Rica  / ZIP CODE : 10203 　','Y','2020-11-21 23:26:56','Samsung Electronics Lationamerica Zona Libre ',1,54),(94,'','Andrea Hernández Lizano','15557475100','Calzada General Mariano Escobedo 476, Anzures, 11570 Miguel Hidalgo, CDMX / ZIP CODE : 11570','Y','2020-11-21 23:26:56',' Samsung Electronics Mexico',1,56),(95,'','Adriana Castillejos','5491169826323','BOUCHARD 710 - 7TH FLOOR, BUENOS AIRES ARGENTINA  / ZIP CODE : C1106ABL ','Y','2020-11-21 23:26:56',' SAMSUNG ELECTRONICS ARGENTINA S.A',1,57),(96,'','Tere Choi','595985372101','AVDA. ESPAÑA 203 CASI SANTISIMO SACRAMENTO','Y','2020-11-21 23:26:56',' BONUS S.A.',1,58),(97,'','Ana Villagra','59826289999','LUIS ALBERTO DE HERRERA 1248 TORRE / ZIP CODE : 11300','Y','2020-11-21 23:26:56',' SAMSUNG ELECTRONICS ARGENTINAS.A.(SUCURSAL U',1,59),(98,'','Juan Pablo Marchese','56974327456','Trade IM, Cerro El Plomo 6000, Piso 6, Las Condes, Santiago de Chile / ZIP CODE : 7560623','Y','2020-11-21 23:26:56',' SAMSUNG ELECTRONICS CHILE ltda',1,60),(99,'','Ricardo Falcon','59122796406','Av. Ballivian Nº555, Edificio El Dorial, piso 9, zona Calacoto (entre calles 11 y 12), La Paz, Bolivia ','Y','2020-11-21 23:26:56',' SAMSUNG ELECTRONICS CHILE LIMITADA SUCURSAL ',1,61),(100,'','Jose Maria Lievana','+5714870707','ABC STORAGE CRA CRA 106NO 15A-25 MZ 23 INT 135H, ZONA FRANCA BOGOTA COLOMBIA / ZIP/POSTAL: 110111 //  NIT 830.028.931-5 ','Y','2020-11-21 23:26:56',' SAMSUNG ELECTRONICS COLOMBIA S.A.',1,62),(101,'','RICARDO TORRES RICHOUX','','AV. RIVERA NAVARRETE 501 (PISO 6)SAN ISIDRO - LIMA, PERU RUC: 20300263578','Y','2020-11-21 23:26:56','SAMSUNG ELECTRONICS PERU SAC \'-',1,63),(102,'','Fatima Siddiqui','4372354579','1680 Mattawa Ave, Mississauga, Ontario, Canada L4X 3A5 / ZIP CODE : L4X3A5','Y','2020-11-21 23:26:56','Samsung Electronics Canad',0,2),(103,'','Erhan Oengel','496103987012','Otto-Hahn-Str. 1-7, Langen, Germany / ZIP CODE : 63225','Y','2020-11-21 23:26:56','DFD Direktwerbung Fullservice Dialog GmbH',0,3),(104,'','Nick Baker','447469857001','Unit 29 Stretford Motorway ParkCeledonia WayOff Barton Dock Rd,Trafford ParkManchesterM32 0ZHENGLAND','Y','2020-11-21 23:26:56','Samsung C/O 100% Group',0,4),(105,'','Nicolas Poty','+33160868225',' 37 rue du Bois Chaland, 91090 Lisses, France / ZIP CODE : 91090  　','Y','2020-11-21 23:26:56','KUBE Design',0,5),(106,'','Maura Lunardi','393355327782','Via Lirone, 320068 Peschiera Borromeo MI','Y','2020-11-21 23:26:56','MIT SAFETRANS',0,6),(107,'','Cristian Hernandez','34648289201','C/Enebro S/N – PI La Sendilla 28350 – Ciempozuelos Madrid / ZIP CODE : 28350','Y','2020-11-21 23:26:56','CBL Logística',0,7),(108,'','Marcelo Luiz','+351913589361','Estrada de Paço de Arcos, Urbanização Sulim, Armz 80, alto da Bela Vista,l / ZIP CODE : 2735-340 Agualva Cacém - Portugal','Y','2020-11-21 23:26:56','Sociprime',0,8),(109,'','Paulo Snel','+31621151304','Kolenbranderstraat 24, 2984 AT Ridderkerk, NETHERLANDS / ZIP CODE : 2984 AT Ridderkerk','Y','2020-11-21 23:26:56','Tchai International',0,9),(110,'','Paulo Snel','+31621151304','Kolenbranderstraat 24, 2984 AT Ridderkerk, NETHERLANDS / ZIP CODE : 2984 AT Ridderkerk','Y','2020-11-21 23:26:56','Tchai International',0,10),(111,'','Yvonne Andersson','46858510960','Fyrgatan 11 195 61, Arlandastad, Sweden / ZIP CODE :  195 61, Arlandastad','Y','2020-11-21 23:26:56',' DB Schenker Logistics',0,11),(112,'','Yvonne Andersson','46858510960','Fyrgatan 11 195 61, Arlandastad, Sweden / ZIP CODE :  195 61, Arlandastad','Y','2020-11-21 23:26:56',' DB Schenker Logistics',0,12),(113,'','Yvonne Andersson','46858510960','Fyrgatan 11 195 61, Arlandastad, Sweden / ZIP CODE :  195 61, Arlandastad','Y','2020-11-21 23:26:56',' DB Schenker Logistics',0,13),(114,'','Yvonne Andersson','46858510960','Fyrgatan 11 195 61, Arlandastad, Sweden / ZIP CODE :  195 61, Arlandastad','Y','2020-11-21 23:26:56',' DB Schenker Logistics',0,14),(115,'','Dariusz Wojtasiak','+48502198480','Sokołowska 64, 05-806 Pęcice, POLAND / ZIP CODE : 05-806','Y','2020-11-21 23:26:56','DSV Solutions Sp. z o. o. ',0,15),(116,'','Fritz Feissli','41445001698','Rütistrasse 12,  8952  Schlieren / ZIP CODE :  8952','Y','2020-11-21 23:26:56','X-Tool Services  (Schweiz) AG',0,16),(117,'','Laurentiu Ionut Secara','+40725682484','Platinium Business and Convention Center 172-176 Bucharest-Ploiesti Street Building A, 5th floorSector 1, Bucharest, Romania','Y','2020-11-21 23:26:56','S.C. SAMSUNG ELECTRONICS ROMANIA S.R.L.',0,18),(118,'','Gabriella Alekian','+359897717030','European Trade Centre, 115M Tsarigradsko Shousse Blvd., block D, 4th  floor 1784 Sofia, Bulgaria / ZIP CODE : 1784','Y','2020-11-21 23:26:56','Samsung Electronics Romania S.R.L., Bulgaria ',0,19),(119,'','','+436648370592','Geschäftsbereich tectraxx Wiener Straße 26A 2326 Maria LanzendorfAustriaContact: Andreas Gartner','Y','2020-11-21 23:26:56','[CONSIGNEE]Gebrüder Weiss Gesellschaft m.b.H.',0,17),(120,'','Marek Murdych','+420776462010','V Parku 2308/8, 148 00  Praha 4-Chodov','Y','2020-11-21 23:26:56','Cheil Germany GmbH, organizační  složka',0,20),(121,'','Marek Murdych','+420776462010','V Parku 2308/8, 148 00  Praha 4-Chodov','Y','2020-11-21 23:26:56','Cheil Germany GmbH, organizační  složka',0,21),(122,'','Iva Balent','+385914637561','Zagreb, Radnička cesta 37 b, Croatia / ZIP CODE : 10000 Zagreb','Y','2020-11-21 23:26:56','SAMSUNG ELECTRONICS AUSTRIA Gmbh Podružnica Z',0,22),(123,'','Mina Tasic','381604141390','Omladinskih brigada 90V, 11070 Belgrade, Serbia / ZIP CODE :  11070　','Y','2020-11-21 23:26:56','Ogranak Samsung Electronics Austria Gmbh Beog',0,23),(124,'','Darko Ćurić','38269342022','Address: Vucedolska 1 - 5/1, Podgorica, Montenegro / ZIP Code: 81110','Y','2020-11-21 23:26:56','Delivery to: The HeadHunter Ltd',0,24),(125,'','Mirjam Macek Tavcar','38641310255','Letališka 29A, 1000 Ljubljana, Slovenia   / ZIP CODE :  1000','Y','2020-11-21 23:26:56','Samsung Electronics Austria Gmbh Podružnica v',0,25),(126,'','Ljupco Aleksovski','38977707777','St. Kosturski Heroi No. 38 2nd floor1000 SKOPJE, Republic of North Macedonia  　','Y','2020-11-21 23:26:56','The Headhunter Macedonia DOOEL Skopje The Hea',0,26),(127,'','Adi Palamar','38762177035','Notify party:The Headhunter doo Unitic Business Center Fra Andjela Zvizdovica 1/ tower A 11 floor,71000 Sarajevo,Bosnia and Herzegovina/ZIP CODE : 71000','Y','2020-11-21 23:26:56','Consignee:MAXŠPED doo  Halilovici bb, Sarajev',0,27),(128,'','Ana Bush','355684003620','Alpas Business Center, Bulevardi „Gjergj Fishta“,  Kati 6Tirane, Albania','Y','2020-11-21 23:26:56','The Headhunter ltd.',0,28),(129,'','Tamas Kiss / Emoke Benedek','+36306575654','1138. Budapest. Dunavirág utca 2. Gateway Office. I. torony / ZIP CODE :1138','Y','2020-11-21 23:26:56','Samsung Magyar Zrt',0,29),(130,'','Vita Jasmane','37167241418','Rudeņi 2, Saurieši, Salaspils novads, / ZIP CODE :  LV-2118, Latvia','Y','2020-11-21 23:26:56','SIA Kuehne+Nagel',0,30),(131,'','Vita Jasmane','37167241418','Rudeņi 2, Saurieši, Salaspils novads, / ZIP CODE :  LV-2118, Latvia','Y','2020-11-21 23:26:56','SIA Kuehne+Nagel',0,31),(132,'','Vita Jasmane','37167241418','Rudeņi 2, Saurieši, Salaspils novads, / ZIP CODE :  LV-2118, Latvia','Y','2020-11-21 23:26:56','SIA Kuehne+Nagel',0,32),(133,'','George Freris','+306941610810','24A Kifissias Ave.Marousi, Athens, 15125 Greece / ZIP CODE : 15125','Y','2020-11-21 23:26:56','Samsung Greece',0,33),(134,'','Ivan Zelenkov','+79036896690','MOSCOW, RUSSIANOVINSKY BULVAR 31  ZIP/POSTAL: 123242','Y','2020-11-21 23:26:56','LLC” SAMSUNG ELECTRONICS RUS COMPANY” ',0,34),(135,'','Murad Hajiyev','994512069854','Azerbaijan, Baku, Bakikahnov street 24, Bridge Plaza 12 floor / ZIP CODE : AZ 1065','Y','2020-11-21 23:26:56','Samsung Electronics  Caucasus Company LLC ',0,35),(136,'','Nino Nakani','995322202408','King David Business Center, Aleksidze Str. 12, 0193, Tbilisi, Georgia / ZIP CODE : 0193 　','Y','2020-11-21 23:26:56','LLC Samsung Electronics Caucasus Company Repr',0,36),(137,'','Ivashchenko Igor','380671546503','57, Lva Tolstogo St.,floor 24, BC 101 Tower, Kiev,01032 Ukraine','Y','2020-11-21 23:26:56','Samsung Electronics Ukraine Company',0,37),(138,'','Dinara Toktybayeva','77010593749','Al-Farabi 36, Block - B, Almaty 050059, Kazakhstan / ZIP CODE : 050059','Y','2020-11-21 23:26:56','Samsung Electronics Central Eurasia',0,38),(139,'','Alijon Yuldashev (Mr.)','998909539263','Company 19-32, Amir Temur ave., Tashkent, 100060, Republic of Uzbekistan','Y','2020-11-21 23:26:56','Alijon Yuldashev (Mr.) «BEK BROKER» Limited ',0,39),(140,'','Saniya Maksatkyzy','998909539263','19-32, Amir Temur ave., Tashkent, 100060, Republic of Uzbekistan','Y','2020-11-21 23:26:56','Alijon Yuldashev (Mr.)«BEK BROKER» Limited ',0,40),(141,'','Saniya Maksatkyzy','+77273211321','Al-Farabi 36, Block - B, Almaty 050059, Kazakhstan / ZIP CODE : 050059','Y','2020-11-21 23:26:56','Samsung Electronics Central Eurasia',0,41),(142,'','Dolgorsuren Tsogbadrakh','97699103558','Mongolia, Ulaanbaatar 14250, Sukhbaatar district, 4th khoroo, Seoul street-25, Signature office, #602 Mongolia','Y','2020-11-21 23:26:56','Dolgorsuren Tsogbadrakh, Mongolian Representa',0,43),(143,'','Ronghua Feng','8618622314921','SAMSUNG (CHINA) INVESTMENT CO. LTD, APrologis  Park, No. 4, Minjie Road, Ninghe Industrial Park, Tianjin    ','Y','2020-11-21 23:26:56','Ronghua Feng     ',0,81),(144,'','Pazu Cheng / Jane Leung','+85292660777','Unit 2, 1/F, Tern Centre, Block 2, No.251 Queen’s Road Central, Sheung Wan, H.K.','Y','2020-11-21 23:26:56','Cheil PengTai',0,82),(145,'','Zack Tung','886921818396','2F, No. 292, Yangguang St., Neihu Dist., Taipei, Taiwan (R.O.C.)','Y','2020-11-21 23:26:56','Cheil Taiwan',0,83),(146,'','','','TCC BATAVIA - TOWER ONE LANTAI 21JL. KH. MAS MANSYUR KAV. 126, Kel. Karet Tengsin, Kec. Tanah Abang,Kota Adm. Jakarta Pusat, Prop. DKI Jakarta  / Post Code : 10220 / Tax ID: 02.194.015.0-058.000','Y','2020-11-21 23:26:56','PT SAMSUNG TELECOMMUNICATION INDONESIA',0,84),(147,'','Tapanachainukool / Watsittha Saefung','66950955775','33RD - 35TH FLOORS, EMPIRE TOWER 1, SOUTH SATHORN RD. YANNAWA,SATHORN, BANGKOK 10120 THAILAND  / ZIP CODE : 10120','Y','2020-11-21 23:26:56','THAI SAMSUNG ELECTRONICS CO. LTD.',0,85),(148,'','Phyo Thinzar Tun Thu','0943182909','ENDRA (12) STREET, NO.(985), (K) QUARTER, NORTH OKKALAPA TOWNSHIP, YANGON REGION, MYANMAR , Contact person - Phyo Thinzar Tun Thu','Y','2020-11-21 23:26:56','Thu United Family Co.,Ltd.',0,86),(149,'','CHEA VONG SOVITHYA','(855)77212111','21st floor, Phnom Penh Tower, #445 Monivong Blvd., Sangkat Boeung Pralit,Khan 7Makara, Phnom Penh, / ZIP CODE : 120308 ','Y','2020-11-21 23:26:56','Branch of Thai Samsung Electronics Co., LTD.',0,87),(150,'','Nitphada Muensaveng','8562052297999','3rd Floor, Kolao Tower II, 23 Singha Road, Vientiane                 Laos PDR.','Y','2020-11-21 23:26:56','LAO SAMSUNG ELECTRONICS SOLE COMPANY LIMITED ',0,88),(151,'','Tina Stephens','61297639686','1 Basalt Rd, Pemulwuy NSW 2145  Australia / ZIP CODE : 2145','Y','2020-11-21 23:26:56','The Consortium Clemenger',0,89),(152,'','Tran Nhu Ngoc','84799882424','Fl. 25 Bitexco Financial Tower, 02 HaiTrieu Str, BenNghe Ward, Dist 1, HoChiMinh City, VietNam','Y','2020-11-21 23:26:56','SAMSUNG ELECTRONICS HCMC CE COMPLEX CO., LTD ',0,90),(153,'','Shun/Lechu','+60164818355',' Lot 7A, Persiaran Jubli Perak , Seksyen 22, 40300, Shah Alam, Selangor. MALAYSIA','Y','2020-11-21 23:26:56','Samsung SDS Global SCL Malaysia',0,91),(154,'','Emie Portalio','6322147629','9F Science Hub Tower 4 Mckinley Hill Cyberpark, Fort Bonifacio,Taguig City Philippines','Y','2020-11-21 23:26:56','Samsung Electronics Philippines Corporation',0,92),(155,'','Priscilla Kwan','6581333065','9 Kaki Bukit Road 2, Gordon Warehouse Building, #02-31, Singapore 417842','Y','2020-11-21 23:26:56','Spireworks Inc',0,93),(156,'','Simon Carpentar','6421761444','10 Parkhead Place, Rosedale, Auckland 0632 / ZIP CODE : 0632','Y','2020-11-21 23:26:56','Samsung Electronics New Zealand Ltd',0,94),(157,'','Biswajit Chandra','918527896111','Samsung India Electronics Pvt. Ltd., KHET NO. 25 & 28, KHATA KHATAUNI NO. 77, VILLAGE GUAJPUR, PARGANA, DANAKPUR, ECOTECH II, GREATER NOIDA, UTTAR PRADESH-201306','Y','2020-11-21 23:26:56','Biswajit Chandra',0,95),(158,'','Jayram Thapa','9779802002764','KB Plaza, Beena Marga, Kathmandu, Nepal','Y','2020-11-21 23:26:56','Integrated Mobility Solutions Pvt Ltd',0,96),(159,'','Raveen Jayasekara','0094773730349','NO. 90, UNION PLACECOLOMBO 02SRI LANKA / ZIP/POSTAL:00200','Y','2020-11-21 23:26:56',' JOHN KEELLS OFFICE AUTOMATIONS (PVT) LTD',0,97),(160,'','Arifur Rahman','1777702333','Khawaja Palace,76/B (3rd Floor), Road 11,Banani, Dhaka - 1213, Bangladesh / ZIP CODE : 1213 　','Y','2020-11-21 23:26:56','COMPANY NAME : Fair Distribution Ltd',0,98),(161,'','Malik Yahia','+971556226556',' Warehous #3. Next Gulf Bagle Factory, Al Qouz Industrial Area 4, Dubai / ZIP CODE : 500047','Y','2020-11-21 23:26:56','Samsung Gulf Electronic',0,64),(162,'','Ali Hujairi','97317408000','A’ali Warehouse; Warehouse #16, Al Waha Warehousing Complex Building #2576; Road#4450; Block #744;Near Coco Cola, A’ali, Manama, Kingdom of Bahrain / ZIP CODE : 632','Y','2020-11-21 23:26:56','Bin Hindi Informatics',0,65),(163,'','Mohamad Sohaib','96550011358','Abdul Aziz Saud Al Batain and Sons, Salahuddin St. P.O Box 599 Safat 13006, Kuwait / ZIP CODE : 599','Y','2020-11-21 23:26:56','Al Babtain',0,66),(164,'','Jomy Joshep','96899320350','Muscat, Ruwi, Oppsite to Al Falaj Hotel. Sarco Oman P.O Box 3994. Ruwi 112. Oman / ZIP CODE : 3994','Y','2020-11-21 23:26:56','Sarco',0,67),(165,'','Mr. Vijaya','97430031236','ABA Tower 6th Floor, Airport Road, Umm Ghuwailina, P.O. Box: 1993, Doha – Qatar ','Y','2020-11-21 23:26:56','Qatar Marketing  company Dohatna innovative D',0,68),(166,'','Arif Sahin Isci, Meral Cicek','90530159649','Flatofis Istanbul Is Merkezi Otakcilar Cad. No: 78 Kat:4 No:B3 34050  Eyup ,Istanbul,Turkey / ZIP CODE : 34050+','Y','2020-11-21 23:26:56','SAMSUNG ELECTRONICS ISTANBUL PAZARLAMA VE TIC',0,69),(167,'','Lina Mkheimer','96265807188','King Hussein Business Park, King Abdulllah II street, Building 5','Y','2020-11-21 23:26:56','Samsung Electronics Levant Jordan Co. LTD',0,70),(168,'','Majida Sayah','96179300915','Zakhem Plaza, 4th Floor, Sin El Fil   - Beirut, LebanonAtt.: Gassia Berberian','Y','2020-11-21 23:26:56','Samsung Electronics Levant',0,71),(169,'','Mr. Hazem Moosa','','Einkawa, Opposite to Mar Yousif Kanisat, Erbil-Iraq','Y','2020-11-21 23:26:56','Micro Cell',0,72),(170,'','Hamza Ali','923034445470','SAMSUNG OFFICE 2ND FLR26 FCC, SYED MARATAB ALI ROAD, GULBERG IV, LAHORE54660,  PAKISTANAttn. : Hamza Ali','Y','2020-11-21 23:26:56','SAMSUNG EC PAKISTAN PVT LTD',0,74),(171,'','Tamer Raafat','966569302985','9th floor, Hamad tower, Al Olaya District, King Fahad Road, P.O. Box 3143, Riyadh 12212 Kingdom of Saudi Arabia','Y','2020-11-21 23:26:56','SAMSUNG ELECTRONICS SAUDI ARABIA Ltd. ',0,75),(172,'','Mr. Razeen','971508934123','Barwil Dubai LLC Near Alokozay, Jebel Ali  Free Zone South, Dubai ,U.A.E.','Y','2020-11-21 23:26:56','Samsung SDS Global Supply Chain Logistics M.E',0,76),(173,'','Manal Hilali','212666108429','Immeuble Horizon, 4-5 etage, Mandarona 300, Lot n°9,Sidi Maarouf - CP 20150 Casablanca, Morocco / ZIP CODE : 20150 　','Y','2020-11-21 23:26:56','Samsung Electronics maghreb Arab',0,77),(174,'','Meriem Douki','21626128800','B1-7 COMPLEXE YASMINE TOWER BOULVARD DE LA TERRE 1082 TUNIS TUNISIA  ','Y','2020-11-21 23:26:56','COMPAGNE AFRICAINE PUBLICITE\'\'CAP\'\'  ',0,78),(175,'','Zoheir Redouane Lammari','+213770101311','Quartier daffaires dAlger- Bab Ezzouar. Immeuble CMA-CGM,   8eme etage Bab Ezzouar Alger,, Algiers, DZA','Y','2020-11-21 23:26:56','Samsung Gulf electronics (Algeria Branch)',0,79),(176,'','Mrs. Rotem Agiv','972506442655','Samsung Electronics Israel, Europark, Holland Building, Yakum, Israel / ZIP CODE : 6097200','Y','2020-11-21 23:26:56','Mrs. Rotem Agiv',0,80),(177,'','Gina van Straaten','0114099772','379 Roan Crescent, Corporate Park North,Midrand,1685','Y','2020-11-21 23:26:56','Samsung Electornics South Africa',0,99),(178,'','Stanley Githende','254204294000','P.O. Box 27577-00506, West End Towers, 3rd Floor, Waiyaki Way, Nairobi Kenya','Y','2020-11-21 23:26:56','Samsung Electronics East Africa, Nairobi Keny',0,100),(179,'','John Manyika','27113956606',' 1 Northern Perimeter Rd, O.R. Tambo Airport, Kempton Park, Gauteng, 1627 ','Y','2020-11-21 23:26:56','John Manyika | Storeman ',0,101),(180,'','Sabnish Beharee','23057292022','Office A, 8th Floor, Tower A, 1 CyberCity, Ebene – Mauritius 72201　 / ZIP CODE : 72201 　','Y','2020-11-21 23:26:56','Samsung Electronics Mauritius Post',0,104),(181,'','Olayera Olaoluwa','2348039679161','14th Floor One 6 Temple Tower, 16 Temple Street Ikoyi, Lagos, Nigeria. ','Y','2020-11-21 23:26:56','Samsung Electronics West Africa Ltd',0,105),(182,'','Alhassan Leo Ishmeal','233302744444','Samsung Electronics West Africa Ltd 2nd Floor Stanbic Heights Airport City Accra, Ghana','Y','2020-11-21 23:26:56','Samsung Electronics West Africa Ltd',0,106),(183,'','Alassane Diaite','221338596135','Building 2K PLAZA SUITE C1, RTE DU MERIDIEN PRESIDENT, Alamdies, Dakar, Senegal','Y','2020-11-21 23:26:56',' Samsung Electronics SCA, Dakar, Senegal',0,109),(184,'','','0022554181818','Abidjan Plateau Rue du commerce, Immeuble SCI AMIRAL 4th floor','Y','2020-11-21 23:26:56','SOCIETE KARAGNARA ET FRERESAbidjan – Cote D’I',0,107),(185,'','','696712298','3rd Floor former DHL building opposite Hotel Serena Bali (Cowork Africa)    Douala - Cameroon','Y','2020-11-21 23:26:56','MBOMBOO NGAPNA Ibrahim    ',0,108),(186,'','','','AVENIDA DOUTOR CHUCRI ZAIDAN,1240–DIAMOND TOWER14°AO 21 °ANDAR,VILA SÃO FRANCISCO / ZIP: 04711-130, SÃO PAULO – SP - BRAZILCNPJ: 00.280.273/0007-22','Y','2020-11-21 23:26:56','SAMSUNG ELECTRONICA DA AMAZONIA LTDA',0,44),(187,'','Stanley Losilla','50768705345','Tower 7, Floor 7, Business Park, Costa del Este, Panama City, Panama','Y','2020-11-21 23:26:56','Samsung Electronics Latinoamerica, Z.L., S.A.',0,46),(188,'','Dario De La Hoz','7862265858',' 2021 NW 89 PL, MIAMI FL 33172 / ZIP CODE : 33172','Y','2020-11-21 23:26:56','XL Worldwide',0,47),(189,'','Fredy Wong / Mathew Ruano','(502)23046481','5 ave. 5-55 zona 14 Torre 2 Nivel 14 Edificio Europlaza / NIT: 6021755-3 / Fredy Wong / Mathew Ruano','Y','2020-11-21 23:26:56','Samsung Electronics Latinoamérica (Zona Libre',0,49),(190,'','Anghe Trigueros','22681250','Edificio Corporativo Los Próceres piso 8, No, 802 Parque Los próceres entre Blvd. Morazán y Ave.La Pa; Tegucigalpa HondurasAnghe Trigueros ','Y','2020-11-21 23:26:56','SAMSUNG ELECTRONICS LATINOAMERICA (ZONA LIBRE',0,51),(191,'','','(503)72109760','AV. El Espino, #77 URB. Madre Selva, Antiguo Cuscatlan, La LibertadOrlando Interiano','Y','2020-11-21 23:26:56','Research & Planning, S.A DE C.V',0,52),(192,'','','18095335447','Av. Winston Churchill No.93, Torre Empresarial Blue Mall,Piso 27, Santo Domingo Republica Dominicana.','Y','2020-11-21 23:26:56','Samsung Electronics Lationamerica Zona Libre ',0,50),(193,'','Clara Colon','+59345006300','Av. Rodrigo Chávez González, Parque Empresarial Colón Edificio Corporativo II, 3r Piso oficina 301 - EC090112 Ecuador  / ZIP CODE : 090112','Y','2020-11-21 23:26:56','SAMSUNG ELECTRONICS LATINOAMERICA ZONA LIBRE ',0,53),(194,'','Dennise Ortega / Manuel Lecaro','(506)40363310','Avenida Escazu Torre Lexus piso 4, San Rafael Escazú, San José Costa Rica / ZIP CODE :  10203　','Y','2020-11-21 23:26:56','Samsung Electronics Lationamerica Zona Libre ',0,54),(195,'','Andrea Hernández Lizano',' 015557475100',' Calzada General Mariano Escobedo 476, Anzures, 11570 Miguel Hidalgo, CDMX / ZIP CODE : 11570','Y','2020-11-21 23:26:56','Samsung Electronics Mexico',0,56),(196,'','Adriana Castillejos','5491169826323',' BOUCHARD 710 - 7TH FLOOR, BUENOS AIRES ARGENTINA  / ZIP CODE : C1106ABL','Y','2020-11-21 23:26:56','  SAMSUNG ELECTRONICS ARGENTINA S.A',0,57),(197,'','Tere Choi','595985372101','AVDA. ESPAÑA 203 CASI SANTISIMO SACRAMENTO','Y','2020-11-21 23:26:56','BONUS S.A.',0,58),(198,'','Ana Villagra','59826289999','LUIS ALBERTO DE HERRERA 1248 TORRE / ZIP CODE : 11300','Y','2020-11-21 23:26:56',' SAMSUNG ELECTRONICS ARGENTINAS.A.(SUCURSAL U',0,59),(199,'','Juan Pablo Marchese','56974327456','Trade IM, Cerro El Plomo 6000, Piso 6, Las Condes, Santiago de Chile / ZIP CODE : 7560623','Y','2020-11-21 23:26:56','SAMSUNG ELECTRONICS CHILE ltda',0,60),(200,'','Ricardo Falcon','59122796406',' Av. Ballivian Nº555, Edificio El Dorial, piso 9, zona Calacoto (entre calles 11 y 12), La Paz, Bolivia ','Y','2020-11-21 23:26:56','SAMSUNG ELECTRONICS CHILE LIMITADA SUCURSAL B',0,61),(201,'','Jose Maria Lievana','+5714870707','ABC STORAGE CRA CRA 106NO 15A-25 MZ 23 INT 135H, ZONA FRANCA BOGOTA COLOMBIA / ZIP/POSTAL: 110111 //  NIT 830.028.931-5 ','Y','2020-11-21 23:26:56','SAMSUNG ELECTRONICS COLOMBIA S.A.',0,62),(202,'','RICARDO TORRES RICHOUX','','AV. RIVERA NAVARRETE 501 (PISO 6)SAN ISIDRO - LIMA, PERU / RUC: 20300263578','Y','2020-11-21 23:26:56','SAMSUNG ELECTRONICS PERU SAC \'-',0,63);
/*!40000 ALTER TABLE `recent_delivery` ENABLE KEYS */;
UNLOCK TABLES;

--
-- Table structure for table `rhq`
--

DROP TABLE IF EXISTS `rhq`;
/*!40101 SET @saved_cs_client     = @@character_set_client */;
 SET character_set_client = utf8mb4 ;
CREATE TABLE `rhq` (
  `no` int(11) NOT NULL AUTO_INCREMENT,
  `name` varchar(100) NOT NULL,
  `str_id` varchar(45) NOT NULL,
  PRIMARY KEY (`no`),
  UNIQUE KEY `no_UNIQUE` (`no`)
) ENGINE=InnoDB AUTO_INCREMENT=10 DEFAULT CHARSET=utf8;
/*!40101 SET character_set_client = @saved_cs_client */;

--
-- Dumping data for table `rhq`
--

LOCK TABLES `rhq` WRITE;
/*!40000 ALTER TABLE `rhq` DISABLE KEYS */;
INSERT INTO `rhq` VALUES (1,'North America ','R0001'),(2,'Europe ','R0002'),(3,'CIS ','R0003'),(4,'Latin America','R0004'),(5,'Middle East','R0005'),(6,'CHINA ','R0006'),(7,'South East Asia ','R0007'),(8,'South West Asia','R0008'),(9,'Africa','R0009');
/*!40000 ALTER TABLE `rhq` ENABLE KEYS */;
UNLOCK TABLES;

--
-- Table structure for table `rhq_budget`
--

DROP TABLE IF EXISTS `rhq_budget`;
/*!40101 SET @saved_cs_client     = @@character_set_client */;
 SET character_set_client = utf8mb4 ;
CREATE TABLE `rhq_budget` (
  `support_name` varchar(100) NOT NULL,
  `rhq_no` int(11) unsigned NOT NULL,
  `budget_money` decimal(19,1) NOT NULL,
  PRIMARY KEY (`support_name`,`rhq_no`)
) ENGINE=InnoDB DEFAULT CHARSET=utf8;
/*!40101 SET character_set_client = @saved_cs_client */;

--
-- Dumping data for table `rhq_budget`
--

LOCK TABLES `rhq_budget` WRITE;
/*!40000 ALTER TABLE `rhq_budget` DISABLE KEYS */;
INSERT INTO `rhq_budget` VALUES ('cheiltest',7,4000.0),('cheiltest2',7,20209.0),('cheilttest1',5,1500.0),('PaletteSupport',1,75077.6),('PaletteSupport',2,1176870.0),('PaletteSupport',3,79070.0),('PaletteSupport',4,186720.0),('PaletteSupport',5,148473.1),('PaletteSupport',6,217757.0),('PaletteSupport',7,1127915.0),('PaletteSupport',8,855185.0),('PaletteSupport',9,90244.6),('p_test',2,2947.0),('test_1',9,1.0),('WEARABLE',1,58864.9);
/*!40000 ALTER TABLE `rhq_budget` ENABLE KEYS */;
UNLOCK TABLES;

--
-- Table structure for table `subsidary`
--

DROP TABLE IF EXISTS `subsidary`;
/*!40101 SET @saved_cs_client     = @@character_set_client */;
 SET character_set_client = utf8mb4 ;
CREATE TABLE `subsidary` (
  `no` int(11) NOT NULL AUTO_INCREMENT,
  `rhq_no` int(11) NOT NULL,
  `name` varchar(100) NOT NULL,
  `str_Id` varchar(45) NOT NULL,
  PRIMARY KEY (`no`)
) ENGINE=InnoDB AUTO_INCREMENT=54 DEFAULT CHARSET=utf8;
/*!40101 SET character_set_client = @saved_cs_client */;

--
-- Dumping data for table `subsidary`
--

LOCK TABLES `subsidary` WRITE;
/*!40000 ALTER TABLE `subsidary` DISABLE KEYS */;
INSERT INTO `subsidary` VALUES (1,1,'SEA','S0001'),(2,1,'SECA','S0002'),(3,2,'SEG','S0003'),(4,2,'SEUK','S0004'),(5,2,'SEF','S0005'),(6,2,'SEI','S0006'),(7,2,'SEIB','S0007'),(8,2,'SEBN','S0008'),(9,2,'SENA','S0009'),(10,2,'SEPOL','S0010'),(11,2,'SEAS','S0011'),(12,2,'SEROM','S0012'),(13,2,'SECZ','S0013'),(14,2,'SEAD','S0014'),(15,2,'SEH','S0015'),(16,2,'SEB','S0016'),(17,2,'SEGR','S0017'),(18,3,'SERC','S0018'),(19,3,'SEUC','S0019'),(20,3,'SECE','S0020'),(21,4,'SEDA-S','S0021'),(22,4,'SELA','S0022'),(23,4,'SEM','S0023'),(24,4,'SEASA','S0024'),(25,4,'SECH','S0025'),(26,4,'SAMCOL','S0026'),(27,4,'SEPR','S0027'),(28,5,'SGE','S0028'),(29,5,'SETK','S0029'),(30,5,'SELV','S0030'),(31,5,'Iran','S0031'),(32,5,'SEPAK','S0032'),(33,5,'SESAR','S0033'),(34,5,'SEEG','S0034'),(35,5,'SEMAG','S0035'),(36,5,'SEIL','S0036'),(37,6,'SCIC','S0037'),(38,6,'SEHK','S0038'),(39,6,'SET','S0039'),(40,7,'SEIN-S','S0040'),(41,7,'TSE','S0041'),(42,7,'SEAU','S0042'),(43,7,'SAVINA-S','S0043'),(44,7,'SME','S0044'),(45,7,'SEPCO','S0045'),(46,7,'SAPL','S0046'),(47,7,'SENZ','S0047'),(48,8,'SIEL-S','S0048'),(49,8,'Nepal','S0049'),(50,8,'Sri Lanka','S0050'),(51,8,'Bangladesh','S0051'),(52,9,'SSA','S0052'),(53,9,'SCA','S0053');
/*!40000 ALTER TABLE `subsidary` ENABLE KEYS */;
UNLOCK TABLES;

--
-- Table structure for table `subsidary_budget`
--

DROP TABLE IF EXISTS `subsidary_budget`;
/*!40101 SET @saved_cs_client     = @@character_set_client */;
 SET character_set_client = utf8mb4 ;
CREATE TABLE `subsidary_budget` (
  `support_name` varchar(100) NOT NULL,
  `rhq_no` int(11) unsigned NOT NULL,
  `subsidary_no` int(11) unsigned NOT NULL,
  `budget_money` decimal(19,1) NOT NULL,
  PRIMARY KEY (`support_name`,`subsidary_no`)
) ENGINE=InnoDB DEFAULT CHARSET=utf8;
/*!40101 SET character_set_client = @saved_cs_client */;

--
-- Dumping data for table `subsidary_budget`
--

LOCK TABLES `subsidary_budget` WRITE;
/*!40000 ALTER TABLE `subsidary_budget` DISABLE KEYS */;
INSERT INTO `subsidary_budget` VALUES ('cheiltest',7,44,4000.0),('cheiltest2',7,41,20209.0),('cheilttest1',5,30,1000.0),('cheilttest1',5,34,500.0),('PaletteSupport',1,1,1850.1),('PaletteSupport',1,2,73227.5),('PaletteSupport',2,3,171128.0),('PaletteSupport',2,4,327191.0),('PaletteSupport',2,5,122756.0),('PaletteSupport',2,6,52050.0),('PaletteSupport',2,7,66464.0),('PaletteSupport',2,8,104969.0),('PaletteSupport',2,9,93238.0),('PaletteSupport',2,10,46715.0),('PaletteSupport',2,11,68360.0),('PaletteSupport',2,12,28135.0),('PaletteSupport',2,13,18185.0),('PaletteSupport',2,14,30474.0),('PaletteSupport',2,15,21317.0),('PaletteSupport',2,16,18546.0),('PaletteSupport',2,17,7342.0),('PaletteSupport',3,18,46886.0),('PaletteSupport',3,19,14000.3),('PaletteSupport',3,20,18168.9),('PaletteSupport',4,21,76056.2),('PaletteSupport',4,22,19173.9),('PaletteSupport',4,23,54369.6),('PaletteSupport',4,24,11937.1),('PaletteSupport',4,25,14513.1),('PaletteSupport',4,26,6036.5),('PaletteSupport',4,27,4631.7),('PaletteSupport',5,28,19471.1),('PaletteSupport',5,29,16815.5),('PaletteSupport',5,30,3361.8),('PaletteSupport',5,32,21072.7),('PaletteSupport',5,33,20246.5),('PaletteSupport',5,34,13721.2),('PaletteSupport',5,35,20559.1),('PaletteSupport',5,36,28544.2),('PaletteSupport',6,37,139596.0),('PaletteSupport',6,38,26233.0),('PaletteSupport',6,39,51928.0),('PaletteSupport',7,40,290756.2),('PaletteSupport',7,41,228071.0),('PaletteSupport',7,42,31822.9),('PaletteSupport',7,43,137472.5),('PaletteSupport',7,44,179982.7),('PaletteSupport',7,45,81954.0),('PaletteSupport',7,46,15368.7),('PaletteSupport',7,47,13166.3),('PaletteSupport',8,48,818205.0),('PaletteSupport',8,49,10740.0),('PaletteSupport',8,50,15500.0),('PaletteSupport',8,51,10740.0),('PaletteSupport',9,52,29521.6),('PaletteSupport',9,53,60723.0),('p_test',2,13,2947.0),('test_1',9,53,1.0),('WEARABLE',1,2,58864.9);
/*!40000 ALTER TABLE `subsidary_budget` ENABLE KEYS */;
UNLOCK TABLES;

--
-- Table structure for table `support`
--

DROP TABLE IF EXISTS `support`;
/*!40101 SET @saved_cs_client     = @@character_set_client */;
 SET character_set_client = utf8mb4 ;
CREATE TABLE `support` (
  `no` int(11) NOT NULL AUTO_INCREMENT,
  `login_id` varchar(50) DEFAULT NULL,
  `support_name` varchar(100) DEFAULT NULL,
  `product_no` varchar(20) DEFAULT NULL,
  `product_image` varchar(100) DEFAULT NULL,
  `product_name` varchar(200) DEFAULT NULL,
  `product_material` varchar(100) DEFAULT NULL,
  `product_dimension` varchar(100) DEFAULT NULL,
  `product_period` varchar(100) DEFAULT NULL,
  `product_count` int(11) DEFAULT NULL,
  `product_option` varchar(100) DEFAULT NULL,
  `product_price` float DEFAULT NULL,
  `rhq_request` text,
  `regdate` timestamp NOT NULL DEFAULT CURRENT_TIMESTAMP,
  `moddate` timestamp NULL DEFAULT NULL,
  `login_name` varchar(45) DEFAULT NULL,
  `flag` char(1) DEFAULT 'N',
  PRIMARY KEY (`no`),
  KEY `product_no` (`product_no`),
  KEY `support_name` (`support_name`),
  KEY `login_id` (`login_id`)
) ENGINE=InnoDB AUTO_INCREMENT=109 DEFAULT CHARSET=utf8;
/*!40101 SET character_set_client = @saved_cs_client */;

--
-- Dumping data for table `support`
--

LOCK TABLES `support` WRITE;
/*!40000 ALTER TABLE `support` DISABLE KEYS */;
INSERT INTO `support` VALUES (88,'id_admin','PaletteSupport','1605257541','https://phg.smpop.net/data/item/1605257541/15.T2O1SpecialdisplayOperatorUtype_TBD_Thumbnail.jpg','T2O1 Special Display U Type','PC Resin(B&W), Diffuse PC, LED Light, Mirror','167 x 212 x 240 (mm)','',NULL,NULL,65.9,NULL,'2020-11-13 14:45:39',NULL,NULL,'N'),(89,'id_admin','PaletteSupport','1605257439','https://phg.smpop.net/data/item/1605257439/10.SpecialdisplayUType_TBD_Thumbnail.jpg','P3 Special Display U Type','PC Resin(B&W), Diffuse PC, LED Light, Mirror','167 x 212 x 240 (mm)','',NULL,NULL,75.8,NULL,'2020-11-13 14:45:39',NULL,NULL,'N'),(90,'id_admin','PaletteSupport','1605257341','https://phg.smpop.net/data/item/1605257341/13.T2O1Infinity_TBD_Thumbnail.jpg','T2O1 Special Display','PC Resin(B&W), Diffuse PC, LED Light, Mirror','167 x 212 x 240 (mm)','',NULL,NULL,99,NULL,'2020-11-13 14:45:39',NULL,NULL,'N'),(91,'id_admin','PaletteSupport','1605256982','https://phg.smpop.net/data/item/1605256982/08.P3InfinitySpecialDisplay_TBD_Thumbnail.jpg','P3 Special Display','PC Resin(B&W), Diffuse PC, LED Light, Mirror','167 x 212 x 240 (mm)','',NULL,NULL,110.7,NULL,'2020-11-13 14:45:39',NULL,NULL,'N'),(92,'id_admin','PaletteSupport','1605256679','https://phg.smpop.net/data/item/1605256679/12.T2O1Attractor_TBD_Thumbnail.jpg','T2O1 Attractor Artistic Large','PC Resin(B&W), Diffuse PC, LED Light, Mirror','195 x 300 x 45 (mm)','',NULL,NULL,62.3,NULL,'2020-11-13 14:45:39',NULL,NULL,'N'),(93,'id_admin','PaletteSupport','1605255830','https://phg.smpop.net/data/item/1605255830/07.P3AttractorLarge_TBD_Thumbnail.jpg','P3 Attractor Artistic Large','PC Resin(B&W), Diffuse PC, LED Light, Mirror','195 x 300 x 45 (mm)','',NULL,NULL,73.9,NULL,'2020-11-13 14:45:39',NULL,NULL,'N'),(94,'id_admin','PaletteSupport','1605255679','https://phg.smpop.net/data/item/1605255679/01.3DSignage_TBD_Thumbnail.jpg','Palette 3D Signage(LED)','PC Resin (B&W), Diffuse PC , LED light','190 x 90 x 45 (mm)','',NULL,NULL,19.8,NULL,'2020-11-13 14:45:39',NULL,NULL,'N'),(95,'id_admin','PaletteSupport','1605254256','https://phg.smpop.net/data/item/1605254256/02.AttractorKVLrage_TBD_Thumbnail.jpg','Attractor KV Large','PCM 50% Anti, Acrylic, Diffuse PC, LED','195 x 300 x 45 (mm)','',NULL,NULL,44.9,NULL,'2020-11-13 14:45:39',NULL,NULL,'N'),(96,'id_admin','PaletteSupport','1605254018','https://phg.smpop.net/data/item/1605254018/04.ColorchipModule_TBD_Thumbnail.jpg','Colorchip Module','PCM 50% Anti, Acrylic','97.5 x 170 x 10 (mm)','',NULL,NULL,22.8,NULL,'2020-11-13 14:45:39',NULL,NULL,'N'),(97,'id_admin','PaletteSupport','1605253649','https://phg.smpop.net/data/item/1605253649/12.SpecModule_TBD_Thumbnail.jpg','Spec Module','PCM 50% Anti, Acrylic','195 x 170 x 10 (mm)','',NULL,NULL,15.3,NULL,'2020-11-13 14:45:39',NULL,NULL,'N'),(98,'id_admin','PaletteSupport','1605252142','https://phg.smpop.net/data/item/1605252142/05.DeviceModule_TBD_Thumbnail.jpg','Device Module (Vertical)','PCM 50% Anti, Acrylic','97.5 x 170 x 10 (mm)','',NULL,NULL,10.2,NULL,'2020-11-13 14:45:39',NULL,NULL,'N'),(99,'id_admin','PaletteSupport','1572900260','https://phg.smpop.net/data/item/1572900260/Normal_Universalexposedcable_TypeC_LSEplate.jpg','S2865 - Normal Security, Exposed Cable Type C','Plastic, Urethane','1.5 m','Available to Ship',NULL,NULL,8.4,NULL,'2020-11-13 14:45:39',NULL,NULL,'N'),(100,'id_admin','PaletteSupport','1501132014','https://phg.smpop.net/data/item/1501132014/02_Universalsecuritycable6typeC_640X640_191211.jpg','Universal Sensor Cable (Ver.6) Type C','PC, Urethane etc.','1700mm','2~3 weeks',NULL,NULL,7.9,NULL,'2020-11-13 14:45:39',NULL,NULL,'N'),(101,'id_admin','WEARABLE','1605850171','https://phg.smpop.net/data/item/1605850171/AtticSingleDeviceModuleCharging_640X640.png','Attic Single Device Module ( Charging )','Polycarbonate','195*170*25mm','2~3 weeks',NULL,NULL,75,NULL,'2020-11-20 06:24:41',NULL,NULL,'N'),(102,'id_admin','WEARABLE','1605850357','https://phg.smpop.net/data/item/1605850357/AtticSingleDeviceModuleDummy_640X640.png','Attic Single Device Module ( Dummy )','Polycarbonate','195*170*25mm','2~3 weeks',NULL,NULL,70,NULL,'2020-11-20 06:24:41',NULL,NULL,'N'),(103,'id_admin','WEARABLE','1605850895','https://phg.smpop.net/data/item/1605850895/AtticSingleDeviceModuleDummyCover_640X640.png','Attic Single Device Module ( Dummy / Cover)','Polycarbonate','195*170*75mm','2~3 weeks',NULL,NULL,53,NULL,'2020-11-20 06:24:41',NULL,NULL,'N'),(104,'id_admin','WEARABLE','1605851057','https://phg.smpop.net/data/item/1605851057/AtticCradleCharging_640X640_02.png','Attic Cradle ( Charging )','Polycarbonate','154*99*75mm','2~3 weeks',NULL,NULL,60,NULL,'2020-11-20 06:24:41',NULL,NULL,'N'),(105,'id_admin','WEARABLE','1605851179','https://phg.smpop.net/data/item/1605851179/AtticCradleDummy_640X640_02.png','Attic Cradle ( Dummy )','Polycarbonate','154*99*75mm','2~3 weeks',NULL,NULL,56,NULL,'2020-11-20 06:24:41',NULL,NULL,'N'),(106,'id_admin','WEARABLE','1605849141','https://phg.smpop.net/data/item/1605849141/AtticCradleDummyCover_640X640_02.png','Attic Cradle ( Dummy/ Cover)','Polycarbonate','154*99*75mm','2~3 weeks',NULL,NULL,40,NULL,'2020-11-20 06:24:41',NULL,NULL,'N'),(107,'id_admin','WEARABLE','1605850498','https://phg.smpop.net/data/item/1605850498/DoubleDeviceModuleAtticBudsLive_640X640.png','Double Device Module ( Attic/Buds Live)','Polycarbonate','195*170*25mm','2~3 weeks',NULL,NULL,43,NULL,'2020-11-20 06:24:41',NULL,NULL,'N'),(108,'id_admin','WEARABLE','1605850719','https://phg.smpop.net/data/item/1605850719/DoubleDeviceModuleAtticBuds_640X640.png','Double Device Module ( Attic/Buds+ )','Polycarbonate','195*170*25mm','2~3 weeks',NULL,NULL,43,NULL,'2020-11-20 06:24:41',NULL,NULL,'N');
/*!40000 ALTER TABLE `support` ENABLE KEYS */;
UNLOCK TABLES;

--
-- Table structure for table `support_name`
--

DROP TABLE IF EXISTS `support_name`;
/*!40101 SET @saved_cs_client     = @@character_set_client */;
 SET character_set_client = utf8mb4 ;
CREATE TABLE `support_name` (
  `idx` bigint(20) unsigned NOT NULL AUTO_INCREMENT,
  `support_name` varchar(100) NOT NULL,
  `reg_dtm` datetime DEFAULT CURRENT_TIMESTAMP,
  PRIMARY KEY (`idx`),
  KEY `support_name_idx` (`support_name`)
) ENGINE=InnoDB AUTO_INCREMENT=8 DEFAULT CHARSET=utf8 COMMENT='카트명 중복체크\n카트삭제시 연관 데이타를 삭제하지 않기 때문에\n동일 카트명으로 생성하면 안되서 중복 체크를 해야 한다.';
/*!40101 SET character_set_client = @saved_cs_client */;

--
-- Dumping data for table `support_name`
--

LOCK TABLES `support_name` WRITE;
/*!40000 ALTER TABLE `support_name` DISABLE KEYS */;
INSERT INTO `support_name` VALUES (1,'PaletteSupport','2020-11-19 13:44:14'),(2,'cheiltest','2020-11-19 15:04:15'),(3,'cheiltest2','2020-11-19 15:04:15'),(4,'cheilttest1','2020-11-19 15:04:15'),(6,'p_test','2020-11-19 15:04:15'),(7,'test_1','2020-11-19 15:04:15');
/*!40000 ALTER TABLE `support_name` ENABLE KEYS */;
UNLOCK TABLES;

--
-- Table structure for table `system_properties`
--

DROP TABLE IF EXISTS `system_properties`;
/*!40101 SET @saved_cs_client     = @@character_set_client */;
 SET character_set_client = utf8mb4 ;
CREATE TABLE `system_properties` (
  `id` varchar(100) NOT NULL,
  `param1` varchar(500) NOT NULL,
  `desc` varchar(500) DEFAULT NULL,
  PRIMARY KEY (`id`)
) ENGINE=InnoDB DEFAULT CHARSET=utf8 COMMENT='각종 설정 정보';
/*!40101 SET character_set_client = @saved_cs_client */;

--
-- Dumping data for table `system_properties`
--

LOCK TABLES `system_properties` WRITE;
/*!40000 ALTER TABLE `system_properties` DISABLE KEYS */;
INSERT INTO `system_properties` VALUES ('hq.confirm.date','20201119000000','HQ Confirm 버튼이 나오는 일자'),('hq.confirm.flag','0','HQ Confirm을 눌렀는지 여부');
/*!40000 ALTER TABLE `system_properties` ENABLE KEYS */;
UNLOCK TABLES;

--
-- Table structure for table `test`
--

DROP TABLE IF EXISTS `test`;
/*!40101 SET @saved_cs_client     = @@character_set_client */;
 SET character_set_client = utf8mb4 ;
CREATE TABLE `test` (
  `idx` varchar(20) NOT NULL,
  PRIMARY KEY (`idx`)
) ENGINE=InnoDB DEFAULT CHARSET=utf8;
/*!40101 SET character_set_client = @saved_cs_client */;

--
-- Dumping data for table `test`
--

LOCK TABLES `test` WRITE;
/*!40000 ALTER TABLE `test` DISABLE KEYS */;
INSERT INTO `test` VALUES ('1234');
/*!40000 ALTER TABLE `test` ENABLE KEYS */;
UNLOCK TABLES;

--
-- Dumping events for database 'smpopmain_tmp'
--

--
-- Dumping routines for database 'smpopmain_tmp'
--
SET @@SESSION.SQL_LOG_BIN = @MYSQLDUMP_TEMP_LOG_BIN;
/*!40103 SET TIME_ZONE=@OLD_TIME_ZONE */;

/*!40101 SET SQL_MODE=@OLD_SQL_MODE */;
/*!40014 SET FOREIGN_KEY_CHECKS=@OLD_FOREIGN_KEY_CHECKS */;
/*!40014 SET UNIQUE_CHECKS=@OLD_UNIQUE_CHECKS */;
/*!40101 SET CHARACTER_SET_CLIENT=@OLD_CHARACTER_SET_CLIENT */;
/*!40101 SET CHARACTER_SET_RESULTS=@OLD_CHARACTER_SET_RESULTS */;
/*!40101 SET COLLATION_CONNECTION=@OLD_COLLATION_CONNECTION */;
/*!40111 SET SQL_NOTES=@OLD_SQL_NOTES */;

-- Dump completed on 2020-11-24 14:59:05
