CREATE DATABASE  IF NOT EXISTS `smpopmain_tmp` /*!40100 DEFAULT CHARACTER SET utf8 */;
USE `smpopmain_tmp`;
-- MySQL dump 10.13  Distrib 8.0.13, for Win64 (x86_64)
--
-- Host: localhost    Database: smpopmain_tmp
-- ------------------------------------------------------
-- Server version	5.7.31-log

/*!40101 SET @OLD_CHARACTER_SET_CLIENT=@@CHARACTER_SET_CLIENT */;
/*!40101 SET @OLD_CHARACTER_SET_RESULTS=@@CHARACTER_SET_RESULTS */;
/*!40101 SET @OLD_COLLATION_CONNECTION=@@COLLATION_CONNECTION */;
 SET NAMES utf8 ;
/*!40103 SET @OLD_TIME_ZONE=@@TIME_ZONE */;
/*!40103 SET TIME_ZONE='+00:00' */;
/*!40014 SET @OLD_UNIQUE_CHECKS=@@UNIQUE_CHECKS, UNIQUE_CHECKS=0 */;
/*!40014 SET @OLD_FOREIGN_KEY_CHECKS=@@FOREIGN_KEY_CHECKS, FOREIGN_KEY_CHECKS=0 */;
/*!40101 SET @OLD_SQL_MODE=@@SQL_MODE, SQL_MODE='NO_AUTO_VALUE_ON_ZERO' */;
/*!40111 SET @OLD_SQL_NOTES=@@SQL_NOTES, SQL_NOTES=0 */;
SET @MYSQLDUMP_TEMP_LOG_BIN = @@SESSION.SQL_LOG_BIN;
SET @@SESSION.SQL_LOG_BIN= 0;

--
-- GTID state at the beginning of the backup 
--

SET @@GLOBAL.GTID_PURGED=/*!80000 '+'*/ '';

--
-- Table structure for table `budget_apply`
--

DROP TABLE IF EXISTS `budget_apply`;
/*!40101 SET @saved_cs_client     = @@character_set_client */;
 SET character_set_client = utf8mb4 ;
CREATE TABLE `budget_apply` (
  `no` int(11) unsigned NOT NULL AUTO_INCREMENT,
  `item_no` int(11) unsigned NOT NULL,
  `mb_id` varchar(50) DEFAULT NULL,
  `reg_dtm` datetime NOT NULL DEFAULT CURRENT_TIMESTAMP,
  `request_amount` int(11) DEFAULT NULL,
  `request_content` varchar(500) DEFAULT NULL,
  `request_status` varchar(50) DEFAULT 'OPEN' COMMENT 'OPEN\\\\nCLOSE\\\\nREJECT',
  `rhq_no` int(10) unsigned DEFAULT '0',
  PRIMARY KEY (`no`)
) ENGINE=InnoDB DEFAULT CHARSET=utf8;
/*!40101 SET character_set_client = @saved_cs_client */;

--
-- Dumping data for table `budget_apply`
--

LOCK TABLES `budget_apply` WRITE;
/*!40000 ALTER TABLE `budget_apply` DISABLE KEYS */;
/*!40000 ALTER TABLE `budget_apply` ENABLE KEYS */;
UNLOCK TABLES;

--
-- Table structure for table `budget_item`
--

DROP TABLE IF EXISTS `budget_item`;
/*!40101 SET @saved_cs_client     = @@character_set_client */;
 SET character_set_client = utf8mb4 ;
CREATE TABLE `budget_item` (
  `no` int(11) NOT NULL AUTO_INCREMENT,
  `budget_Id` varchar(45) DEFAULT NULL,
  `mb_id` varchar(100) DEFAULT NULL,
  `reg_dtm` datetime DEFAULT NULL,
  `product_no` int(11) NOT NULL,
  `hq_support_name` varchar(45) NOT NULL COMMENT 'hq_support_name, ',
  `image` varchar(500) DEFAULT NULL,
  `name` varchar(200) DEFAULT NULL,
  `material` varchar(100) DEFAULT NULL,
  `dimension` varchar(500) DEFAULT NULL,
  `product_period` varchar(50) DEFAULT NULL,
  `count_option` int(11) NOT NULL,
  `unit_price` varchar(50) DEFAULT NULL,
  `rhq_no` int(11) NOT NULL,
  `subsidary_no` int(11) NOT NULL,
  `country_no` int(11) NOT NULL,
  `info` varchar(50) DEFAULT NULL,
  `budget_sum` decimal(19,1) DEFAULT NULL COMMENT 'hp_support_name , count_option 에 해당하는 항목의\\ncount_option * product의 합',
  PRIMARY KEY (`no`),
  UNIQUE KEY `budget_Id_UNIQUE` (`budget_Id`)
) ENGINE=InnoDB AUTO_INCREMENT=1014 DEFAULT CHARSET=utf8;
/*!40101 SET character_set_client = @saved_cs_client */;

--
-- Dumping data for table `budget_item`
--

LOCK TABLES `budget_item` WRITE;
/*!40000 ALTER TABLE `budget_item` DISABLE KEYS */;
INSERT INTO `budget_item` VALUES (15,NULL,'id_admin','2020-11-13 23:54:47',1605257341,'PaletteSupport','https://phg.smpop.net/data/item/1605257341/13.T2O1Infinity_TBD_Thumbnail.jpg','T2O1 Special Display','PC Resin(B&W), Diffuse PC, LED Light, Mirror','167 x 212 x 240 (mm)','',627,'99',2,3,3,'',171127.8),(16,NULL,'id_admin','2020-11-13 23:54:47',1605255679,'PaletteSupport','https://phg.smpop.net/data/item/1605255679/01.3DSignage_TBD_Thumbnail.jpg','Palette 3D Signage(LED)','PC Resin (B&W), Diffuse PC , LED light','190 x 90 x 45 (mm)','',5231,'19.8',2,3,3,'',171127.8),(17,NULL,'id_admin','2020-11-13 23:54:47',1605254256,'PaletteSupport','https://phg.smpop.net/data/item/1605254256/02.AttractorKVLrage_TBD_Thumbnail.jpg','Attractor KV Large','PCM 50% Anti, Acrylic, Diffuse PC, LED','195 x 300 x 45 (mm)','',70,'44.9',2,3,3,'',171127.8),(18,NULL,'id_admin','2020-11-13 23:54:48',1605253649,'PaletteSupport','https://phg.smpop.net/data/item/1605253649/12.SpecModule_TBD_Thumbnail.jpg','Spec Module','PCM 50% Anti, Acrylic','195 x 170 x 10 (mm)','',70,'15.3',2,3,3,'',171127.8),(19,NULL,'id_admin','2020-11-13 23:54:48',1605252142,'PaletteSupport','https://phg.smpop.net/data/item/1605252142/05.DeviceModule_TBD_Thumbnail.jpg','Device Module (Vertical)','PCM 50% Anti, Acrylic','97.5 x 170 x 10 (mm)','',70,'10.2',2,3,3,'',171127.8),(20,NULL,'id_admin','2020-11-13 23:54:48',1501132014,'PaletteSupport','https://phg.smpop.net/data/item/1501132014/02_Universalsecuritycable6typeC_640X640_191211.jpg','Universal Sensor Cable (Ver.6) Type C','PC, Urethane etc.','1700mm','2~3 weeks',70,'7.9',2,3,3,'',171127.8),(21,NULL,'id_admin','2020-11-13 23:59:32',1605257341,'PaletteSupport','https://phg.smpop.net/data/item/1605257341/13.T2O1Infinity_TBD_Thumbnail.jpg','T2O1 Special Display','PC Resin(B&W), Diffuse PC, LED Light, Mirror','167 x 212 x 240 (mm)','',1030,'99',2,4,4,'',327184.0),(22,NULL,'id_admin','2020-11-13 23:59:32',1605255830,'PaletteSupport','https://phg.smpop.net/data/item/1605255830/07.P3AttractorLarge_TBD_Thumbnail.jpg','P3 Attractor Artistic Large','PC Resin(B&W), Diffuse PC, LED Light, Mirror','195 x 300 x 45 (mm)','',14,'73.9',2,4,4,'',327184.0),(23,NULL,'id_admin','2020-11-13 23:59:32',1605255679,'PaletteSupport','https://phg.smpop.net/data/item/1605255679/01.3DSignage_TBD_Thumbnail.jpg','Palette 3D Signage(LED)','PC Resin (B&W), Diffuse PC , LED light','190 x 90 x 45 (mm)','',9060,'19.8',2,4,4,'',327184.0),(24,NULL,'id_admin','2020-11-13 23:59:32',1605254256,'PaletteSupport','https://phg.smpop.net/data/item/1605254256/02.AttractorKVLrage_TBD_Thumbnail.jpg','Attractor KV Large','PCM 50% Anti, Acrylic, Diffuse PC, LED','195 x 300 x 45 (mm)','',562,'44.9',2,4,4,'',327184.0),(25,NULL,'id_admin','2020-11-13 23:59:32',1605254018,'PaletteSupport','https://phg.smpop.net/data/item/1605254018/04.ColorchipModule_TBD_Thumbnail.jpg','Colorchip Module','PCM 50% Anti, Acrylic','97.5 x 170 x 10 (mm)','',14,'22.8',2,4,4,'',327184.0),(26,NULL,'id_admin','2020-11-13 23:59:32',1605253649,'PaletteSupport','https://phg.smpop.net/data/item/1605253649/12.SpecModule_TBD_Thumbnail.jpg','Spec Module','PCM 50% Anti, Acrylic','195 x 170 x 10 (mm)','',576,'15.3',2,4,4,'',327184.0),(27,NULL,'id_admin','2020-11-13 23:59:32',1605252142,'PaletteSupport','https://phg.smpop.net/data/item/1605252142/05.DeviceModule_TBD_Thumbnail.jpg','Device Module (Vertical)','PCM 50% Anti, Acrylic','97.5 x 170 x 10 (mm)','',576,'10.2',2,4,4,'',327184.0),(28,NULL,'id_admin','2020-11-13 23:59:32',1501132014,'PaletteSupport','https://phg.smpop.net/data/item/1501132014/02_Universalsecuritycable6typeC_640X640_191211.jpg','Universal Sensor Cable (Ver.6) Type C','PC, Urethane etc.','1700mm','2~3 weeks',576,'7.9',2,4,4,'',327184.0),(29,NULL,'id_admin','2020-11-14 00:00:52',1605257341,'PaletteSupport','https://phg.smpop.net/data/item/1605257341/13.T2O1Infinity_TBD_Thumbnail.jpg','T2O1 Special Display','PC Resin(B&W), Diffuse PC, LED Light, Mirror','167 x 212 x 240 (mm)','',454,'99',2,5,5,'',122749.3),(30,NULL,'id_admin','2020-11-14 00:00:52',1605255830,'PaletteSupport','https://phg.smpop.net/data/item/1605255830/07.P3AttractorLarge_TBD_Thumbnail.jpg','P3 Attractor Artistic Large','PC Resin(B&W), Diffuse PC, LED Light, Mirror','195 x 300 x 45 (mm)','',2,'73.9',2,5,5,'',122749.3),(31,NULL,'id_admin','2020-11-14 00:00:52',1605255679,'PaletteSupport','https://phg.smpop.net/data/item/1605255679/01.3DSignage_TBD_Thumbnail.jpg','Palette 3D Signage(LED)','PC Resin (B&W), Diffuse PC , LED light','190 x 90 x 45 (mm)','',3770,'19.8',2,5,5,'',122749.3),(32,NULL,'id_admin','2020-11-14 00:00:52',1605254256,'PaletteSupport','https://phg.smpop.net/data/item/1605254256/02.AttractorKVLrage_TBD_Thumbnail.jpg','Attractor KV Large','PCM 50% Anti, Acrylic, Diffuse PC, LED','195 x 300 x 45 (mm)','',37,'44.9',2,5,5,'',122749.3),(33,NULL,'id_admin','2020-11-14 00:00:52',1605254018,'PaletteSupport','https://phg.smpop.net/data/item/1605254018/04.ColorchipModule_TBD_Thumbnail.jpg','Colorchip Module','PCM 50% Anti, Acrylic','97.5 x 170 x 10 (mm)','',2,'22.8',2,5,5,'',122749.3),(34,NULL,'id_admin','2020-11-14 00:00:52',1605253649,'PaletteSupport','https://phg.smpop.net/data/item/1605253649/12.SpecModule_TBD_Thumbnail.jpg','Spec Module','PCM 50% Anti, Acrylic','195 x 170 x 10 (mm)','',39,'15.3',2,5,5,'',122749.3),(35,NULL,'id_admin','2020-11-14 00:00:52',1605252142,'PaletteSupport','https://phg.smpop.net/data/item/1605252142/05.DeviceModule_TBD_Thumbnail.jpg','Device Module (Vertical)','PCM 50% Anti, Acrylic','97.5 x 170 x 10 (mm)','',39,'10.2',2,5,5,'',122749.3),(36,NULL,'id_admin','2020-11-14 00:00:52',1501132014,'PaletteSupport','https://phg.smpop.net/data/item/1501132014/02_Universalsecuritycable6typeC_640X640_191211.jpg','Universal Sensor Cable (Ver.6) Type C','PC, Urethane etc.','1700mm','2~3 weeks',39,'7.9',2,5,5,'',122749.3),(37,NULL,'id_admin','2020-11-14 00:02:06',1605257341,'PaletteSupport','https://phg.smpop.net/data/item/1605257341/13.T2O1Infinity_TBD_Thumbnail.jpg','T2O1 Special Display','PC Resin(B&W), Diffuse PC, LED Light, Mirror','167 x 212 x 240 (mm)','',138,'99',2,6,6,'',52046.1),(38,NULL,'id_admin','2020-11-14 00:02:06',1605255679,'PaletteSupport','https://phg.smpop.net/data/item/1605255679/01.3DSignage_TBD_Thumbnail.jpg','Palette 3D Signage(LED)','PC Resin (B&W), Diffuse PC , LED light','190 x 90 x 45 (mm)','',1294,'19.8',2,6,6,'',52046.1),(39,NULL,'id_admin','2020-11-14 00:02:06',1605254256,'PaletteSupport','https://phg.smpop.net/data/item/1605254256/02.AttractorKVLrage_TBD_Thumbnail.jpg','Attractor KV Large','PCM 50% Anti, Acrylic, Diffuse PC, LED','195 x 300 x 45 (mm)','',163,'44.9',2,6,6,'',52046.1),(40,NULL,'id_admin','2020-11-14 00:02:06',1605253649,'PaletteSupport','https://phg.smpop.net/data/item/1605253649/12.SpecModule_TBD_Thumbnail.jpg','Spec Module','PCM 50% Anti, Acrylic','195 x 170 x 10 (mm)','',163,'15.3',2,6,6,'',52046.1),(41,NULL,'id_admin','2020-11-14 00:02:06',1605252142,'PaletteSupport','https://phg.smpop.net/data/item/1605252142/05.DeviceModule_TBD_Thumbnail.jpg','Device Module (Vertical)','PCM 50% Anti, Acrylic','97.5 x 170 x 10 (mm)','',163,'10.2',2,6,6,'',52046.1),(42,NULL,'id_admin','2020-11-14 00:02:06',1501132014,'PaletteSupport','https://phg.smpop.net/data/item/1501132014/02_Universalsecuritycable6typeC_640X640_191211.jpg','Universal Sensor Cable (Ver.6) Type C','PC, Urethane etc.','1700mm','2~3 weeks',163,'7.9',2,6,6,'',52046.1),(51,NULL,'id_admin','2020-11-14 00:03:26',1605257341,'PaletteSupport','https://phg.smpop.net/data/item/1605257341/13.T2O1Infinity_TBD_Thumbnail.jpg','T2O1 Special Display','PC Resin(B&W), Diffuse PC, LED Light, Mirror','167 x 212 x 240 (mm)','',164,'99',2,7,7,'',66462.9),(52,NULL,'id_admin','2020-11-14 00:03:26',1605255830,'PaletteSupport','https://phg.smpop.net/data/item/1605255830/07.P3AttractorLarge_TBD_Thumbnail.jpg','P3 Attractor Artistic Large','PC Resin(B&W), Diffuse PC, LED Light, Mirror','195 x 300 x 45 (mm)','',21,'73.9',2,7,7,'',66462.9),(53,NULL,'id_admin','2020-11-14 00:03:26',1605255679,'PaletteSupport','https://phg.smpop.net/data/item/1605255679/01.3DSignage_TBD_Thumbnail.jpg','Palette 3D Signage(LED)','PC Resin (B&W), Diffuse PC , LED light','190 x 90 x 45 (mm)','',1592,'19.8',2,7,7,'',66462.9),(54,NULL,'id_admin','2020-11-14 00:03:26',1605254256,'PaletteSupport','https://phg.smpop.net/data/item/1605254256/02.AttractorKVLrage_TBD_Thumbnail.jpg','Attractor KV Large','PCM 50% Anti, Acrylic, Diffuse PC, LED','195 x 300 x 45 (mm)','',204,'44.9',2,7,7,'',66462.9),(55,NULL,'id_admin','2020-11-14 00:03:26',1605254018,'PaletteSupport','https://phg.smpop.net/data/item/1605254018/04.ColorchipModule_TBD_Thumbnail.jpg','Colorchip Module','PCM 50% Anti, Acrylic','97.5 x 170 x 10 (mm)','',21,'22.8',2,7,7,'',66462.9),(56,NULL,'id_admin','2020-11-14 00:03:26',1605253649,'PaletteSupport','https://phg.smpop.net/data/item/1605253649/12.SpecModule_TBD_Thumbnail.jpg','Spec Module','PCM 50% Anti, Acrylic','195 x 170 x 10 (mm)','',225,'15.3',2,7,7,'',66462.9),(57,NULL,'id_admin','2020-11-14 00:03:26',1605252142,'PaletteSupport','https://phg.smpop.net/data/item/1605252142/05.DeviceModule_TBD_Thumbnail.jpg','Device Module (Vertical)','PCM 50% Anti, Acrylic','97.5 x 170 x 10 (mm)','',225,'10.2',2,7,7,'',66462.9),(58,NULL,'id_admin','2020-11-14 00:03:26',1501132014,'PaletteSupport','https://phg.smpop.net/data/item/1501132014/02_Universalsecuritycable6typeC_640X640_191211.jpg','Universal Sensor Cable (Ver.6) Type C','PC, Urethane etc.','1700mm','2~3 weeks',225,'7.9',2,7,7,'',66462.9),(59,NULL,'id_admin','2020-11-14 00:04:33',1605257341,'PaletteSupport','https://phg.smpop.net/data/item/1605257341/13.T2O1Infinity_TBD_Thumbnail.jpg','T2O1 Special Display','PC Resin(B&W), Diffuse PC, LED Light, Mirror','167 x 212 x 240 (mm)','',379,'99',2,8,9,'',104965.8),(60,NULL,'id_admin','2020-11-14 00:04:33',1605255830,'PaletteSupport','https://phg.smpop.net/data/item/1605255830/07.P3AttractorLarge_TBD_Thumbnail.jpg','P3 Attractor Artistic Large','PC Resin(B&W), Diffuse PC, LED Light, Mirror','195 x 300 x 45 (mm)','',3,'73.9',2,8,9,'',104965.8),(61,NULL,'id_admin','2020-11-14 00:04:33',1605255679,'PaletteSupport','https://phg.smpop.net/data/item/1605255679/01.3DSignage_TBD_Thumbnail.jpg','Palette 3D Signage(LED)','PC Resin (B&W), Diffuse PC , LED light','190 x 90 x 45 (mm)','',3177,'19.8',2,8,9,'',104965.8),(62,NULL,'id_admin','2020-11-14 00:04:33',1605254256,'PaletteSupport','https://phg.smpop.net/data/item/1605254256/02.AttractorKVLrage_TBD_Thumbnail.jpg','Attractor KV Large','PCM 50% Anti, Acrylic, Diffuse PC, LED','195 x 300 x 45 (mm)','',53,'44.9',2,8,9,'',104965.8),(63,NULL,'id_admin','2020-11-14 00:04:33',1605254018,'PaletteSupport','https://phg.smpop.net/data/item/1605254018/04.ColorchipModule_TBD_Thumbnail.jpg','Colorchip Module','PCM 50% Anti, Acrylic','97.5 x 170 x 10 (mm)','',3,'22.8',2,8,9,'',104965.8),(64,NULL,'id_admin','2020-11-14 00:04:33',1605253649,'PaletteSupport','https://phg.smpop.net/data/item/1605253649/12.SpecModule_TBD_Thumbnail.jpg','Spec Module','PCM 50% Anti, Acrylic','195 x 170 x 10 (mm)','',56,'15.3',2,8,9,'',104965.8),(65,NULL,'id_admin','2020-11-14 00:04:33',1605252142,'PaletteSupport','https://phg.smpop.net/data/item/1605252142/05.DeviceModule_TBD_Thumbnail.jpg','Device Module (Vertical)','PCM 50% Anti, Acrylic','97.5 x 170 x 10 (mm)','',56,'10.2',2,8,9,'',104965.8),(66,NULL,'id_admin','2020-11-14 00:04:33',1501132014,'PaletteSupport','https://phg.smpop.net/data/item/1501132014/02_Universalsecuritycable6typeC_640X640_191211.jpg','Universal Sensor Cable (Ver.6) Type C','PC, Urethane etc.','1700mm','2~3 weeks',56,'7.9',2,8,9,'',104965.8),(75,NULL,'id_admin','2020-11-14 00:09:27',1605257341,'PaletteSupport','https://phg.smpop.net/data/item/1605257341/13.T2O1Infinity_TBD_Thumbnail.jpg','T2O1 Special Display','PC Resin(B&W), Diffuse PC, LED Light, Mirror','167 x 212 x 240 (mm)','',352,'99',2,9,11,'',93220.7),(76,NULL,'id_admin','2020-11-14 00:09:27',1605255830,'PaletteSupport','https://phg.smpop.net/data/item/1605255830/07.P3AttractorLarge_TBD_Thumbnail.jpg','P3 Attractor Artistic Large','PC Resin(B&W), Diffuse PC, LED Light, Mirror','195 x 300 x 45 (mm)','',1,'73.9',2,9,11,'',93220.7),(77,NULL,'id_admin','2020-11-14 00:09:27',1605255679,'PaletteSupport','https://phg.smpop.net/data/item/1605255679/01.3DSignage_TBD_Thumbnail.jpg','Palette 3D Signage(LED)','PC Resin (B&W), Diffuse PC , LED light','190 x 90 x 45 (mm)','',2902,'19.8',2,9,11,'',93220.7),(78,NULL,'id_admin','2020-11-14 00:09:27',1605254256,'PaletteSupport','https://phg.smpop.net/data/item/1605254256/02.AttractorKVLrage_TBD_Thumbnail.jpg','Attractor KV Large','PCM 50% Anti, Acrylic, Diffuse PC, LED','195 x 300 x 45 (mm)','',10,'44.9',2,9,11,'',93220.7),(79,NULL,'id_admin','2020-11-14 00:09:27',1605254018,'PaletteSupport','https://phg.smpop.net/data/item/1605254018/04.ColorchipModule_TBD_Thumbnail.jpg','Colorchip Module','PCM 50% Anti, Acrylic','97.5 x 170 x 10 (mm)','',1,'22.8',2,9,11,'',93220.7),(80,NULL,'id_admin','2020-11-14 00:09:27',1605253649,'PaletteSupport','https://phg.smpop.net/data/item/1605253649/12.SpecModule_TBD_Thumbnail.jpg','Spec Module','PCM 50% Anti, Acrylic','195 x 170 x 10 (mm)','',11,'15.3',2,9,11,'',93220.7),(81,NULL,'id_admin','2020-11-14 00:09:27',1605252142,'PaletteSupport','https://phg.smpop.net/data/item/1605252142/05.DeviceModule_TBD_Thumbnail.jpg','Device Module (Vertical)','PCM 50% Anti, Acrylic','97.5 x 170 x 10 (mm)','',11,'10.2',2,9,11,'',93220.7),(82,NULL,'id_admin','2020-11-14 00:09:27',1501132014,'PaletteSupport','https://phg.smpop.net/data/item/1501132014/02_Universalsecuritycable6typeC_640X640_191211.jpg','Universal Sensor Cable (Ver.6) Type C','PC, Urethane etc.','1700mm','2~3 weeks',11,'7.9',2,9,11,'',93220.7),(83,NULL,'id_admin','2020-11-14 00:10:59',1605257341,'PaletteSupport','https://phg.smpop.net/data/item/1605257341/13.T2O1Infinity_TBD_Thumbnail.jpg','T2O1 Special Display','PC Resin(B&W), Diffuse PC, LED Light, Mirror','167 x 212 x 240 (mm)','',164,'99',2,10,15,'',46699.4),(84,NULL,'id_admin','2020-11-14 00:10:59',1605255830,'PaletteSupport','https://phg.smpop.net/data/item/1605255830/07.P3AttractorLarge_TBD_Thumbnail.jpg','P3 Attractor Artistic Large','PC Resin(B&W), Diffuse PC, LED Light, Mirror','195 x 300 x 45 (mm)','',22,'73.9',2,10,15,'',46699.4),(85,NULL,'id_admin','2020-11-14 00:10:59',1605255679,'PaletteSupport','https://phg.smpop.net/data/item/1605255679/01.3DSignage_TBD_Thumbnail.jpg','Palette 3D Signage(LED)','PC Resin (B&W), Diffuse PC , LED light','190 x 90 x 45 (mm)','',1394,'19.8',2,10,15,'',46699.4),(86,NULL,'id_admin','2020-11-14 00:10:59',1605254018,'PaletteSupport','https://phg.smpop.net/data/item/1605254018/04.ColorchipModule_TBD_Thumbnail.jpg','Colorchip Module','PCM 50% Anti, Acrylic','97.5 x 170 x 10 (mm)','',22,'22.8',2,10,15,'',46699.4),(87,NULL,'id_admin','2020-11-14 00:10:59',1605253649,'PaletteSupport','https://phg.smpop.net/data/item/1605253649/12.SpecModule_TBD_Thumbnail.jpg','Spec Module','PCM 50% Anti, Acrylic','195 x 170 x 10 (mm)','',22,'15.3',2,10,15,'',46699.4),(88,NULL,'id_admin','2020-11-14 00:10:59',1605252142,'PaletteSupport','https://phg.smpop.net/data/item/1605252142/05.DeviceModule_TBD_Thumbnail.jpg','Device Module (Vertical)','PCM 50% Anti, Acrylic','97.5 x 170 x 10 (mm)','',22,'10.2',2,10,15,'',46699.4),(89,NULL,'id_admin','2020-11-14 00:10:59',1501132014,'PaletteSupport','https://phg.smpop.net/data/item/1501132014/02_Universalsecuritycable6typeC_640X640_191211.jpg','Universal Sensor Cable (Ver.6) Type C','PC, Urethane etc.','1700mm','2~3 weeks',22,'7.9',2,10,15,'',46699.4),(90,NULL,'id_admin','2020-11-14 00:12:21',1605257341,'PaletteSupport','https://phg.smpop.net/data/item/1605257341/13.T2O1Infinity_TBD_Thumbnail.jpg','T2O1 Special Display','PC Resin(B&W), Diffuse PC, LED Light, Mirror','167 x 212 x 240 (mm)','',244,'99',2,11,16,'',68348.7),(91,NULL,'id_admin','2020-11-14 00:12:21',1605255679,'PaletteSupport','https://phg.smpop.net/data/item/1605255679/01.3DSignage_TBD_Thumbnail.jpg','Palette 3D Signage(LED)','PC Resin (B&W), Diffuse PC , LED light','190 x 90 x 45 (mm)','',2054,'19.8',2,11,16,'',68348.7),(92,NULL,'id_admin','2020-11-14 00:12:22',1605254256,'PaletteSupport','https://phg.smpop.net/data/item/1605254256/02.AttractorKVLrage_TBD_Thumbnail.jpg','Attractor KV Large','PCM 50% Anti, Acrylic, Diffuse PC, LED','195 x 300 x 45 (mm)','',45,'44.9',2,11,16,'',68348.7),(93,NULL,'id_admin','2020-11-14 00:12:22',1605253649,'PaletteSupport','https://phg.smpop.net/data/item/1605253649/12.SpecModule_TBD_Thumbnail.jpg','Spec Module','PCM 50% Anti, Acrylic','195 x 170 x 10 (mm)','',45,'15.3',2,11,16,'',68348.7),(94,NULL,'id_admin','2020-11-14 00:12:22',1605252142,'PaletteSupport','https://phg.smpop.net/data/item/1605252142/05.DeviceModule_TBD_Thumbnail.jpg','Device Module (Vertical)','PCM 50% Anti, Acrylic','97.5 x 170 x 10 (mm)','',45,'10.2',2,11,16,'',68348.7),(95,NULL,'id_admin','2020-11-14 00:12:22',1501132014,'PaletteSupport','https://phg.smpop.net/data/item/1501132014/02_Universalsecuritycable6typeC_640X640_191211.jpg','Universal Sensor Cable (Ver.6) Type C','PC, Urethane etc.','1700mm','2~3 weeks',45,'7.9',2,11,16,'',68348.7),(104,NULL,'id_admin','2020-11-14 00:14:34',1605257341,'PaletteSupport','https://phg.smpop.net/data/item/1605257341/13.T2O1Infinity_TBD_Thumbnail.jpg','T2O1 Special Display','PC Resin(B&W), Diffuse PC, LED Light, Mirror','167 x 212 x 240 (mm)','',46,'99',2,13,20,'',18167.6),(105,NULL,'id_admin','2020-11-14 00:14:34',1605255830,'PaletteSupport','https://phg.smpop.net/data/item/1605255830/07.P3AttractorLarge_TBD_Thumbnail.jpg','P3 Attractor Artistic Large','PC Resin(B&W), Diffuse PC, LED Light, Mirror','195 x 300 x 45 (mm)','',13,'73.9',2,13,20,'',18167.6),(106,NULL,'id_admin','2020-11-14 00:14:34',1605255679,'PaletteSupport','https://phg.smpop.net/data/item/1605255679/01.3DSignage_TBD_Thumbnail.jpg','Palette 3D Signage(LED)','PC Resin (B&W), Diffuse PC , LED light','190 x 90 x 45 (mm)','',440,'19.8',2,13,20,'',18167.6),(107,NULL,'id_admin','2020-11-14 00:14:34',1605254256,'PaletteSupport','https://phg.smpop.net/data/item/1605254256/02.AttractorKVLrage_TBD_Thumbnail.jpg','Attractor KV Large','PCM 50% Anti, Acrylic, Diffuse PC, LED','195 x 300 x 45 (mm)','',41,'44.9',2,13,20,'',18167.6),(108,NULL,'id_admin','2020-11-14 00:14:34',1605254018,'PaletteSupport','https://phg.smpop.net/data/item/1605254018/04.ColorchipModule_TBD_Thumbnail.jpg','Colorchip Module','PCM 50% Anti, Acrylic','97.5 x 170 x 10 (mm)','',13,'22.8',2,13,20,'',18167.6),(109,NULL,'id_admin','2020-11-14 00:14:34',1605253649,'PaletteSupport','https://phg.smpop.net/data/item/1605253649/12.SpecModule_TBD_Thumbnail.jpg','Spec Module','PCM 50% Anti, Acrylic','195 x 170 x 10 (mm)','',54,'15.3',2,13,20,'',18167.6),(110,NULL,'id_admin','2020-11-14 00:14:34',1605252142,'PaletteSupport','https://phg.smpop.net/data/item/1605252142/05.DeviceModule_TBD_Thumbnail.jpg','Device Module (Vertical)','PCM 50% Anti, Acrylic','97.5 x 170 x 10 (mm)','',54,'10.2',2,13,20,'',18167.6),(111,NULL,'id_admin','2020-11-14 00:14:34',1501132014,'PaletteSupport','https://phg.smpop.net/data/item/1501132014/02_Universalsecuritycable6typeC_640X640_191211.jpg','Universal Sensor Cable (Ver.6) Type C','PC, Urethane etc.','1700mm','2~3 weeks',54,'7.9',2,13,20,'',18167.6),(112,NULL,'id_admin','2020-11-14 00:15:41',1605257341,'PaletteSupport','https://phg.smpop.net/data/item/1605257341/13.T2O1Infinity_TBD_Thumbnail.jpg','T2O1 Special Display','PC Resin(B&W), Diffuse PC, LED Light, Mirror','167 x 212 x 240 (mm)','',103,'99',2,14,22,'',30471.5),(113,NULL,'id_admin','2020-11-14 00:15:41',1605255830,'PaletteSupport','https://phg.smpop.net/data/item/1605255830/07.P3AttractorLarge_TBD_Thumbnail.jpg','P3 Attractor Artistic Large','PC Resin(B&W), Diffuse PC, LED Light, Mirror','195 x 300 x 45 (mm)','',4,'73.9',2,14,22,'',30471.5),(114,NULL,'id_admin','2020-11-14 00:15:41',1605255679,'PaletteSupport','https://phg.smpop.net/data/item/1605255679/01.3DSignage_TBD_Thumbnail.jpg','Palette 3D Signage(LED)','PC Resin (B&W), Diffuse PC , LED light','190 x 90 x 45 (mm)','',883,'19.8',2,14,22,'',30471.5),(115,NULL,'id_admin','2020-11-14 00:15:41',1605254256,'PaletteSupport','https://phg.smpop.net/data/item/1605254256/02.AttractorKVLrage_TBD_Thumbnail.jpg','Attractor KV Large','PCM 50% Anti, Acrylic, Diffuse PC, LED','195 x 300 x 45 (mm)','',29,'44.9',2,14,22,'',30471.5),(116,NULL,'id_admin','2020-11-14 00:15:41',1605254018,'PaletteSupport','https://phg.smpop.net/data/item/1605254018/04.ColorchipModule_TBD_Thumbnail.jpg','Colorchip Module','PCM 50% Anti, Acrylic','97.5 x 170 x 10 (mm)','',4,'22.8',2,14,22,'',30471.5),(117,NULL,'id_admin','2020-11-14 00:15:41',1605253649,'PaletteSupport','https://phg.smpop.net/data/item/1605253649/12.SpecModule_TBD_Thumbnail.jpg','Spec Module','PCM 50% Anti, Acrylic','195 x 170 x 10 (mm)','',33,'15.3',2,14,22,'',30471.5),(118,NULL,'id_admin','2020-11-14 00:15:41',1605252142,'PaletteSupport','https://phg.smpop.net/data/item/1605252142/05.DeviceModule_TBD_Thumbnail.jpg','Device Module (Vertical)','PCM 50% Anti, Acrylic','97.5 x 170 x 10 (mm)','',33,'10.2',2,14,22,'',30471.5),(119,NULL,'id_admin','2020-11-14 00:15:41',1501132014,'PaletteSupport','https://phg.smpop.net/data/item/1501132014/02_Universalsecuritycable6typeC_640X640_191211.jpg','Universal Sensor Cable (Ver.6) Type C','PC, Urethane etc.','1700mm','2~3 weeks',33,'7.9',2,14,22,'',30471.5),(142,NULL,'id_admin','2020-11-14 00:30:19',1605257341,'PaletteSupport','https://phg.smpop.net/data/item/1605257341/13.T2O1Infinity_TBD_Thumbnail.jpg','T2O1 Special Display','PC Resin(B&W), Diffuse PC, LED Light, Mirror','167 x 212 x 240 (mm)','',25,'99',3,18,34,'',43496.0),(143,NULL,'id_admin','2020-11-14 00:30:19',1605255830,'PaletteSupport','https://phg.smpop.net/data/item/1605255830/07.P3AttractorLarge_TBD_Thumbnail.jpg','P3 Attractor Artistic Large','PC Resin(B&W), Diffuse PC, LED Light, Mirror','195 x 300 x 45 (mm)','',232,'73.9',3,18,34,'',43496.0),(144,NULL,'id_admin','2020-11-14 00:30:19',1605255679,'PaletteSupport','https://phg.smpop.net/data/item/1605255679/01.3DSignage_TBD_Thumbnail.jpg','Palette 3D Signage(LED)','PC Resin (B&W), Diffuse PC , LED light','190 x 90 x 45 (mm)','',492,'19.8',3,18,34,'',43496.0),(145,NULL,'id_admin','2020-11-14 00:30:19',1605254256,'PaletteSupport','https://phg.smpop.net/data/item/1605254256/02.AttractorKVLrage_TBD_Thumbnail.jpg','Attractor KV Large','PCM 50% Anti, Acrylic, Diffuse PC, LED','195 x 300 x 45 (mm)','',14,'44.9',3,18,34,'',43496.0),(146,NULL,'id_admin','2020-11-14 00:30:19',1605254018,'PaletteSupport','https://phg.smpop.net/data/item/1605254018/04.ColorchipModule_TBD_Thumbnail.jpg','Colorchip Module','PCM 50% Anti, Acrylic','97.5 x 170 x 10 (mm)','',232,'22.8',3,18,34,'',43496.0),(147,NULL,'id_admin','2020-11-14 00:30:19',1605253649,'PaletteSupport','https://phg.smpop.net/data/item/1605253649/12.SpecModule_TBD_Thumbnail.jpg','Spec Module','PCM 50% Anti, Acrylic','195 x 170 x 10 (mm)','',246,'15.3',3,18,34,'',43496.0),(148,NULL,'id_admin','2020-11-14 00:30:19',1605252142,'PaletteSupport','https://phg.smpop.net/data/item/1605252142/05.DeviceModule_TBD_Thumbnail.jpg','Device Module (Vertical)','PCM 50% Anti, Acrylic','97.5 x 170 x 10 (mm)','',246,'10.2',3,18,34,'',43496.0),(149,NULL,'id_admin','2020-11-14 00:30:19',1501132014,'PaletteSupport','https://phg.smpop.net/data/item/1501132014/02_Universalsecuritycable6typeC_640X640_191211.jpg','Universal Sensor Cable (Ver.6) Type C','PC, Urethane etc.','1700mm','2~3 weeks',246,'7.9',3,18,34,'',43496.0),(172,NULL,'id_admin','2020-11-14 00:33:23',1605257341,'PaletteSupport','https://phg.smpop.net/data/item/1605257341/13.T2O1Infinity_TBD_Thumbnail.jpg','T2O1 Special Display','PC Resin(B&W), Diffuse PC, LED Light, Mirror','167 x 212 x 240 (mm)','',121,'99',4,21,44,'',83087.5),(173,NULL,'id_admin','2020-11-14 00:33:23',1605255830,'PaletteSupport','https://phg.smpop.net/data/item/1605255830/07.P3AttractorLarge_TBD_Thumbnail.jpg','P3 Attractor Artistic Large','PC Resin(B&W), Diffuse PC, LED Light, Mirror','195 x 300 x 45 (mm)','',224,'73.9',4,21,44,'',83087.5),(174,NULL,'id_admin','2020-11-14 00:33:23',1605255679,'PaletteSupport','https://phg.smpop.net/data/item/1605255679/01.3DSignage_TBD_Thumbnail.jpg','Palette 3D Signage(LED)','PC Resin (B&W), Diffuse PC , LED light','190 x 90 x 45 (mm)','',1554,'19.8',4,21,44,'',83087.5),(175,NULL,'id_admin','2020-11-14 00:33:23',1605254256,'PaletteSupport','https://phg.smpop.net/data/item/1605254256/02.AttractorKVLrage_TBD_Thumbnail.jpg','Attractor KV Large','PCM 50% Anti, Acrylic, Diffuse PC, LED','195 x 300 x 45 (mm)','',143,'44.9',4,21,44,'',83087.5),(176,NULL,'id_admin','2020-11-14 00:33:23',1605254018,'PaletteSupport','https://phg.smpop.net/data/item/1605254018/04.ColorchipModule_TBD_Thumbnail.jpg','Colorchip Module','PCM 50% Anti, Acrylic','97.5 x 170 x 10 (mm)','',224,'22.8',4,21,44,'',83087.5),(177,NULL,'id_admin','2020-11-14 00:33:23',1605253649,'PaletteSupport','https://phg.smpop.net/data/item/1605253649/12.SpecModule_TBD_Thumbnail.jpg','Spec Module','PCM 50% Anti, Acrylic','195 x 170 x 10 (mm)','',367,'15.3',4,21,44,'',83087.5),(178,NULL,'id_admin','2020-11-14 00:33:23',1605252142,'PaletteSupport','https://phg.smpop.net/data/item/1605252142/05.DeviceModule_TBD_Thumbnail.jpg','Device Module (Vertical)','PCM 50% Anti, Acrylic','97.5 x 170 x 10 (mm)','',367,'10.2',4,21,44,'',83087.5),(179,NULL,'id_admin','2020-11-14 00:33:23',1501132014,'PaletteSupport','https://phg.smpop.net/data/item/1501132014/02_Universalsecuritycable6typeC_640X640_191211.jpg','Universal Sensor Cable (Ver.6) Type C','PC, Urethane etc.','1700mm','2~3 weeks',367,'7.9',4,21,44,'',83087.5),(189,NULL,'id_admin','2020-11-14 00:36:39',1605257341,'PaletteSupport','https://phg.smpop.net/data/item/1605257341/13.T2O1Infinity_TBD_Thumbnail.jpg','T2O1 Special Display','PC Resin(B&W), Diffuse PC, LED Light, Mirror','167 x 212 x 240 (mm)','',30,'99',4,24,57,'',9557.6),(190,NULL,'id_admin','2020-11-14 00:36:39',1605255830,'PaletteSupport','https://phg.smpop.net/data/item/1605255830/07.P3AttractorLarge_TBD_Thumbnail.jpg','P3 Attractor Artistic Large','PC Resin(B&W), Diffuse PC, LED Light, Mirror','195 x 300 x 45 (mm)','',10,'73.9',4,24,57,'',9557.6),(191,NULL,'id_admin','2020-11-14 00:36:39',1605255679,'PaletteSupport','https://phg.smpop.net/data/item/1605255679/01.3DSignage_TBD_Thumbnail.jpg','Palette 3D Signage(LED)','PC Resin (B&W), Diffuse PC , LED light','190 x 90 x 45 (mm)','',267,'19.8',4,24,57,'',9557.6),(192,NULL,'id_admin','2020-11-14 00:36:39',1605254018,'PaletteSupport','https://phg.smpop.net/data/item/1605254018/04.ColorchipModule_TBD_Thumbnail.jpg','Colorchip Module','PCM 50% Anti, Acrylic','97.5 x 170 x 10 (mm)','',10,'22.8',4,24,57,'',9557.6),(193,NULL,'id_admin','2020-11-14 00:36:39',1605253649,'PaletteSupport','https://phg.smpop.net/data/item/1605253649/12.SpecModule_TBD_Thumbnail.jpg','Spec Module','PCM 50% Anti, Acrylic','195 x 170 x 10 (mm)','',10,'15.3',4,24,57,'',9557.6),(194,NULL,'id_admin','2020-11-14 00:36:39',1605252142,'PaletteSupport','https://phg.smpop.net/data/item/1605252142/05.DeviceModule_TBD_Thumbnail.jpg','Device Module (Vertical)','PCM 50% Anti, Acrylic','97.5 x 170 x 10 (mm)','',10,'10.2',4,24,57,'',9557.6),(195,NULL,'id_admin','2020-11-14 00:36:39',1501132014,'PaletteSupport','https://phg.smpop.net/data/item/1501132014/02_Universalsecuritycable6typeC_640X640_191211.jpg','Universal Sensor Cable (Ver.6) Type C','PC, Urethane etc.','1700mm','2~3 weeks',10,'7.9',4,24,57,'',9557.6),(210,NULL,'id_admin','2020-11-14 00:40:59',1605257341,'PaletteSupport','https://phg.smpop.net/data/item/1605257341/13.T2O1Infinity_TBD_Thumbnail.jpg','T2O1 Special Display','PC Resin(B&W), Diffuse PC, LED Light, Mirror','167 x 212 x 240 (mm)','',39,'99',4,25,60,'',13520.3),(211,NULL,'id_admin','2020-11-14 00:40:59',1605255830,'PaletteSupport','https://phg.smpop.net/data/item/1605255830/07.P3AttractorLarge_TBD_Thumbnail.jpg','P3 Attractor Artistic Large','PC Resin(B&W), Diffuse PC, LED Light, Mirror','195 x 300 x 45 (mm)','',19,'73.9',4,25,60,'',13520.3),(212,NULL,'id_admin','2020-11-14 00:40:59',1605255679,'PaletteSupport','https://phg.smpop.net/data/item/1605255679/01.3DSignage_TBD_Thumbnail.jpg','Palette 3D Signage(LED)','PC Resin (B&W), Diffuse PC , LED light','190 x 90 x 45 (mm)','',363,'19.8',4,25,60,'',13520.3),(213,NULL,'id_admin','2020-11-14 00:40:59',1605254018,'PaletteSupport','https://phg.smpop.net/data/item/1605254018/04.ColorchipModule_TBD_Thumbnail.jpg','Colorchip Module','PCM 50% Anti, Acrylic','97.5 x 170 x 10 (mm)','',19,'22.8',4,25,60,'',13520.3),(214,NULL,'id_admin','2020-11-14 00:40:59',1605253649,'PaletteSupport','https://phg.smpop.net/data/item/1605253649/12.SpecModule_TBD_Thumbnail.jpg','Spec Module','PCM 50% Anti, Acrylic','195 x 170 x 10 (mm)','',19,'15.3',4,25,60,'',13520.3),(215,NULL,'id_admin','2020-11-14 00:40:59',1605252142,'PaletteSupport','https://phg.smpop.net/data/item/1605252142/05.DeviceModule_TBD_Thumbnail.jpg','Device Module (Vertical)','PCM 50% Anti, Acrylic','97.5 x 170 x 10 (mm)','',19,'10.2',4,25,60,'',13520.3),(216,NULL,'id_admin','2020-11-14 00:40:59',1501132014,'PaletteSupport','https://phg.smpop.net/data/item/1501132014/02_Universalsecuritycable6typeC_640X640_191211.jpg','Universal Sensor Cable (Ver.6) Type C','PC, Urethane etc.','1700mm','2~3 weeks',19,'7.9',4,25,60,'',13520.3),(224,NULL,'id_admin','2020-11-14 00:56:57',1605257341,'PaletteSupport','https://phg.smpop.net/data/item/1605257341/13.T2O1Infinity_TBD_Thumbnail.jpg','T2O1 Special Display','PC Resin(B&W), Diffuse PC, LED Light, Mirror','167 x 212 x 240 (mm)','',12,'99',4,27,63,'',4754.7),(225,NULL,'id_admin','2020-11-14 00:56:57',1605255830,'PaletteSupport','https://phg.smpop.net/data/item/1605255830/07.P3AttractorLarge_TBD_Thumbnail.jpg','P3 Attractor Artistic Large','PC Resin(B&W), Diffuse PC, LED Light, Mirror','195 x 300 x 45 (mm)','',9,'73.9',4,27,63,'',4754.7),(226,NULL,'id_admin','2020-11-14 00:56:57',1605255679,'PaletteSupport','https://phg.smpop.net/data/item/1605255679/01.3DSignage_TBD_Thumbnail.jpg','Palette 3D Signage(LED)','PC Resin (B&W), Diffuse PC , LED light','190 x 90 x 45 (mm)','',121,'19.8',4,27,63,'',4754.7),(227,NULL,'id_admin','2020-11-14 00:56:57',1605254018,'PaletteSupport','https://phg.smpop.net/data/item/1605254018/04.ColorchipModule_TBD_Thumbnail.jpg','Colorchip Module','PCM 50% Anti, Acrylic','97.5 x 170 x 10 (mm)','',9,'22.8',4,27,63,'',4754.7),(228,NULL,'id_admin','2020-11-14 00:56:58',1605253649,'PaletteSupport','https://phg.smpop.net/data/item/1605253649/12.SpecModule_TBD_Thumbnail.jpg','Spec Module','PCM 50% Anti, Acrylic','195 x 170 x 10 (mm)','',9,'15.3',4,27,63,'',4754.7),(229,NULL,'id_admin','2020-11-14 00:56:58',1605252142,'PaletteSupport','https://phg.smpop.net/data/item/1605252142/05.DeviceModule_TBD_Thumbnail.jpg','Device Module (Vertical)','PCM 50% Anti, Acrylic','97.5 x 170 x 10 (mm)','',9,'10.2',4,27,63,'',4754.7),(230,NULL,'id_admin','2020-11-14 00:56:58',1501132014,'PaletteSupport','https://phg.smpop.net/data/item/1501132014/02_Universalsecuritycable6typeC_640X640_191211.jpg','Universal Sensor Cable (Ver.6) Type C','PC, Urethane etc.','1700mm','2~3 weeks',9,'7.9',4,27,63,'',4754.7),(231,NULL,'id_admin','2020-11-14 00:58:20',1605257341,'PaletteSupport','https://phg.smpop.net/data/item/1605257341/13.T2O1Infinity_TBD_Thumbnail.jpg','T2O1 Special Display','PC Resin(B&W), Diffuse PC, LED Light, Mirror','167 x 212 x 240 (mm)','',37,'99',5,28,64,'',19062.5),(232,NULL,'id_admin','2020-11-14 00:58:20',1605255830,'PaletteSupport','https://phg.smpop.net/data/item/1605255830/07.P3AttractorLarge_TBD_Thumbnail.jpg','P3 Attractor Artistic Large','PC Resin(B&W), Diffuse PC, LED Light, Mirror','195 x 300 x 45 (mm)','',28,'73.9',5,28,64,'',19062.5),(233,NULL,'id_admin','2020-11-14 00:58:20',1605255679,'PaletteSupport','https://phg.smpop.net/data/item/1605255679/01.3DSignage_TBD_Thumbnail.jpg','Palette 3D Signage(LED)','PC Resin (B&W), Diffuse PC , LED light','190 x 90 x 45 (mm)','',400,'19.8',5,28,64,'',19062.5),(234,NULL,'id_admin','2020-11-14 00:58:20',1605254256,'PaletteSupport','https://phg.smpop.net/data/item/1605254256/02.AttractorKVLrage_TBD_Thumbnail.jpg','Attractor KV Large','PCM 50% Anti, Acrylic, Diffuse PC, LED','195 x 300 x 45 (mm)','',49,'44.9',5,28,64,'',19062.5),(235,NULL,'id_admin','2020-11-14 00:58:20',1605254018,'PaletteSupport','https://phg.smpop.net/data/item/1605254018/04.ColorchipModule_TBD_Thumbnail.jpg','Colorchip Module','PCM 50% Anti, Acrylic','97.5 x 170 x 10 (mm)','',28,'22.8',5,28,64,'',19062.5),(236,NULL,'id_admin','2020-11-14 00:58:20',1605253649,'PaletteSupport','https://phg.smpop.net/data/item/1605253649/12.SpecModule_TBD_Thumbnail.jpg','Spec Module','PCM 50% Anti, Acrylic','195 x 170 x 10 (mm)','',77,'15.3',5,28,64,'',19062.5),(237,NULL,'id_admin','2020-11-14 00:58:20',1605252142,'PaletteSupport','https://phg.smpop.net/data/item/1605252142/05.DeviceModule_TBD_Thumbnail.jpg','Device Module (Vertical)','PCM 50% Anti, Acrylic','97.5 x 170 x 10 (mm)','',77,'10.2',5,28,64,'',19062.5),(238,NULL,'id_admin','2020-11-14 00:58:20',1501132014,'PaletteSupport','https://phg.smpop.net/data/item/1501132014/02_Universalsecuritycable6typeC_640X640_191211.jpg','Universal Sensor Cable (Ver.6) Type C','PC, Urethane etc.','1700mm','2~3 weeks',77,'7.9',5,28,64,'',19062.5),(239,NULL,'id_admin','2020-11-14 00:59:53',1605255830,'PaletteSupport','https://phg.smpop.net/data/item/1605255830/07.P3AttractorLarge_TBD_Thumbnail.jpg','P3 Attractor Artistic Large','PC Resin(B&W), Diffuse PC, LED Light, Mirror','195 x 300 x 45 (mm)','',50,'73.9',5,29,69,'',16814.5),(240,NULL,'id_admin','2020-11-14 00:59:53',1605255679,'PaletteSupport','https://phg.smpop.net/data/item/1605255679/01.3DSignage_TBD_Thumbnail.jpg','Palette 3D Signage(LED)','PC Resin (B&W), Diffuse PC , LED light','190 x 90 x 45 (mm)','',145,'19.8',5,29,69,'',16814.5),(241,NULL,'id_admin','2020-11-14 00:59:53',1605254256,'PaletteSupport','https://phg.smpop.net/data/item/1605254256/02.AttractorKVLrage_TBD_Thumbnail.jpg','Attractor KV Large','PCM 50% Anti, Acrylic, Diffuse PC, LED','195 x 300 x 45 (mm)','',95,'44.9',5,29,69,'',16814.5),(242,NULL,'id_admin','2020-11-14 00:59:53',1605254018,'PaletteSupport','https://phg.smpop.net/data/item/1605254018/04.ColorchipModule_TBD_Thumbnail.jpg','Colorchip Module','PCM 50% Anti, Acrylic','97.5 x 170 x 10 (mm)','',50,'22.8',5,29,69,'',16814.5),(243,NULL,'id_admin','2020-11-14 00:59:53',1605253649,'PaletteSupport','https://phg.smpop.net/data/item/1605253649/12.SpecModule_TBD_Thumbnail.jpg','Spec Module','PCM 50% Anti, Acrylic','195 x 170 x 10 (mm)','',145,'15.3',5,29,69,'',16814.5),(244,NULL,'id_admin','2020-11-14 00:59:53',1605252142,'PaletteSupport','https://phg.smpop.net/data/item/1605252142/05.DeviceModule_TBD_Thumbnail.jpg','Device Module (Vertical)','PCM 50% Anti, Acrylic','97.5 x 170 x 10 (mm)','',145,'10.2',5,29,69,'',16814.5),(245,NULL,'id_admin','2020-11-14 00:59:53',1501132014,'PaletteSupport','https://phg.smpop.net/data/item/1501132014/02_Universalsecuritycable6typeC_640X640_191211.jpg','Universal Sensor Cable (Ver.6) Type C','PC, Urethane etc.','1700mm','2~3 weeks',145,'7.9',5,29,69,'',16814.5),(246,NULL,'id_admin','2020-11-14 01:01:38',1605257341,'PaletteSupport','https://phg.smpop.net/data/item/1605257341/13.T2O1Infinity_TBD_Thumbnail.jpg','T2O1 Special Display','PC Resin(B&W), Diffuse PC, LED Light, Mirror','167 x 212 x 240 (mm)','',1,'99',5,30,70,'',3350.1),(247,NULL,'id_admin','2020-11-14 01:01:38',1605255830,'PaletteSupport','https://phg.smpop.net/data/item/1605255830/07.P3AttractorLarge_TBD_Thumbnail.jpg','P3 Attractor Artistic Large','PC Resin(B&W), Diffuse PC, LED Light, Mirror','195 x 300 x 45 (mm)','',15,'73.9',5,30,70,'',3350.1),(248,NULL,'id_admin','2020-11-14 01:01:38',1605255679,'PaletteSupport','https://phg.smpop.net/data/item/1605255679/01.3DSignage_TBD_Thumbnail.jpg','Palette 3D Signage(LED)','PC Resin (B&W), Diffuse PC , LED light','190 x 90 x 45 (mm)','',34,'19.8',5,30,70,'',3350.1),(249,NULL,'id_admin','2020-11-14 01:01:38',1605254256,'PaletteSupport','https://phg.smpop.net/data/item/1605254256/02.AttractorKVLrage_TBD_Thumbnail.jpg','Attractor KV Large','PCM 50% Anti, Acrylic, Diffuse PC, LED','195 x 300 x 45 (mm)','',8,'44.9',5,30,70,'',3350.1),(250,NULL,'id_admin','2020-11-14 01:01:38',1605254018,'PaletteSupport','https://phg.smpop.net/data/item/1605254018/04.ColorchipModule_TBD_Thumbnail.jpg','Colorchip Module','PCM 50% Anti, Acrylic','97.5 x 170 x 10 (mm)','',15,'22.8',5,30,70,'',3350.1),(251,NULL,'id_admin','2020-11-14 01:01:38',1605253649,'PaletteSupport','https://phg.smpop.net/data/item/1605253649/12.SpecModule_TBD_Thumbnail.jpg','Spec Module','PCM 50% Anti, Acrylic','195 x 170 x 10 (mm)','',23,'15.3',5,30,70,'',3350.1),(252,NULL,'id_admin','2020-11-14 01:01:38',1605252142,'PaletteSupport','https://phg.smpop.net/data/item/1605252142/05.DeviceModule_TBD_Thumbnail.jpg','Device Module (Vertical)','PCM 50% Anti, Acrylic','97.5 x 170 x 10 (mm)','',23,'10.2',5,30,70,'',3350.1),(253,NULL,'id_admin','2020-11-14 01:01:38',1501132014,'PaletteSupport','https://phg.smpop.net/data/item/1501132014/02_Universalsecuritycable6typeC_640X640_191211.jpg','Universal Sensor Cable (Ver.6) Type C','PC, Urethane etc.','1700mm','2~3 weeks',23,'7.9',5,30,70,'',3350.1),(254,NULL,'id_admin','2020-11-14 01:02:31',1605255830,'PaletteSupport','https://phg.smpop.net/data/item/1605255830/07.P3AttractorLarge_TBD_Thumbnail.jpg','P3 Attractor Artistic Large','PC Resin(B&W), Diffuse PC, LED Light, Mirror','195 x 300 x 45 (mm)','',11,'73.9',5,32,74,'',21072.7),(255,NULL,'id_admin','2020-11-14 01:02:31',1605255679,'PaletteSupport','https://phg.smpop.net/data/item/1605255679/01.3DSignage_TBD_Thumbnail.jpg','Palette 3D Signage(LED)','PC Resin (B&W), Diffuse PC , LED light','190 x 90 x 45 (mm)','',209,'19.8',5,32,74,'',21072.7),(256,NULL,'id_admin','2020-11-14 01:02:31',1605254256,'PaletteSupport','https://phg.smpop.net/data/item/1605254256/02.AttractorKVLrage_TBD_Thumbnail.jpg','Attractor KV Large','PCM 50% Anti, Acrylic, Diffuse PC, LED','195 x 300 x 45 (mm)','',198,'44.9',5,32,74,'',21072.7),(257,NULL,'id_admin','2020-11-14 01:02:31',1605254018,'PaletteSupport','https://phg.smpop.net/data/item/1605254018/04.ColorchipModule_TBD_Thumbnail.jpg','Colorchip Module','PCM 50% Anti, Acrylic','97.5 x 170 x 10 (mm)','',11,'22.8',5,32,74,'',21072.7),(258,NULL,'id_admin','2020-11-14 01:02:31',1605253649,'PaletteSupport','https://phg.smpop.net/data/item/1605253649/12.SpecModule_TBD_Thumbnail.jpg','Spec Module','PCM 50% Anti, Acrylic','195 x 170 x 10 (mm)','',209,'15.3',5,32,74,'',21072.7),(259,NULL,'id_admin','2020-11-14 01:02:31',1605252142,'PaletteSupport','https://phg.smpop.net/data/item/1605252142/05.DeviceModule_TBD_Thumbnail.jpg','Device Module (Vertical)','PCM 50% Anti, Acrylic','97.5 x 170 x 10 (mm)','',209,'10.2',5,32,74,'',21072.7),(260,NULL,'id_admin','2020-11-14 01:02:31',1501132014,'PaletteSupport','https://phg.smpop.net/data/item/1501132014/02_Universalsecuritycable6typeC_640X640_191211.jpg','Universal Sensor Cable (Ver.6) Type C','PC, Urethane etc.','1700mm','2~3 weeks',209,'7.9',5,32,74,'',21072.7),(269,NULL,'id_admin','2020-11-14 01:04:25',1605257341,'PaletteSupport','https://phg.smpop.net/data/item/1605257341/13.T2O1Infinity_TBD_Thumbnail.jpg','T2O1 Special Display','PC Resin(B&W), Diffuse PC, LED Light, Mirror','167 x 212 x 240 (mm)','',39,'99',5,33,75,'',18836.2),(270,NULL,'id_admin','2020-11-14 01:04:25',1605255830,'PaletteSupport','https://phg.smpop.net/data/item/1605255830/07.P3AttractorLarge_TBD_Thumbnail.jpg','P3 Attractor Artistic Large','PC Resin(B&W), Diffuse PC, LED Light, Mirror','195 x 300 x 45 (mm)','',2,'73.9',5,33,75,'',18836.2),(271,NULL,'id_admin','2020-11-14 01:04:25',1605255679,'PaletteSupport','https://phg.smpop.net/data/item/1605255679/01.3DSignage_TBD_Thumbnail.jpg','Palette 3D Signage(LED)','PC Resin (B&W), Diffuse PC , LED light','190 x 90 x 45 (mm)','',411,'19.8',5,33,75,'',18836.2),(272,NULL,'id_admin','2020-11-14 01:04:25',1605254256,'PaletteSupport','https://phg.smpop.net/data/item/1605254256/02.AttractorKVLrage_TBD_Thumbnail.jpg','Attractor KV Large','PCM 50% Anti, Acrylic, Diffuse PC, LED','195 x 300 x 45 (mm)','',84,'44.9',5,33,75,'',18836.2),(273,NULL,'id_admin','2020-11-14 01:04:25',1605254018,'PaletteSupport','https://phg.smpop.net/data/item/1605254018/04.ColorchipModule_TBD_Thumbnail.jpg','Colorchip Module','PCM 50% Anti, Acrylic','97.5 x 170 x 10 (mm)','',2,'22.8',5,33,75,'',18836.2),(274,NULL,'id_admin','2020-11-14 01:04:25',1605253649,'PaletteSupport','https://phg.smpop.net/data/item/1605253649/12.SpecModule_TBD_Thumbnail.jpg','Spec Module','PCM 50% Anti, Acrylic','195 x 170 x 10 (mm)','',86,'15.3',5,33,75,'',18836.2),(275,NULL,'id_admin','2020-11-14 01:04:25',1605252142,'PaletteSupport','https://phg.smpop.net/data/item/1605252142/05.DeviceModule_TBD_Thumbnail.jpg','Device Module (Vertical)','PCM 50% Anti, Acrylic','97.5 x 170 x 10 (mm)','',86,'10.2',5,33,75,'',18836.2),(276,NULL,'id_admin','2020-11-14 01:04:25',1501132014,'PaletteSupport','https://phg.smpop.net/data/item/1501132014/02_Universalsecuritycable6typeC_640X640_191211.jpg','Universal Sensor Cable (Ver.6) Type C','PC, Urethane etc.','1700mm','2~3 weeks',86,'7.9',5,33,75,'',18836.2),(291,NULL,'id_admin','2020-11-14 01:06:39',1605255830,'PaletteSupport','https://phg.smpop.net/data/item/1605255830/07.P3AttractorLarge_TBD_Thumbnail.jpg','P3 Attractor Artistic Large','PC Resin(B&W), Diffuse PC, LED Light, Mirror','195 x 300 x 45 (mm)','',6,'73.9',5,34,76,'',10218.9),(292,NULL,'id_admin','2020-11-14 01:06:39',1605255679,'PaletteSupport','https://phg.smpop.net/data/item/1605255679/01.3DSignage_TBD_Thumbnail.jpg','Palette 3D Signage(LED)','PC Resin (B&W), Diffuse PC , LED light','190 x 90 x 45 (mm)','',101,'19.8',5,34,76,'',10218.9),(293,NULL,'id_admin','2020-11-14 01:06:39',1605254256,'PaletteSupport','https://phg.smpop.net/data/item/1605254256/02.AttractorKVLrage_TBD_Thumbnail.jpg','Attractor KV Large','PCM 50% Anti, Acrylic, Diffuse PC, LED','195 x 300 x 45 (mm)','',95,'44.9',5,34,76,'',10218.9),(294,NULL,'id_admin','2020-11-14 01:06:39',1605254018,'PaletteSupport','https://phg.smpop.net/data/item/1605254018/04.ColorchipModule_TBD_Thumbnail.jpg','Colorchip Module','PCM 50% Anti, Acrylic','97.5 x 170 x 10 (mm)','',6,'22.8',5,34,76,'',10218.9),(295,NULL,'id_admin','2020-11-14 01:06:39',1605253649,'PaletteSupport','https://phg.smpop.net/data/item/1605253649/12.SpecModule_TBD_Thumbnail.jpg','Spec Module','PCM 50% Anti, Acrylic','195 x 170 x 10 (mm)','',101,'15.3',5,34,76,'',10218.9),(296,NULL,'id_admin','2020-11-14 01:06:39',1605252142,'PaletteSupport','https://phg.smpop.net/data/item/1605252142/05.DeviceModule_TBD_Thumbnail.jpg','Device Module (Vertical)','PCM 50% Anti, Acrylic','97.5 x 170 x 10 (mm)','',101,'10.2',5,34,76,'',10218.9),(297,NULL,'id_admin','2020-11-14 01:06:39',1501132014,'PaletteSupport','https://phg.smpop.net/data/item/1501132014/02_Universalsecuritycable6typeC_640X640_191211.jpg','Universal Sensor Cable (Ver.6) Type C','PC, Urethane etc.','1700mm','2~3 weeks',101,'7.9',5,34,76,'',10218.9),(350,NULL,'id_admin','2020-11-14 01:26:58',1605257341,'PaletteSupport','https://phg.smpop.net/data/item/1605257341/13.T2O1Infinity_TBD_Thumbnail.jpg','T2O1 Special Display','PC Resin(B&W), Diffuse PC, LED Light, Mirror','167 x 212 x 240 (mm)','',66,'99',7,41,85,'',144540.4),(351,NULL,'id_admin','2020-11-14 01:26:58',1605255830,'PaletteSupport','https://phg.smpop.net/data/item/1605255830/07.P3AttractorLarge_TBD_Thumbnail.jpg','P3 Attractor Artistic Large','PC Resin(B&W), Diffuse PC, LED Light, Mirror','195 x 300 x 45 (mm)','',161,'73.9',7,41,85,'',144540.4),(352,NULL,'id_admin','2020-11-14 01:26:58',1605255679,'PaletteSupport','https://phg.smpop.net/data/item/1605255679/01.3DSignage_TBD_Thumbnail.jpg','Palette 3D Signage(LED)','PC Resin (B&W), Diffuse PC , LED light','190 x 90 x 45 (mm)','',1835,'19.8',7,41,85,'',144540.4),(353,NULL,'id_admin','2020-11-14 01:26:58',1605254256,'PaletteSupport','https://phg.smpop.net/data/item/1605254256/02.AttractorKVLrage_TBD_Thumbnail.jpg','Attractor KV Large','PCM 50% Anti, Acrylic, Diffuse PC, LED','195 x 300 x 45 (mm)','',1031,'44.9',7,41,85,'',144540.4),(354,NULL,'id_admin','2020-11-14 01:26:58',1605254018,'PaletteSupport','https://phg.smpop.net/data/item/1605254018/04.ColorchipModule_TBD_Thumbnail.jpg','Colorchip Module','PCM 50% Anti, Acrylic','97.5 x 170 x 10 (mm)','',161,'22.8',7,41,85,'',144540.4),(355,NULL,'id_admin','2020-11-14 01:26:58',1605253649,'PaletteSupport','https://phg.smpop.net/data/item/1605253649/12.SpecModule_TBD_Thumbnail.jpg','Spec Module','PCM 50% Anti, Acrylic','195 x 170 x 10 (mm)','',1192,'15.3',7,41,85,'',144540.4),(356,NULL,'id_admin','2020-11-14 01:26:58',1605252142,'PaletteSupport','https://phg.smpop.net/data/item/1605252142/05.DeviceModule_TBD_Thumbnail.jpg','Device Module (Vertical)','PCM 50% Anti, Acrylic','97.5 x 170 x 10 (mm)','',1192,'10.2',7,41,85,'',144540.4),(357,NULL,'id_admin','2020-11-14 01:26:58',1501132014,'PaletteSupport','https://phg.smpop.net/data/item/1501132014/02_Universalsecuritycable6typeC_640X640_191211.jpg','Universal Sensor Cable (Ver.6) Type C','PC, Urethane etc.','1700mm','2~3 weeks',1192,'7.9',7,41,85,'',144540.4),(365,NULL,'id_admin','2020-11-14 01:29:21',1605255830,'PaletteSupport','https://phg.smpop.net/data/item/1605255830/07.P3AttractorLarge_TBD_Thumbnail.jpg','P3 Attractor Artistic Large','PC Resin(B&W), Diffuse PC, LED Light, Mirror','195 x 300 x 45 (mm)','',12,'73.9',7,43,90,'',94012.8),(366,NULL,'id_admin','2020-11-14 01:29:21',1605255679,'PaletteSupport','https://phg.smpop.net/data/item/1605255679/01.3DSignage_TBD_Thumbnail.jpg','Palette 3D Signage(LED)','PC Resin (B&W), Diffuse PC , LED light','190 x 90 x 45 (mm)','',952,'19.8',7,43,90,'',94012.8),(367,NULL,'id_admin','2020-11-14 01:29:21',1605254256,'PaletteSupport','https://phg.smpop.net/data/item/1605254256/02.AttractorKVLrage_TBD_Thumbnail.jpg','Attractor KV Large','PCM 50% Anti, Acrylic, Diffuse PC, LED','195 x 300 x 45 (mm)','',940,'44.9',7,43,90,'',94012.8),(368,NULL,'id_admin','2020-11-14 01:29:21',1605254018,'PaletteSupport','https://phg.smpop.net/data/item/1605254018/04.ColorchipModule_TBD_Thumbnail.jpg','Colorchip Module','PCM 50% Anti, Acrylic','97.5 x 170 x 10 (mm)','',12,'22.8',7,43,90,'',94012.8),(369,NULL,'id_admin','2020-11-14 01:29:21',1605253649,'PaletteSupport','https://phg.smpop.net/data/item/1605253649/12.SpecModule_TBD_Thumbnail.jpg','Spec Module','PCM 50% Anti, Acrylic','195 x 170 x 10 (mm)','',952,'15.3',7,43,90,'',94012.8),(370,NULL,'id_admin','2020-11-14 01:29:21',1605252142,'PaletteSupport','https://phg.smpop.net/data/item/1605252142/05.DeviceModule_TBD_Thumbnail.jpg','Device Module (Vertical)','PCM 50% Anti, Acrylic','97.5 x 170 x 10 (mm)','',952,'10.2',7,43,90,'',94012.8),(371,NULL,'id_admin','2020-11-14 01:29:21',1501132014,'PaletteSupport','https://phg.smpop.net/data/item/1501132014/02_Universalsecuritycable6typeC_640X640_191211.jpg','Universal Sensor Cable (Ver.6) Type C','PC, Urethane etc.','1700mm','2~3 weeks',952,'7.9',7,43,90,'',94012.8),(429,NULL,'id_admin','2020-11-14 01:53:23',1605257341,'PaletteSupport','https://phg.smpop.net/data/item/1605257341/13.T2O1Infinity_TBD_Thumbnail.jpg','T2O1 Special Display','PC Resin(B&W), Diffuse PC, LED Light, Mirror','167 x 212 x 240 (mm)','',61,'99',2,16,31,'',18545.7),(430,NULL,'id_admin','2020-11-14 01:53:23',1605255830,'PaletteSupport','https://phg.smpop.net/data/item/1605255830/07.P3AttractorLarge_TBD_Thumbnail.jpg','P3 Attractor Artistic Large','PC Resin(B&W), Diffuse PC, LED Light, Mirror','195 x 300 x 45 (mm)','',6,'73.9',2,16,31,'',18545.7),(431,NULL,'id_admin','2020-11-14 01:53:23',1605255679,'PaletteSupport','https://phg.smpop.net/data/item/1605255679/01.3DSignage_TBD_Thumbnail.jpg','Palette 3D Signage(LED)','PC Resin (B&W), Diffuse PC , LED light','190 x 90 x 45 (mm)','',525,'19.8',2,16,31,'',18545.7),(432,NULL,'id_admin','2020-11-14 01:53:23',1605254256,'PaletteSupport','https://phg.smpop.net/data/item/1605254256/02.AttractorKVLrage_TBD_Thumbnail.jpg','Attractor KV Large','PCM 50% Anti, Acrylic, Diffuse PC, LED','195 x 300 x 45 (mm)','',17,'44.9',2,16,31,'',18545.7),(433,NULL,'id_admin','2020-11-14 01:53:23',1605254018,'PaletteSupport','https://phg.smpop.net/data/item/1605254018/04.ColorchipModule_TBD_Thumbnail.jpg','Colorchip Module','PCM 50% Anti, Acrylic','97.5 x 170 x 10 (mm)','',6,'22.8',2,16,31,'',18545.7),(434,NULL,'id_admin','2020-11-14 01:53:23',1605253649,'PaletteSupport','https://phg.smpop.net/data/item/1605253649/12.SpecModule_TBD_Thumbnail.jpg','Spec Module','PCM 50% Anti, Acrylic','195 x 170 x 10 (mm)','',23,'15.3',2,16,31,'',18545.7),(435,NULL,'id_admin','2020-11-14 01:53:23',1605252142,'PaletteSupport','https://phg.smpop.net/data/item/1605252142/05.DeviceModule_TBD_Thumbnail.jpg','Device Module (Vertical)','PCM 50% Anti, Acrylic','97.5 x 170 x 10 (mm)','',23,'10.2',2,16,31,'',18545.7),(436,NULL,'id_admin','2020-11-14 01:53:23',1501132014,'PaletteSupport','https://phg.smpop.net/data/item/1501132014/02_Universalsecuritycable6typeC_640X640_191211.jpg','Universal Sensor Cable (Ver.6) Type C','PC, Urethane etc.','1700mm','2~3 weeks',23,'7.9',2,16,31,'',18545.7),(443,NULL,'id_admin','2020-11-14 02:06:56',1605257341,'PaletteSupport','https://phg.smpop.net/data/item/1605257341/13.T2O1Infinity_TBD_Thumbnail.jpg','T2O1 Special Display','PC Resin(B&W), Diffuse PC, LED Light, Mirror','167 x 212 x 240 (mm)','',4,'99',9,53,100,'',18208.9),(444,NULL,'id_admin','2020-11-14 02:06:56',1605255830,'PaletteSupport','https://phg.smpop.net/data/item/1605255830/07.P3AttractorLarge_TBD_Thumbnail.jpg','P3 Attractor Artistic Large','PC Resin(B&W), Diffuse PC, LED Light, Mirror','195 x 300 x 45 (mm)','',29,'73.9',9,53,100,'',18208.9),(445,NULL,'id_admin','2020-11-14 02:06:56',1605255679,'PaletteSupport','https://phg.smpop.net/data/item/1605255679/01.3DSignage_TBD_Thumbnail.jpg','Palette 3D Signage(LED)','PC Resin (B&W), Diffuse PC , LED light','190 x 90 x 45 (mm)','',195,'19.8',9,53,100,'',18208.9),(446,NULL,'id_admin','2020-11-14 02:06:56',1605254256,'PaletteSupport','https://phg.smpop.net/data/item/1605254256/02.AttractorKVLrage_TBD_Thumbnail.jpg','Attractor KV Large','PCM 50% Anti, Acrylic, Diffuse PC, LED','195 x 300 x 45 (mm)','',130,'44.9',9,53,100,'',18208.9),(447,NULL,'id_admin','2020-11-14 02:06:56',1605254018,'PaletteSupport','https://phg.smpop.net/data/item/1605254018/04.ColorchipModule_TBD_Thumbnail.jpg','Colorchip Module','PCM 50% Anti, Acrylic','97.5 x 170 x 10 (mm)','',29,'22.8',9,53,100,'',18208.9),(448,NULL,'id_admin','2020-11-14 02:06:56',1605253649,'PaletteSupport','https://phg.smpop.net/data/item/1605253649/12.SpecModule_TBD_Thumbnail.jpg','Spec Module','PCM 50% Anti, Acrylic','195 x 170 x 10 (mm)','',159,'15.3',9,53,100,'',18208.9),(449,NULL,'id_admin','2020-11-14 02:06:56',1605252142,'PaletteSupport','https://phg.smpop.net/data/item/1605252142/05.DeviceModule_TBD_Thumbnail.jpg','Device Module (Vertical)','PCM 50% Anti, Acrylic','97.5 x 170 x 10 (mm)','',159,'10.2',9,53,100,'',18208.9),(450,NULL,'id_admin','2020-11-14 02:06:56',1501132014,'PaletteSupport','https://phg.smpop.net/data/item/1501132014/02_Universalsecuritycable6typeC_640X640_191211.jpg','Universal Sensor Cable (Ver.6) Type C','PC, Urethane etc.','1700mm','2~3 weeks',159,'7.9',9,53,100,'',18208.9),(451,NULL,'id_admin','2020-11-14 02:07:48',1605255830,'PaletteSupport','https://phg.smpop.net/data/item/1605255830/07.P3AttractorLarge_TBD_Thumbnail.jpg','P3 Attractor Artistic Large','PC Resin(B&W), Diffuse PC, LED Light, Mirror','195 x 300 x 45 (mm)','',27,'73.9',8,51,98,'',4047.3),(452,NULL,'id_admin','2020-11-14 02:07:48',1605255679,'PaletteSupport','https://phg.smpop.net/data/item/1605255679/01.3DSignage_TBD_Thumbnail.jpg','Palette 3D Signage(LED)','PC Resin (B&W), Diffuse PC , LED light','190 x 90 x 45 (mm)','',27,'19.8',8,51,98,'',4047.3),(453,NULL,'id_admin','2020-11-14 02:07:48',1605254018,'PaletteSupport','https://phg.smpop.net/data/item/1605254018/04.ColorchipModule_TBD_Thumbnail.jpg','Colorchip Module','PCM 50% Anti, Acrylic','97.5 x 170 x 10 (mm)','',27,'22.8',8,51,98,'',4047.3),(454,NULL,'id_admin','2020-11-14 02:07:48',1605253649,'PaletteSupport','https://phg.smpop.net/data/item/1605253649/12.SpecModule_TBD_Thumbnail.jpg','Spec Module','PCM 50% Anti, Acrylic','195 x 170 x 10 (mm)','',27,'15.3',8,51,98,'',4047.3),(455,NULL,'id_admin','2020-11-14 02:07:48',1605252142,'PaletteSupport','https://phg.smpop.net/data/item/1605252142/05.DeviceModule_TBD_Thumbnail.jpg','Device Module (Vertical)','PCM 50% Anti, Acrylic','97.5 x 170 x 10 (mm)','',27,'10.2',8,51,98,'',4047.3),(456,NULL,'id_admin','2020-11-14 02:07:48',1501132014,'PaletteSupport','https://phg.smpop.net/data/item/1501132014/02_Universalsecuritycable6typeC_640X640_191211.jpg','Universal Sensor Cable (Ver.6) Type C','PC, Urethane etc.','1700mm','2~3 weeks',27,'7.9',8,51,98,'',4047.3),(457,NULL,'id_admin','2020-11-14 02:08:03',1605255830,'PaletteSupport','https://phg.smpop.net/data/item/1605255830/07.P3AttractorLarge_TBD_Thumbnail.jpg','P3 Attractor Artistic Large','PC Resin(B&W), Diffuse PC, LED Light, Mirror','195 x 300 x 45 (mm)','',679,'73.9',8,48,95,'',839494.1),(458,NULL,'id_admin','2020-11-14 02:08:03',1605255679,'PaletteSupport','https://phg.smpop.net/data/item/1605255679/01.3DSignage_TBD_Thumbnail.jpg','Palette 3D Signage(LED)','PC Resin (B&W), Diffuse PC , LED light','190 x 90 x 45 (mm)','',8199,'19.8',8,48,95,'',839494.1),(459,NULL,'id_admin','2020-11-14 02:08:03',1605254256,'PaletteSupport','https://phg.smpop.net/data/item/1605254256/02.AttractorKVLrage_TBD_Thumbnail.jpg','Attractor KV Large','PCM 50% Anti, Acrylic, Diffuse PC, LED','195 x 300 x 45 (mm)','',7520,'44.9',8,48,95,'',839494.1),(460,NULL,'id_admin','2020-11-14 02:08:03',1605254018,'PaletteSupport','https://phg.smpop.net/data/item/1605254018/04.ColorchipModule_TBD_Thumbnail.jpg','Colorchip Module','PCM 50% Anti, Acrylic','97.5 x 170 x 10 (mm)','',679,'22.8',8,48,95,'',839494.1),(461,NULL,'id_admin','2020-11-14 02:08:03',1605253649,'PaletteSupport','https://phg.smpop.net/data/item/1605253649/12.SpecModule_TBD_Thumbnail.jpg','Spec Module','PCM 50% Anti, Acrylic','195 x 170 x 10 (mm)','',8199,'15.3',8,48,95,'',839494.1),(462,NULL,'id_admin','2020-11-14 02:08:03',1605252142,'PaletteSupport','https://phg.smpop.net/data/item/1605252142/05.DeviceModule_TBD_Thumbnail.jpg','Device Module (Vertical)','PCM 50% Anti, Acrylic','97.5 x 170 x 10 (mm)','',8199,'10.2',8,48,95,'',839494.1),(463,NULL,'id_admin','2020-11-14 02:08:03',1501132014,'PaletteSupport','https://phg.smpop.net/data/item/1501132014/02_Universalsecuritycable6typeC_640X640_191211.jpg','Universal Sensor Cable (Ver.6) Type C','PC, Urethane etc.','1700mm','2~3 weeks',8199,'7.9',8,48,95,'',839494.1),(464,NULL,'id_admin','2020-11-14 02:08:24',1605257341,'PaletteSupport','https://phg.smpop.net/data/item/1605257341/13.T2O1Infinity_TBD_Thumbnail.jpg','T2O1 Special Display','PC Resin(B&W), Diffuse PC, LED Light, Mirror','167 x 212 x 240 (mm)','',156,'99',9,52,99,'',40926.6),(465,NULL,'id_admin','2020-11-14 02:08:24',1605255679,'PaletteSupport','https://phg.smpop.net/data/item/1605255679/01.3DSignage_TBD_Thumbnail.jpg','Palette 3D Signage(LED)','PC Resin (B&W), Diffuse PC , LED light','190 x 90 x 45 (mm)','',1287,'19.8',9,52,99,'',40926.6),(474,NULL,'rhqtesttwo','2020-11-14 02:16:21',1605257341,'PaletteSupport','https://phg.smpop.net/data/item/1605257341/13.T2O1Infinity_TBD_Thumbnail.jpg','T2O1 Special Display','PC Resin(B&W), Diffuse PC, LED Light, Mirror','167 x 212 x 240 (mm)','',18,'99',2,17,33,'',7340.4),(475,NULL,'rhqtesttwo','2020-11-14 02:16:21',1605255679,'PaletteSupport','https://phg.smpop.net/data/item/1605255679/01.3DSignage_TBD_Thumbnail.jpg','Palette 3D Signage(LED)','PC Resin (B&W), Diffuse PC , LED light','190 x 90 x 45 (mm)','',170,'19.8',2,17,33,'',7340.4),(476,NULL,'rhqtesttwo','2020-11-14 02:16:21',1605254256,'PaletteSupport','https://phg.smpop.net/data/item/1605254256/02.AttractorKVLrage_TBD_Thumbnail.jpg','Attractor KV Large','PCM 50% Anti, Acrylic, Diffuse PC, LED','195 x 300 x 45 (mm)','',28,'44.9',2,17,33,'',7340.4),(477,NULL,'rhqtesttwo','2020-11-14 02:16:21',1605253649,'PaletteSupport','https://phg.smpop.net/data/item/1605253649/12.SpecModule_TBD_Thumbnail.jpg','Spec Module','PCM 50% Anti, Acrylic','195 x 170 x 10 (mm)','',28,'15.3',2,17,33,'',7340.4),(478,NULL,'rhqtesttwo','2020-11-14 02:16:21',1605252142,'PaletteSupport','https://phg.smpop.net/data/item/1605252142/05.DeviceModule_TBD_Thumbnail.jpg','Device Module (Vertical)','PCM 50% Anti, Acrylic','97.5 x 170 x 10 (mm)','',28,'10.2',2,17,33,'',7340.4),(479,NULL,'rhqtesttwo','2020-11-14 02:16:21',1501132014,'PaletteSupport','https://phg.smpop.net/data/item/1501132014/02_Universalsecuritycable6typeC_640X640_191211.jpg','Universal Sensor Cable (Ver.6) Type C','PC, Urethane etc.','1700mm','2~3 weeks',28,'7.9',2,17,33,'',7340.4),(480,NULL,'rhqtesttwo','2020-11-14 02:18:06',1605257341,'PaletteSupport','https://phg.smpop.net/data/item/1605257341/13.T2O1Infinity_TBD_Thumbnail.jpg','T2O1 Special Display','PC Resin(B&W), Diffuse PC, LED Light, Mirror','167 x 212 x 240 (mm)','',74,'99',2,15,29,'',21315.2),(481,NULL,'rhqtesttwo','2020-11-14 02:18:06',1605255830,'PaletteSupport','https://phg.smpop.net/data/item/1605255830/07.P3AttractorLarge_TBD_Thumbnail.jpg','P3 Attractor Artistic Large','PC Resin(B&W), Diffuse PC, LED Light, Mirror','195 x 300 x 45 (mm)','',10,'73.9',2,15,29,'',21315.2),(482,NULL,'rhqtesttwo','2020-11-14 02:18:06',1605255679,'PaletteSupport','https://phg.smpop.net/data/item/1605255679/01.3DSignage_TBD_Thumbnail.jpg','Palette 3D Signage(LED)','PC Resin (B&W), Diffuse PC , LED light','190 x 90 x 45 (mm)','',625,'19.8',2,15,29,'',21315.2),(483,NULL,'rhqtesttwo','2020-11-14 02:18:06',1605254256,'PaletteSupport','https://phg.smpop.net/data/item/1605254256/02.AttractorKVLrage_TBD_Thumbnail.jpg','Attractor KV Large','PCM 50% Anti, Acrylic, Diffuse PC, LED','195 x 300 x 45 (mm)','',4,'44.9',2,15,29,'',21315.2),(484,NULL,'rhqtesttwo','2020-11-14 02:18:06',1605254018,'PaletteSupport','https://phg.smpop.net/data/item/1605254018/04.ColorchipModule_TBD_Thumbnail.jpg','Colorchip Module','PCM 50% Anti, Acrylic','97.5 x 170 x 10 (mm)','',10,'22.8',2,15,29,'',21315.2),(485,NULL,'rhqtesttwo','2020-11-14 02:18:06',1605253649,'PaletteSupport','https://phg.smpop.net/data/item/1605253649/12.SpecModule_TBD_Thumbnail.jpg','Spec Module','PCM 50% Anti, Acrylic','195 x 170 x 10 (mm)','',14,'15.3',2,15,29,'',21315.2),(486,NULL,'rhqtesttwo','2020-11-14 02:18:06',1605252142,'PaletteSupport','https://phg.smpop.net/data/item/1605252142/05.DeviceModule_TBD_Thumbnail.jpg','Device Module (Vertical)','PCM 50% Anti, Acrylic','97.5 x 170 x 10 (mm)','',14,'10.2',2,15,29,'',21315.2),(487,NULL,'rhqtesttwo','2020-11-14 02:18:06',1501132014,'PaletteSupport','https://phg.smpop.net/data/item/1501132014/02_Universalsecuritycable6typeC_640X640_191211.jpg','Universal Sensor Cable (Ver.6) Type C','PC, Urethane etc.','1700mm','2~3 weeks',14,'7.9',2,15,29,'',21315.2),(488,NULL,'id_admin','2020-11-14 14:54:34',1605257341,'PaletteSupport','https://phg.smpop.net/data/item/1605257341/13.T2O1Infinity_TBD_Thumbnail.jpg','T2O1 Special Display','PC Resin(B&W), Diffuse PC, LED Light, Mirror','167 x 212 x 240 (mm)','',2,'99',8,50,97,'',435.6),(489,NULL,'id_admin','2020-11-14 14:54:34',1605255679,'PaletteSupport','https://phg.smpop.net/data/item/1605255679/01.3DSignage_TBD_Thumbnail.jpg','Palette 3D Signage(LED)','PC Resin (B&W), Diffuse PC , LED light','190 x 90 x 45 (mm)','',12,'19.8',8,50,97,'',435.6),(547,NULL,'csloje.kim','2020-11-17 11:21:23',1605255830,'PaletteSupport','https://phg.smpop.net/data/item/1605255830/07.P3AttractorLarge_TBD_Thumbnail.jpg','P3 Attractor Artistic Large','PC Resin(B&W), Diffuse PC, LED Light, Mirror','195 x 300 x 45 (mm)','',23,'73.9',5,35,77,'',16.0),(548,NULL,'csloje.kim','2020-11-17 11:21:23',1605255679,'PaletteSupport','https://phg.smpop.net/data/item/1605255679/01.3DSignage_TBD_Thumbnail.jpg','Palette 3D Signage(LED)','PC Resin (B&W), Diffuse PC , LED light','190 x 90 x 45 (mm)','',155,'19.8',5,35,77,'',16.0),(549,NULL,'csloje.kim','2020-11-17 11:21:23',1605254256,'PaletteSupport','https://phg.smpop.net/data/item/1605254256/02.AttractorKVLrage_TBD_Thumbnail.jpg','Attractor KV Large','PCM 50% Anti, Acrylic, Diffuse PC, LED','195 x 300 x 45 (mm)','',132,'44.9',5,35,77,'',16.0),(550,NULL,'csloje.kim','2020-11-17 11:21:23',1605254018,'PaletteSupport','https://phg.smpop.net/data/item/1605254018/04.ColorchipModule_TBD_Thumbnail.jpg','Colorchip Module','PCM 50% Anti, Acrylic','97.5 x 170 x 10 (mm)','',23,'22.8',5,35,77,'',16.0),(551,NULL,'csloje.kim','2020-11-17 11:21:23',1605253649,'PaletteSupport','https://phg.smpop.net/data/item/1605253649/12.SpecModule_TBD_Thumbnail.jpg','Spec Module','PCM 50% Anti, Acrylic','195 x 170 x 10 (mm)','',155,'15.3',5,35,77,'',16.0),(552,NULL,'csloje.kim','2020-11-17 11:21:23',1605252142,'PaletteSupport','https://phg.smpop.net/data/item/1605252142/05.DeviceModule_TBD_Thumbnail.jpg','Device Module (Vertical)','PCM 50% Anti, Acrylic','97.5 x 170 x 10 (mm)','',155,'10.2',5,35,77,'',16.0),(553,NULL,'csloje.kim','2020-11-17 11:21:23',1501132014,'PaletteSupport','https://phg.smpop.net/data/item/1501132014/02_Universalsecuritycable6typeC_640X640_191211.jpg','Kumoh_Universal Sensor Cable (Ver.6)  Type C','PC, Urethane etc.','1700mm','2~3 weeks',155,'7.9',5,35,77,'',16.0),(627,NULL,'manuse.li','2020-11-17 17:19:50',1605256679,'PaletteSupport','https://phg.smpop.net/data/item/1605256679/12.T2O1Attractor_TBD_Thumbnail.jpg','T2O1 Attractor Artistic Large','PC Resin(B&W), Diffuse PC, LED Light, Mirror','195 x 300 x 45 (mm)','',674,'62.3',6,37,81,'',139588.8),(628,NULL,'manuse.li','2020-11-17 17:19:50',1605255830,'PaletteSupport','https://phg.smpop.net/data/item/1605255830/07.P3AttractorLarge_TBD_Thumbnail.jpg','P3 Attractor Artistic Large','PC Resin(B&W), Diffuse PC, LED Light, Mirror','195 x 300 x 45 (mm)','',835,'73.9',6,37,81,'',139588.8),(629,NULL,'manuse.li','2020-11-17 17:19:50',1605255679,'PaletteSupport','https://phg.smpop.net/data/item/1605255679/01.3DSignage_TBD_Thumbnail.jpg','Palette 3D Signage(LED)','PC Resin (B&W), Diffuse PC , LED light','190 x 90 x 45 (mm)','',1628,'19.8',6,37,81,'',139588.8),(630,NULL,'manuse.li','2020-11-17 17:19:50',1501132014,'PaletteSupport','https://phg.smpop.net/data/item/1501132014/02_Universalsecuritycable6typeC_640X640_191211.jpg','Kumoh_Universal Sensor Cable (Ver.6)  Type C','PC, Urethane etc.','1700mm','2~3 weeks',463,'7.9',6,37,81,'',139588.8),(789,NULL,'gorie.lee','2020-11-19 16:09:17',1605257541,'PaletteSupport','https://phg.smpop.net/data/item/1605257541/15.T2O1SpecialdisplayOperatorUtype_TBD_Thumbnail.jpg','T2O1 Special Display U Type','PC Resin(B&W), Diffuse PC, LED Light, Mirror','167 x 212 x 240 (mm)','',147,'65.9',6,39,83,'',51700.9),(790,NULL,'gorie.lee','2020-11-19 16:09:17',1605256679,'PaletteSupport','https://phg.smpop.net/data/item/1605256679/12.T2O1Attractor_TBD_Thumbnail.jpg','T2O1 Attractor Artistic Large','PC Resin(B&W), Diffuse PC, LED Light, Mirror','195 x 300 x 45 (mm)','',5,'62.3',6,39,83,'',51700.9),(791,NULL,'gorie.lee','2020-11-19 16:09:17',1605255830,'PaletteSupport','https://phg.smpop.net/data/item/1605255830/07.P3AttractorLarge_TBD_Thumbnail.jpg','P3 Attractor Artistic Large','PC Resin(B&W), Diffuse PC, LED Light, Mirror','195 x 300 x 45 (mm)','',55,'73.9',6,39,83,'',51700.9),(792,NULL,'gorie.lee','2020-11-19 16:09:17',1605255679,'PaletteSupport','https://phg.smpop.net/data/item/1605255679/01.3DSignage_TBD_Thumbnail.jpg','Palette 3D Signage(LED)','PC Resin (B&W), Diffuse PC , LED light','190 x 90 x 45 (mm)','',1007,'19.8',6,39,83,'',51700.9),(793,NULL,'gorie.lee','2020-11-19 16:09:17',1605254256,'PaletteSupport','https://phg.smpop.net/data/item/1605254256/02.AttractorKVLrage_TBD_Thumbnail.jpg','Attractor KV Large','PCM 50% Anti, Acrylic, Diffuse PC, LED','195 x 300 x 45 (mm)','',160,'44.9',6,39,83,'',51700.9),(794,NULL,'gorie.lee','2020-11-19 16:09:17',1605254018,'PaletteSupport','https://phg.smpop.net/data/item/1605254018/04.ColorchipModule_TBD_Thumbnail.jpg','Colorchip Module','PCM 50% Anti, Acrylic','97.5 x 170 x 10 (mm)','',65,'22.8',6,39,83,'',51700.9),(795,NULL,'gorie.lee','2020-11-19 16:09:17',1605253649,'PaletteSupport','https://phg.smpop.net/data/item/1605253649/12.SpecModule_TBD_Thumbnail.jpg','Spec Module','PCM 50% Anti, Acrylic','195 x 170 x 10 (mm)','',200,'15.3',6,39,83,'',51700.9),(796,NULL,'gorie.lee','2020-11-19 16:09:17',1605252142,'PaletteSupport','https://phg.smpop.net/data/item/1605252142/05.DeviceModule_TBD_Thumbnail.jpg','Device Module (Vertical)','PCM 50% Anti, Acrylic','97.5 x 170 x 10 (mm)','',330,'10.2',6,39,83,'',51700.9),(797,NULL,'gorie.lee','2020-11-19 16:09:17',1501132014,'PaletteSupport','https://phg.smpop.net/data/item/1501132014/02_Universalsecuritycable6typeC_640X640_191211.jpg','Kumoh_Universal Sensor Cable (Ver.6)  Type C','PC, Urethane etc.','1700mm','2~3 weeks',330,'7.9',6,39,83,'',51700.9),(800,NULL,'herris.chan','2020-11-19 16:23:16',1605255830,'PaletteSupport','https://phg.smpop.net/data/item/1605255830/07.P3AttractorLarge_TBD_Thumbnail.jpg','P3 Attractor Artistic Large','PC Resin(B&W), Diffuse PC, LED Light, Mirror','195 x 300 x 45 (mm)','',350,'73.9',6,38,82,'',26221.4),(801,NULL,'herris.chan','2020-11-19 16:23:16',1605255679,'PaletteSupport','https://phg.smpop.net/data/item/1605255679/01.3DSignage_TBD_Thumbnail.jpg','Palette 3D Signage(LED)','PC Resin (B&W), Diffuse PC , LED light','190 x 90 x 45 (mm)','',18,'19.8',6,38,82,'',26221.4),(820,NULL,'id_admin','2020-11-19 17:06:15',1605255830,'PaletteSupport','https://phg.smpop.net/data/item/1605255830/07.P3AttractorLarge_TBD_Thumbnail.jpg','P3 Attractor Artistic Large','PC Resin(B&W), Diffuse PC, LED Light, Mirror','195 x 300 x 45 (mm)','',15,'73.9',1,1,1,'',1850.1),(821,NULL,'id_admin','2020-11-19 17:06:15',1605255679,'PaletteSupport','https://phg.smpop.net/data/item/1605255679/01.3DSignage_TBD_Thumbnail.jpg','Palette 3D Signage(LED)','PC Resin (B&W), Diffuse PC , LED light','190 x 90 x 45 (mm)','',8,'19.8',1,1,1,'',1850.1),(822,NULL,'id_admin','2020-11-19 17:06:15',1605254018,'PaletteSupport','https://phg.smpop.net/data/item/1605254018/04.ColorchipModule_TBD_Thumbnail.jpg','Colorchip Module','PCM 50% Anti, Acrylic','97.5 x 170 x 10 (mm)','',8,'22.8',1,1,1,'',1850.1),(823,NULL,'id_admin','2020-11-19 17:06:15',1605253649,'PaletteSupport','https://phg.smpop.net/data/item/1605253649/12.SpecModule_TBD_Thumbnail.jpg','Spec Module','PCM 50% Anti, Acrylic','195 x 170 x 10 (mm)','',12,'15.3',1,1,1,'',1850.1),(824,NULL,'id_admin','2020-11-19 17:06:15',1605252142,'PaletteSupport','https://phg.smpop.net/data/item/1605252142/05.DeviceModule_TBD_Thumbnail.jpg','Device Module (Vertical)','PCM 50% Anti, Acrylic','97.5 x 170 x 10 (mm)','',12,'10.2',1,1,1,'',1850.1),(825,NULL,'id_admin','2020-11-19 17:06:15',1501132014,'PaletteSupport','https://phg.smpop.net/data/item/1501132014/02_Universalsecuritycable6typeC_640X640_191211.jpg','Kumoh_Universal Sensor Cable (Ver.6)  Type C','PC, Urethane etc.','1700mm','2~3 weeks',12,'7.9',1,1,1,'',1850.1),(835,NULL,'l.secara','2020-11-20 00:59:20',1605257341,'PaletteSupport','https://phg.smpop.net/data/item/1605257341/13.T2O1Infinity_TBD_Thumbnail.jpg','T2O1 Special Display','PC Resin(B&W), Diffuse PC, LED Light, Mirror','167 x 212 x 240 (mm)','',82,'99',2,12,18,'',28119.4),(836,NULL,'l.secara','2020-11-20 00:59:20',1605255830,'PaletteSupport','https://phg.smpop.net/data/item/1605255830/07.P3AttractorLarge_TBD_Thumbnail.jpg','P3 Attractor Artistic Large','PC Resin(B&W), Diffuse PC, LED Light, Mirror','195 x 300 x 45 (mm)','',5,'73.9',2,12,18,'',28119.4),(837,NULL,'l.secara','2020-11-20 00:59:20',1605255679,'PaletteSupport','https://phg.smpop.net/data/item/1605255679/01.3DSignage_TBD_Thumbnail.jpg','Palette 3D Signage(LED)','PC Resin (B&W), Diffuse PC , LED light','190 x 90 x 45 (mm)','',744,'19.8',2,12,18,'',28119.4),(838,NULL,'l.secara','2020-11-20 00:59:20',1605254256,'PaletteSupport','https://phg.smpop.net/data/item/1605254256/02.AttractorKVLrage_TBD_Thumbnail.jpg','Attractor KV Large','PCM 50% Anti, Acrylic, Diffuse PC, LED','195 x 300 x 45 (mm)','',59,'44.9',2,12,18,'',28119.4),(839,NULL,'l.secara','2020-11-20 00:59:20',1605254018,'PaletteSupport','https://phg.smpop.net/data/item/1605254018/04.ColorchipModule_TBD_Thumbnail.jpg','Colorchip Module','PCM 50% Anti, Acrylic','97.5 x 170 x 10 (mm)','',5,'22.8',2,12,18,'',28119.4),(840,NULL,'l.secara','2020-11-20 00:59:20',1605253649,'PaletteSupport','https://phg.smpop.net/data/item/1605253649/12.SpecModule_TBD_Thumbnail.jpg','Spec Module','PCM 50% Anti, Acrylic','195 x 170 x 10 (mm)','',64,'15.3',2,12,18,'',28119.4),(841,NULL,'l.secara','2020-11-20 00:59:20',1605252142,'PaletteSupport','https://phg.smpop.net/data/item/1605252142/05.DeviceModule_TBD_Thumbnail.jpg','Device Module (Vertical)','PCM 50% Anti, Acrylic','97.5 x 170 x 10 (mm)','',64,'10.2',2,12,18,'',28119.4),(842,NULL,'l.secara','2020-11-20 00:59:20',1501132014,'PaletteSupport','https://phg.smpop.net/data/item/1501132014/02_Universalsecuritycable6typeC_640X640_191211.jpg','Kumoh_Universal Sensor Cable (Ver.6)  Type C','PC, Urethane etc.','1700mm','2~3 weeks',64,'7.9',2,12,18,'',28119.4),(870,NULL,'csloje.kim','2020-11-20 10:37:18',1605255830,'PaletteSupport','https://phg.smpop.net/data/item/1605255830/07.P3AttractorLarge_TBD_Thumbnail.jpg','P3 Attractor Artistic Large','PC Resin(B&W), Diffuse PC, LED Light, Mirror','195 x 300 x 45 (mm)','',10,'73.9',5,35,78,'',4665.4),(871,NULL,'csloje.kim','2020-11-20 10:37:18',1605255679,'PaletteSupport','https://phg.smpop.net/data/item/1605255679/01.3DSignage_TBD_Thumbnail.jpg','Palette 3D Signage(LED)','PC Resin (B&W), Diffuse PC , LED light','190 x 90 x 45 (mm)','',40,'19.8',5,35,78,'',4665.4),(872,NULL,'csloje.kim','2020-11-20 10:37:18',1605254256,'PaletteSupport','https://phg.smpop.net/data/item/1605254256/02.AttractorKVLrage_TBD_Thumbnail.jpg','Attractor KV Large','PCM 50% Anti, Acrylic, Diffuse PC, LED','195 x 300 x 45 (mm)','',30,'44.9',5,35,78,'',4665.4),(873,NULL,'csloje.kim','2020-11-20 10:37:18',1605254018,'PaletteSupport','https://phg.smpop.net/data/item/1605254018/04.ColorchipModule_TBD_Thumbnail.jpg','Colorchip Module','PCM 50% Anti, Acrylic','97.5 x 170 x 10 (mm)','',10,'22.8',5,35,78,'',4665.4),(874,NULL,'csloje.kim','2020-11-20 10:37:18',1605253649,'PaletteSupport','https://phg.smpop.net/data/item/1605253649/12.SpecModule_TBD_Thumbnail.jpg','Spec Module','PCM 50% Anti, Acrylic','195 x 170 x 10 (mm)','',46,'15.3',5,35,78,'',4665.4),(875,NULL,'csloje.kim','2020-11-20 10:37:18',1605252142,'PaletteSupport','https://phg.smpop.net/data/item/1605252142/05.DeviceModule_TBD_Thumbnail.jpg','Device Module (Vertical)','PCM 50% Anti, Acrylic','97.5 x 170 x 10 (mm)','',46,'10.2',5,35,78,'',4665.4),(876,NULL,'csloje.kim','2020-11-20 10:37:18',1572900260,'PaletteSupport','https://phg.smpop.net/data/item/1572900260/Normal_Universalexposedcable_TypeC_LSEplate.jpg','S2865 - Invue Normal Security, Exposed Cable Type C','Plastic, Urethane','1.5 m','Available to Ship',46,'8.4',5,35,78,'',4665.4),(898,NULL,'sb.hyung','2020-11-20 10:52:12',1605257341,'PaletteSupport','https://phg.smpop.net/data/item/1605257341/13.T2O1Infinity_TBD_Thumbnail.jpg','T2O1 Special Display','PC Resin(B&W), Diffuse PC, LED Light, Mirror','167 x 212 x 240 (mm)','',5,'99',4,26,62,'',5759.3),(899,NULL,'sb.hyung','2020-11-20 10:52:12',1605256982,'PaletteSupport','https://phg.smpop.net/data/item/1605256982/08.P3InfinitySpecialDisplay_TBD_Thumbnail.jpg','P3 Special Display','PC Resin(B&W), Diffuse PC, LED Light, Mirror','167 x 212 x 240 (mm)','',5,'110.7',4,26,62,'',5759.3),(900,NULL,'sb.hyung','2020-11-20 10:52:12',1605256679,'PaletteSupport','https://phg.smpop.net/data/item/1605256679/12.T2O1Attractor_TBD_Thumbnail.jpg','T2O1 Attractor Artistic Large','PC Resin(B&W), Diffuse PC, LED Light, Mirror','195 x 300 x 45 (mm)','',12,'62.3',4,26,62,'',5759.3),(901,NULL,'sb.hyung','2020-11-20 10:52:12',1605255830,'PaletteSupport','https://phg.smpop.net/data/item/1605255830/07.P3AttractorLarge_TBD_Thumbnail.jpg','P3 Attractor Artistic Large','PC Resin(B&W), Diffuse PC, LED Light, Mirror','195 x 300 x 45 (mm)','',11,'73.9',4,26,62,'',5759.3),(902,NULL,'sb.hyung','2020-11-20 10:52:12',1605255679,'PaletteSupport','https://phg.smpop.net/data/item/1605255679/01.3DSignage_TBD_Thumbnail.jpg','Palette 3D Signage(LED)','PC Resin (B&W), Diffuse PC , LED light','190 x 90 x 45 (mm)','',103,'19.8',4,26,62,'',5759.3),(903,NULL,'sb.hyung','2020-11-20 10:52:13',1605254018,'PaletteSupport','https://phg.smpop.net/data/item/1605254018/04.ColorchipModule_TBD_Thumbnail.jpg','Colorchip Module','PCM 50% Anti, Acrylic','97.5 x 170 x 10 (mm)','',23,'22.8',4,26,62,'',5759.3),(904,NULL,'sb.hyung','2020-11-20 10:52:13',1605253649,'PaletteSupport','https://phg.smpop.net/data/item/1605253649/12.SpecModule_TBD_Thumbnail.jpg','Spec Module','PCM 50% Anti, Acrylic','195 x 170 x 10 (mm)','',23,'15.3',4,26,62,'',5759.3),(905,NULL,'sb.hyung','2020-11-20 10:52:13',1605252142,'PaletteSupport','https://phg.smpop.net/data/item/1605252142/05.DeviceModule_TBD_Thumbnail.jpg','Device Module (Vertical)','PCM 50% Anti, Acrylic','97.5 x 170 x 10 (mm)','',23,'10.2',4,26,62,'',5759.3),(928,NULL,'sb.hyung','2020-11-20 10:56:33',1605256679,'PaletteSupport','https://phg.smpop.net/data/item/1605256679/12.T2O1Attractor_TBD_Thumbnail.jpg','T2O1 Attractor Artistic Large','PC Resin(B&W), Diffuse PC, LED Light, Mirror','195 x 300 x 45 (mm)','',20,'62.3',4,23,56,'',54369.6),(929,NULL,'sb.hyung','2020-11-20 10:56:33',1605255830,'PaletteSupport','https://phg.smpop.net/data/item/1605255830/07.P3AttractorLarge_TBD_Thumbnail.jpg','P3 Attractor Artistic Large','PC Resin(B&W), Diffuse PC, LED Light, Mirror','195 x 300 x 45 (mm)','',80,'73.9',4,23,56,'',54369.6),(930,NULL,'sb.hyung','2020-11-20 10:56:33',1605255679,'PaletteSupport','https://phg.smpop.net/data/item/1605255679/01.3DSignage_TBD_Thumbnail.jpg','Palette 3D Signage(LED)','PC Resin (B&W), Diffuse PC , LED light','190 x 90 x 45 (mm)','',780,'19.8',4,23,56,'',54369.6),(931,NULL,'sb.hyung','2020-11-20 10:56:33',1605254256,'PaletteSupport','https://phg.smpop.net/data/item/1605254256/02.AttractorKVLrage_TBD_Thumbnail.jpg','Attractor KV Large','PCM 50% Anti, Acrylic, Diffuse PC, LED','195 x 300 x 45 (mm)','',250,'44.9',4,23,56,'',54369.6),(932,NULL,'sb.hyung','2020-11-20 10:56:33',1605254018,'PaletteSupport','https://phg.smpop.net/data/item/1605254018/04.ColorchipModule_TBD_Thumbnail.jpg','Colorchip Module','PCM 50% Anti, Acrylic','97.5 x 170 x 10 (mm)','',250,'22.8',4,23,56,'',54369.6),(933,NULL,'sb.hyung','2020-11-20 10:56:33',1605253649,'PaletteSupport','https://phg.smpop.net/data/item/1605253649/12.SpecModule_TBD_Thumbnail.jpg','Spec Module','PCM 50% Anti, Acrylic','195 x 170 x 10 (mm)','',182,'15.3',4,23,56,'',54369.6),(934,NULL,'sb.hyung','2020-11-20 10:56:33',1605252142,'PaletteSupport','https://phg.smpop.net/data/item/1605252142/05.DeviceModule_TBD_Thumbnail.jpg','Device Module (Vertical)','PCM 50% Anti, Acrylic','97.5 x 170 x 10 (mm)','',640,'10.2',4,23,56,'',54369.6),(935,NULL,'sb.hyung','2020-11-20 10:56:33',1501132014,'PaletteSupport','https://phg.smpop.net/data/item/1501132014/02_Universalsecuritycable6typeC_640X640_191211.jpg','Kumoh_Universal Sensor Cable (Ver.6)  Type C','PC, Urethane etc.','1700mm','2~3 weeks',700,'7.9',4,23,56,'',54369.6),(940,NULL,'sb.hyung','2020-11-20 11:00:26',1605255679,'PaletteSupport','https://phg.smpop.net/data/item/1605255679/01.3DSignage_TBD_Thumbnail.jpg','Palette 3D Signage(LED)','PC Resin (B&W), Diffuse PC , LED light','190 x 90 x 45 (mm)','',25,'19.8',4,22,45,'',2189.7),(941,NULL,'sb.hyung','2020-11-20 11:00:26',1605254018,'PaletteSupport','https://phg.smpop.net/data/item/1605254018/04.ColorchipModule_TBD_Thumbnail.jpg','Colorchip Module','PCM 50% Anti, Acrylic','97.5 x 170 x 10 (mm)','',24,'22.8',4,22,45,'',2189.7),(942,NULL,'sb.hyung','2020-11-20 11:00:26',1605253649,'PaletteSupport','https://phg.smpop.net/data/item/1605253649/12.SpecModule_TBD_Thumbnail.jpg','Spec Module','PCM 50% Anti, Acrylic','195 x 170 x 10 (mm)','',25,'15.3',4,22,45,'',2189.7),(943,NULL,'sb.hyung','2020-11-20 11:00:26',1605252142,'PaletteSupport','https://phg.smpop.net/data/item/1605252142/05.DeviceModule_TBD_Thumbnail.jpg','Device Module (Vertical)','PCM 50% Anti, Acrylic','97.5 x 170 x 10 (mm)','',75,'10.2',4,22,45,'',2189.7),(944,NULL,'id_admin','2020-11-20 14:33:47',1605257341,'PaletteSupport','https://phg.smpop.net/data/item/1605257341/13.T2O1Infinity_TBD_Thumbnail.jpg','T2O1 Special Display','PC Resin(B&W), Diffuse PC, LED Light, Mirror','167 x 212 x 240 (mm)','',95,'99',5,36,80,'',28293.9),(945,NULL,'id_admin','2020-11-20 14:33:47',1605255830,'PaletteSupport','https://phg.smpop.net/data/item/1605255830/07.P3AttractorLarge_TBD_Thumbnail.jpg','P3 Attractor Artistic Large','PC Resin(B&W), Diffuse PC, LED Light, Mirror','195 x 300 x 45 (mm)','',21,'73.9',5,36,80,'',28293.9),(946,NULL,'id_admin','2020-11-20 14:33:47',1605255679,'PaletteSupport','https://phg.smpop.net/data/item/1605255679/01.3DSignage_TBD_Thumbnail.jpg','Palette 3D Signage(LED)','PC Resin (B&W), Diffuse PC , LED light','190 x 90 x 45 (mm)','',816,'19.8',5,36,80,'',28293.9),(947,NULL,'id_admin','2020-11-20 14:33:47',1605254018,'PaletteSupport','https://phg.smpop.net/data/item/1605254018/04.ColorchipModule_TBD_Thumbnail.jpg','Colorchip Module','PCM 50% Anti, Acrylic','97.5 x 170 x 10 (mm)','',21,'22.8',5,36,80,'',28293.9),(948,NULL,'id_admin','2020-11-20 14:33:47',1605253649,'PaletteSupport','https://phg.smpop.net/data/item/1605253649/12.SpecModule_TBD_Thumbnail.jpg','Spec Module','PCM 50% Anti, Acrylic','195 x 170 x 10 (mm)','',21,'15.3',5,36,80,'',28293.9),(949,NULL,'id_admin','2020-11-20 14:33:47',1605252142,'PaletteSupport','https://phg.smpop.net/data/item/1605252142/05.DeviceModule_TBD_Thumbnail.jpg','Device Module (Vertical)','PCM 50% Anti, Acrylic','97.5 x 170 x 10 (mm)','',21,'10.2',5,36,80,'',28293.9),(950,NULL,'id_admin','2020-11-20 14:33:47',1501132014,'PaletteSupport','https://phg.smpop.net/data/item/1501132014/02_Universalsecuritycable6typeC_640X640_191211.jpg','Kumoh_Universal Sensor Cable (Ver.6)  Type C','PC, Urethane etc.','1700mm','2~3 weeks',21,'7.9',5,36,80,'',28293.9),(951,NULL,'id_admin','2020-11-20 16:19:37',1605257439,'PaletteSupport','https://phg.smpop.net/data/item/1605257439/10.SpecialdisplayUType_TBD_Thumbnail.jpg','P3 Special Display U Type','PC Resin(B&W), Diffuse PC, LED Light, Mirror','167 x 212 x 240 (mm)','',25,'75.8',1,2,2,'',72435.5),(952,NULL,'id_admin','2020-11-20 16:19:37',1605256982,'PaletteSupport','https://phg.smpop.net/data/item/1605256982/08.P3InfinitySpecialDisplay_TBD_Thumbnail.jpg','P3 Special Display','PC Resin(B&W), Diffuse PC, LED Light, Mirror','167 x 212 x 240 (mm)','',10,'110.7',1,2,2,'',72435.5),(953,NULL,'id_admin','2020-11-20 16:19:37',1605256679,'PaletteSupport','https://phg.smpop.net/data/item/1605256679/12.T2O1Attractor_TBD_Thumbnail.jpg','T2O1 Attractor Artistic Large','PC Resin(B&W), Diffuse PC, LED Light, Mirror','195 x 300 x 45 (mm)','',30,'62.3',1,2,2,'',72435.5),(954,NULL,'id_admin','2020-11-20 16:19:37',1605255830,'PaletteSupport','https://phg.smpop.net/data/item/1605255830/07.P3AttractorLarge_TBD_Thumbnail.jpg','P3 Attractor Artistic Large','PC Resin(B&W), Diffuse PC, LED Light, Mirror','195 x 300 x 45 (mm)','',365,'73.9',1,2,2,'',72435.5),(955,NULL,'id_admin','2020-11-20 16:19:37',1605255679,'PaletteSupport','https://phg.smpop.net/data/item/1605255679/01.3DSignage_TBD_Thumbnail.jpg','Palette 3D Signage(LED)','PC Resin (B&W), Diffuse PC , LED light','190 x 90 x 45 (mm)','',1925,'19.8',1,2,2,'',72435.5),(956,NULL,'id_admin','2020-11-20 16:19:37',1605254018,'PaletteSupport','https://phg.smpop.net/data/item/1605254018/04.ColorchipModule_TBD_Thumbnail.jpg','Colorchip Module','PCM 50% Anti, Acrylic','97.5 x 170 x 10 (mm)','',50,'22.8',1,2,2,'',72435.5),(957,NULL,'id_admin','2020-11-20 16:19:37',1605253649,'PaletteSupport','https://phg.smpop.net/data/item/1605253649/12.SpecModule_TBD_Thumbnail.jpg','Spec Module','PCM 50% Anti, Acrylic','195 x 170 x 10 (mm)','',40,'15.3',1,2,2,'',72435.5),(958,NULL,'id_admin','2020-11-20 16:19:37',1605252142,'PaletteSupport','https://phg.smpop.net/data/item/1605252142/05.DeviceModule_TBD_Thumbnail.jpg','Device Module (Vertical)','PCM 50% Anti, Acrylic','97.5 x 170 x 10 (mm)','',40,'10.2',1,2,2,'',72435.5),(959,NULL,'id_admin','2020-11-20 16:19:37',1501132014,'PaletteSupport','https://phg.smpop.net/data/item/1501132014/02_Universalsecuritycable6typeC_640X640_191211.jpg','Kumoh_Universal Sensor Cable (Ver.6)  Type C','PC, Urethane etc.','1700mm','2~3 weeks',40,'7.9',1,2,2,'',72435.5),(960,NULL,'id_admin','2020-11-20 17:31:09',1605255830,'PaletteSupport','https://phg.smpop.net/data/item/1605255830/07.P3AttractorLarge_TBD_Thumbnail.jpg','P3 Attractor Artistic Large','PC Resin(B&W), Diffuse PC, LED Light, Mirror','195 x 300 x 45 (mm)','',119,'73.9',3,19,37,'',14000.3),(961,NULL,'id_admin','2020-11-20 17:31:09',1605255679,'PaletteSupport','https://phg.smpop.net/data/item/1605255679/01.3DSignage_TBD_Thumbnail.jpg','Palette 3D Signage(LED)','PC Resin (B&W), Diffuse PC , LED light','190 x 90 x 45 (mm)','',234,'19.8',3,19,37,'',14000.3),(962,NULL,'id_admin','2020-11-20 17:31:09',1605254018,'PaletteSupport','https://phg.smpop.net/data/item/1605254018/04.ColorchipModule_TBD_Thumbnail.jpg','Colorchip Module','PCM 50% Anti, Acrylic','97.5 x 170 x 10 (mm)','',5,'22.8',3,19,37,'',14000.3),(963,NULL,'id_admin','2020-11-20 17:31:09',1605253649,'PaletteSupport','https://phg.smpop.net/data/item/1605253649/12.SpecModule_TBD_Thumbnail.jpg','Spec Module','PCM 50% Anti, Acrylic','195 x 170 x 10 (mm)','',10,'15.3',3,19,37,'',14000.3),(964,NULL,'id_admin','2020-11-20 17:31:09',1605252142,'PaletteSupport','https://phg.smpop.net/data/item/1605252142/05.DeviceModule_TBD_Thumbnail.jpg','Device Module (Vertical)','PCM 50% Anti, Acrylic','97.5 x 170 x 10 (mm)','',30,'10.2',3,19,37,'',14000.3),(972,NULL,'dameli_sh','2020-11-20 18:09:58',1605256982,'PaletteSupport','https://phg.smpop.net/data/item/1605256982/08.P3InfinitySpecialDisplay_TBD_Thumbnail.jpg','P3 Special Display','PC Resin(B&W), Diffuse PC, LED Light, Mirror','167 x 212 x 240 (mm)','',20,'110.7',3,20,38,'',18168.9),(973,NULL,'dameli_sh','2020-11-20 18:09:58',1605255830,'PaletteSupport','https://phg.smpop.net/data/item/1605255830/07.P3AttractorLarge_TBD_Thumbnail.jpg','P3 Attractor Artistic Large','PC Resin(B&W), Diffuse PC, LED Light, Mirror','195 x 300 x 45 (mm)','',18,'73.9',3,20,38,'',18168.9),(974,NULL,'dameli_sh','2020-11-20 18:09:58',1605255679,'PaletteSupport','https://phg.smpop.net/data/item/1605255679/01.3DSignage_TBD_Thumbnail.jpg','Palette 3D Signage(LED)','PC Resin (B&W), Diffuse PC , LED light','190 x 90 x 45 (mm)','',92,'19.8',3,20,38,'',18168.9),(975,NULL,'dameli_sh','2020-11-20 18:09:58',1605254256,'PaletteSupport','https://phg.smpop.net/data/item/1605254256/02.AttractorKVLrage_TBD_Thumbnail.jpg','Attractor KV Large','PCM 50% Anti, Acrylic, Diffuse PC, LED','195 x 300 x 45 (mm)','',17,'44.9',3,20,38,'',18168.9),(976,NULL,'dameli_sh','2020-11-20 18:09:58',1605253649,'PaletteSupport','https://phg.smpop.net/data/item/1605253649/12.SpecModule_TBD_Thumbnail.jpg','Spec Module','PCM 50% Anti, Acrylic','195 x 170 x 10 (mm)','',360,'15.3',3,20,38,'',18168.9),(977,NULL,'dameli_sh','2020-11-20 18:09:58',1605252142,'PaletteSupport','https://phg.smpop.net/data/item/1605252142/05.DeviceModule_TBD_Thumbnail.jpg','Device Module (Vertical)','PCM 50% Anti, Acrylic','97.5 x 170 x 10 (mm)','',360,'10.2',3,20,38,'',18168.9),(978,NULL,'dameli_sh','2020-11-20 18:09:58',1501132014,'PaletteSupport','https://phg.smpop.net/data/item/1501132014/02_Universalsecuritycable6typeC_640X640_191211.jpg','Kumoh_Universal Sensor Cable (Ver.6)  Type C','PC, Urethane etc.','1700mm','2~3 weeks',362,'7.9',3,20,38,'',18168.9),(987,NULL,'id_admin','2020-11-20 18:23:09',1605255830,'PaletteSupport','https://phg.smpop.net/data/item/1605255830/07.P3AttractorLarge_TBD_Thumbnail.jpg','P3 Attractor Artistic Large','PC Resin(B&W), Diffuse PC, LED Light, Mirror','195 x 300 x 45 (mm)','',233,'73.9',7,40,84,'',292964.8),(988,NULL,'id_admin','2020-11-20 18:23:09',1605255679,'PaletteSupport','https://phg.smpop.net/data/item/1605255679/01.3DSignage_TBD_Thumbnail.jpg','Palette 3D Signage(LED)','PC Resin (B&W), Diffuse PC , LED light','190 x 90 x 45 (mm)','',2851,'19.8',7,40,84,'',292964.8),(989,NULL,'id_admin','2020-11-20 18:23:09',1605254256,'PaletteSupport','https://phg.smpop.net/data/item/1605254256/02.AttractorKVLrage_TBD_Thumbnail.jpg','Attractor KV Large','PCM 50% Anti, Acrylic, Diffuse PC, LED','195 x 300 x 45 (mm)','',2645,'44.9',7,40,84,'',292964.8),(990,NULL,'id_admin','2020-11-20 18:23:09',1605254018,'PaletteSupport','https://phg.smpop.net/data/item/1605254018/04.ColorchipModule_TBD_Thumbnail.jpg','Colorchip Module','PCM 50% Anti, Acrylic','97.5 x 170 x 10 (mm)','',233,'22.8',7,40,84,'',292964.8),(991,NULL,'id_admin','2020-11-20 18:23:09',1605253649,'PaletteSupport','https://phg.smpop.net/data/item/1605253649/12.SpecModule_TBD_Thumbnail.jpg','Spec Module','PCM 50% Anti, Acrylic','195 x 170 x 10 (mm)','',2851,'15.3',7,40,84,'',292964.8),(992,NULL,'id_admin','2020-11-20 18:23:09',1605252142,'PaletteSupport','https://phg.smpop.net/data/item/1605252142/05.DeviceModule_TBD_Thumbnail.jpg','Device Module (Vertical)','PCM 50% Anti, Acrylic','97.5 x 170 x 10 (mm)','',2851,'10.2',7,40,84,'',292964.8),(993,NULL,'id_admin','2020-11-20 18:23:09',1501132014,'PaletteSupport','https://phg.smpop.net/data/item/1501132014/02_Universalsecuritycable6typeC_640X640_191211.jpg','Kumoh_Universal Sensor Cable (Ver.6)  Type C','PC, Urethane etc.','1700mm','2~3 weeks',2851,'7.9',7,40,84,'',292964.8),(994,NULL,'id_admin','2020-11-20 18:24:39',1605256679,'PaletteSupport','https://phg.smpop.net/data/item/1605256679/12.T2O1Attractor_TBD_Thumbnail.jpg','T2O1 Attractor Artistic Large','PC Resin(B&W), Diffuse PC, LED Light, Mirror','195 x 300 x 45 (mm)','',16,'62.3',7,42,89,'',31959.7),(995,NULL,'id_admin','2020-11-20 18:24:39',1605255830,'PaletteSupport','https://phg.smpop.net/data/item/1605255830/07.P3AttractorLarge_TBD_Thumbnail.jpg','P3 Attractor Artistic Large','PC Resin(B&W), Diffuse PC, LED Light, Mirror','195 x 300 x 45 (mm)','',16,'73.9',7,42,89,'',31959.7),(996,NULL,'id_admin','2020-11-20 18:24:39',1605255679,'PaletteSupport','https://phg.smpop.net/data/item/1605255679/01.3DSignage_TBD_Thumbnail.jpg','Palette 3D Signage(LED)','PC Resin (B&W), Diffuse PC , LED light','190 x 90 x 45 (mm)','',321,'19.8',7,42,89,'',31959.7),(997,NULL,'id_admin','2020-11-20 18:24:39',1605254256,'PaletteSupport','https://phg.smpop.net/data/item/1605254256/02.AttractorKVLrage_TBD_Thumbnail.jpg','Attractor KV Large','PCM 50% Anti, Acrylic, Diffuse PC, LED','195 x 300 x 45 (mm)','',16,'44.9',7,42,89,'',31959.7),(998,NULL,'id_admin','2020-11-20 18:24:39',1605254018,'PaletteSupport','https://phg.smpop.net/data/item/1605254018/04.ColorchipModule_TBD_Thumbnail.jpg','Colorchip Module','PCM 50% Anti, Acrylic','97.5 x 170 x 10 (mm)','',899,'22.8',7,42,89,'',31959.7),(999,NULL,'id_admin','2020-11-20 18:24:40',1605253649,'PaletteSupport','https://phg.smpop.net/data/item/1605253649/12.SpecModule_TBD_Thumbnail.jpg','Spec Module','PCM 50% Anti, Acrylic','195 x 170 x 10 (mm)','',32,'15.3',7,42,89,'',31959.7),(1000,NULL,'id_admin','2020-11-20 18:24:40',1605252142,'PaletteSupport','https://phg.smpop.net/data/item/1605252142/05.DeviceModule_TBD_Thumbnail.jpg','Device Module (Vertical)','PCM 50% Anti, Acrylic','97.5 x 170 x 10 (mm)','',95,'10.2',7,42,89,'',31959.7),(1001,NULL,'id_admin','2020-11-20 18:24:40',1501132014,'PaletteSupport','https://phg.smpop.net/data/item/1501132014/02_Universalsecuritycable6typeC_640X640_191211.jpg','Kumoh_Universal Sensor Cable (Ver.6)  Type C','PC, Urethane etc.','1700mm','2~3 weeks',95,'7.9',7,42,89,'',31959.7),(1002,NULL,'id_admin','2020-11-20 18:27:26',1605851057,'WEARABLE','https://phg.smpop.net/data/item/1605851057/AtticCradleCharging_640X640_02.png','Attic Cradle ( Charging )','Polycarbonate','154*99*75mm','2~3 weeks',20,'60',1,2,2,'',1200.0),(1003,NULL,'id_admin','2020-11-20 18:28:06',1501132014,'PaletteSupport','https://phg.smpop.net/data/item/1501132014/02_Universalsecuritycable6typeC_640X640_191211.jpg','Kumoh_Universal Sensor Cable (Ver.6)  Type C','PC, Urethane etc.','1700mm','2~3 weeks',1,'7.9',7,47,94,'',7.9),(1004,NULL,'id_admin','2020-11-20 18:28:25',1501132014,'PaletteSupport','https://phg.smpop.net/data/item/1501132014/02_Universalsecuritycable6typeC_640X640_191211.jpg','Kumoh_Universal Sensor Cable (Ver.6)  Type C','PC, Urethane etc.','1700mm','2~3 weeks',1,'7.9',7,46,93,'',7.9),(1006,NULL,'id_admin','2020-11-20 18:28:57',1501132014,'PaletteSupport','https://phg.smpop.net/data/item/1501132014/02_Universalsecuritycable6typeC_640X640_191211.jpg','Kumoh_Universal Sensor Cable (Ver.6)  Type C','PC, Urethane etc.','1700mm','2~3 weeks',1,'7.9',7,44,91,'',7.9),(1007,NULL,'id_admin','2020-11-20 23:40:38',1605256982,'PaletteSupport','https://phg.smpop.net/data/item/1605256982/08.P3InfinitySpecialDisplay_TBD_Thumbnail.jpg','P3 Special Display','PC Resin(B&W), Diffuse PC, LED Light, Mirror','167 x 212 x 240 (mm)','',32,'110.7',7,45,92,'',66309.0),(1008,NULL,'id_admin','2020-11-20 23:40:38',1605255830,'PaletteSupport','https://phg.smpop.net/data/item/1605255830/07.P3AttractorLarge_TBD_Thumbnail.jpg','P3 Attractor Artistic Large','PC Resin(B&W), Diffuse PC, LED Light, Mirror','195 x 300 x 45 (mm)','',128,'73.9',7,45,92,'',66309.0),(1009,NULL,'id_admin','2020-11-20 23:40:38',1605255679,'PaletteSupport','https://phg.smpop.net/data/item/1605255679/01.3DSignage_TBD_Thumbnail.jpg','Palette 3D Signage(LED)','PC Resin (B&W), Diffuse PC , LED light','190 x 90 x 45 (mm)','',37,'19.8',7,45,92,'',66309.0),(1010,NULL,'id_admin','2020-11-20 23:40:38',1605254256,'PaletteSupport','https://phg.smpop.net/data/item/1605254256/02.AttractorKVLrage_TBD_Thumbnail.jpg','Attractor KV Large','PCM 50% Anti, Acrylic, Diffuse PC, LED','195 x 300 x 45 (mm)','',477,'44.9',7,45,92,'',66309.0),(1011,NULL,'id_admin','2020-11-20 23:40:38',1605253649,'PaletteSupport','https://phg.smpop.net/data/item/1605253649/12.SpecModule_TBD_Thumbnail.jpg','Spec Module','PCM 50% Anti, Acrylic','195 x 170 x 10 (mm)','',605,'15.3',7,45,92,'',66309.0),(1012,NULL,'id_admin','2020-11-20 23:40:38',1605252142,'PaletteSupport','https://phg.smpop.net/data/item/1605252142/05.DeviceModule_TBD_Thumbnail.jpg','Device Module (Vertical)','PCM 50% Anti, Acrylic','97.5 x 170 x 10 (mm)','',1210,'10.2',7,45,92,'',66309.0),(1013,NULL,'id_admin','2020-11-20 23:40:38',1501132014,'PaletteSupport','https://phg.smpop.net/data/item/1501132014/02_Universalsecuritycable6typeC_640X640_191211.jpg','Kumoh_Universal Sensor Cable (Ver.6)  Type C','PC, Urethane etc.','1700mm','2~3 weeks',1210,'7.9',7,45,92,'',66309.0);
/*!40000 ALTER TABLE `budget_item` ENABLE KEYS */;
UNLOCK TABLES;

--
-- Table structure for table `corporation_email`
--

DROP TABLE IF EXISTS `corporation_email`;
/*!40101 SET @saved_cs_client     = @@character_set_client */;
 SET character_set_client = utf8mb4 ;
CREATE TABLE `corporation_email` (
  `idx` int(11) NOT NULL AUTO_INCREMENT,
  `corporation_id` varchar(45) NOT NULL,
  `email` varchar(100) DEFAULT NULL,
  `Responsibility` varchar(45) DEFAULT NULL,
  PRIMARY KEY (`idx`),
  UNIQUE KEY `idx_UNIQUE` (`idx`)
) ENGINE=InnoDB AUTO_INCREMENT=220 DEFAULT CHARSET=utf8;
/*!40101 SET character_set_client = @saved_cs_client */;

--
-- Dumping data for table `corporation_email`
--

LOCK TABLES `corporation_email` WRITE;
/*!40000 ALTER TABLE `corporation_email` DISABLE KEYS */;
INSERT INTO `corporation_email` VALUES (1,'H0001','soohwan.chi@samsung.com','지수환'),(2,'H0001','hm0503.kim@samsung.com','김현민'),(3,'H0001','gahyun.ahn@samsung.com  ','안가현'),(4,'H0001','julie.jung@samsung.com  ','정희정'),(5,'H0001','swn.jung@samsung.com','정승원'),(6,'H0001','chanju.hwang@samsung.com ','황찬주'),(7,'R0001','matthew.tham@samsung.com','matthew.tham'),(8,'R0002','seongmin.an@samsung.com','seongmin.an'),(9,'R0002','ks5.park@samsung.com  ','ks5.park'),(10,'R0002','kunwoo.noh@samsung.com','kunwoo.noh'),(11,'R0003','sujinsue.kim@samsung.com','sujinsue.kim'),(12,'R0003','ssyoung.cho@samsung.com','ssyoung.cho'),(13,'R0003','chorok.yun@samsung.com','chorok.yun'),(14,'R0003','swsw.choi@samsung.com','swsw.choi'),(15,'R0004','sb.hyung@samsung.com','sb.hyung'),(16,'R0004','hyesoo.im@samsung.com','hyesoo.im'),(17,'R0005','shinhee.bong@samsung.com','shinhee.bong'),(18,'R0005','kojasm@samsung.com','kojasm'),(19,'R0005','seun.oh@samsung.com','seun.oh'),(20,'R0005','jichul.mun@samsung.com ','jichul.mun'),(21,'R0005','assahd.shin@samsung.com ','assahd.shin'),(22,'R0005','sanz.l@samsung.com ','sanz.l'),(23,'R0005','dblue24.lee@samsung.com ','dblue24.lee'),(24,'R0005','siri.sung@samsung.com ','siri.sung'),(25,'R0005','youngjae.an@samsung.com  ','youngjae.an'),(26,'R0005','jackie.chu@samsung.com ','jackie.chu'),(27,'R0005','csloje.kim@samsung.com ','csloje.kim'),(28,'R0005','earl.choi@samsung.com ','earl.choi'),(29,'R0006','manuse.li@samsung.com','manuse.li'),(30,'R0006','herris.chan@samsung.com','herris.chan'),(31,'R0006','koey.chan@samsung.com','koey.chan'),(32,'R0006','cindy.h@samsung.com','cindy.h'),(33,'R0006','louise.l@samsung.com','louise.l'),(34,'R0006','gorie.lee@samsung.com','gorie.lee'),(35,'R0007','jong.jin@samsung.com','jong.jin'),(36,'R0007','sunyeop.yoo@samsung.com','sunyeop.yoo'),(37,'R0008','sook.h.park@samsung.com','sook.h.park'),(38,'R0008','choi.sunguk@samsung.com','choi.sunguk'),(39,'R0008','sksksk.lee@samsung.com','sksksk.lee'),(40,'R0008','yang.insu@samsung.com','yang.insu'),(41,'R0009','sanghyo.jung@samsung.com','sanghyo.jung'),(42,'R0009','b0104.lee@samsung.com','b0104.lee'),(43,'R0009','pju.park@samsung.com','pju.park'),(44,'S0001','j.gustafson@sea.samsung.com ','j.gustafson'),(45,'S0002','derek.wu@partner.samsung.com','derek.wu'),(46,'S0003',' j.mangels@cheil.com',' j.mangels'),(47,'S0004','p.kaye@partner.samsung.com','p.kaye'),(48,'S0005','m.gardrat@samsung.com','m.gardrat'),(49,'S0006','m.lunardi@samsung.com','m.lunardi'),(50,'S0007','ana.oliveira@samsung.com ','ana.oliveira'),(51,'S0007','a.valera@samsung.com','a.valera'),(52,'S0008','choi.ahreum@cheil.com','choi.ahreum'),(53,'S0009','anna.heith@cheil.com','anna.heith'),(54,'S0009','c.wirmark@partner.samsung.com','c.wirmark'),(55,'S0010','m.aftowicz@samsung.com','m.aftowicz'),(56,'S0011','a.haag@samsung.com','a.haag'),(57,'S0012','g.alekian@samsung.com','g.alekian'),(58,'S0012','l.secara@samsung.com','l.secara'),(59,'S0013','l.kuzelikova@samsung.com','l.kuzelikova'),(60,'S0014','i.balent@samsung.com','i.balent'),(61,'S0014','f.micic@samsung.com','f.micic'),(62,'S0015','tamas.kiss@samsung.com','tamas.kiss'),(63,'S0016','v.riauka@partner.samsung.com','v.riauka'),(64,'S0017','g.freris@partner.samsung.com','g.freris'),(65,'S0018','zelenkov.i@partner.samsung.com','zelenkov.i'),(66,'S0019','i.ivaschenko@samsung.com','i.ivaschenko'),(67,'S0020','dinara.t@samsung.com','dinara.t'),(68,'S0021','vicky.ango@samsung.com','vicky.ango'),(69,'S0022','thomas.l@samsung.com','thomas.l'),(70,'S0022','m.ruano@partner.samsung.com','m.ruano'),(71,'S0022','torre.j@samsung.com','torre.j'),(72,'S0023','adriana.cn@samsung.com','adriana.cn'),(73,'S0024','ramirez.p@samsung.com','ramirez.p'),(74,'S0025','r.falcon@samsung.com','r.falcon'),(75,'S0026','ra.torres@partner.samsung.com','ra.torres'),(76,'S0027','k.pazsoldan@samsung.com','k.pazsoldan'),(77,'S0028','tarun.m@samsung.com','tarun.m'),(78,'S0029','arif.i@samsung.com','arif.i'),(79,'S0030','m.othman@samsung.com','m.othman'),(80,'S0031','s.shahidi@samsung.com','s.shahidi'),(81,'S0032','amanj.a@samsung.com','amanj.a'),(82,'S0033','Tamer.raafat@samsung.com','Tamer.raafat'),(83,'S0034','razeen.m@partner.samsung.com','razeen.m'),(84,'S0035','b.moussa@partner.samsung.com','b.moussa'),(85,'S0036','o.bauer@samsung.com','o.bauer'),(86,'S0037','manuse.li@samsung.com','manuse.li'),(87,'S0038','koey.chan@samsung.com','koey.chan'),(88,'S0039','cindy.h@samsung.com','cindy.h'),(89,'S0040','n.zuhri@samsung.com','n.zuhri'),(90,'S0041','pisoot.t@samsung.com','pisoot.t'),(91,'S0042','t.stephens@partner.samsung.com','t.stephens'),(92,'S0043','nhungoc.tr@partner.samsung.com','nhungoc.tr'),(93,'S0044','tchenshun.k@samsung.com','tchenshun.k'),(94,'S0045','e.portalio@samsung.com','e.portalio'),(95,'S0046','sheri.lim@samsung.com','sheri.lim'),(96,'S0047','g.claase@samsung.com','g.claase'),(97,'S0048','akshaya.b@samsung.com','akshaya.b'),(98,'S0048','sumit.s2@partner.smsung.com','sumit.s2'),(99,'S0049','a.bista@partner.samsung.com','a.bista'),(100,'S0050','asitha.w@samsung.com','asitha.w'),(101,'S0051','abid.ashraf@samsung.com','abid.ashraf'),(102,'S0052','thabo.tlowan@samsung.com','thabo.tlowan'),(103,'S0053','a.Ishmael@samsung.com','a.Ishmael'),(104,'C0001','j.gustafson@sea.samsung.com ','j.gustafson'),(105,'C0002','derek.wu@partner.samsung.com','derek.wu'),(106,'C0003','f.loeffler@cheil.com','f.loeffler'),(107,'C0004','d.hudson@partner.samsung.com','d.hudson'),(108,'C0005','a.gorage@samsung.com','a.gorage'),(109,'C0006','m.lunardi@samsung.com','m.lunardi'),(110,'C0007','da.escribano@partner.samsung.com','da.escribano'),(111,'C0008','MarianaSantosmp.santos@samsung.com','MarianaSantosmp.santos'),(112,'C0009','c.moonen@cheil.com','c.moonen'),(113,'C0010','choi.ahreum@cheil.com','choi.ahreum'),(114,'C0011','anna.heith@cheil.com','anna.heith'),(115,'C0012','anna.heith@cheil.com','anna.heith'),(116,'C0013','anna.heith@cheil.com','anna.heith'),(117,'C0014','anna.heith@cheil.com','anna.heith'),(118,'C0015','m.kalinowska@partner.samsung.com','m.kalinowska'),(119,'C0016','a.haag@samsung.com','a.haag'),(120,'C0017','c.hangelmann@cheil.com','c.hangelmann'),(121,'C0018','a.tanasescu@samsung.com','a.tanasescu'),(122,'C0019','g.alekian@samsung.com','g.alekian'),(123,'C0020','marek.murdych@cheil.com','marek.murdych'),(124,'C0021','l.kuzelikova@samsung.com','l.kuzelikova'),(125,'C0022','m.tavcar@partner.samsung.com','m.tavcar'),(126,'C0023','i.balent@samsung.com','i.balent'),(127,'C0024','i.balent@samsung.com','i.balent'),(128,'C0025','i.balent@samsung.com','i.balent'),(129,'C0026','i.balent@samsung.com','i.balent'),(130,'C0027','i.balent@samsung.com','i.balent'),(131,'C0028','j.nikolovski@partner.samsung.com','j.nikolovski'),(132,'C0029','a.tomanek@samsung.com','a.tomanek'),(133,'C0030','v.riauka@partner.samsung.com','v.riauka'),(134,'C0031','v.riauka@partner.samsung.com','v.riauka'),(135,'C0032','vita.jasmane@kuehne-nagel.com','vita.jasmane'),(136,'C0033','e.branika@samsung.com','e.branika'),(137,'C0034','evteeva.n@samsung.com','evteeva.n'),(138,'C0035','farida.i@partner.samsung.com','farida.i'),(139,'C0036','irina.pak@samsung.com','irina.pak'),(140,'C0037','y.sirenko@partner.samsung.com','y.sirenko'),(141,'C0038','dinara.t@samsung.com','dinara.t'),(142,'C0039','dinara.t@samsung.com','dinara.t'),(143,'C0040','dinara.t@samsung.com','dinara.t'),(144,'C0041','dinara.t@samsung.com','dinara.t'),(145,'C0042','dinara.t@samsung.com','dinara.t'),(146,'C0043','dinara.t@samsung.com','dinara.t'),(147,'C0044','e.mendonca@partner.samsung.com','e.mendonca'),(148,'C0045','thomas.l@samsung.com','thomas.l'),(149,'C0046','f.almendral@samsung.com','f.almendral'),(150,'C0047','m.hinestrosa@samsung.com','m.hinestrosa'),(151,'C0048','thomas.l@samsung.com','thomas.l'),(152,'C0049','thomas.l@samsung.com','thomas.l'),(153,'C0050','thomas.l@samsung.com','thomas.l'),(154,'C0051','ilarios@gccpunto.com','ilarios'),(155,'C0052','ointeriano@pcomercial.com','ointeriano'),(156,'C0053','ortega.d@samsung.com','ortega.d'),(157,'C0054','ah.lizano@samsung.com','ah.lizano'),(158,'C0055','thomas.l@samsung.com','thomas.l'),(159,'C0056','ana.castro@samsung.com','ana.castro'),(160,'C0057','carlos.e@cheil.com','carlos.e'),(161,'C0058','ana.villagra@bonus.com.py','ana.villagra'),(162,'C0059','e.heinzen@samsung.com','e.heinzen'),(163,'C0060','tomas.canals@samsung.com','tomas.canals'),(164,'C0061','jm.lievana@samsung.com','jm.lievana'),(165,'C0062','ra.torres@partner.samsung.com','ra.torres'),(166,'C0063','k.pazsoldan@samsung.com','k.pazsoldan'),(167,'C0064','tarun.m@samsung.com','tarun.m'),(168,'C0065','ali@binhindi.com','ali'),(169,'C0066','sohaib@albabtaingroup.com.kw','sohaib'),(170,'C0067','jibreel-musa@sarcooman.com','jibreel-musa'),(171,'C0068','vijay.appaji@alibinali.com','vijay.appaji'),(172,'C0069','m.cicek@samsung.com','m.cicek'),(173,'C0070','lamees.a@partner.samsung.com','lamees.a'),(174,'C0071','gassia.b@samsung.com','gassia.b'),(175,'C0072','m.othman@samsung.com','m.othman'),(176,'C0073','s.shahidi@samsung.com','s.shahidi'),(177,'C0074','m.waqas@partner.samsung.com','m.waqas'),(178,'C0075','a.chatila@samsung.com','a.chatila'),(179,'C0076','m.abdelhamed@samsung.com','m.abdelhamed'),(180,'C0077','omar.kamal@partner.samsung.com','omar.kamal'),(181,'C0078','meriem.douki@cap.tn','meriem.douki'),(182,'C0079','z.lammari@samsung.com','z.lammari'),(183,'C0080','o.bauer@samsung.com','o.bauer'),(184,'C0081','lan2012.jin@samsung.com','lan2012.jin'),(185,'C0082','laura.law@samsung.com','laura.law'),(186,'C0083','myeongki.min@samsung.com','myeongki.min'),(187,'C0084','risa.ap@partner.samsung.com','risa.ap'),(188,'C0085','pisoot.t@samsung.com','pisoot.t'),(189,'C0086','mt.soe@samsung.com','mt.soe'),(190,'C0087','cheavong.s@samsung.com','cheavong.s'),(191,'C0088','nitphada.m@samsung.com','nitphada.m'),(192,'C0089','p.palinkasov@partner.samsung.com','p.palinkasov'),(193,'C0090','quy.ntn@partner.samsung.com','quy.ntn'),(194,'C0091','tchenshun.k@samsung.com','tchenshun.k'),(195,'C0092','a.gimenez@samsung.com','a.gimenez'),(196,'C0093','rachel.pow@samsung.com','rachel.pow'),(197,'C0094','g.claase@samsung.com','g.claase'),(198,'C0095','akshaya.b@samsung.com','akshaya.b'),(199,'C0096','a.bista@partner.samsung.com','a.bista'),(200,'C0097','irshad@tpcslk.com','irshad'),(201,'C0098','arifur.rahman@fdl.com.bd','arifur.rahman'),(202,'C0099','zane.nkosi@cheil.com','zane.nkosi'),(203,'C0100','s.githende@samsung.com','s.githende'),(204,'C0101','r.bunda@samsung.com','r.bunda'),(205,'C0102','a.Ishmael@samsung.com','a.Ishmael'),(206,'C0103','a.Ishmael@samsung.com','a.Ishmael'),(207,'C0104','mi-ryung.h@samsung.com','mi-ryung.h'),(208,'C0105','olayera.o@partner.samsung.com','olayera.o'),(209,'C0106','a.Ishmael@samsung.com','a.Ishmael'),(210,'C0107','Nguessan.a@samsung.com','Nguessan.a'),(211,'C0108','i.mbomboo@partner.samsung.com','i.mbomboo'),(212,'C0109','a.diaite@samsung.com','a.diaite'),(213,'C0110','a.Ishmael@samsung.com','a.Ishmael'),(214,'C0111','a.Ishmael@samsung.com','a.Ishmael'),(215,'R0006','koey.chan@samsung.com','koey.chan'),(216,'R0003','dameli.s@partner.samsung.com','dameli.s'),(217,'H0001','yunji.park@chaigraphics.com','yunji.park'),(218,'H0001','hyunjean.kim@chaigraphics.com','hyunjean.kim'),(219,'H0001','Junghun.kim@chaigraphics.com','yunji.park');
/*!40000 ALTER TABLE `corporation_email` ENABLE KEYS */;
UNLOCK TABLES;

--
-- Table structure for table `corporation_structure`
--

DROP TABLE IF EXISTS `corporation_structure`;
/*!40101 SET @saved_cs_client     = @@character_set_client */;
 SET character_set_client = utf8mb4 ;
CREATE TABLE `corporation_structure` (
  `index` int(11) NOT NULL AUTO_INCREMENT,
  `id` varchar(45) NOT NULL,
  `perents_id` varchar(45) DEFAULT NULL,
  `name` varchar(45) DEFAULT NULL,
  `corporation` varchar(45) DEFAULT NULL,
  PRIMARY KEY (`index`),
  UNIQUE KEY `id_UNIQUE` (`id`)
) ENGINE=InnoDB AUTO_INCREMENT=175 DEFAULT CHARSET=utf8;
/*!40101 SET character_set_client = @saved_cs_client */;

--
-- Dumping data for table `corporation_structure`
--

LOCK TABLES `corporation_structure` WRITE;
/*!40000 ALTER TABLE `corporation_structure` DISABLE KEYS */;
INSERT INTO `corporation_structure` VALUES (1,'H0001','0','admin','hq'),(2,'R0001','H0001','North America ','rhq'),(3,'R0002','H0001','Europe ','rhq'),(4,'R0003','H0001','CIS ','rhq'),(5,'R0004','H0001','Latin America','rhq'),(6,'R0005','H0001','Middle East','rhq'),(7,'R0006','H0001','CHINA ','rhq'),(8,'R0007','H0001','South East Asia ','rhq'),(9,'R0008','H0001','South West Asia','rhq'),(10,'R0009','H0001','Africa','rhq'),(11,'S0001','R0001','SEA','subsidiary'),(12,'S0002','R0001','SECA','subsidiary'),(13,'S0003','R0002','SEG','subsidiary'),(14,'S0004','R0002','SEUK','subsidiary'),(15,'S0005','R0002','SEF','subsidiary'),(16,'S0006','R0002','SEI','subsidiary'),(17,'S0007','R0002','SEIB','subsidiary'),(18,'S0008','R0002','SEBN','subsidiary'),(19,'S0009','R0002','SENA','subsidiary'),(20,'S0010','R0002','SEPOL','subsidiary'),(21,'S0011','R0002','SEAS','subsidiary'),(22,'S0012','R0002','SEROM','subsidiary'),(23,'S0013','R0002','SECZ','subsidiary'),(24,'S0014','R0002','SEAD','subsidiary'),(25,'S0015','R0002','SEH','subsidiary'),(26,'S0016','R0002','SEB','subsidiary'),(27,'S0017','R0002','SEGR','subsidiary'),(28,'S0018','R0003','SERC','subsidiary'),(29,'S0019','R0003','SEUC','subsidiary'),(30,'S0020','R0003','SECE','subsidiary'),(31,'S0021','R0004','SEDA-S','subsidiary'),(32,'S0022','R0004','SELA','subsidiary'),(33,'S0023','R0004','SEM','subsidiary'),(34,'S0024','R0004','SEASA','subsidiary'),(35,'S0025','R0004','SECH','subsidiary'),(36,'S0026','R0004','SAMCOL','subsidiary'),(37,'S0027','R0004','SEPR','subsidiary'),(38,'S0028','R0005','SGE','subsidiary'),(39,'S0029','R0005','SETK','subsidiary'),(40,'S0030','R0005','SELV','subsidiary'),(41,'S0031','R0005','Iran','subsidiary'),(42,'S0032','R0005','SEPAK','subsidiary'),(43,'S0033','R0005','SESAR','subsidiary'),(44,'S0034','R0005','SEEG','subsidiary'),(45,'S0035','R0005','SEMAG','subsidiary'),(46,'S0036','R0005','SEIL','subsidiary'),(47,'S0037','R0006','SCIC','subsidiary'),(48,'S0038','R0006','SEHK','subsidiary'),(49,'S0039','R0006','SET','subsidiary'),(50,'S0040','R0007','SEIN-S','subsidiary'),(51,'S0041','R0007','TSE','subsidiary'),(52,'S0042','R0007','SEAU','subsidiary'),(53,'S0043','R0007','SAVINA-S','subsidiary'),(54,'S0044','R0007','SME','subsidiary'),(55,'S0045','R0007','SEPCO','subsidiary'),(56,'S0046','R0007','SAPL','subsidiary'),(57,'S0047','R0007','SENZ','subsidiary'),(58,'S0048','R0008','SIEL-S','subsidiary'),(59,'S0049','R0008','Nepal','subsidiary'),(60,'S0050','R0008','Sri Lanka','subsidiary'),(61,'S0051','R0008','Bangladesh','subsidiary'),(62,'S0052','R0009','SSA','subsidiary'),(63,'S0053','R0009','SCA','subsidiary'),(64,'C0001','S0001','USA','country'),(65,'C0002','S0002','Canada','country'),(66,'C0003','S0003','Germany','country'),(67,'C0004','S0004','UK','country'),(68,'C0005','S0005','France','country'),(69,'C0006','S0006','Italy','country'),(70,'C0007','S0007','Spain','country'),(71,'C0008','S0007','Portugal','country'),(72,'C0009','S0008','Netherlands','country'),(73,'C0010','S0008','Belgium','country'),(74,'C0011','S0009','Sweden','country'),(75,'C0012','S0009','Denmark','country'),(76,'C0013','S0009','Finland','country'),(77,'C0014','S0009','Norway','country'),(78,'C0015','S0010','Poland','country'),(79,'C0016','S0011','Switzerland','country'),(80,'C0017','S0011','Austria','country'),(81,'C0018','S0012','ROMANIA','country'),(82,'C0019','S0012','Bulagria','country'),(83,'C0020','S0013','Czech','country'),(84,'C0021','S0013','Slovakia','country'),(85,'C0022','S0014','Croatia','country'),(86,'C0023','S0014','Serbia','country'),(87,'C0024','S0014','Montenegro','country'),(88,'C0025','S0014','Slovenia','country'),(89,'C0026','S0014','Macedonia','country'),(90,'C0027','S0014','Bosnia','country'),(91,'C0028','S0014','Albania','country'),(92,'C0029','S0015','Hungary','country'),(93,'C0030','S0016','Lithania','country'),(94,'C0031','S0016','Latvia','country'),(95,'C0032','S0016','Estonia','country'),(96,'C0033','S0017','Greece','country'),(97,'C0034','S0018','Russia','country'),(98,'C0035','S0018','Azerbaijan','country'),(99,'C0036','S0018','Georgia','country'),(100,'C0037','S0019','Ukraine','country'),(101,'C0038','S0020','Kazakhstan','country'),(102,'C0039','S0020','Uzbekistan','country'),(103,'C0040','S0020','Tajikistan','country'),(104,'C0041','S0020','Kyrgyzstan','country'),(105,'C0042','S0020','Turkmenistan','country'),(106,'C0043','S0020','Mongolia','country'),(107,'C0044','S0021','bRazil','country'),(108,'C0045','S0022','Puerto Rico','country'),(109,'C0046','S0022','Panama','country'),(110,'C0047','S0022','Miami','country'),(111,'C0048','S0022','Trinidad & Tobago','country'),(112,'C0049','S0022','Guatemala','country'),(113,'C0050','S0022','Dominica','country'),(114,'C0051','S0022','Honduras','country'),(115,'C0052','S0022','El Salvador','country'),(116,'C0053','S0022','Ecuador','country'),(117,'C0054','S0022','Costa Rica','country'),(118,'C0055','S0022','Jamaica','country'),(119,'C0056','S0023','Mexico','country'),(120,'C0057','S0024','Argentina','country'),(121,'C0058','S0024','Paraguay','country'),(122,'C0059','S0024','Uruguay','country'),(123,'C0060','S0025','Chile','country'),(124,'C0061','S0025','Bolivia','country'),(125,'C0062','S0026','Colombia','country'),(126,'C0063','S0027','PERU','country'),(127,'C0064','S0028','UAE','country'),(128,'C0065','S0028','Bahrain','country'),(129,'C0066','S0028','Kuwait','country'),(130,'C0067','S0028','Oman','country'),(131,'C0068','S0028','Qatar','country'),(132,'C0069','S0029','Turkey','country'),(133,'C0070','S0030','Jordan','country'),(134,'C0071','S0030','Lebanon','country'),(135,'C0072','S0030','Iraq','country'),(136,'C0073','S0031','IRAN','country'),(137,'C0074','S0032','Pakistan','country'),(138,'C0075','S0033','Saudi Arabia','country'),(139,'C0076','S0034','Egypt','country'),(140,'C0077','S0035','Morocco','country'),(141,'C0078','S0035','Tunisia','country'),(142,'C0079','S0035','Algeria','country'),(143,'C0080','S0036','Israel','country'),(144,'C0081','S0037','China','country'),(145,'C0082','S0038','Hongkong','country'),(146,'C0083','S0039','Taiwan','country'),(147,'C0084','S0040','Indonesia','country'),(148,'C0085','S0041','Thailand','country'),(149,'C0086','S0041','Myanmar','country'),(150,'C0087','S0041','Cambodia','country'),(151,'C0088','S0041','Laos','country'),(152,'C0089','S0042','Australia','country'),(153,'C0090','S0043','Vietnam','country'),(154,'C0091','S0044','Malaysia','country'),(155,'C0092','S0045','Philippines','country'),(156,'C0093','S0046','Singapore','country'),(157,'C0094','S0047','New Zealand','country'),(158,'C0095','S0048','INDIA','country'),(159,'C0096','S0049','Nepal','country'),(160,'C0097','S0050','Sri Lanka','country'),(161,'C0098','S0051','Bangladesh','country'),(162,'C0099','S0052','S.Africa','country'),(163,'C0100','S0053','Kenya','country'),(164,'C0101','S0053','Zambia','country'),(165,'C0102','S0053','Angola','country'),(166,'C0103','S0053','Zimbabwe','country'),(167,'C0104','S0053','Mauritius','country'),(168,'C0105','S0053','Nigeria','country'),(169,'C0106','S0053','Ghana','country'),(170,'C0107','S0053','Ivory Coast','country'),(171,'C0108','S0053','Cameroon','country'),(172,'C0109','S0053','Senegal','country'),(173,'C0110','S0053','Mozambique','country'),(174,'C0111','S0053','Malawi','country');
/*!40000 ALTER TABLE `corporation_structure` ENABLE KEYS */;
UNLOCK TABLES;

--
-- Table structure for table `country`
--

DROP TABLE IF EXISTS `country`;
/*!40101 SET @saved_cs_client     = @@character_set_client */;
 SET character_set_client = utf8mb4 ;
CREATE TABLE `country` (
  `no` int(11) NOT NULL,
  `rhq_no` int(11) DEFAULT NULL,
  `subsidary_no` int(11) DEFAULT NULL,
  `name` varchar(100) NOT NULL,
  `str_id` varchar(40) NOT NULL,
  PRIMARY KEY (`no`),
  KEY `name_idx` (`name`)
) ENGINE=InnoDB DEFAULT CHARSET=utf8;
/*!40101 SET character_set_client = @saved_cs_client */;

--
-- Dumping data for table `country`
--

LOCK TABLES `country` WRITE;
/*!40000 ALTER TABLE `country` DISABLE KEYS */;
INSERT INTO `country` VALUES (1,1,1,'USA','C0001'),(2,1,2,'Canada','C0002'),(3,2,3,'Germany','C0003'),(4,2,4,'UK','C0004'),(5,2,5,'France','C0005'),(6,2,6,'Italy','C0006'),(7,2,7,'Spain','C0007'),(8,2,7,'Portugal','C0008'),(9,2,8,'Netherlands','C0009'),(10,2,8,'Belgium','C0010'),(11,2,9,'Sweden','C0011'),(12,2,9,'Denmark','C0012'),(13,2,9,'Finland','C0013'),(14,2,9,'Norway','C0014'),(15,2,10,'Poland','C0015'),(16,2,11,'Switzerland','C0016'),(17,2,11,'Austria','C0017'),(18,2,12,'ROMANIA','C0018'),(19,2,12,'Bulagria','C0019'),(20,2,13,'Czech','C0020'),(21,2,13,'Slovakia','C0021'),(22,2,14,'Croatia','C0022'),(23,2,14,'Serbia','C0023'),(24,2,14,'Montenegro','C0024'),(25,2,14,'Slovenia','C0025'),(26,2,14,'Macedonia','C0026'),(27,2,14,'Bosnia','C0027'),(28,2,14,'Albania','C0028'),(29,2,15,'Hungary','C0029'),(30,2,16,'Lithania','C0030'),(31,2,16,'Latvia','C0031'),(32,2,16,'Estonia','C0032'),(33,2,17,'Greece','C0033'),(34,3,18,'Russia','C0034'),(35,3,18,'Azerbaijan','C0035'),(36,3,18,'Georgia','C0036'),(37,3,19,'Ukraine','C0037'),(38,3,20,'Kazakhstan','C0038'),(39,3,20,'Uzbekistan','C0039'),(40,3,20,'Tajikistan','C0040'),(41,3,20,'Kyrgyzstan','C0041'),(42,3,20,'Turkmenistan','C0042'),(43,3,20,'Mongolia','C0043'),(44,4,21,'bRazil','C0044'),(45,4,22,'Puerto Rico','C0045'),(46,4,22,'Panama','C0046'),(47,4,22,'Miami','C0047'),(48,4,22,'Trinidad & Tobago','C0048'),(49,4,22,'Guatemala','C0049'),(50,4,22,'Dominica','C0050'),(51,4,22,'Honduras','C0051'),(52,4,22,'El Salvador','C0052'),(53,4,22,'Ecuador','C0053'),(54,4,22,'Costa Rica','C0054'),(55,4,22,'Jamaica','C0055'),(56,4,23,'Mexico','C0056'),(57,4,24,'Argentina','C0057'),(58,4,24,'Paraguay','C0058'),(59,4,24,'Uruguay','C0059'),(60,4,25,'Chile','C0060'),(61,4,25,'Bolivia','C0061'),(62,4,26,'Colombia','C0062'),(63,4,27,'PERU','C0063'),(64,5,28,'UAE','C0064'),(65,5,28,'Bahrain','C0065'),(66,5,28,'Kuwait','C0066'),(67,5,28,'Oman','C0067'),(68,5,28,'Qatar','C0068'),(69,5,29,'Turkey','C0069'),(70,5,30,'Jordan','C0070'),(71,5,30,'Lebanon','C0071'),(72,5,30,'Iraq','C0072'),(73,5,31,'IRAN','C0073'),(74,5,32,'Pakistan','C0074'),(75,5,33,'Saudi Arabia','C0075'),(76,5,34,'Egypt','C0076'),(77,5,35,'Morocco','C0077'),(78,5,35,'Tunisia','C0078'),(79,5,35,'Algeria','C0079'),(80,5,36,'Israel','C0080'),(81,6,37,'China','C0081'),(82,6,38,'Hongkong','C0082'),(83,6,39,'Taiwan','C0083'),(84,7,40,'Indonesia','C0084'),(85,7,41,'Thailand','C0085'),(86,7,41,'Myanmar','C0086'),(87,7,41,'Cambodia','C0087'),(88,7,41,'Laos','C0088'),(89,7,42,'Australia','C0089'),(90,7,43,'Vietnam','C0090'),(91,7,44,'Malaysia','C0091'),(92,7,45,'Philippines','C0092'),(93,7,46,'Singapore','C0093'),(94,7,47,'New Zealand','C0094'),(95,8,48,'INDIA','C0095'),(96,8,49,'Nepal','C0096'),(97,8,50,'Sri Lanka','C0097'),(98,8,51,'Bangladesh','C0098'),(99,9,52,'S.Africa','C0099'),(100,9,53,'Kenya','C0100'),(101,9,53,'Zambia','C0101'),(102,9,53,'Angola','C0102'),(103,9,53,'Zimbabwe','C0103'),(104,9,53,'Mauritius','C0104'),(105,9,53,'Nigeria','C0105'),(106,9,53,'Ghana','C0106'),(107,9,53,'Ivory Coast','C0107'),(108,9,53,'Cameroon','C0108'),(109,9,53,'Senegal','C0109'),(110,9,53,'Mozambique','C0110'),(111,9,53,'Malawi','C0111');
/*!40000 ALTER TABLE `country` ENABLE KEYS */;
UNLOCK TABLES;

--
-- Table structure for table `country_budget`
--

DROP TABLE IF EXISTS `country_budget`;
/*!40101 SET @saved_cs_client     = @@character_set_client */;
 SET character_set_client = utf8mb4 ;
CREATE TABLE `country_budget` (
  `support_name` varchar(100) NOT NULL,
  `rhq_no` int(11) unsigned NOT NULL,
  `subsidary_no` int(11) unsigned NOT NULL,
  `country_no` int(11) unsigned NOT NULL,
  `budget_money` varchar(45) NOT NULL,
  PRIMARY KEY (`support_name`,`country_no`)
) ENGINE=InnoDB DEFAULT CHARSET=utf8;
/*!40101 SET character_set_client = @saved_cs_client */;

--
-- Dumping data for table `country_budget`
--

LOCK TABLES `country_budget` WRITE;
/*!40000 ALTER TABLE `country_budget` DISABLE KEYS */;
INSERT INTO `country_budget` VALUES ('cheiltest',7,44,91,'4000'),('cheiltest2',7,41,85,'20209'),('cheilttest1',5,30,71,'500'),('cheilttest1',5,30,72,'500'),('cheilttest1',5,34,76,'500'),('PaletteSupport',1,1,1,'1850.1'),('PaletteSupport',1,2,2,'72435.5'),('PaletteSupport',2,3,3,'171128'),('PaletteSupport',2,4,4,'327191'),('PaletteSupport',2,5,5,'122756'),('PaletteSupport',2,6,6,'52050'),('PaletteSupport',2,7,7,'66464'),('PaletteSupport',2,8,9,'104969'),('PaletteSupport',2,9,11,'93238'),('PaletteSupport',2,10,15,'46715'),('PaletteSupport',2,11,16,'68360'),('PaletteSupport',2,12,18,'28135'),('PaletteSupport',2,13,20,'18185'),('PaletteSupport',2,14,22,'30474'),('PaletteSupport',2,15,29,'21317'),('PaletteSupport',2,16,30,'0'),('PaletteSupport',2,16,31,'18546'),('PaletteSupport',2,16,32,'0'),('PaletteSupport',2,17,33,'7342'),('PaletteSupport',3,18,34,'46886'),('PaletteSupport',3,19,37,'14015'),('PaletteSupport',3,20,38,'18169'),('PaletteSupport',4,21,44,'83302'),('PaletteSupport',4,22,45,'15159'),('PaletteSupport',4,23,56,'54374'),('PaletteSupport',4,24,57,'9561'),('PaletteSupport',4,24,59,'0'),('PaletteSupport',4,25,60,'13528'),('PaletteSupport',4,26,62,'6022'),('PaletteSupport',4,27,63,'4774'),('PaletteSupport',5,28,64,'19067'),('PaletteSupport',5,29,69,'17696'),('PaletteSupport',5,30,70,'3595'),('PaletteSupport',5,32,74,'21231'),('PaletteSupport',5,33,75,'18843'),('PaletteSupport',5,34,76,'13832'),('PaletteSupport',5,35,77,'21065'),('PaletteSupport',5,35,78,'4668.1'),('PaletteSupport',5,36,80,'28476.0'),('PaletteSupport',6,37,81,'139596'),('PaletteSupport',6,38,82,'26233'),('PaletteSupport',6,39,83,'51928'),('PaletteSupport',7,40,84,'515135'),('PaletteSupport',7,41,85,'145124'),('PaletteSupport',7,42,89,'52563.3'),('PaletteSupport',7,43,90,'94041'),('PaletteSupport',7,44,91,'103042'),('PaletteSupport',7,45,92,'66328'),('PaletteSupport',7,46,93,'56960'),('PaletteSupport',7,47,94,'21281'),('PaletteSupport',8,48,95,'850212'),('PaletteSupport',8,50,97,'440'),('PaletteSupport',8,51,98,'4533'),('PaletteSupport',9,52,99,'40931'),('PaletteSupport',9,53,100,'18568'),('PaletteSupport',9,53,111,'0.0'),('p_test',2,13,20,'2947'),('test_1',9,53,111,'1'),('WEARABLE',1,2,2,'59656.9');
/*!40000 ALTER TABLE `country_budget` ENABLE KEYS */;
UNLOCK TABLES;

--
-- Table structure for table `hq_budget`
--

DROP TABLE IF EXISTS `hq_budget`;
/*!40101 SET @saved_cs_client     = @@character_set_client */;
 SET character_set_client = utf8mb4 ;
CREATE TABLE `hq_budget` (
  `support_name` varchar(100) NOT NULL,
  `budget_money` varchar(45) NOT NULL,
  PRIMARY KEY (`support_name`)
) ENGINE=InnoDB DEFAULT CHARSET=utf8;
/*!40101 SET character_set_client = @saved_cs_client */;

--
-- Dumping data for table `hq_budget`
--

LOCK TABLES `hq_budget` WRITE;
/*!40000 ALTER TABLE `hq_budget` DISABLE KEYS */;
INSERT INTO `hq_budget` VALUES ('cheiltest','111111'),('cheiltest2','20209'),('cheilttest1','1500'),('PaletteSupport','4012759.5'),('p_test','2947'),('test_1','1'),('WEARABLE','59656.9');
/*!40000 ALTER TABLE `hq_budget` ENABLE KEYS */;
UNLOCK TABLES;

--
-- Table structure for table `member_auth`
--

DROP TABLE IF EXISTS `member_auth`;
/*!40101 SET @saved_cs_client     = @@character_set_client */;
 SET character_set_client = utf8mb4 ;
CREATE TABLE `member_auth` (
  `idx` bigint(20) NOT NULL AUTO_INCREMENT,
  `mb_id` varchar(45) NOT NULL,
  `fk_structur_id` varchar(45) NOT NULL,
  `name` varchar(45) NOT NULL,
  `auth` varchar(45) NOT NULL,
  `email` varchar(45) NOT NULL,
  `usage_yn` varchar(45) NOT NULL,
  PRIMARY KEY (`idx`)
) ENGINE=InnoDB AUTO_INCREMENT=1184 DEFAULT CHARSET=utf8;
/*!40101 SET character_set_client = @saved_cs_client */;

--
-- Dumping data for table `member_auth`
--

LOCK TABLES `member_auth` WRITE;
/*!40000 ALTER TABLE `member_auth` DISABLE KEYS */;
INSERT INTO `member_auth` VALUES (0,'','','','','',''),(1,'','H0001','테스터','HQ','info.test@smpop.net','y'),(255,'','H0001','admtest','HQ','lepio2020@naver.com','y'),(256,'','R0004','rhqtest','rhq','chcjswo.jsw@gmail.com','y'),(257,'','S0019','subtest','subsidiary','jsw1030jsw1@naver.com','N'),(258,'','C0047','coutest','Country','jsw1030jsw2@naver.com','y'),(259,'admin','H0001','admin','HQ','info@smpop.net','y'),(260,'smpopadtest','H0001','smpopadtest','HQ','smpopadtest@gmail.com','y'),(261,'','R0004','smpoprhqtest','rhq','smpoprhqtest@gmail.com','y'),(262,'','R0001','rhqtestone','RHQ','rhqtestone@samsung.com','y'),(263,'','R0002','rhqtesttwo','rhq','rhqtesttwo@samsung.com','y'),(264,'','R0003','rhqtestthree','rhq','rhqtestthree@samsung.com','y'),(265,'','R0004','rhqtestfour','rhq','rhqtestfour@samsung.com','y'),(266,'','R0005','rhqtestfive','rhq','rhqtestfive@samsung.com','y'),(267,'','S0001','subtestone','subsidiary','subtestone@samsung.com','y'),(268,'','S0002','subtesttwo','subsidiary','subtesttwo@samsung.com','y'),(269,'','S0003','subtestthree','subsidiary','subtestthree@samsung.com','y'),(270,'','S0004','subtestfour','subsidiary','subtestfour@samsung.com','y'),(271,'','S0005','subtestfive','subsidiary','subtestfive@samsung.com','y'),(272,'','C0001','contestone','Country','contestone@samsung.com','y'),(273,'contesttwo','C0002','contesttwo','Country','contesttwo@samsung.com','y'),(274,'contestthree','C0003','contestthree','Country','contestthree@samsung.com','y'),(275,'','C0004','contestfour','Country','contestfour@samsung.com','y'),(276,'','C0005','contestfive','Country','contestfive@samsung.com','y'),(277,'','R0004','blacklichtestone','rhq','blacklichtestone@naver.com','y'),(278,'','S0022','blacklichtesttwo','subsidiary','blacklichtesttwo@gmail.com','y'),(279,'','C0052','blacklichtestthree','Country','blacklichtestthree@gmail.com','y'),(280,'soohwan.chi','H0001','지수환','HQ','soohwan.chi@samsung.com','y'),(281,'hm0503.kim','H0001','김현민','HQ','hm0503.kim@samsung.com','y'),(282,'','H0001','안가현','HQ','gahyun.ahn@samsung.com  ','y'),(283,'','H0001','정희정','HQ','julie.jung@samsung.com  ','y'),(284,'','H0001','정승원','HQ','swn.jung@samsung.com','y'),(285,'','H0001','황찬주','HQ','chanju.hwang@samsung.com ','y'),(286,'matthew.tham','R0001','matthew.tham','rhq','matthew.tham@samsung.com','y'),(287,'','R0002','seongmin.an','rhq','seongmin.an@samsung.com','y'),(288,'sujinsue.kim','R0003','sujinsue.kim','rhq','sujinsue.kim@samsung.com','y'),(289,'sb.hyung','R0004','sb.hyung','rhq','sb.hyung@samsung.com','y'),(290,'','R0005','shinhee.bong','rhq','shinhee.bong@samsung.com','y'),(291,'','R0006','manuse.li','rhq','manuse.li@samsung.com','y'),(292,'','R0007','jong.jin','rhq','jong.jin@samsung.com','y'),(293,'','R0008','sook.h.park','rhq','sook.h.park@samsung.com','y'),(294,'','R0009','sanghyo.jung','rhq','sanghyo.jung@samsung.com','y'),(295,'','S0001','j.gustafson','rhq','j.gustafson@sea.samsung.com ','y'),(296,'','S0002','derek.wu','subsidiary','derek.wu@partner.samsung.com','y'),(297,'','S0003',' j.mangels','subsidiary',' j.mangels@cheil.com','y'),(298,'','S0004','p.kaye','subsidiary','p.kaye@partner.samsung.com','y'),(299,'','S0005','m.gardrat','subsidiary','m.gardrat@samsung.com','y'),(300,'','S0006','m.lunardi','subsidiary','m.lunardi@samsung.com','y'),(301,'','S0007','ana.oliveira','subsidiary','ana.oliveira@samsung.com ','y'),(302,'','S0008','choi.ahreum','subsidiary','choi.ahreum@cheil.com','y'),(303,'','S0009','anna.heith','subsidiary','anna.heith@cheil.com','y'),(304,'','S0010','m.aftowicz','subsidiary','m.aftowicz@samsung.com','y'),(305,'','S0011','a.haag','subsidiary','a.haag@samsung.com','y'),(306,'','S0012','g.alekian','subsidiary','g.alekian@samsung.com','y'),(307,'','S0013','l.kuzelikova','subsidiary','l.kuzelikova@samsung.com','y'),(308,'','S0014','i.balent','subsidiary','i.balent@samsung.com','y'),(309,'','S0015','tamas.kiss','subsidiary','tamas.kiss@samsung.com','y'),(310,'','S0016','v.riauka','subsidiary','v.riauka@partner.samsung.com','y'),(311,'','S0017','g.freris','subsidiary','g.freris@partner.samsung.com','y'),(312,'','S0018','zelenkov.i','subsidiary','zelenkov.i@partner.samsung.com','y'),(313,'','S0019','i.ivaschenko','subsidiary','i.ivaschenko@samsung.com','y'),(314,'','S0020','dinara.t','subsidiary','dinara.t@samsung.com','y'),(315,'','S0021','vicky.ango','subsidiary','vicky.ango@samsung.com','y'),(316,'','S0022','thomas.l','subsidiary','thomas.l@samsung.com','y'),(317,'','S0023','adriana.cn','subsidiary','adriana.cn@samsung.com','y'),(318,'','S0024','ramirez.p','subsidiary','ramirez.p@samsung.com','y'),(319,'','S0025','r.falcon','subsidiary','r.falcon@samsung.com','y'),(320,'','S0026','ra.torres','subsidiary','ra.torres@partner.samsung.com','y'),(321,'','S0027','k.pazsoldan','subsidiary','k.pazsoldan@samsung.com','y'),(322,'','S0028','tarun.m','subsidiary','tarun.m@samsung.com','y'),(323,'','S0029','arif.i','subsidiary','arif.i@samsung.com','y'),(324,'','S0030','m.othman','subsidiary','m.othman@samsung.com','y'),(325,'','S0031','s.shahidi','subsidiary','s.shahidi@samsung.com','y'),(326,'','S0032','amanj.a','subsidiary','amanj.a@samsung.com','y'),(327,'','S0033','Tamer.raafat','subsidiary','Tamer.raafat@samsung.com','y'),(328,'','S0034','razeen.m','subsidiary','razeen.m@partner.samsung.com','y'),(329,'','S0035','b.moussa','subsidiary','b.moussa@partner.samsung.com','y'),(330,'','S0036','o.bauer','subsidiary','o.bauer@samsung.com','y'),(331,'','S0037','manuse.li','subsidiary','manuse.li@samsung.com','y'),(332,'','S0038','koey.chan','subsidiary','koey.chan@samsung.com','y'),(333,'','S0039','cindy.h','subsidiary','cindy.h@samsung.com','y'),(334,'','S0040','n.zuhri','subsidiary','n.zuhri@samsung.com','y'),(335,'','S0041','pisoot.t','subsidiary','pisoot.t@samsung.com','y'),(336,'','S0042','t.stephens','subsidiary','t.stephens@partner.samsung.com','y'),(337,'','S0043','nhungoc.tr','subsidiary','nhungoc.tr@partner.samsung.com','y'),(338,'','S0044','tchenshun.k','subsidiary','tchenshun.k@samsung.com','y'),(339,'','S0045','e.portalio','subsidiary','e.portalio@samsung.com','y'),(340,'','S0046','sheri.lim','subsidiary','sheri.lim@samsung.com','y'),(341,'','S0047','g.claase','subsidiary','g.claase@samsung.com','y'),(342,'','S0048','akshaya.b','subsidiary','akshaya.b@samsung.com','y'),(343,'','S0049','a.bista','subsidiary','a.bista@partner.samsung.com','y'),(344,'','S0050','asitha.w','subsidiary','asitha.w@samsung.com','y'),(345,'','S0051','abid.ashraf','subsidiary','abid.ashraf@samsung.com','y'),(346,'','S0052','thabo.tlowan','subsidiary','thabo.tlowan@samsung.com','y'),(347,'','S0053','a.Ishmael','subsidiary','a.Ishmael@samsung.com','y'),(348,'','C0001','j.gustafson','Country','j.gustafson@sea.samsung.com ','y'),(349,'','C0002','derek.wu','Country','derek.wu@partner.samsung.com','y'),(350,'','C0003','f.loeffler','Country','f.loeffler@cheil.com','y'),(351,'','C0004','d.hudson','Country','d.hudson@partner.samsung.com','y'),(352,'','C0005','a.gorage','Country','a.gorage@samsung.com','y'),(353,'','C0006','m.lunardi','Country','m.lunardi@samsung.com','y'),(354,'','C0007','da.escribano','Country','da.escribano@partner.samsung.com','y'),(355,'','C0008','MarianaSantosmp.santos','Country','MarianaSantosmp.santos@samsung.com','y'),(356,'','C0009','c.moonen','Country','c.moonen@cheil.com','y'),(357,'','C0010','choi.ahreum','Country','choi.ahreum@cheil.com','y'),(358,'','C0011','anna.heith','Country','anna.heith@cheil.com','y'),(359,'','C0012','anna.heith','Country','anna.heith@cheil.com','y'),(360,'','C0013','anna.heith','Country','anna.heith@cheil.com','y'),(361,'','C0014','anna.heith','Country','anna.heith@cheil.com','y'),(362,'','C0015','m.kalinowska','Country','m.kalinowska@partner.samsung.com','y'),(363,'','C0016','a.haag','Country','a.haag@samsung.com','y'),(364,'','C0017','c.hangelmann','Country','c.hangelmann@cheil.com','y'),(365,'','C0018','a.tanasescu','Country','a.tanasescu@samsung.com','y'),(366,'','C0019','g.alekian','Country','g.alekian@samsung.com','y'),(367,'','C0020','marek.murdych','Country','marek.murdych@cheil.com','y'),(368,'','C0021','l.kuzelikova','Country','l.kuzelikova@samsung.com','y'),(369,'','C0022','m.tavcar','Country','m.tavcar@partner.samsung.com','y'),(370,'','C0023','i.balent','Country','i.balent@samsung.com','y'),(371,'','C0024','i.balent','Country','i.balent@samsung.com','y'),(372,'','C0025','i.balent','Country','i.balent@samsung.com','y'),(373,'','C0026','i.balent','Country','i.balent@samsung.com','y'),(374,'','C0027','i.balent','Country','i.balent@samsung.com','y'),(375,'','C0028','j.nikolovski','Country','j.nikolovski@partner.samsung.com','y'),(376,'','C0029','a.tomanek','Country','a.tomanek@samsung.com','y'),(377,'','C0030','v.riauka','Country','v.riauka@partner.samsung.com','y'),(378,'','C0031','v.riauka','Country','v.riauka@partner.samsung.com','y'),(379,'','C0032','vita.jasmane','Country','vita.jasmane@kuehne-nagel.com','y'),(380,'','C0033','e.branika','Country','e.branika@samsung.com','y'),(381,'','C0034','evteeva.n','Country','evteeva.n@samsung.com','y'),(382,'','C0035','farida.i','Country','farida.i@partner.samsung.com','y'),(383,'','C0036','irina.pak','Country','irina.pak@samsung.com','y'),(384,'','C0037','y.sirenko','Country','y.sirenko@partner.samsung.com','y'),(385,'','C0038','dinara.t','Country','dinara.t@samsung.com','y'),(386,'','C0039','dinara.t','Country','dinara.t@samsung.com','y'),(387,'','C0040','dinara.t','Country','dinara.t@samsung.com','y'),(388,'','C0041','dinara.t','Country','dinara.t@samsung.com','y'),(389,'','C0042','dinara.t','Country','dinara.t@samsung.com','y'),(390,'','C0043','dinara.t','Country','dinara.t@samsung.com','y'),(391,'','C0044','e.mendonca','Country','e.mendonca@partner.samsung.com','y'),(392,'','C0045','thomas.l','Country','thomas.l@samsung.com','y'),(393,'','C0046','f.almendral','Country','f.almendral@samsung.com','y'),(394,'','C0047','m.hinestrosa','Country','m.hinestrosa@samsung.com','y'),(395,'','C0048','thomas.l','Country','thomas.l@samsung.com','y'),(396,'','C0049','thomas.l','Country','thomas.l@samsung.com','y'),(397,'','C0050','thomas.l','Country','thomas.l@samsung.com','y'),(398,'','C0051','ilarios','Country','ilarios@gccpunto.com','y'),(399,'','C0052','ointeriano','Country','ointeriano@pcomercial.com','y'),(400,'','C0053','ortega.d','Country','ortega.d@samsung.com','y'),(401,'','C0054','ah.lizano','Country','ah.lizano@samsung.com','y'),(402,'','C0055','thomas.l','Country','thomas.l@samsung.com','y'),(403,'','C0056','ana.castro','Country','ana.castro@samsung.com','y'),(404,'','C0057','carlos.e','Country','carlos.e@cheil.com','y'),(405,'','C0058','ana.villagra','Country','ana.villagra@bonus.com.py','y'),(406,'','C0059','e.heinzen','Country','e.heinzen@samsung.com','y'),(407,'','C0060','tomas.canals','Country','tomas.canals@samsung.com','y'),(408,'','C0061','jm.lievana','Country','jm.lievana@samsung.com','y'),(409,'','C0062','ra.torres','Country','ra.torres@partner.samsung.com','y'),(410,'','C0063','k.pazsoldan','Country','k.pazsoldan@samsung.com','y'),(411,'','C0064','tarun.m','Country','tarun.m@samsung.com','y'),(412,'','C0065','ali','Country','ali@binhindi.com','y'),(413,'','C0066','sohaib','Country','sohaib@albabtaingroup.com.kw','y'),(414,'','C0067','jibreel-musa','Country','jibreel-musa@sarcooman.com','y'),(415,'','C0068','vijay.appaji','Country','vijay.appaji@alibinali.com','y'),(416,'','C0069','m.cicek','Country','m.cicek@samsung.com','y'),(417,'','C0070','lamees.a','Country','lamees.a@partner.samsung.com','y'),(418,'','C0071','gassia.b','Country','gassia.b@samsung.com','y'),(419,'','C0072','m.othman','Country','m.othman@samsung.com','y'),(420,'','C0073','s.shahidi','Country','s.shahidi@samsung.com','y'),(421,'','C0074','m.waqas','Country','m.waqas@partner.samsung.com','y'),(422,'','C0075','a.chatila','Country','a.chatila@samsung.com','y'),(423,'','C0076','m.abdelhamed','Country','m.abdelhamed@samsung.com','y'),(424,'','C0077','omar.kamal','Country','omar.kamal@partner.samsung.com','y'),(425,'','C0078','meriem.douki','Country','meriem.douki@cap.tn','y'),(426,'','C0079','z.lammari','Country','z.lammari@samsung.com','y'),(427,'','C0080','o.bauer','Country','o.bauer@samsung.com','y'),(428,'','C0081','lan2012.jin','Country','lan2012.jin@samsung.com','y'),(429,'','C0082','laura.law','Country','laura.law@samsung.com','y'),(430,'','C0083','myeongki.min','Country','myeongki.min@samsung.com','y'),(431,'','C0084','risa.ap','Country','risa.ap@partner.samsung.com','y'),(432,'','C0085','pisoot.t','Country','pisoot.t@samsung.com','y'),(433,'','C0086','mt.soe','Country','mt.soe@samsung.com','y'),(434,'','C0087','cheavong.s','Country','cheavong.s@samsung.com','y'),(435,'','C0088','nitphada.m','Country','nitphada.m@samsung.com','y'),(436,'','C0089','p.palinkasov','Country','p.palinkasov@partner.samsung.com','y'),(437,'','C0090','quy.ntn','Country','quy.ntn@partner.samsung.com','y'),(438,'','C0091','tchenshun.k','Country','tchenshun.k@samsung.com','y'),(439,'rm.adm06','C0092','a.gimenez','Country','a.gimenez@samsung.com','y'),(440,'','C0093','rachel.pow','Country','rachel.pow@samsung.com','y'),(441,'','C0094','g.claase','Country','g.claase@samsung.com','y'),(442,'','C0095','akshaya.b','Country','akshaya.b@samsung.com','y'),(443,'','C0096','a.bista','Country','a.bista@partner.samsung.com','y'),(444,'','C0097','irshad','Country','irshad@tpcslk.com','y'),(445,'','C0098','arifur.rahman','Country','arifur.rahman@fdl.com.bd','y'),(446,'','C0099','zane.nkosi','Country','zane.nkosi@cheil.com','y'),(447,'','C0100','s.githende','Country','s.githende@samsung.com','y'),(448,'','C0101','r.bunda','Country','r.bunda@samsung.com','y'),(449,'','C0102','a.Ishmael','Country','a.Ishmael@samsung.com','y'),(450,'','C0103','a.Ishmael','Country','a.Ishmael@samsung.com','y'),(451,'','C0104','mi-ryung.h','Country','mi-ryung.h@samsung.com','y'),(452,'','C0105','olayera.o','Country','olayera.o@partner.samsung.com','y'),(453,'','C0106','a.Ishmael','Country','a.Ishmael@samsung.com','y'),(454,'','C0107','Nguessan.a','Country','Nguessan.a@samsung.com','y'),(455,'','C0108','i.mbomboo','Country','i.mbomboo@partner.samsung.com','y'),(456,'','C0109','a.diaite','Country','a.diaite@samsung.com','y'),(457,'','C0110','a.Ishmael','Country','a.Ishmael@samsung.com','y'),(458,'','C0111','a.Ishmael','Country','a.Ishmael@samsung.com','y'),(1000,'soohwan.chi','H0001','지수환','HQ','soohwan.chi@samsung.com','y'),(1001,'hm0503.kim','H0001','김현민','HQ','hm0503.kim@samsung.com','y'),(1002,'','H0001','안가현','HQ','gahyun.ahn@samsung.com  ','y'),(1003,'','H0001','정희정','HQ','julie.jung@samsung.com  ','y'),(1004,'','H0001','정승원','HQ','swn.jung@samsung.com','y'),(1005,'','H0001','황찬주','HQ','chanju.hwang@samsung.com ','y'),(1006,'matthew.tham','R0001','matthew.tham','rhq','matthew.tham@samsung.com','y'),(1007,'','R0002','seongmin.an','rhq','seongmin.an@samsung.com','y'),(1008,'','R0002','ks5.park','rhq','ks5.park@samsung.com  ','y'),(1009,'','R0002','kunwoo.noh','rhq','kunwoo.noh@samsung.com','y'),(1010,'sujinsue.kim','R0003','sujinsue.kim','rhq','sujinsue.kim@samsung.com','y'),(1011,'','R0003','ssyoung.cho','rhq','ssyoung.cho@samsung.com','y'),(1012,'chorok.yun','R0003','chorok.yun','rhq','chorok.yun@samsung.com','y'),(1013,'','R0003','swsw.choi','rhq','swsw.choi@samsung.com','y'),(1014,'sb.hyung','R0004','sb.hyung','rhq','sb.hyung@samsung.com','y'),(1015,'hyesoo.im','R0004','hyesoo.im','rhq','hyesoo.im@samsung.com','y'),(1016,'','R0005','shinhee.bong','rhq','shinhee.bong@samsung.com','y'),(1017,'','R0005','kojasm','rhq','kojasm@samsung.com','y'),(1018,'','R0005','seun.oh','rhq','seun.oh@samsung.com','y'),(1019,'','R0005','jichul.mun','rhq','jichul.mun@samsung.com ','y'),(1020,'','R0005','assahd.shin','rhq','assahd.shin@samsung.com ','y'),(1021,'','R0005','sanz.l','rhq','sanz.l@samsung.com ','y'),(1022,'','R0005','dblue24.lee','rhq','dblue24.lee@samsung.com ','y'),(1023,'','R0005','siri.sung','rhq','siri.sung@samsung.com ','y'),(1024,'','R0005','youngjae.an','rhq','youngjae.an@samsung.com  ','y'),(1025,'','R0005','jackie.chu','rhq','jackie.chu@samsung.com ','y'),(1026,'csloje.kim','R0005','csloje.kim','rhq','csloje.kim@samsung.com ','y'),(1027,'','R0005','earl.choi','rhq','earl.choi@samsung.com ','y'),(1028,'','R0006','manuse.li','rhq','manuse.li@samsung.com','y'),(1029,'','R0006','herris.chan','rhq','herris.chan@samsung.com','y'),(1030,'','R0006','koey.chan','rhq','koey.chan@samsung.com','y'),(1031,'','R0006','cindy.h','rhq','cindy.h@samsung.com','y'),(1032,'','R0006','louise.l','rhq','louise.l@samsung.com','y'),(1033,'','R0006','gorie.lee','rhq','gorie.lee@samsung.com','y'),(1034,'','R0007','jong.jin','rhq','jong.jin@samsung.com','y'),(1035,'sunyeop.yoo','R0007','sunyeop.yoo','rhq','sunyeop.yoo@samsung.com','y'),(1036,'','R0008','sook.h.park','rhq','sook.h.park@samsung.com','y'),(1037,'','R0008','choi.sunguk','rhq','choi.sunguk@samsung.com','y'),(1038,'','R0008','sksksk.lee','rhq','sksksk.lee@samsung.com','y'),(1039,'','R0008','yang.insu','rhq','yang.insu@samsung.com','y'),(1040,'','R0009','sanghyo.jung','rhq','sanghyo.jung@samsung.com','y'),(1041,'','R0009','b0104.lee','rhq','b0104.lee@samsung.com','y'),(1042,'','R0009','pju.park','rhq','pju.park@samsung.com','y'),(1043,'','S0001','j.gustafson','subsidiary','j.gustafson@sea.samsung.com ','y'),(1044,'','S0002','derek.wu','subsidiary','derek.wu@partner.samsung.com','y'),(1045,'','S0003',' j.mangels','subsidiary',' j.mangels@cheil.com','y'),(1046,'','S0004','p.kaye','subsidiary','p.kaye@partner.samsung.com','y'),(1047,'','S0005','m.gardrat','subsidiary','m.gardrat@samsung.com','y'),(1048,'','S0006','m.lunardi','subsidiary','m.lunardi@samsung.com','y'),(1049,'','S0007','ana.oliveira','subsidiary','ana.oliveira@samsung.com ','y'),(1050,'','S0007','a.valera','subsidiary','a.valera@samsung.com','y'),(1051,'','S0008','choi.ahreum','subsidiary','choi.ahreum@cheil.com','y'),(1052,'','S0009','anna.heith','subsidiary','anna.heith@cheil.com','y'),(1053,'','S0009','c.wirmark','subsidiary','c.wirmark@partner.samsung.com','y'),(1054,'','S0010','m.aftowicz','subsidiary','m.aftowicz@samsung.com','y'),(1055,'','S0011','a.haag','subsidiary','a.haag@samsung.com','y'),(1056,'','S0012','g.alekian','subsidiary','g.alekian@samsung.com','y'),(1057,'','S0012','l.secara','subsidiary','l.secara@samsung.com','y'),(1058,'','S0013','l.kuzelikova','subsidiary','l.kuzelikova@samsung.com','y'),(1059,'','S0014','i.balent','subsidiary','i.balent@samsung.com','y'),(1060,'','S0014','f.micic','subsidiary','f.micic@samsung.com','y'),(1061,'','S0015','tamas.kiss','subsidiary','tamas.kiss@samsung.com','y'),(1062,'','S0016','v.riauka','subsidiary','v.riauka@partner.samsung.com','y'),(1063,'','S0017','g.freris','subsidiary','g.freris@partner.samsung.com','y'),(1064,'','S0018','zelenkov.i','subsidiary','zelenkov.i@partner.samsung.com','y'),(1065,'','S0019','i.ivaschenko','subsidiary','i.ivaschenko@samsung.com','y'),(1066,'','S0020','dinara.t','subsidiary','dinara.t@samsung.com','y'),(1067,'','S0021','vicky.ango','subsidiary','vicky.ango@samsung.com','y'),(1068,'','S0022','thomas.l','subsidiary','thomas.l@samsung.com','y'),(1069,'','S0022','m.ruano','subsidiary','m.ruano@partner.samsung.com','y'),(1070,'','S0022','torre.j','subsidiary','torre.j@samsung.com','y'),(1071,'','S0023','adriana.cn','subsidiary','adriana.cn@samsung.com','y'),(1072,'','S0024','ramirez.p','subsidiary','ramirez.p@samsung.com','y'),(1073,'','S0025','r.falcon','subsidiary','r.falcon@samsung.com','y'),(1074,'','S0026','ra.torres','subsidiary','ra.torres@partner.samsung.com','y'),(1075,'','S0027','k.pazsoldan','subsidiary','k.pazsoldan@samsung.com','y'),(1076,'','S0028','tarun.m','subsidiary','tarun.m@samsung.com','y'),(1077,'','S0029','arif.i','subsidiary','arif.i@samsung.com','y'),(1078,'','S0030','m.othman','subsidiary','m.othman@samsung.com','y'),(1079,'','S0031','s.shahidi','subsidiary','s.shahidi@samsung.com','y'),(1080,'','S0032','amanj.a','subsidiary','amanj.a@samsung.com','y'),(1081,'','S0033','Tamer.raafat','subsidiary','Tamer.raafat@samsung.com','y'),(1082,'','S0034','razeen.m','subsidiary','razeen.m@partner.samsung.com','y'),(1083,'','S0035','b.moussa','subsidiary','b.moussa@partner.samsung.com','y'),(1084,'','S0036','o.bauer','subsidiary','o.bauer@samsung.com','y'),(1085,'','S0037','manuse.li','subsidiary','manuse.li@samsung.com','y'),(1086,'','S0038','koey.chan','subsidiary','koey.chan@samsung.com','y'),(1087,'','S0039','cindy.h','subsidiary','cindy.h@samsung.com','y'),(1088,'','S0040','n.zuhri','subsidiary','n.zuhri@samsung.com','y'),(1089,'','S0041','pisoot.t','subsidiary','pisoot.t@samsung.com','y'),(1090,'','S0042','t.stephens','subsidiary','t.stephens@partner.samsung.com','y'),(1091,'','S0043','nhungoc.tr','subsidiary','nhungoc.tr@partner.samsung.com','y'),(1092,'','S0044','tchenshun.k','subsidiary','tchenshun.k@samsung.com','y'),(1093,'','S0045','e.portalio','subsidiary','e.portalio@samsung.com','y'),(1094,'','S0046','sheri.lim','subsidiary','sheri.lim@samsung.com','y'),(1095,'','S0047','g.claase','subsidiary','g.claase@samsung.com','y'),(1096,'','S0048','akshaya.b','subsidiary','akshaya.b@samsung.com','y'),(1097,'','S0048','sumit.s2','subsidiary','sumit.s2@partner.smsung.com','y'),(1098,'','S0049','a.bista','subsidiary','a.bista@partner.samsung.com','y'),(1099,'','S0050','asitha.w','subsidiary','asitha.w@samsung.com','y'),(1100,'','S0051','abid.ashraf','subsidiary','abid.ashraf@samsung.com','y'),(1101,'','S0052','thabo.tlowan','subsidiary','thabo.tlowan@samsung.com','y'),(1102,'','S0053','a.Ishmael','subsidiary','a.Ishmael@samsung.com','y'),(1103,'','C0001','j.gustafson','Country','j.gustafson@sea.samsung.com ','y'),(1104,'','C0002','derek.wu','Country','derek.wu@partner.samsung.com','y'),(1105,'','C0003','f.loeffler','Country','f.loeffler@cheil.com','y'),(1106,'','C0004','d.hudson','Country','d.hudson@partner.samsung.com','y'),(1107,'','C0005','a.gorage','Country','a.gorage@samsung.com','y'),(1108,'','C0006','m.lunardi','Country','m.lunardi@samsung.com','y'),(1109,'','C0007','da.escribano','Country','da.escribano@partner.samsung.com','y'),(1110,'','C0008','MarianaSantosmp.santos','Country','MarianaSantosmp.santos@samsung.com','y'),(1111,'','C0009','c.moonen','Country','c.moonen@cheil.com','y'),(1112,'','C0010','choi.ahreum','Country','choi.ahreum@cheil.com','y'),(1113,'','C0011','anna.heith','Country','anna.heith@cheil.com','y'),(1114,'','C0012','anna.heith','Country','anna.heith@cheil.com','y'),(1115,'','C0013','anna.heith','Country','anna.heith@cheil.com','y'),(1116,'','C0014','anna.heith','Country','anna.heith@cheil.com','y'),(1117,'','C0015','m.kalinowska','Country','m.kalinowska@partner.samsung.com','y'),(1118,'','C0016','a.haag','Country','a.haag@samsung.com','y'),(1119,'','C0017','c.hangelmann','Country','c.hangelmann@cheil.com','y'),(1120,'','C0018','a.tanasescu','Country','a.tanasescu@samsung.com','y'),(1121,'','C0019','g.alekian','Country','g.alekian@samsung.com','y'),(1122,'','C0020','marek.murdych','Country','marek.murdych@cheil.com','y'),(1123,'','C0021','l.kuzelikova','Country','l.kuzelikova@samsung.com','y'),(1124,'','C0022','m.tavcar','Country','m.tavcar@partner.samsung.com','y'),(1125,'','C0023','i.balent','Country','i.balent@samsung.com','y'),(1126,'','C0024','i.balent','Country','i.balent@samsung.com','y'),(1127,'','C0025','i.balent','Country','i.balent@samsung.com','y'),(1128,'','C0026','i.balent','Country','i.balent@samsung.com','y'),(1129,'','C0027','i.balent','Country','i.balent@samsung.com','y'),(1130,'','C0028','j.nikolovski','Country','j.nikolovski@partner.samsung.com','y'),(1131,'','C0029','a.tomanek','Country','a.tomanek@samsung.com','y'),(1132,'','C0030','v.riauka','Country','v.riauka@partner.samsung.com','y'),(1133,'','C0031','v.riauka','Country','v.riauka@partner.samsung.com','y'),(1134,'','C0032','vita.jasmane','Country','vita.jasmane@kuehne-nagel.com','y'),(1135,'','C0033','e.branika','Country','e.branika@samsung.com','y'),(1136,'','C0034','evteeva.n','Country','evteeva.n@samsung.com','y'),(1137,'','C0035','farida.i','Country','farida.i@partner.samsung.com','y'),(1138,'','C0036','irina.pak','Country','irina.pak@samsung.com','y'),(1139,'','C0037','y.sirenko','Country','y.sirenko@partner.samsung.com','y'),(1140,'','C0038','dinara.t','Country','dinara.t@samsung.com','y'),(1141,'','C0039','dinara.t','Country','dinara.t@samsung.com','y'),(1142,'','C0040','dinara.t','Country','dinara.t@samsung.com','y'),(1143,'','C0041','dinara.t','Country','dinara.t@samsung.com','y'),(1144,'','C0042','dinara.t','Country','dinara.t@samsung.com','y'),(1145,'','C0043','dinara.t','Country','dinara.t@samsung.com','y'),(1146,'','C0044','e.mendonca','Country','e.mendonca@partner.samsung.com','y'),(1147,'','C0045','thomas.l','Country','thomas.l@samsung.com','y'),(1148,'','C0046','f.almendral','Country','f.almendral@samsung.com','y'),(1149,'','C0047','m.hinestrosa','Country','m.hinestrosa@samsung.com','y'),(1150,'','C0048','thomas.l','Country','thomas.l@samsung.com','y'),(1151,'','C0049','thomas.l','Country','thomas.l@samsung.com','y'),(1152,'','C0050','thomas.l','Country','thomas.l@samsung.com','y'),(1153,'','C0051','ilarios','Country','ilarios@gccpunto.com','y'),(1154,'','C0052','ointeriano','Country','ointeriano@pcomercial.com','y'),(1155,'','C0053','ortega.d','Country','ortega.d@samsung.com','y'),(1156,'','C0054','ah.lizano','Country','ah.lizano@samsung.com','y'),(1157,'','C0055','thomas.l','Country','thomas.l@samsung.com','y'),(1158,'','C0056','ana.castro','Country','ana.castro@samsung.com','y'),(1159,'','C0057','carlos.e','Country','carlos.e@cheil.com','y'),(1160,'','C0058','ana.villagra','Country','ana.villagra@bonus.com.py','y'),(1161,'','C0059','e.heinzen','Country','e.heinzen@samsung.com','y'),(1162,'','C0060','tomas.canals','Country','tomas.canals@samsung.com','y'),(1163,'','C0061','jm.lievana','Country','jm.lievana@samsung.com','y'),(1164,'','C0062','ra.torres','Country','ra.torres@partner.samsung.com','y'),(1165,'','C0063','k.pazsoldan','Country','k.pazsoldan@samsung.com','y'),(1166,'','C0064','tarun.m','Country','tarun.m@samsung.com','y'),(1167,'','C0065','ali','Country','ali@binhindi.com','y'),(1168,'','C0066','sohaib','Country','sohaib@albabtaingroup.com.kw','y'),(1169,'','C0067','jibreel-musa','Country','jibreel-musa@sarcooman.com','y'),(1170,'','C0068','vijay.appaji','Country','vijay.appaji@alibinali.com','y'),(1171,'','C0069','m.cicek','Country','m.cicek@samsung.com','y'),(1172,'','C0070','lamees.a','Country','lamees.a@partner.samsung.com','y'),(1173,'','C0071','gassia.b','Country','gassia.b@samsung.com','y'),(1174,'','C0072','m.othman','Country','m.othman@samsung.com','y'),(1175,'','C0073','s.shahidi','Country','s.shahidi@samsung.com','y'),(1176,'','C0074','m.waqas','Country','m.waqas@partner.samsung.com','y'),(1177,'','C0075','a.chatila','Country','a.chatila@samsung.com','y'),(1178,'','C0076','m.abdelhamed','Country','m.abdelhamed@samsung.com','y'),(1179,'','R0006','koey.chan','rhq','koey.chan@samsung.com','y'),(1180,'dameli_sh','R0003','dameli.s','rhq','dameli.s@partner.samsung.com','y'),(1181,'','H0001','yunji.park','Vendor','yunji.park@chaigraphics.com','y'),(1182,'','H0001','hyunjean.kim','Vendor','hyunjean.kim@chaigraphics.com','y'),(1183,'','H0001','yunji.park','Vendor','Junghun.kim@chaigraphics.com','y');
/*!40000 ALTER TABLE `member_auth` ENABLE KEYS */;
UNLOCK TABLES;

--
-- Table structure for table `notice`
--

DROP TABLE IF EXISTS `notice`;
/*!40101 SET @saved_cs_client     = @@character_set_client */;
 SET character_set_client = utf8mb4 ;
CREATE TABLE `notice` (
  `idx` bigint(20) unsigned NOT NULL AUTO_INCREMENT COMMENT '일련번호',
  `nt_type` char(1) NOT NULL DEFAULT 'N' COMMENT '공지종류 (N: 일반, S: 시스템, I: 정보)',
  `reg_dtm` datetime NOT NULL DEFAULT CURRENT_TIMESTAMP COMMENT '등록일자',
  `subject` varchar(512) DEFAULT NULL COMMENT '제목',
  `contents` text COMMENT '내용',
  `link1` varchar(512) DEFAULT NULL COMMENT '링크1',
  `link2` varchar(512) DEFAULT NULL COMMENT '링크2',
  `file1` varchar(512) DEFAULT NULL COMMENT '파일경로1',
  `org_file1` varchar(512) DEFAULT NULL COMMENT '원본파일명1',
  `file2` varchar(512) DEFAULT NULL COMMENT '파일경로2',
  `org_file2` varchar(512) DEFAULT NULL COMMENT '원본파일명2',
  `view_cnt` int(10) unsigned NOT NULL DEFAULT '0' COMMENT '읽은횟수',
  `writer` varchar(512) DEFAULT NULL COMMENT '작성자',
  `main_page` char(1) DEFAULT 'N' COMMENT '메인페이지 노출 여부 (노출: Y, 미노출: N)',
  `mod_dtm` datetime DEFAULT CURRENT_TIMESTAMP,
  `use_yn` char(1) DEFAULT 'Y',
  PRIMARY KEY (`idx`)
) ENGINE=InnoDB AUTO_INCREMENT=4 DEFAULT CHARSET=utf8 COMMENT='공지사항';
/*!40101 SET character_set_client = @saved_cs_client */;

--
-- Dumping data for table `notice`
--

LOCK TABLES `notice` WRITE;
/*!40000 ALTER TABLE `notice` DISABLE KEYS */;
INSERT INTO `notice` VALUES (2,'N','2020-11-14 01:49:06','HQ Support Guide V_1.5 RHQ','<p>HQ Support Guide V_1.5 RHQ</p>  ','','','/home/tomcat/tomcat9/data/notice_20201116110450_1.pdf','RHQ&RPM_manual_HQsupport1116.pdf',NULL,'',88,'운영자','N','2020-11-16 20:04:50','Y'),(3,'N','2020-11-14 05:14:52','HQ Support Guide V_1.5 sublsidiary/country','<p>HQ Support Guide V_1.5 sublsidiary/country</p>  ','','','/home/tomcat/tomcat9/data/notice_20201116110517_1.pdf','Subsidiary&Country_manual_HQsupport1116.pdf',NULL,'',68,'운영자','N','2020-11-16 20:05:18','Y');
/*!40000 ALTER TABLE `notice` ENABLE KEYS */;
UNLOCK TABLES;

--
-- Table structure for table `order_list`
--

DROP TABLE IF EXISTS `order_list`;
/*!40101 SET @saved_cs_client     = @@character_set_client */;
 SET character_set_client = utf8mb4 ;
CREATE TABLE `order_list` (
  `order_id` bigint(20) NOT NULL,
  `mb_id` varchar(45) COLLATE utf8_bin NOT NULL,
  `hq_support_name` varchar(45) COLLATE utf8_bin NOT NULL,
  `country_no` int(11) NOT NULL DEFAULT '0',
  `country_id` varchar(45) COLLATE utf8_bin NOT NULL DEFAULT '',
  `budget_price` int(11) DEFAULT NULL,
  `price` int(11) DEFAULT NULL,
  `state` varchar(45) COLLATE utf8_bin DEFAULT NULL,
  `date` datetime DEFAULT CURRENT_TIMESTAMP,
  PRIMARY KEY (`order_id`)
) ENGINE=InnoDB DEFAULT CHARSET=utf8 COLLATE=utf8_bin COMMENT='오더리스트';
/*!40101 SET character_set_client = @saved_cs_client */;

--
-- Dumping data for table `order_list`
--

LOCK TABLES `order_list` WRITE;
/*!40000 ALTER TABLE `order_list` DISABLE KEYS */;
/*!40000 ALTER TABLE `order_list` ENABLE KEYS */;
UNLOCK TABLES;

--
-- Table structure for table `recent_delivery`
--

DROP TABLE IF EXISTS `recent_delivery`;
/*!40101 SET @saved_cs_client     = @@character_set_client */;
 SET character_set_client = utf8mb4 ;
CREATE TABLE `recent_delivery` (
  `idx` bigint(20) unsigned NOT NULL AUTO_INCREMENT,
  `mb_id` varchar(100) DEFAULT NULL,
  `od_name` varchar(100) DEFAULT NULL,
  `od_hp` varchar(50) DEFAULT NULL,
  `od_addr2` varchar(500) DEFAULT NULL,
  `default_yn` char(1) DEFAULT NULL,
  `od_time` datetime DEFAULT CURRENT_TIMESTAMP,
  `co_name` varchar(45) NOT NULL,
  `addr_type` int(11) NOT NULL,
  PRIMARY KEY (`idx`),
  KEY `mbid_idx` (`mb_id`)
) ENGINE=InnoDB DEFAULT CHARSET=utf8 COMMENT='최근 배송지';
/*!40101 SET character_set_client = @saved_cs_client */;

--
-- Dumping data for table `recent_delivery`
--

LOCK TABLES `recent_delivery` WRITE;
/*!40000 ALTER TABLE `recent_delivery` DISABLE KEYS */;
/*!40000 ALTER TABLE `recent_delivery` ENABLE KEYS */;
UNLOCK TABLES;

--
-- Table structure for table `rhq`
--

DROP TABLE IF EXISTS `rhq`;
/*!40101 SET @saved_cs_client     = @@character_set_client */;
 SET character_set_client = utf8mb4 ;
CREATE TABLE `rhq` (
  `no` int(11) NOT NULL AUTO_INCREMENT,
  `name` varchar(100) NOT NULL,
  `str_id` varchar(45) NOT NULL,
  PRIMARY KEY (`no`),
  UNIQUE KEY `no_UNIQUE` (`no`)
) ENGINE=InnoDB AUTO_INCREMENT=10 DEFAULT CHARSET=utf8;
/*!40101 SET character_set_client = @saved_cs_client */;

--
-- Dumping data for table `rhq`
--

LOCK TABLES `rhq` WRITE;
/*!40000 ALTER TABLE `rhq` DISABLE KEYS */;
INSERT INTO `rhq` VALUES (1,'North America ','R0001'),(2,'Europe ','R0002'),(3,'CIS ','R0003'),(4,'Latin America','R0004'),(5,'Middle East','R0005'),(6,'CHINA ','R0006'),(7,'South East Asia ','R0007'),(8,'South West Asia','R0008'),(9,'Africa','R0009');
/*!40000 ALTER TABLE `rhq` ENABLE KEYS */;
UNLOCK TABLES;

--
-- Table structure for table `rhq_budget`
--

DROP TABLE IF EXISTS `rhq_budget`;
/*!40101 SET @saved_cs_client     = @@character_set_client */;
 SET character_set_client = utf8mb4 ;
CREATE TABLE `rhq_budget` (
  `support_name` varchar(100) NOT NULL,
  `rhq_no` int(11) unsigned NOT NULL,
  `budget_money` varchar(45) NOT NULL,
  PRIMARY KEY (`support_name`,`rhq_no`)
) ENGINE=InnoDB DEFAULT CHARSET=utf8;
/*!40101 SET character_set_client = @saved_cs_client */;

--
-- Dumping data for table `rhq_budget`
--

LOCK TABLES `rhq_budget` WRITE;
/*!40000 ALTER TABLE `rhq_budget` DISABLE KEYS */;
INSERT INTO `rhq_budget` VALUES ('cheiltest',7,'4000'),('cheiltest2',7,'20209'),('cheilttest1',5,'1500'),('PaletteSupport',1,'74285.6'),('PaletteSupport',2,'1176870'),('PaletteSupport',3,'79070'),('PaletteSupport',4,'186720'),('PaletteSupport',5,'148473.1'),('PaletteSupport',6,'217757'),('PaletteSupport',7,'1127915.0'),('PaletteSupport',8,'855185'),('PaletteSupport',9,'85751.0'),('p_test',2,'2947'),('test_1',9,'1'),('WEARABLE',1,'59656.9');
/*!40000 ALTER TABLE `rhq_budget` ENABLE KEYS */;
UNLOCK TABLES;

--
-- Table structure for table `subsidary`
--

DROP TABLE IF EXISTS `subsidary`;
/*!40101 SET @saved_cs_client     = @@character_set_client */;
 SET character_set_client = utf8mb4 ;
CREATE TABLE `subsidary` (
  `no` int(11) NOT NULL AUTO_INCREMENT,
  `rhq_no` int(11) NOT NULL,
  `name` varchar(100) NOT NULL,
  `str_Id` varchar(45) NOT NULL,
  PRIMARY KEY (`no`)
) ENGINE=InnoDB AUTO_INCREMENT=54 DEFAULT CHARSET=utf8;
/*!40101 SET character_set_client = @saved_cs_client */;

--
-- Dumping data for table `subsidary`
--

LOCK TABLES `subsidary` WRITE;
/*!40000 ALTER TABLE `subsidary` DISABLE KEYS */;
INSERT INTO `subsidary` VALUES (1,1,'SEA','S0001'),(2,1,'SECA','S0002'),(3,2,'SEG','S0003'),(4,2,'SEUK','S0004'),(5,2,'SEF','S0005'),(6,2,'SEI','S0006'),(7,2,'SEIB','S0007'),(8,2,'SEBN','S0008'),(9,2,'SENA','S0009'),(10,2,'SEPOL','S0010'),(11,2,'SEAS','S0011'),(12,2,'SEROM','S0012'),(13,2,'SECZ','S0013'),(14,2,'SEAD','S0014'),(15,2,'SEH','S0015'),(16,2,'SEB','S0016'),(17,2,'SEGR','S0017'),(18,3,'SERC','S0018'),(19,3,'SEUC','S0019'),(20,3,'SECE','S0020'),(21,4,'SEDA-S','S0021'),(22,4,'SELA','S0022'),(23,4,'SEM','S0023'),(24,4,'SEASA','S0024'),(25,4,'SECH','S0025'),(26,4,'SAMCOL','S0026'),(27,4,'SEPR','S0027'),(28,5,'SGE','S0028'),(29,5,'SETK','S0029'),(30,5,'SELV','S0030'),(31,5,'Iran','S0031'),(32,5,'SEPAK','S0032'),(33,5,'SESAR','S0033'),(34,5,'SEEG','S0034'),(35,5,'SEMAG','S0035'),(36,5,'SEIL','S0036'),(37,6,'SCIC','S0037'),(38,6,'SEHK','S0038'),(39,6,'SET','S0039'),(40,7,'SEIN-S','S0040'),(41,7,'TSE','S0041'),(42,7,'SEAU','S0042'),(43,7,'SAVINA-S','S0043'),(44,7,'SME','S0044'),(45,7,'SEPCO','S0045'),(46,7,'SAPL','S0046'),(47,7,'SENZ','S0047'),(48,8,'SIEL-S','S0048'),(49,8,'Nepal','S0049'),(50,8,'Sri Lanka','S0050'),(51,8,'Bangladesh','S0051'),(52,9,'SSA','S0052'),(53,9,'SCA','S0053');
/*!40000 ALTER TABLE `subsidary` ENABLE KEYS */;
UNLOCK TABLES;

--
-- Table structure for table `subsidary_budget`
--

DROP TABLE IF EXISTS `subsidary_budget`;
/*!40101 SET @saved_cs_client     = @@character_set_client */;
 SET character_set_client = utf8mb4 ;
CREATE TABLE `subsidary_budget` (
  `support_name` varchar(100) NOT NULL,
  `rhq_no` int(11) unsigned NOT NULL,
  `subsidary_no` int(11) unsigned NOT NULL,
  `budget_money` varchar(45) NOT NULL,
  PRIMARY KEY (`support_name`,`subsidary_no`)
) ENGINE=InnoDB DEFAULT CHARSET=utf8;
/*!40101 SET character_set_client = @saved_cs_client */;

--
-- Dumping data for table `subsidary_budget`
--

LOCK TABLES `subsidary_budget` WRITE;
/*!40000 ALTER TABLE `subsidary_budget` DISABLE KEYS */;
INSERT INTO `subsidary_budget` VALUES ('cheiltest',7,44,'4000'),('cheiltest2',7,41,'20209'),('cheilttest1',5,30,'1000'),('cheilttest1',5,34,'500'),('PaletteSupport',1,1,'1850.1'),('PaletteSupport',1,2,'72435.5'),('PaletteSupport',2,3,'171128'),('PaletteSupport',2,4,'327191'),('PaletteSupport',2,5,'122756'),('PaletteSupport',2,6,'52050'),('PaletteSupport',2,7,'66464'),('PaletteSupport',2,8,'104969'),('PaletteSupport',2,9,'93238'),('PaletteSupport',2,10,'46715'),('PaletteSupport',2,11,'68360'),('PaletteSupport',2,12,'28135'),('PaletteSupport',2,13,'18185'),('PaletteSupport',2,14,'30474'),('PaletteSupport',2,15,'21317'),('PaletteSupport',2,16,'18546'),('PaletteSupport',2,17,'7342'),('PaletteSupport',3,18,'46886'),('PaletteSupport',3,19,'14015'),('PaletteSupport',3,20,'18169'),('PaletteSupport',4,21,'83302'),('PaletteSupport',4,22,'15159'),('PaletteSupport',4,23,'54374'),('PaletteSupport',4,24,'9561'),('PaletteSupport',4,25,'13528'),('PaletteSupport',4,26,'6022'),('PaletteSupport',4,27,'4774'),('PaletteSupport',5,28,'19067'),('PaletteSupport',5,29,'17696'),('PaletteSupport',5,30,'3595'),('PaletteSupport',5,32,'21231'),('PaletteSupport',5,33,'18843'),('PaletteSupport',5,34,'13832.0'),('PaletteSupport',5,35,'25733.1'),('PaletteSupport',5,36,'28476.0'),('PaletteSupport',6,37,'139596'),('PaletteSupport',6,38,'26233'),('PaletteSupport',6,39,'51928'),('PaletteSupport',7,40,'515135'),('PaletteSupport',7,41,'145124'),('PaletteSupport',7,42,'52563.3'),('PaletteSupport',7,43,'94041'),('PaletteSupport',7,44,'103042'),('PaletteSupport',7,45,'66328'),('PaletteSupport',7,46,'56960'),('PaletteSupport',7,47,'21281'),('PaletteSupport',8,48,'850212'),('PaletteSupport',8,50,'440'),('PaletteSupport',8,51,'4533'),('PaletteSupport',9,52,'40931.0'),('PaletteSupport',9,53,'44820.0'),('p_test',2,13,'2947'),('test_1',9,53,'1'),('WEARABLE',1,2,'59656.9');
/*!40000 ALTER TABLE `subsidary_budget` ENABLE KEYS */;
UNLOCK TABLES;

--
-- Table structure for table `support`
--

DROP TABLE IF EXISTS `support`;
/*!40101 SET @saved_cs_client     = @@character_set_client */;
 SET character_set_client = utf8mb4 ;
CREATE TABLE `support` (
  `no` int(11) NOT NULL AUTO_INCREMENT,
  `login_id` varchar(50) DEFAULT NULL,
  `support_name` varchar(100) DEFAULT NULL,
  `product_no` varchar(20) DEFAULT NULL,
  `product_image` varchar(100) DEFAULT NULL,
  `product_name` varchar(200) DEFAULT NULL,
  `product_material` varchar(100) DEFAULT NULL,
  `product_dimension` varchar(100) DEFAULT NULL,
  `product_period` varchar(100) DEFAULT NULL,
  `product_count` int(11) DEFAULT NULL,
  `product_option` varchar(100) DEFAULT NULL,
  `product_price` float DEFAULT NULL,
  `rhq_request` text,
  `regdate` timestamp NOT NULL DEFAULT CURRENT_TIMESTAMP,
  `moddate` timestamp NULL DEFAULT NULL,
  `login_name` varchar(45) DEFAULT NULL,
  `flag` char(1) DEFAULT 'N',
  PRIMARY KEY (`no`),
  KEY `product_no` (`product_no`),
  KEY `support_name` (`support_name`),
  KEY `login_id` (`login_id`)
) ENGINE=InnoDB AUTO_INCREMENT=109 DEFAULT CHARSET=utf8;
/*!40101 SET character_set_client = @saved_cs_client */;

--
-- Dumping data for table `support`
--

LOCK TABLES `support` WRITE;
/*!40000 ALTER TABLE `support` DISABLE KEYS */;
INSERT INTO `support` VALUES (88,'id_admin','PaletteSupport','1605257541','https://phg.smpop.net/data/item/1605257541/15.T2O1SpecialdisplayOperatorUtype_TBD_Thumbnail.jpg','T2O1 Special Display U Type','PC Resin(B&W), Diffuse PC, LED Light, Mirror','167 x 212 x 240 (mm)','',NULL,NULL,65.9,NULL,'2020-11-13 14:45:39',NULL,NULL,'N'),(89,'id_admin','PaletteSupport','1605257439','https://phg.smpop.net/data/item/1605257439/10.SpecialdisplayUType_TBD_Thumbnail.jpg','P3 Special Display U Type','PC Resin(B&W), Diffuse PC, LED Light, Mirror','167 x 212 x 240 (mm)','',NULL,NULL,75.8,NULL,'2020-11-13 14:45:39',NULL,NULL,'N'),(90,'id_admin','PaletteSupport','1605257341','https://phg.smpop.net/data/item/1605257341/13.T2O1Infinity_TBD_Thumbnail.jpg','T2O1 Special Display','PC Resin(B&W), Diffuse PC, LED Light, Mirror','167 x 212 x 240 (mm)','',NULL,NULL,99,NULL,'2020-11-13 14:45:39',NULL,NULL,'N'),(91,'id_admin','PaletteSupport','1605256982','https://phg.smpop.net/data/item/1605256982/08.P3InfinitySpecialDisplay_TBD_Thumbnail.jpg','P3 Special Display','PC Resin(B&W), Diffuse PC, LED Light, Mirror','167 x 212 x 240 (mm)','',NULL,NULL,110.7,NULL,'2020-11-13 14:45:39',NULL,NULL,'N'),(92,'id_admin','PaletteSupport','1605256679','https://phg.smpop.net/data/item/1605256679/12.T2O1Attractor_TBD_Thumbnail.jpg','T2O1 Attractor Artistic Large','PC Resin(B&W), Diffuse PC, LED Light, Mirror','195 x 300 x 45 (mm)','',NULL,NULL,62.3,NULL,'2020-11-13 14:45:39',NULL,NULL,'N'),(93,'id_admin','PaletteSupport','1605255830','https://phg.smpop.net/data/item/1605255830/07.P3AttractorLarge_TBD_Thumbnail.jpg','P3 Attractor Artistic Large','PC Resin(B&W), Diffuse PC, LED Light, Mirror','195 x 300 x 45 (mm)','',NULL,NULL,73.9,NULL,'2020-11-13 14:45:39',NULL,NULL,'N'),(94,'id_admin','PaletteSupport','1605255679','https://phg.smpop.net/data/item/1605255679/01.3DSignage_TBD_Thumbnail.jpg','Palette 3D Signage(LED)','PC Resin (B&W), Diffuse PC , LED light','190 x 90 x 45 (mm)','',NULL,NULL,19.8,NULL,'2020-11-13 14:45:39',NULL,NULL,'N'),(95,'id_admin','PaletteSupport','1605254256','https://phg.smpop.net/data/item/1605254256/02.AttractorKVLrage_TBD_Thumbnail.jpg','Attractor KV Large','PCM 50% Anti, Acrylic, Diffuse PC, LED','195 x 300 x 45 (mm)','',NULL,NULL,44.9,NULL,'2020-11-13 14:45:39',NULL,NULL,'N'),(96,'id_admin','PaletteSupport','1605254018','https://phg.smpop.net/data/item/1605254018/04.ColorchipModule_TBD_Thumbnail.jpg','Colorchip Module','PCM 50% Anti, Acrylic','97.5 x 170 x 10 (mm)','',NULL,NULL,22.8,NULL,'2020-11-13 14:45:39',NULL,NULL,'N'),(97,'id_admin','PaletteSupport','1605253649','https://phg.smpop.net/data/item/1605253649/12.SpecModule_TBD_Thumbnail.jpg','Spec Module','PCM 50% Anti, Acrylic','195 x 170 x 10 (mm)','',NULL,NULL,15.3,NULL,'2020-11-13 14:45:39',NULL,NULL,'N'),(98,'id_admin','PaletteSupport','1605252142','https://phg.smpop.net/data/item/1605252142/05.DeviceModule_TBD_Thumbnail.jpg','Device Module (Vertical)','PCM 50% Anti, Acrylic','97.5 x 170 x 10 (mm)','',NULL,NULL,10.2,NULL,'2020-11-13 14:45:39',NULL,NULL,'N'),(99,'id_admin','PaletteSupport','1572900260','https://phg.smpop.net/data/item/1572900260/Normal_Universalexposedcable_TypeC_LSEplate.jpg','S2865 - Normal Security, Exposed Cable Type C','Plastic, Urethane','1.5 m','Available to Ship',NULL,NULL,8.4,NULL,'2020-11-13 14:45:39',NULL,NULL,'N'),(100,'id_admin','PaletteSupport','1501132014','https://phg.smpop.net/data/item/1501132014/02_Universalsecuritycable6typeC_640X640_191211.jpg','Universal Sensor Cable (Ver.6) Type C','PC, Urethane etc.','1700mm','2~3 weeks',NULL,NULL,7.9,NULL,'2020-11-13 14:45:39',NULL,NULL,'N'),(101,'id_admin','WEARABLE','1605850171','https://phg.smpop.net/data/item/1605850171/AtticSingleDeviceModuleCharging_640X640.png','Attic Single Device Module ( Charging )','Polycarbonate','195*170*25mm','2~3 weeks',NULL,NULL,75,NULL,'2020-11-20 06:24:41',NULL,NULL,'N'),(102,'id_admin','WEARABLE','1605850357','https://phg.smpop.net/data/item/1605850357/AtticSingleDeviceModuleDummy_640X640.png','Attic Single Device Module ( Dummy )','Polycarbonate','195*170*25mm','2~3 weeks',NULL,NULL,70,NULL,'2020-11-20 06:24:41',NULL,NULL,'N'),(103,'id_admin','WEARABLE','1605850895','https://phg.smpop.net/data/item/1605850895/AtticSingleDeviceModuleDummyCover_640X640.png','Attic Single Device Module ( Dummy / Cover)','Polycarbonate','195*170*75mm','2~3 weeks',NULL,NULL,53,NULL,'2020-11-20 06:24:41',NULL,NULL,'N'),(104,'id_admin','WEARABLE','1605851057','https://phg.smpop.net/data/item/1605851057/AtticCradleCharging_640X640_02.png','Attic Cradle ( Charging )','Polycarbonate','154*99*75mm','2~3 weeks',NULL,NULL,60,NULL,'2020-11-20 06:24:41',NULL,NULL,'N'),(105,'id_admin','WEARABLE','1605851179','https://phg.smpop.net/data/item/1605851179/AtticCradleDummy_640X640_02.png','Attic Cradle ( Dummy )','Polycarbonate','154*99*75mm','2~3 weeks',NULL,NULL,56,NULL,'2020-11-20 06:24:41',NULL,NULL,'N'),(106,'id_admin','WEARABLE','1605849141','https://phg.smpop.net/data/item/1605849141/AtticCradleDummyCover_640X640_02.png','Attic Cradle ( Dummy/ Cover)','Polycarbonate','154*99*75mm','2~3 weeks',NULL,NULL,40,NULL,'2020-11-20 06:24:41',NULL,NULL,'N'),(107,'id_admin','WEARABLE','1605850498','https://phg.smpop.net/data/item/1605850498/DoubleDeviceModuleAtticBudsLive_640X640.png','Double Device Module ( Attic/Buds Live)','Polycarbonate','195*170*25mm','2~3 weeks',NULL,NULL,43,NULL,'2020-11-20 06:24:41',NULL,NULL,'N'),(108,'id_admin','WEARABLE','1605850719','https://phg.smpop.net/data/item/1605850719/DoubleDeviceModuleAtticBuds_640X640.png','Double Device Module ( Attic/Buds+ )','Polycarbonate','195*170*25mm','2~3 weeks',NULL,NULL,43,NULL,'2020-11-20 06:24:41',NULL,NULL,'N');
/*!40000 ALTER TABLE `support` ENABLE KEYS */;
UNLOCK TABLES;

--
-- Table structure for table `support_name`
--

DROP TABLE IF EXISTS `support_name`;
/*!40101 SET @saved_cs_client     = @@character_set_client */;
 SET character_set_client = utf8mb4 ;
CREATE TABLE `support_name` (
  `idx` bigint(20) unsigned NOT NULL AUTO_INCREMENT,
  `support_name` varchar(100) NOT NULL,
  `reg_dtm` datetime DEFAULT CURRENT_TIMESTAMP,
  PRIMARY KEY (`idx`),
  KEY `support_name_idx` (`support_name`)
) ENGINE=InnoDB AUTO_INCREMENT=8 DEFAULT CHARSET=utf8 COMMENT='카트명 중복체크\n카트삭제시 연관 데이타를 삭제하지 않기 때문에\n동일 카트명으로 생성하면 안되서 중복 체크를 해야 한다.';
/*!40101 SET character_set_client = @saved_cs_client */;

--
-- Dumping data for table `support_name`
--

LOCK TABLES `support_name` WRITE;
/*!40000 ALTER TABLE `support_name` DISABLE KEYS */;
INSERT INTO `support_name` VALUES (1,'PaletteSupport','2020-11-19 13:44:14'),(2,'cheiltest','2020-11-19 15:04:15'),(3,'cheiltest2','2020-11-19 15:04:15'),(4,'cheilttest1','2020-11-19 15:04:15'),(6,'p_test','2020-11-19 15:04:15'),(7,'test_1','2020-11-19 15:04:15');
/*!40000 ALTER TABLE `support_name` ENABLE KEYS */;
UNLOCK TABLES;

--
-- Table structure for table `system_properties`
--

DROP TABLE IF EXISTS `system_properties`;
/*!40101 SET @saved_cs_client     = @@character_set_client */;
 SET character_set_client = utf8mb4 ;
CREATE TABLE `system_properties` (
  `id` varchar(100) NOT NULL,
  `param1` varchar(500) NOT NULL,
  `desc` varchar(500) DEFAULT NULL,
  PRIMARY KEY (`id`)
) ENGINE=InnoDB DEFAULT CHARSET=utf8 COMMENT='각종 설정 정보';
/*!40101 SET character_set_client = @saved_cs_client */;

--
-- Dumping data for table `system_properties`
--

LOCK TABLES `system_properties` WRITE;
/*!40000 ALTER TABLE `system_properties` DISABLE KEYS */;
INSERT INTO `system_properties` VALUES ('hq.confirm.date','20101121000000','HQ Confirm 버튼이 나오는 일자'),('hq.confirm.flag','0','HQ Confirm을 눌렀는지 여부');
/*!40000 ALTER TABLE `system_properties` ENABLE KEYS */;
UNLOCK TABLES;

--
-- Table structure for table `test`
--

DROP TABLE IF EXISTS `test`;
/*!40101 SET @saved_cs_client     = @@character_set_client */;
 SET character_set_client = utf8mb4 ;
CREATE TABLE `test` (
  `idx` varchar(20) NOT NULL,
  PRIMARY KEY (`idx`)
) ENGINE=InnoDB DEFAULT CHARSET=utf8;
/*!40101 SET character_set_client = @saved_cs_client */;

--
-- Dumping data for table `test`
--

LOCK TABLES `test` WRITE;
/*!40000 ALTER TABLE `test` DISABLE KEYS */;
INSERT INTO `test` VALUES ('1234');
/*!40000 ALTER TABLE `test` ENABLE KEYS */;
UNLOCK TABLES;

--
-- Dumping events for database 'smpopmain_tmp'
--

--
-- Dumping routines for database 'smpopmain_tmp'
--
SET @@SESSION.SQL_LOG_BIN = @MYSQLDUMP_TEMP_LOG_BIN;
/*!40103 SET TIME_ZONE=@OLD_TIME_ZONE */;

/*!40101 SET SQL_MODE=@OLD_SQL_MODE */;
/*!40014 SET FOREIGN_KEY_CHECKS=@OLD_FOREIGN_KEY_CHECKS */;
/*!40014 SET UNIQUE_CHECKS=@OLD_UNIQUE_CHECKS */;
/*!40101 SET CHARACTER_SET_CLIENT=@OLD_CHARACTER_SET_CLIENT */;
/*!40101 SET CHARACTER_SET_RESULTS=@OLD_CHARACTER_SET_RESULTS */;
/*!40101 SET COLLATION_CONNECTION=@OLD_COLLATION_CONNECTION */;
/*!40111 SET SQL_NOTES=@OLD_SQL_NOTES */;

-- Dump completed on 2020-11-23  8:13:53
