
--
-- Table structure for table `table_stage_arena_async`
--

CREATE TABLE `table_stage_arena_async` (
  `log_no` bigint(20) unsigned NOT NULL AUTO_INCREMENT COMMENT '로그 번호',
  `log_time` datetime NOT NULL DEFAULT '1000-01-01 00:00:00' COMMENT '로그 일시',
  `user_id` bigint(20) unsigned NOT NULL DEFAULT '0' COMMENT '플레이어 ID',
  `character_id` bigint(20) unsigned NOT NULL DEFAULT '0' COMMENT '플레이어 캐릭터 ID',
  `character_level` int(11) NOT NULL DEFAULT '0' COMMENT '플레이어 캐릭터의 레벨',
  `rank` int(11) unsigned NOT NULL DEFAULT '0' COMMENT '랭킹',
  `rank_grade` int(11) NOT NULL DEFAULT '0' COMMENT '랭킹 등급',
  `general_type_code` int(11) NOT NULL DEFAULT '0' COMMENT '로그 대상이 되는 일반 타입 식별 코드',
  `enemy_user_id` bigint(20) unsigned NOT NULL DEFAULT '0' COMMENT '대전한 상대방의 플레이어 ID',
  `enemy_character_id` bigint(20) unsigned NOT NULL DEFAULT '0' COMMENT '대전한 상대방 캐릭터의 ID',
  `enemy_character_level` int(11) NOT NULL DEFAULT '0' COMMENT '대전한 상대방 캐릭터의 레벨',
  `enemy_rank` int(11) unsigned NOT NULL DEFAULT '0' COMMENT '대전한 상대방 플레이어의 랭킹',
  `enemy_rank_grade` int(11) NOT NULL DEFAULT '0' COMMENT '대전한 플레이어의 랭킹 등급',
  `is_clear` tinyint(1) NOT NULL DEFAULT '0' COMMENT '완료 여부',
  `play_seconds` int(11) NOT NULL DEFAULT '0' COMMENT '플레이 시간(초 단위)',
  `battle_result` tinyint(4) NOT NULL DEFAULT '0' COMMENT '전투 결과\n: Stage.eResult의 값과 같다.',
  PRIMARY KEY (`log_no`),
  KEY `idx_table_stage_arena_async_log_time` (`log_time`),
  KEY `idx_table_stage_arena_async_user_id_character_id` (`user_id`,`character_id`)
) ENGINE=InnoDB AUTO_INCREMENT=33 DEFAULT CHARSET=utf8 COLLATE=utf8_unicode_ci COMMENT='결투장(비동기식) 스테이지 로그';

--
-- Dumping data for table `table_stage_arena_async`
--

INSERT INTO `table_stage_arena_async` VALUES (1,'2020-09-19 20:41:14',2,5,37,0,0,120800001,3,3,50,0,0,0,0,0),(2,'2020-09-19 20:41:28',2,5,37,0,0,120800001,4,4,43,0,0,0,0,0),(3,'2020-09-19 23:02:05',4,4,43,0,0,120800001,3,3,50,0,0,0,0,0),(4,'2020-09-19 23:02:15',4,4,43,0,0,120800001,0,0,0,0,0,0,0,0),(5,'2020-09-19 23:03:00',4,4,43,0,0,120800001,0,0,0,0,0,1,0,1),(6,'2020-09-19 23:04:01',4,4,43,1,1,120800001,2,2,50,0,0,0,0,0),(7,'2020-09-19 23:04:09',4,4,43,1,1,120800001,0,0,0,0,0,0,0,0),(8,'2020-09-19 23:05:10',4,4,43,1,1,120800001,0,0,0,0,0,1,0,1),(9,'2020-09-19 23:05:32',4,4,43,1,1,120800001,3,3,50,0,0,0,0,0),(10,'2020-09-19 23:05:38',4,4,43,1,1,120800001,0,0,0,0,0,0,0,0),(11,'2020-09-19 23:06:32',4,4,43,1,1,120800001,0,0,0,0,0,1,0,1),(12,'2020-09-19 23:06:41',4,4,43,1,1,120800001,2,5,37,0,0,0,0,0),(13,'2020-09-19 23:06:47',4,4,43,1,1,120800001,0,0,0,0,0,0,0,0),(14,'2020-09-19 23:07:19',4,4,43,1,1,120800001,0,0,0,0,0,1,0,1),(15,'2020-09-19 23:07:26',4,4,43,1,1,120800001,3,3,50,0,0,0,0,0),(16,'2020-09-19 23:07:32',4,4,43,1,1,120800001,0,0,0,0,0,0,0,0),(17,'2020-09-19 23:08:14',4,4,43,1,1,120800001,0,0,0,0,0,1,0,1),(18,'2020-09-19 23:08:18',4,4,43,1,1,120800001,3,3,50,0,0,0,0,0),(19,'2020-09-19 23:08:24',4,4,43,1,1,120800001,0,0,0,0,0,0,0,0),(20,'2020-09-19 23:09:11',4,4,43,1,1,120800001,0,0,0,0,0,1,0,1),(21,'2020-09-19 23:09:16',4,4,43,1,1,120800001,2,2,50,0,0,0,0,0),(22,'2020-09-19 23:09:21',4,4,43,1,1,120800001,0,0,0,0,0,0,0,0),(23,'2020-09-19 23:10:24',4,4,43,1,1,120800001,0,0,0,0,0,1,0,1),(24,'2020-09-19 23:10:32',4,4,43,1,1,120800001,3,3,50,0,0,0,0,0),(25,'2020-09-19 23:10:38',4,4,43,1,1,120800001,0,0,0,0,0,0,0,0),(26,'2020-09-19 23:11:21',4,4,43,1,1,120800001,0,0,0,0,0,1,0,1),(27,'2020-09-19 23:11:49',4,4,43,1,1,120800001,3,3,50,0,0,0,0,0),(28,'2020-09-19 23:11:55',4,4,43,1,1,120800001,0,0,0,0,0,0,0,0),(29,'2020-09-19 23:12:45',4,4,43,1,1,120800001,0,0,0,0,0,1,0,1),(30,'2020-09-19 23:12:53',4,4,43,1,1,120800001,3,3,50,0,0,0,0,0),(31,'2020-09-19 23:12:59',4,4,43,1,1,120800001,0,0,0,0,0,0,0,0),(32,'2020-09-19 23:13:48',4,4,43,1,1,120800001,0,0,0,0,0,1,0,1);

--
-- Table structure for table `table_stage_arena_async_reward`
--

CREATE TABLE `table_stage_arena_async_reward` (
  `log_no` bigint(20) unsigned NOT NULL AUTO_INCREMENT COMMENT '로그 번호',
  `log_time` datetime NOT NULL DEFAULT '1000-01-01 00:00:00' COMMENT '로그 일시',
  `user_id` bigint(20) unsigned NOT NULL DEFAULT '0' COMMENT '플레이어 ID',
  `character_id` bigint(20) unsigned NOT NULL DEFAULT '0' COMMENT '플레이어 캐릭터 ID',
  `character_level` int(11) NOT NULL DEFAULT '0' COMMENT '플레이어 캐릭터의 레벨',
  `rank` int(11) unsigned NOT NULL DEFAULT '0' COMMENT '랭킹',
  `rank_grade` int(11) NOT NULL DEFAULT '0' COMMENT '랭킹등급',
  `general_type_code` int(11) NOT NULL DEFAULT '0' COMMENT '로그 대상이 되는 일반 타입 식별 코드',
  `is_rewarded` tinyint(1) NOT NULL DEFAULT '0' COMMENT '보상을 수령했는지 여부',
  PRIMARY KEY (`log_no`),
  KEY `idx_table_stage_arena_async_reward_log_time` (`log_time`),
  KEY `idx_table_stage_arena_async_reward_user_id_character_id` (`user_id`,`character_id`)
) ENGINE=InnoDB AUTO_INCREMENT=9 DEFAULT CHARSET=utf8 COLLATE=utf8_unicode_ci COMMENT='결투장(비동기식) 스테이지의 보상 수령';

--
-- Dumping data for table `table_stage_arena_async_reward`
--

INSERT INTO `table_stage_arena_async_reward` VALUES (1,'2019-10-30 23:39:34',236,23,15,1,1,120800001,1),(2,'2019-11-22 03:48:05',615,105,22,1,1,120800001,1),(3,'2020-03-16 14:07:46',918,195,16,5,2,120800001,1),(4,'2020-04-13 12:17:37',958,238,17,1,1,120800001,1),(5,'2020-06-12 21:28:44',997,292,36,2,2,120800001,1),(6,'2020-07-27 01:17:57',1158,442,28,1,1,120800001,1),(7,'2020-07-29 15:25:46',1154,444,38,2,2,120800001,1),(8,'2020-09-13 20:03:40',997,292,40,1,1,120800001,1);

--
-- Table structure for table `table_stage_elite`
--

CREATE TABLE `table_stage_elite` (
  `log_no` bigint(20) unsigned NOT NULL AUTO_INCREMENT COMMENT '로그 번호',
  `log_time` datetime NOT NULL DEFAULT '1000-01-01 00:00:00' COMMENT '로그 일시',
  `user_id` bigint(20) unsigned NOT NULL DEFAULT '0' COMMENT '플레이어 ID',
  `character_id` bigint(20) unsigned NOT NULL DEFAULT '0' COMMENT '플레이어 캐릭터 ID',
  `character_level` int(11) NOT NULL DEFAULT '0' COMMENT '플레이어 캐릭터의 레벨',
  `general_type_code` int(11) NOT NULL DEFAULT '0' COMMENT '로그 대상이 되는 일반 타입 식별 코드',
  `is_clear` tinyint(1) NOT NULL DEFAULT '0' COMMENT '완료 여부',
  `play_time` int(11) NOT NULL DEFAULT '0' COMMENT '플레이 시간',
  `star_point` tinyint(4) unsigned NOT NULL DEFAULT '0' COMMENT '완료 등급',
  PRIMARY KEY (`log_no`),
  KEY `idx_table_stage_elite_log_time` (`log_time`),
  KEY `idx_table_stage_elite_user_id_character_id` (`user_id`,`character_id`)
) ENGINE=InnoDB AUTO_INCREMENT=4 DEFAULT CHARSET=utf8 COLLATE=utf8_unicode_ci COMMENT='정예 스테이지 로그';

--
-- Dumping data for table `table_stage_elite`
--

INSERT INTO `table_stage_elite` VALUES (1,'2020-09-20 17:27:33',5,7,5,120401001,1,47,3),(2,'2020-09-20 17:31:49',5,7,6,120401002,1,48,3),(3,'2020-09-20 17:36:48',5,7,7,120401003,1,53,3);

--
-- Table structure for table `table_stage_guardian_raid`
--

CREATE TABLE `table_stage_guardian_raid` (
  `log_no` bigint(20) unsigned NOT NULL AUTO_INCREMENT COMMENT '로그 번호',
  `log_time` datetime NOT NULL DEFAULT '1000-01-01 00:00:00' COMMENT '로그 일시',
  `user_id` bigint(20) unsigned NOT NULL DEFAULT '0' COMMENT '플레이어 ID',
  `character_id` bigint(20) unsigned NOT NULL DEFAULT '0' COMMENT '플레이어 캐릭터 ID',
  `character_level` int(11) NOT NULL DEFAULT '0' COMMENT '플레이어 캐릭터의 레벨',
  `general_type_code` int(11) NOT NULL DEFAULT '0' COMMENT '로그 대상이 되는 일반 타입 식별 코드',
  `is_clear` tinyint(1) NOT NULL DEFAULT '0' COMMENT '완료 여부',
  `play_time` int(11) NOT NULL DEFAULT '0' COMMENT '플레이 시간',
  PRIMARY KEY (`log_no`),
  KEY `idx_table_stage_guardian_raid_log_time` (`log_time`),
  KEY `idx_table_stage_guardian_raid_user_id_character_id` (`user_id`,`character_id`)
) ENGINE=InnoDB AUTO_INCREMENT=125 DEFAULT CHARSET=utf8 COLLATE=utf8_unicode_ci COMMENT='수호 레이드 스테이지 로그';

--
-- Dumping data for table `table_stage_guardian_raid`
--

INSERT INTO `table_stage_guardian_raid` VALUES (1,'2019-09-11 04:31:40',4,5,50,121200103,0,18),(2,'2019-09-11 04:56:17',4,5,50,121200101,1,5),(3,'2019-09-11 04:56:58',4,5,50,121200102,1,23),(4,'2019-09-11 04:57:42',4,5,50,121200103,0,21),(5,'2019-09-21 14:04:33',61,9,50,121200103,1,14),(6,'2019-10-05 16:09:34',171,13,50,121200101,1,52),(7,'2019-10-05 21:18:38',171,13,50,121200101,0,181),(8,'2019-10-05 21:20:04',171,13,50,121200101,1,39),(9,'2019-11-07 14:31:27',171,13,50,121200102,1,119),(10,'2019-11-14 02:55:41',185,107,50,121200101,1,3),(11,'2019-11-14 03:05:43',185,107,50,121200103,1,12),(12,'2019-12-12 22:22:50',883,152,36,121200101,1,24),(13,'2019-12-12 22:45:48',883,152,31,121200101,1,12),(14,'2019-12-12 22:47:42',883,152,31,121200102,1,90),(15,'2019-12-12 22:49:16',883,152,31,121200103,0,56),(16,'2020-02-25 03:09:17',885,159,50,121200101,1,121),(17,'2020-02-29 14:03:45',885,159,50,121200101,1,174),(18,'2020-03-16 17:13:07',921,196,50,121200101,1,11),(19,'2020-03-16 17:13:32',921,196,50,121200101,1,11),(20,'2020-03-16 17:14:28',921,196,50,121200103,0,181),(21,'2020-04-01 15:05:31',963,242,30,121200103,0,53),(22,'2020-04-01 15:05:58',963,242,30,121200101,1,8),(23,'2020-04-01 15:06:48',963,242,30,121200102,1,32),(24,'2020-04-01 15:17:26',963,242,30,121200103,1,126),(25,'2020-04-02 18:50:08',961,241,30,121200101,1,2),(26,'2020-04-02 18:51:40',961,241,30,121200101,0,52),(27,'2020-04-03 11:35:40',961,241,30,121200103,1,58),(28,'2020-04-03 11:39:07',961,241,30,121200103,0,181),(29,'2020-04-03 11:40:07',961,241,30,121200101,1,12),(30,'2020-04-04 18:04:15',971,254,50,121200103,0,39),(31,'2020-04-19 03:46:36',979,273,50,121200101,1,8),(32,'2020-04-19 03:47:21',979,273,50,121200103,0,21),(33,'2020-04-19 03:48:25',979,273,50,121200101,1,34),(34,'2020-04-19 03:50:23',979,273,50,121200102,1,87),(35,'2020-05-29 16:21:39',995,310,33,121200101,1,25),(36,'2020-05-29 16:24:42',995,310,33,121200103,0,150),(37,'2020-06-05 16:51:42',995,310,33,121200101,1,16),(38,'2020-06-05 16:53:46',995,310,33,121200102,1,104),(39,'2020-06-05 18:46:27',997,292,33,121200103,0,8),(40,'2020-06-05 18:47:20',997,292,33,121200101,1,29),(41,'2020-06-05 18:48:55',997,292,33,121200103,0,16),(42,'2020-06-07 22:34:58',997,292,33,121200102,0,43),(43,'2020-06-07 22:36:08',997,292,33,121200102,1,40),(44,'2020-06-07 22:38:50',997,292,34,121200102,1,135),(45,'2020-06-11 20:08:21',997,292,35,121200103,0,9),(46,'2020-06-12 20:12:22',997,292,35,121200102,1,42),(47,'2020-06-12 20:13:34',997,292,35,121200102,1,28),(48,'2020-06-12 20:15:19',997,292,35,121200102,1,69),(49,'2020-06-16 13:57:51',995,310,37,121200102,1,67),(50,'2020-06-16 19:27:15',997,292,36,121200102,1,43),(51,'2020-06-18 14:56:20',997,292,36,121200102,1,43),(52,'2020-06-18 14:58:47',997,292,36,121200102,1,30),(53,'2020-06-18 15:00:33',997,292,36,121200102,1,80),(54,'2020-06-18 22:16:37',1020,320,39,121200101,1,21),(55,'2020-06-18 22:18:45',1020,320,39,121200101,0,102),(56,'2020-06-24 10:56:05',995,310,39,121200102,1,42),(57,'2020-06-24 16:52:23',1073,338,30,121200103,0,181),(58,'2020-06-24 16:53:20',1073,338,30,121200102,1,31),(59,'2020-06-24 18:03:46',1073,338,50,121200103,1,10),(60,'2020-06-24 18:05:07',997,292,36,121200102,1,50),(61,'2020-06-24 18:05:41',997,292,36,121200103,0,14),(62,'2020-06-25 11:42:47',1073,338,50,121200103,1,14),(63,'2020-06-25 11:43:19',1073,338,50,121200103,1,12),(64,'2020-06-25 11:43:47',1073,338,50,121200103,1,10),(65,'2020-06-25 15:31:07',1073,338,50,121200103,1,17),(66,'2020-06-25 15:31:55',1073,338,50,121200103,1,12),(67,'2020-06-30 02:30:34',995,310,50,121200102,1,6),(68,'2020-06-30 11:26:58',995,310,50,121200102,1,18),(69,'2020-07-01 21:17:21',995,310,50,121200102,1,6),(70,'2020-07-01 21:18:22',995,310,50,121200102,1,29),(71,'2020-07-01 21:19:06',995,310,50,121200102,1,19),(72,'2020-07-02 10:02:14',1020,320,39,121200101,0,181),(73,'2020-07-03 15:14:30',615,105,37,121200101,1,4),(74,'2020-07-03 15:15:11',615,105,37,121200102,1,4),(75,'2020-07-03 15:18:13',615,105,37,121200103,1,136),(76,'2020-07-04 18:40:01',997,292,37,121200103,0,72),(77,'2020-07-04 18:40:28',997,292,37,121200102,1,5),(78,'2020-07-06 16:42:22',997,292,37,121200102,1,44),(79,'2020-07-06 16:42:58',997,292,37,121200102,1,7),(80,'2020-07-06 16:45:55',997,292,37,121200102,1,73),(81,'2020-07-06 20:31:09',997,292,37,121200102,1,45),(82,'2020-07-06 20:32:09',997,292,37,121200102,1,6),(83,'2020-07-06 20:33:43',997,292,37,121200102,1,32),(84,'2020-07-07 21:45:51',997,292,39,121200102,1,40),(85,'2020-07-07 21:46:49',997,292,39,121200102,1,5),(86,'2020-07-07 21:48:23',997,292,39,121200102,1,58),(87,'2020-07-08 14:57:37',995,310,50,121200102,1,6),(88,'2020-07-08 15:00:17',995,310,50,121200103,1,132),(89,'2020-07-10 16:46:09',997,292,39,121200102,1,36),(90,'2020-07-13 10:48:18',1143,418,30,121200101,1,3),(91,'2020-07-13 10:48:50',1143,418,30,121200103,0,6),(92,'2020-07-13 10:49:29',1143,418,30,121200102,0,21),(93,'2020-07-13 20:05:10',997,292,39,121200102,1,42),(94,'2020-07-13 20:07:28',997,292,39,121200102,1,118),(95,'2020-07-16 17:33:44',1155,436,32,121200101,1,77),(96,'2020-07-16 17:36:04',1155,436,32,121200101,1,104),(97,'2020-07-16 17:37:55',1155,436,32,121200101,1,86),(98,'2020-07-17 14:27:14',1155,436,35,121200101,1,87),(99,'2020-07-23 15:29:43',1155,436,37,121200102,1,138),(100,'2020-07-23 15:34:26',1155,436,37,121200103,0,138),(101,'2020-07-24 17:07:58',1155,436,38,121200102,1,116),(102,'2020-07-24 17:12:02',1155,436,38,121200103,0,181),(103,'2020-07-25 18:26:01',1154,444,33,121200103,0,70),(104,'2020-07-29 10:57:29',1155,436,50,121200103,0,23),(105,'2020-07-29 11:43:45',1155,436,50,121200102,1,25),(106,'2020-07-29 15:30:58',1155,436,50,121200103,0,25),(107,'2020-07-29 15:36:56',1155,436,50,121200103,0,181),(108,'2020-07-29 15:40:27',1155,436,50,121200103,1,160),(109,'2020-07-30 15:06:03',1185,473,36,121200101,1,23),(110,'2020-07-30 15:08:18',1185,473,36,121200101,1,15),(111,'2020-08-03 17:57:01',1188,483,50,121200103,0,66),(112,'2020-08-03 19:57:52',997,292,39,121200102,1,50),(113,'2020-08-03 19:58:33',997,292,39,121200103,1,15),(114,'2020-08-03 19:59:05',997,292,39,121200103,0,11),(115,'2020-08-07 16:58:26',1155,436,50,121200103,0,181),(116,'2020-08-07 17:01:44',1155,436,50,121200103,1,168),(117,'2020-08-07 17:47:19',1155,436,50,121200103,1,101),(118,'2020-08-29 13:00:04',997,292,39,121200103,0,15),(119,'2020-08-29 13:00:54',997,292,39,121200103,0,20),(120,'2020-08-29 13:02:03',997,292,39,121200102,1,35),(121,'2020-09-16 09:26:13',1199,499,39,121200101,1,8),(122,'2020-09-16 09:27:08',1199,499,39,121200102,1,29),(123,'2020-09-16 09:30:29',1199,499,39,121200103,1,173),(124,'2020-09-21 19:02:10',4,4,43,121200101,0,181);

--
-- Table structure for table `table_stage_guild_war`
--

CREATE TABLE `table_stage_guild_war` (
  `log_no` bigint(20) unsigned NOT NULL AUTO_INCREMENT COMMENT '로그 번호',
  `log_time` datetime NOT NULL DEFAULT '1000-01-01 00:00:00' COMMENT '로그 일시',
  `user_id` bigint(20) unsigned NOT NULL DEFAULT '0' COMMENT '플레이어 ID',
  `character_id` bigint(20) unsigned NOT NULL DEFAULT '0' COMMENT '플레이어 캐릭터 ID',
  `character_level` int(11) NOT NULL DEFAULT '0' COMMENT '플레이어 캐릭터의 레벨',
  `general_type_code` int(11) NOT NULL DEFAULT '0' COMMENT '로그 대상이 되는 일반 타입 식별 코드',
  `is_clear` tinyint(1) NOT NULL DEFAULT '0' COMMENT '완료 여부',
  `play_time` int(11) NOT NULL DEFAULT '0' COMMENT '플레이 시간',
  `star_point` tinyint(4) unsigned NOT NULL DEFAULT '0' COMMENT '완료 등급',
  `single_ranking` int(11) unsigned NOT NULL DEFAULT '0' COMMENT '싱글 플레이 랭킹',
  PRIMARY KEY (`log_no`),
  KEY `idx_table_stage_guardian_raid_log_time` (`log_time`),
  KEY `idx_table_stage_guardian_raid_user_id_character_id` (`user_id`,`character_id`)
) ENGINE=InnoDB DEFAULT CHARSET=utf8 COLLATE=utf8_unicode_ci COMMENT='길드전 스테이지 로그';

--
-- Dumping data for table `table_stage_guild_war`
--


--
-- Table structure for table `table_stage_normal`
--

CREATE TABLE `table_stage_normal` (
  `log_no` bigint(20) unsigned NOT NULL AUTO_INCREMENT COMMENT '로그 번호',
  `log_time` datetime NOT NULL DEFAULT '1000-01-01 00:00:00' COMMENT '로그 일시',
  `user_id` bigint(20) unsigned NOT NULL DEFAULT '0' COMMENT '플레이어 ID',
  `character_id` bigint(20) unsigned NOT NULL DEFAULT '0' COMMENT '플레이어 캐릭터 ID',
  `character_level` int(11) NOT NULL DEFAULT '0' COMMENT '플레이어 캐릭터의 레벨',
  `general_type_code` int(11) NOT NULL DEFAULT '0' COMMENT '로그 대상이 되는 일반 타입 식별 코드',
  `is_clear` tinyint(1) NOT NULL DEFAULT '0' COMMENT '완료 여부',
  `play_time` int(11) NOT NULL DEFAULT '0' COMMENT '플레이 시간',
  `star_point` tinyint(4) unsigned NOT NULL DEFAULT '0' COMMENT '완료 등급',
  PRIMARY KEY (`log_no`),
  KEY `idx_table_stage_normal_log_time` (`log_time`),
  KEY `idx_table_stage_normal_user_id_character_id` (`user_id`,`character_id`)
) ENGINE=InnoDB AUTO_INCREMENT=77 DEFAULT CHARSET=utf8 COLLATE=utf8_unicode_ci COMMENT='일반 스테이지 로그';

--
-- Dumping data for table `table_stage_normal`
--

INSERT INTO `table_stage_normal` VALUES (1,'2020-09-19 13:01:26',1,1,2,120301001,1,55,3),(2,'2020-09-19 13:02:57',1,1,3,120301002,1,51,3),(3,'2020-09-19 13:12:55',2,2,2,120301001,1,85,3),(4,'2020-09-19 13:15:09',2,2,3,120301002,1,47,3),(5,'2020-09-19 13:16:59',2,2,3,120301003,1,49,3),(6,'2020-09-19 14:24:33',3,3,2,120301001,1,264,1),(7,'2020-09-19 14:27:10',3,3,3,120301002,1,44,3),(8,'2020-09-19 14:27:12',2,2,4,120301004,1,66,3),(9,'2020-09-19 14:28:45',3,3,3,120301003,1,47,3),(10,'2020-09-19 14:29:25',2,2,5,120301005,1,65,3),(11,'2020-09-19 14:41:46',4,4,2,120301001,1,63,3),(12,'2020-09-19 16:43:08',4,4,3,120301002,1,53,3),(13,'2020-09-19 16:44:56',4,4,3,120301003,1,49,3),(14,'2020-09-20 17:11:41',5,7,2,120301001,1,76,3),(15,'2020-09-20 17:13:32',5,7,3,120301002,1,53,3),(16,'2020-09-20 17:15:20',5,7,3,120301003,1,50,3),(17,'2020-09-20 17:17:26',5,7,4,120301004,1,66,3),(18,'2020-09-20 17:26:07',5,7,5,120301005,1,59,3),(19,'2020-09-20 17:29:26',5,7,6,120301006,1,66,3),(20,'2020-09-20 17:56:47',5,7,7,120301007,1,61,3),(21,'2020-09-20 18:00:27',5,7,7,120301008,1,81,3),(22,'2020-09-20 18:09:04',5,7,8,120301009,1,74,3),(23,'2020-09-20 18:22:02',6,8,2,120301001,1,72,3),(24,'2020-09-20 18:24:56',6,8,3,120301002,1,61,3),(25,'2020-09-20 18:36:25',5,7,8,120301010,1,28,3),(26,'2020-09-20 18:55:57',5,7,8,120302001,1,46,3),(27,'2020-09-20 18:57:33',5,7,8,120302002,1,70,3),(28,'2020-09-20 18:58:48',5,7,8,120302003,1,60,3),(29,'2020-09-20 19:02:35',5,7,9,120302004,1,76,3),(30,'2020-09-20 19:06:12',5,7,9,120302005,1,85,3),(31,'2020-09-20 19:16:54',5,7,9,120302006,1,89,3),(32,'2020-09-20 19:18:25',5,7,9,120302007,1,72,3),(33,'2020-09-20 19:22:48',5,7,9,120302008,1,90,3),(34,'2020-09-20 19:27:29',5,7,9,120302009,1,87,3),(35,'2020-09-20 22:56:39',5,7,10,120302010,1,99,3),(36,'2020-09-20 23:02:50',5,7,10,120303001,1,96,3),(37,'2020-09-20 23:06:42',5,7,11,120303002,1,88,3),(38,'2020-09-20 23:11:00',5,7,11,120303002,1,83,3),(39,'2020-09-20 23:15:44',5,7,12,120303003,1,112,3),(40,'2020-09-20 23:19:36',5,7,12,120303004,1,119,3),(41,'2020-09-20 23:25:54',5,7,12,120303005,1,131,2),(42,'2020-09-20 23:29:07',5,7,12,120303006,1,119,3),(43,'2020-09-20 23:32:18',5,7,12,120303005,1,128,3),(44,'2020-09-20 23:36:21',5,7,12,120303007,1,131,2),(45,'2020-09-20 23:43:45',5,7,12,120303008,0,298,0),(46,'2020-09-20 23:49:10',5,7,12,120303008,1,128,3),(47,'2020-09-21 12:30:25',6,10,2,120301001,1,71,3),(48,'2020-09-21 12:33:09',6,10,3,120301002,1,51,3),(49,'2020-09-21 19:06:03',8,13,2,120301001,1,56,3),(50,'2020-09-21 19:07:33',8,13,3,120301002,1,43,3),(51,'2020-09-21 19:09:05',8,13,3,120301003,1,49,3),(52,'2020-09-21 19:37:54',5,7,12,120303009,0,119,0),(53,'2020-09-21 19:42:20',5,14,2,120301001,1,45,3),(54,'2020-09-21 19:43:26',5,14,3,120301002,1,47,3),(55,'2020-09-21 19:45:06',5,14,3,120301003,1,56,3),(56,'2020-09-21 19:46:59',5,14,4,120301004,1,83,3),(57,'2020-09-21 19:49:38',5,14,5,120301005,1,81,3),(58,'2020-09-21 19:51:42',5,14,5,120301006,1,96,3),(59,'2020-09-21 19:56:33',5,7,13,120301001,1,45,3),(60,'2020-09-21 19:57:37',5,7,13,120301002,1,45,3),(61,'2020-09-21 19:59:02',5,7,13,120301003,1,48,3),(62,'2020-09-21 20:00:27',5,7,13,120301004,1,68,3),(63,'2020-09-21 20:05:10',5,7,13,120303009,1,117,3),(64,'2020-09-21 20:07:16',5,7,13,120303010,0,110,0),(65,'2020-09-21 20:16:31',5,16,2,120301001,1,42,3),(66,'2020-09-21 20:22:03',10,17,2,120301001,1,64,3),(67,'2020-09-21 20:25:26',9,15,2,120301001,1,57,3),(68,'2020-09-21 20:26:02',10,17,3,120301002,1,50,3),(69,'2020-09-21 20:26:47',9,15,3,120301002,1,44,3),(70,'2020-09-22 00:28:35',1,1,3,120301003,1,52,3),(71,'2020-09-22 00:33:02',1,1,4,120301004,1,83,3),(72,'2020-09-22 00:39:32',1,1,5,120301003,1,55,3),(73,'2020-09-22 00:42:00',1,1,5,120301004,1,72,3),(74,'2020-09-22 00:58:15',1,1,5,120301004,1,64,3),(75,'2020-09-22 17:01:33',11,18,2,120301001,1,313,1),(76,'2020-09-22 17:04:42',11,18,3,120301002,1,45,3);

--
-- Table structure for table `table_stage_occupation_war`
--

CREATE TABLE `table_stage_occupation_war` (
  `log_no` bigint(20) unsigned NOT NULL AUTO_INCREMENT COMMENT '로그 번호',
  `log_time` datetime NOT NULL DEFAULT '1000-01-01 00:00:00' COMMENT '로그 일시',
  `user_id` bigint(20) unsigned NOT NULL DEFAULT '0' COMMENT '플레이어 ID',
  `character_id` bigint(20) unsigned NOT NULL DEFAULT '0' COMMENT '플레이어 캐릭터 ID',
  `character_level` int(11) NOT NULL DEFAULT '0' COMMENT '플레이어 캐릭터의 레벨',
  `rank` int(11) unsigned NOT NULL DEFAULT '0' COMMENT '랭킹',
  `rank_grade` int(11) NOT NULL DEFAULT '0' COMMENT '랭킹 등급',
  `general_type_code` int(11) NOT NULL DEFAULT '0' COMMENT '로그 대상이 되는 일반 타입 식별 코드',
  `stage_mode` tinyint(4) NOT NULL DEFAULT '0' COMMENT '스테이지 모드\n: eOccupationWarMode의 값과 같다.',
  `is_clear` tinyint(1) NOT NULL DEFAULT '0' COMMENT '완료 여부',
  `battle_result` tinyint(4) NOT NULL DEFAULT '0' COMMENT '전투 결과\n: Stage.eResult의 값과 같다.',
  `rank_in_party_by_damage` tinyint(4) NOT NULL DEFAULT '0' COMMENT '파티 내 적에게 준 피해량의 랭킹',
  `rank_in_party_by_kill` tinyint(4) NOT NULL DEFAULT '0' COMMENT '파티 내 적 처치 수 랭킹',
  `rank_in_party_by_occupation` tinyint(4) NOT NULL DEFAULT '0' COMMENT '파티 내 점령 기여도 랭킹',
  PRIMARY KEY (`log_no`),
  KEY `idx_table_stage_occupation_war_log_time` (`log_time`),
  KEY `idx_table_stage_occupation_war_user_id_character_id` (`user_id`,`character_id`)
) ENGINE=InnoDB DEFAULT CHARSET=utf8 COLLATE=utf8_unicode_ci COMMENT='점령전 스테이지 로그';

--
-- Dumping data for table `table_stage_occupation_war`
--


--
-- Table structure for table `table_stage_occupation_war_reward`
--

CREATE TABLE `table_stage_occupation_war_reward` (
  `log_no` bigint(20) unsigned NOT NULL AUTO_INCREMENT COMMENT '로그 번호',
  `log_time` datetime NOT NULL DEFAULT '1000-01-01 00:00:00' COMMENT '로그 일시',
  `user_id` bigint(20) unsigned NOT NULL DEFAULT '0' COMMENT '플레이어 ID',
  `character_id` bigint(20) unsigned NOT NULL DEFAULT '0' COMMENT '플레이어 캐릭터 ID',
  `character_level` int(11) NOT NULL DEFAULT '0' COMMENT '플레이어 캐릭터의 레벨',
  `rank` int(11) unsigned NOT NULL DEFAULT '0' COMMENT '랭킹',
  `rank_grade` int(11) NOT NULL DEFAULT '0' COMMENT '랭킹등급',
  `general_type_code` int(11) NOT NULL DEFAULT '0' COMMENT '로그 대상이 되는 일반 타입 식별 코드',
  `stage_mode` tinyint(4) NOT NULL DEFAULT '0' COMMENT '스테이지 모드\n: eOccupationWarMode의 값과 같다.',
  `is_rewarded` tinyint(1) NOT NULL DEFAULT '0' COMMENT '보상을 수령했는지 여부',
  PRIMARY KEY (`log_no`),
  KEY `idx_table_stage_occupation_war_reward_log_time` (`log_time`),
  KEY `idx_table_stage_occupation_war_reward_user_id_character_id` (`user_id`,`character_id`)
) ENGINE=InnoDB DEFAULT CHARSET=utf8 COLLATE=utf8_unicode_ci COMMENT='점령전 스테이지의 보상 수령';

--
-- Dumping data for table `table_stage_occupation_war_reward`
--


--
-- Table structure for table `table_stage_rift`
--

CREATE TABLE `table_stage_rift` (
  `log_no` bigint(20) unsigned NOT NULL AUTO_INCREMENT COMMENT '로그 번호',
  `log_time` datetime NOT NULL DEFAULT '1000-01-01 00:00:00' COMMENT '로그 일시',
  `user_id` bigint(20) unsigned NOT NULL DEFAULT '0' COMMENT '플레이어 ID',
  `character_id` bigint(20) unsigned NOT NULL DEFAULT '0' COMMENT '플레이어 캐릭터 ID',
  `character_level` int(11) NOT NULL DEFAULT '0' COMMENT '플레이어 캐릭터의 레벨',
  `general_type_code` int(11) NOT NULL DEFAULT '0' COMMENT '로그 대상이 되는 일반 타입 식별 코드',
  `is_clear` tinyint(1) NOT NULL DEFAULT '0' COMMENT '완료 여부',
  `play_time` int(11) NOT NULL DEFAULT '0' COMMENT '플레이 시간',
  `star_point` tinyint(4) unsigned NOT NULL DEFAULT '0' COMMENT '완료 등급',
  PRIMARY KEY (`log_no`),
  KEY `idx_table_stage_rift_log_time` (`log_time`),
  KEY `idx_table_stage_rift_user_id_character_id` (`user_id`,`character_id`)
) ENGINE=InnoDB DEFAULT CHARSET=utf8 COLLATE=utf8_unicode_ci COMMENT='균열 스테이지 로그';

--
-- Dumping data for table `table_stage_rift`
--


--
-- Table structure for table `table_stage_transcendence`
--

CREATE TABLE `table_stage_transcendence` (
  `log_no` bigint(20) unsigned NOT NULL AUTO_INCREMENT COMMENT '로그 번호',
  `log_time` datetime NOT NULL DEFAULT '1000-01-01 00:00:00' COMMENT '로그 일시',
  `user_id` bigint(20) unsigned NOT NULL DEFAULT '0' COMMENT '플레이어 ID',
  `character_id` bigint(20) unsigned NOT NULL DEFAULT '0' COMMENT '플레이어 캐릭터 ID',
  `character_level` int(11) NOT NULL DEFAULT '0' COMMENT '플레이어 캐릭터의 레벨',
  `general_type_code` int(11) NOT NULL DEFAULT '0' COMMENT '로그 대상이 되는 일반 타입 식별 코드',
  `is_clear` tinyint(1) NOT NULL DEFAULT '0' COMMENT '완료 여부',
  `play_time` int(11) NOT NULL DEFAULT '0' COMMENT '플레이 시간',
  `star_point` tinyint(4) unsigned NOT NULL DEFAULT '0' COMMENT '완료 등급',
  `single_ranking` int(11) unsigned NOT NULL DEFAULT '0' COMMENT '싱글 플레이 랭킹',
  `party_ranking` int(11) unsigned NOT NULL DEFAULT '0' COMMENT '파티 플레이 랭킹',
  PRIMARY KEY (`log_no`),
  KEY `idx_table_stage_transcendence_log_time` (`log_time`),
  KEY `idx_table_stage_transcendence_user_id_character_id` (`user_id`,`character_id`)
) ENGINE=InnoDB DEFAULT CHARSET=utf8 COLLATE=utf8_unicode_ci COMMENT='초월 스테이지 로그';

--
-- Dumping data for table `table_stage_transcendence`
--


--
-- Table structure for table `table_stage_weekly`
--

CREATE TABLE `table_stage_weekly` (
  `log_no` bigint(20) unsigned NOT NULL AUTO_INCREMENT COMMENT '로그 번호',
  `log_time` datetime NOT NULL DEFAULT '1000-01-01 00:00:00' COMMENT '로그 일시',
  `user_id` bigint(20) unsigned NOT NULL DEFAULT '0' COMMENT '플레이어 ID',
  `character_id` bigint(20) unsigned NOT NULL DEFAULT '0' COMMENT '플레이어 캐릭터 ID',
  `character_level` int(11) NOT NULL DEFAULT '0' COMMENT '플레이어 캐릭터의 레벨',
  `general_type_code` int(11) NOT NULL DEFAULT '0' COMMENT '로그 대상이 되는 일반 타입 식별 코드',
  `is_clear` tinyint(1) NOT NULL DEFAULT '0' COMMENT '완료 여부',
  `play_time` int(11) NOT NULL DEFAULT '0' COMMENT '플레이 시간',
  `star_point` tinyint(4) unsigned NOT NULL DEFAULT '0' COMMENT '완료 등급',
  PRIMARY KEY (`log_no`),
  KEY `idx_table_stage_weekly_log_time` (`log_time`),
  KEY `idx_table_stage_weekly_user_id_character_id` (`user_id`,`character_id`)
) ENGINE=InnoDB AUTO_INCREMENT=5 DEFAULT CHARSET=utf8 COLLATE=utf8_unicode_ci COMMENT='요일 스테이지 로그';

--
-- Dumping data for table `table_stage_weekly`
--

INSERT INTO `table_stage_weekly` VALUES (1,'2020-09-19 23:17:11',4,4,43,120506005,0,65,0),(2,'2020-09-20 22:57:55',5,7,10,120507001,1,42,3),(3,'2020-09-20 22:58:58',5,7,10,120507001,1,41,3),(4,'2020-09-20 23:00:11',5,7,10,120507001,1,52,3);

--
-- Table structure for table `table_stage_west`
--

CREATE TABLE `table_stage_west` (
  `log_no` bigint(20) unsigned NOT NULL AUTO_INCREMENT COMMENT '로그 번호',
  `log_time` datetime NOT NULL DEFAULT '1000-01-01 00:00:00' COMMENT '로그 일시',
  `user_id` bigint(20) unsigned NOT NULL DEFAULT '0' COMMENT '플레이어 ID',
  `character_id` bigint(20) unsigned NOT NULL DEFAULT '0' COMMENT '플레이어 캐릭터 ID',
  `character_level` int(11) NOT NULL DEFAULT '0' COMMENT '플레이어 캐릭터의 레벨',
  `general_type_code` int(11) NOT NULL DEFAULT '0' COMMENT '로그 대상이 되는 일반 타입 식별 코드',
  `is_clear` tinyint(1) NOT NULL DEFAULT '0' COMMENT '완료 여부',
  `play_time` int(11) NOT NULL DEFAULT '0' COMMENT '플레이 시간',
  `star_point` tinyint(4) unsigned NOT NULL DEFAULT '0' COMMENT '완료 등급',
  PRIMARY KEY (`log_no`),
  KEY `idx_table_stage_west_log_time` (`log_time`),
  KEY `idx_table_stage_west_user_id_character_id` (`user_id`,`character_id`)
) ENGINE=InnoDB DEFAULT CHARSET=utf8 COLLATE=utf8_unicode_ci COMMENT='서부 지역 스테이지 로그';

--
-- Dumping data for table `table_stage_west`
--


--
-- Table structure for table `table_weekly_mission`
--

CREATE TABLE `table_weekly_mission` (
  `log_no` bigint(20) unsigned NOT NULL AUTO_INCREMENT COMMENT '로그 번호',
  `log_time` datetime NOT NULL DEFAULT '1000-01-01 00:00:00' COMMENT '로그 일시',
  `user_id` bigint(20) unsigned NOT NULL DEFAULT '0' COMMENT '플레이어 ID',
  `character_id` bigint(20) unsigned NOT NULL DEFAULT '0' COMMENT '플레이어 캐릭터 ID',
  `character_level` int(11) NOT NULL DEFAULT '0' COMMENT '플레이어 캐릭터의 레벨',
  `general_type_code` int(11) NOT NULL DEFAULT '0' COMMENT '로그 대상이 되는 일반 타입 식별 코드',
  `is_clear` tinyint(1) NOT NULL DEFAULT '0' COMMENT '완료 여부',
  `get_reward` tinyint(1) NOT NULL DEFAULT '0' COMMENT '보상을 지급 받았는지 여부',
  `is_reset` tinyint(1) NOT NULL DEFAULT '0' COMMENT '초기화했는지 여부',
  PRIMARY KEY (`log_no`),
  KEY `idx_table_weekly_mission_log_time` (`log_time`),
  KEY `idx_table_weekly_mission_user_id_character_id` (`user_id`,`character_id`)
) ENGINE=InnoDB AUTO_INCREMENT=98 DEFAULT CHARSET=utf8 COLLATE=utf8_unicode_ci COMMENT='주간 미션 로그';

--
-- Dumping data for table `table_weekly_mission`
--

INSERT INTO `table_weekly_mission` VALUES (1,'2020-09-19 12:51:49',1,1,1,704010101,1,0,0),(2,'2020-09-19 13:03:24',1,1,3,704010101,1,1,0),(3,'2020-09-19 23:17:39',4,4,43,704010101,1,0,0),(4,'2020-09-19 23:19:30',2,5,37,704010101,1,0,0),(5,'2020-09-20 23:46:07',5,7,12,702010201,1,0,0),(6,'2020-09-21 11:02:48',2,5,37,701060201,0,0,1),(7,'2020-09-21 11:02:48',2,5,37,701080201,0,0,1),(8,'2020-09-21 11:02:48',2,5,37,701090101,0,0,1),(9,'2020-09-21 11:02:48',2,5,37,702010101,0,0,1),(10,'2020-09-21 11:02:48',2,5,37,702010201,0,0,1),(11,'2020-09-21 11:02:48',2,5,37,702010601,0,0,1),(12,'2020-09-21 11:02:48',2,5,37,704010101,0,0,1),(13,'2020-09-21 11:02:48',2,5,37,707010201,0,0,1),(14,'2020-09-21 11:02:48',2,5,37,708010201,0,0,1),(15,'2020-09-21 11:02:48',2,5,37,708020101,0,0,1),(16,'2020-09-21 11:02:48',2,5,37,711010101,0,0,1),(17,'2020-09-21 11:02:48',2,5,37,714010201,0,0,1),(18,'2020-09-21 11:02:48',2,5,37,714030201,0,0,1),(19,'2020-09-21 11:02:48',2,5,37,714040201,0,0,1),(20,'2020-09-21 11:02:48',2,5,37,715010101,0,0,1),(21,'2020-09-21 11:03:07',4,4,43,701060201,0,0,1),(22,'2020-09-21 11:03:07',4,4,43,701080201,0,0,1),(23,'2020-09-21 11:03:07',4,4,43,701090101,0,0,1),(24,'2020-09-21 11:03:07',4,4,43,702010101,0,0,1),(25,'2020-09-21 11:03:07',4,4,43,702010201,0,0,1),(26,'2020-09-21 11:03:07',4,4,43,702010601,0,0,1),(27,'2020-09-21 11:03:07',4,4,43,704010101,0,0,1),(28,'2020-09-21 11:03:07',4,4,43,707010201,0,0,1),(29,'2020-09-21 11:03:07',4,4,43,708010201,0,0,1),(30,'2020-09-21 11:03:07',4,4,43,708020101,0,0,1),(31,'2020-09-21 11:03:07',4,4,43,711010101,0,0,1),(32,'2020-09-21 11:03:07',4,4,43,714010201,0,0,1),(33,'2020-09-21 11:03:07',4,4,43,714030201,0,0,1),(34,'2020-09-21 11:03:07',4,4,43,714040201,0,0,1),(35,'2020-09-21 11:03:07',4,4,43,715010101,0,0,1),(36,'2020-09-21 11:04:14',4,4,43,714010201,1,0,0),(37,'2020-09-21 11:04:33',2,5,37,714010201,1,0,0),(38,'2020-09-21 12:16:56',6,8,3,701060201,0,0,1),(39,'2020-09-21 12:16:56',6,8,3,701080201,0,0,1),(40,'2020-09-21 12:16:56',6,8,3,701090101,0,0,1),(41,'2020-09-21 12:16:56',6,8,3,702010101,0,0,1),(42,'2020-09-21 12:16:56',6,8,3,702010201,0,0,1),(43,'2020-09-21 12:16:56',6,8,3,702010601,0,0,1),(44,'2020-09-21 12:16:56',6,8,3,704010101,0,0,1),(45,'2020-09-21 12:16:56',6,8,3,707010201,0,0,1),(46,'2020-09-21 12:16:56',6,8,3,708010201,0,0,1),(47,'2020-09-21 12:16:56',6,8,3,708020101,0,0,1),(48,'2020-09-21 12:16:56',6,8,3,711010101,0,0,1),(49,'2020-09-21 12:16:56',6,8,3,714010201,0,0,1),(50,'2020-09-21 12:16:56',6,8,3,714030201,0,0,1),(51,'2020-09-21 12:16:56',6,8,3,714040201,0,0,1),(52,'2020-09-21 12:16:56',6,8,3,715010101,0,0,1),(53,'2020-09-21 12:17:04',5,7,12,701060201,0,0,1),(54,'2020-09-21 12:17:04',5,7,12,701080201,0,0,1),(55,'2020-09-21 12:17:04',5,7,12,701090101,0,0,1),(56,'2020-09-21 12:17:04',5,7,12,702010101,0,0,1),(57,'2020-09-21 12:17:04',5,7,12,702010201,0,0,1),(58,'2020-09-21 12:17:04',5,7,12,702010601,0,0,1),(59,'2020-09-21 12:17:04',5,7,12,704010101,0,0,1),(60,'2020-09-21 12:17:04',5,7,12,707010201,0,0,1),(61,'2020-09-21 12:17:04',5,7,12,708010201,0,0,1),(62,'2020-09-21 12:17:04',5,7,12,708020101,0,0,1),(63,'2020-09-21 12:17:04',5,7,12,711010101,0,0,1),(64,'2020-09-21 12:17:04',5,7,12,714010201,0,0,1),(65,'2020-09-21 12:17:04',5,7,12,714030201,0,0,1),(66,'2020-09-21 12:17:04',5,7,12,714040201,0,0,1),(67,'2020-09-21 12:17:04',5,7,12,715010101,0,0,1),(68,'2020-09-21 19:02:30',2,2,50,701060201,0,0,1),(69,'2020-09-21 19:02:30',2,2,50,701080201,0,0,1),(70,'2020-09-21 19:02:30',2,2,50,701090101,0,0,1),(71,'2020-09-21 19:02:30',2,2,50,702010101,0,0,1),(72,'2020-09-21 19:02:30',2,2,50,702010201,0,0,1),(73,'2020-09-21 19:02:30',2,2,50,702010601,0,0,1),(74,'2020-09-21 19:02:30',2,2,50,704010101,0,0,1),(75,'2020-09-21 19:02:30',2,2,50,707010201,0,0,1),(76,'2020-09-21 19:02:30',2,2,50,708010201,0,0,1),(77,'2020-09-21 19:02:30',2,2,50,708020101,0,0,1),(78,'2020-09-21 19:02:30',2,2,50,711010101,0,0,1),(79,'2020-09-21 19:02:30',2,2,50,714010201,0,0,1),(80,'2020-09-21 19:02:30',2,2,50,714030201,0,0,1),(81,'2020-09-21 19:02:30',2,2,50,714040201,0,0,1),(82,'2020-09-21 19:02:30',2,2,50,715010101,0,0,1),(83,'2020-09-22 00:26:27',1,1,3,701060201,0,0,1),(84,'2020-09-22 00:26:27',1,1,3,701080201,0,0,1),(85,'2020-09-22 00:26:27',1,1,3,701090101,0,0,1),(86,'2020-09-22 00:26:27',1,1,3,702010101,0,0,1),(87,'2020-09-22 00:26:27',1,1,3,702010201,0,0,1),(88,'2020-09-22 00:26:27',1,1,3,702010601,0,0,1),(89,'2020-09-22 00:26:27',1,1,3,704010101,0,0,1),(90,'2020-09-22 00:26:27',1,1,3,707010201,0,0,1),(91,'2020-09-22 00:26:27',1,1,3,708010201,0,0,1),(92,'2020-09-22 00:26:27',1,1,3,708020101,0,0,1),(93,'2020-09-22 00:26:27',1,1,3,711010101,0,0,1),(94,'2020-09-22 00:26:27',1,1,3,714010201,0,0,1),(95,'2020-09-22 00:26:27',1,1,3,714030201,0,0,1),(96,'2020-09-22 00:26:27',1,1,3,714040201,0,0,1),(97,'2020-09-22 00:26:27',1,1,3,715010101,0,0,1);

--
-- Dumping events for database 'eod_log'
--

--
-- Dumping routines for database 'eod_log'
--

--
-- Current Database: `eod_authentication`
--

CREATE DATABASE /*!32312 IF NOT EXISTS*/ `eod_authentication` /*!40100 DEFAULT CHARACTER SET utf8 COLLATE utf8_unicode_ci */;

USE `eod_authentication`;

--
-- Table structure for table `table_account_relationship`
--

CREATE TABLE `table_account_relationship` (
  `account` varchar(128) COLLATE utf8_unicode_ci NOT NULL COMMENT '사용자 ID와 연계한 계정의 이름\n\n- 계정은 직접 관리하지 않으며, 다른 서비스 업체(Google, Apple, Facebook 등)의 계정 정보를 연동하는 방식으로 이루어진다.\n\n- 타 서비스 업체의 로그인 과정을 거쳐 발급한 고유 키 값을 계정으로 사용한다.\n\n- 이를 제외하고, 각 사용자 ID당 무조건 하나씩 발급해야 하는 시리얼 코드가 있다.\n: 이 시리얼 코드 역시 계정명의 하나로써 취급한다.',
  `user_id` bigint(20) unsigned NOT NULL DEFAULT '0' COMMENT '이 계정과 연동되는 사용자 ID\n\n- 하나의 사용자 ID에 여러 계정이 연동될 수 있다.',
  `relation_type` tinyint(4) NOT NULL DEFAULT '0' COMMENT '연관 타입\n\n- 어떤 방식의 계정으로 연동된 것인지를 나타낸다.\n\n- 값은 eAccountRelation과 같다.\n',
  `related` tinyint(1) NOT NULL DEFAULT '0' COMMENT '연동 상태\n\n- 계정 연동이 된 상태인지를 나타낸다.\n: true는 계정 연동이 된 상태이고, false는 연동되지 않은 상태임을 나타낸다.\n\n- 특정 계정에 대해, 연동을 했다가 취소하면 이 값은 false가 된다.',
  `generate_datetime` datetime NOT NULL DEFAULT '1000-01-01 00:00:00',
  PRIMARY KEY (`account`),
  KEY `user_id_relation_type_idx` (`user_id`,`relation_type`)
) ENGINE=InnoDB DEFAULT CHARSET=utf8 COLLATE=utf8_unicode_ci COMMENT='외부 서비스와 사용자 계정 간 연동 정보';

--
-- Dumping data for table `table_account_relationship`
--

INSERT INTO `table_account_relationship` VALUES ('10207724364305262',2,4,1,'2020-09-19 13:10:05'),('10216757545922620',6,4,1,'2020-09-20 18:13:42'),('g05402370770229659861',5,2,1,'2020-09-20 17:06:51'),('g11871908275080989243',9,2,1,'2020-09-21 19:56:04'),('g18166831424114874902',8,2,1,'2020-09-21 19:04:16'),('kkhjkhj',11,1,1,'2020-09-22 16:50:39'),('noxman001',1,1,1,'2020-09-19 12:48:07'),('numjou',4,1,1,'2020-09-19 14:39:33'),('numjou4',3,1,1,'2020-09-19 14:18:07');

--
-- Table structure for table `table_account_user`
--

CREATE TABLE `table_account_user` (
  `user_id` bigint(20) unsigned NOT NULL AUTO_INCREMENT COMMENT '사용자 계정마다 부여하는 고유 번호\n\n- 고유 번호는 한 번 부여하면 변하지 않는다.\n\n- 직접 클라이언트에게 노출하지 않는다. 클라이언트는 오직 로그인 한 이후에 authntication_ticket만 받아갈 수 있을 뿐이다. \n\n- 사용자 계정 고유 번호의 첫 6비트는 그 캐릭터가 소속될 게임 DB의 번호이다. \n: 이를 통해, 해당 플레이어가 어느 DB에 소속되는지 알 수 있다.',
  `serial_code` varchar(24) COLLATE utf8_unicode_ci NOT NULL DEFAULT '' COMMENT '계정마다 부여하는 시리얼 코드\n\n- 각 글자마다 [A-Z], [0-9]인 16글자로 구성한다.\n: 영문자는 대문자만 사용한다.\n\n- 각 계정들은 반드시 하나의 시리얼 코드를 보유해야 한다.',
  `authentication_number` bigint(20) unsigned NOT NULL DEFAULT '0' COMMENT '발급한 인증 번호\n\n- 인증 번호는 64비트의 부호 없는 정수형으로 만든다.\n\n- 상위 32비트는 인증 번호를 발급할 시점의 서버 시간(단, UTC 시간임.)에 대한 상위 32비트를 나타낸다.\n: 접속한 연-월-일(YYYY-MM-DD)과 같다.\n\n- 하위 32비트는 ',
  `state` tinyint(4) NOT NULL DEFAULT '0' COMMENT '플레이어의 현재 상태\n\n- enum ePlayerState의 값과 같다.\n\n- 사용자에게 노출하지는 않으며, 플레이어 관리 측면에서만 사용한다.\n',
  `sanctions_end_datetime` datetime NOT NULL DEFAULT '1000-01-01 00:00:00' COMMENT '플레이어 데이터의 처벌(계정 접근 정지)이 종료될 일시\n: 플레이어에 대한 징계 용도로 사용한다. \n\n - 이 값이 DateTime.MinValue(1000-01-01)인 경우, 접근 정지가 없다는 의미이다.\n\n - 이 값이 DateTime.MaxValue(9999-12-31)인 경우, 무제한이라는 의미이다.',
  `nickname` varchar(128) COLLATE utf8_unicode_ci NOT NULL DEFAULT '' COMMENT '사용자 계정 별명\n\n- 잠정적으로 보통 별명은 보통 최대 16글자까지 할당한다고 가정한다.\n\n- 그래서, 이름에 16 × 3 = 48 바이트가 필요하다.\n\n- 삭제한 계정의 경우, 다른 사용자가 이름을 사용할 수 있도록 하기 위해, 삭제한 계정의 이름에 추가적인 문자열을 넣어서 바꿔야 한다.\n: 이 때, 바꾸는 이름도 전체 DB에서 유일해야 하므로, 대개 user_id를 넣어서 바꾸게 된다.\n  user_id는 64비트 부호 없는 정수이기 때문에 20자리까지 나오는 수이다. 그러므로 20바이트는 추가로 필요하다. \n\n-  거기에 추가적으로 더 붙어야 하는 여유 공간을 생각하면 총 48 + 20 + 28 = 96바이트가 적당한 것 같다.\n: 이 정도면 별명 길이의 한계가 20글자로 더 길어져야 한다고 해도 여유 공간상 크게 문제 없다고 본다.',
  `join_datetime` datetime NOT NULL DEFAULT '1000-01-01 00:00:00' COMMENT '계정을 생성한 일시 ',
  `last_login_datetime` datetime NOT NULL DEFAULT '1000-01-01 00:00:00' COMMENT '마지막으로 로그인한 일시 ',
  `application_version` int(11) unsigned NOT NULL DEFAULT '0' COMMENT '접속한 애플리케이션 버전',
  `game_data_version` int(11) unsigned NOT NULL DEFAULT '0' COMMENT '접속한 게임 데이터 버전',
  `platform_type` tinyint(4) NOT NULL DEFAULT '0' COMMENT '로그인 한 사용자의 플랫폼 타입\n\n- UnityEngine.RuntimePlatform의 값을 그대로 사용한다.\n\n- UnityEngine.Application.platform의 값을 그냥 보내면 된다.',
  `device_model` varchar(128) COLLATE utf8_unicode_ci NOT NULL DEFAULT '' COMMENT '로그인한 사용자의 기기의 제조 구분 타입 \n\n- 제조자가 정하고 있는 기기의 분류 명칭을 일컫는다.\n\n- 사용자의 기기 분포 같은 데 써먹으려고...\n\n- 사용자가 기기를 바꿔서 로그인했다면, 이 값도 바뀐다.',
  `device_os` varchar(128) COLLATE utf8_unicode_ci NOT NULL DEFAULT '' COMMENT '로그인한 사용자의 운영체제 버전 ',
  `update_datetime` datetime NOT NULL DEFAULT '1000-01-01 00:00:00',
  PRIMARY KEY (`user_id`),
  UNIQUE KEY `authentication_number_UNIQUE` (`authentication_number`),
  UNIQUE KEY `nickname_UNIQUE` (`nickname`),
  UNIQUE KEY `serial_code_UNIQUE` (`serial_code`)
) ENGINE=InnoDB AUTO_INCREMENT=12 DEFAULT CHARSET=utf8 COLLATE=utf8_unicode_ci COMMENT='사용자 계정 정보';

--
-- Dumping data for table `table_account_user`
--

INSERT INTO `table_account_user` VALUES (1,'FJ0PFA7Z8TAP2WJB',2511109208202805932,0,'1000-01-01 00:00:00','이보시오의사양반','2020-09-19 12:48:07','2020-09-21 16:18:25',0,0,7,'SystemProductName(Systemmanufacturer)','Windows10(10.0.0)64bit','2020-09-22 01:18:25'),(2,'BRAV6FPQFFUJGNDE',4671665949581319199,0,'1000-01-01 00:00:00','DobiPark','2020-09-19 13:10:05','2020-09-21 10:03:10',0,0,11,'samsungSM-A908N','AndroidOS10/API-29(QP1A.190711.020/A908NKSU2BTF6)','2020-09-21 19:03:10'),(3,'G4VG4L0WQHBHYF0K',7209999155323901136,0,'1000-01-01 00:00:00','DobiDObi','2020-09-19 14:18:07','2020-09-19 05:38:43',0,0,7,'TFG156(HANSUNGCOMPUTER)','Windows10(10.0.0)64bit','2020-09-19 14:38:43'),(4,'6JKL3T8W0U7IHD4F',2288418761185570057,0,'1000-01-01 00:00:00','DOBILALA','2020-09-19 14:39:33','2020-09-21 10:54:53',0,0,7,'TFG156(HANSUNGCOMPUTER)','Windows10(10.0.0)64bit','2020-09-21 19:54:53'),(5,'0217TBUAAOVFZ8X7',1179279260485543113,0,'1000-01-01 00:00:00','철사마','2020-09-20 17:06:51','2020-09-21 10:53:46',0,0,11,'GooglePixel3XL','AndroidOS10/API-29(QQ3A.200705.002/6506677)','2020-09-21 19:53:46'),(6,'O3BWDSHPTKZE33S6',3151563847853724044,0,'1000-01-01 00:00:00','사마사마','2020-09-20 18:13:42','2020-09-21 10:34:10',0,0,11,'GooglePixel3XL','AndroidOS10/API-29(QQ3A.200705.002/6506677)','2020-09-21 19:34:10'),(7,'IDHVQNUMP8683EDL',7541409424571921055,0,'1000-01-01 00:00:00','hovorj','2020-09-21 10:51:03','2020-09-21 01:51:03',0,0,11,'XiaomiRedmiK20ProPremiumEdition','AndroidOS10/API-29(QKQ1.190825.002/V12.0.2.0.QFKCNXM)','2020-09-21 10:51:31'),(8,'7DCAUS4P21PS7BF3',7384162180393122329,0,'1000-01-01 00:00:00','DoDoBiBi','2020-09-21 19:04:16','2020-09-21 10:41:11',0,0,11,'samsungSM-A908N','AndroidOS10/API-29(QP1A.190711.020/A908NKSU2BTF6)','2020-09-21 19:41:11'),(9,'TR1ONS3U5I05QACQ',3518265400893274336,0,'1000-01-01 00:00:00','폼폼','2020-09-21 19:56:04','2020-09-21 11:28:35',0,0,11,'samsungSM-N986N','AndroidOS10/API-29(QP1A.190711.020/N986NKSU1ATH1)','2020-09-21 20:28:35'),(10,'SBHH4XCVTBDP1K5S',4234617864640249195,0,'1000-01-01 00:00:00','호잇','2020-09-21 20:18:13','2020-09-21 11:24:34',0,0,11,'GooglePixel3XL','AndroidOS10/API-29(QQ3A.200705.002/6506677)','2020-09-21 20:24:34'),(11,'RXAXQWWMB3Q6QCR1',2957978242039396017,0,'1000-01-01 00:00:00','asdfasdfadsf','2020-09-22 16:50:39','2020-09-22 07:55:27',0,0,7,'SystemProductName(Systemmanufacturer)','Windows10(10.0.0)64bit','2020-09-22 16:55:27');

--
-- Dumping events for database 'eod_authentication'
--

--
-- Dumping routines for database 'eod_authentication'
--

--
-- Current Database: `eod_game`
--

CREATE DATABASE /*!32312 IF NOT EXISTS*/ `eod_game` /*!40100 DEFAULT CHARACTER SET utf8 COLLATE utf8_unicode_ci */;

USE `eod_game`;

--
-- Table structure for table `delete_equipment_temp`
--

CREATE TABLE `delete_equipment_temp` (
  `item_id` bigint(20) unsigned NOT NULL,
  PRIMARY KEY (`item_id`)
) ENGINE=InnoDB DEFAULT CHARSET=utf8 COLLATE=utf8_unicode_ci;

--
-- Dumping data for table `delete_equipment_temp`
--


--
-- Table structure for table `delete_post_temp`
--

CREATE TABLE `delete_post_temp` (
  `no` bigint(20) unsigned NOT NULL,
  PRIMARY KEY (`no`)
) ENGINE=InnoDB DEFAULT CHARSET=utf8 COLLATE=utf8_unicode_ci;

--
-- Dumping data for table `delete_post_temp`
--


--
-- Table structure for table `table_achievement`
--

CREATE TABLE `table_achievement` (
  `user_id` bigint(20) unsigned NOT NULL COMMENT '플레이어의 사용자 ID\n\n- 업적은 플레이어 단위로 작동한다.',
  `character_id` bigint(20) unsigned NOT NULL,
  `achievement_code` int(11) NOT NULL COMMENT '업적의 타입 식별 코드\n\n- GTC 값이다.',
  `state` tinyint(4) NOT NULL DEFAULT '0' COMMENT '업적의 수행 상태\n: eAchievementState의 값과 같다.',
  `update_datetime` datetime NOT NULL DEFAULT '1000-01-01 00:00:00',
  PRIMARY KEY (`user_id`,`character_id`,`achievement_code`)
) ENGINE=InnoDB DEFAULT CHARSET=utf8 COLLATE=utf8_unicode_ci COMMENT='플레이어, 캐릭터 별 업적의 달성 상태 정보';

--
-- Dumping data for table `table_achievement`
--

INSERT INTO `table_achievement` VALUES (1,0,904211001,1,'2020-09-19 12:48:27'),(1,0,905211001,1,'2020-09-19 12:48:27'),(1,0,905221001,1,'2020-09-19 12:48:27'),(1,0,908221001,1,'2020-09-19 12:48:27'),(1,0,913010101,1,'2020-09-19 12:48:27'),(1,0,913020301,1,'2020-09-19 12:48:27'),(1,0,913030401,1,'2020-09-19 12:48:27'),(1,0,913030501,1,'2020-09-19 12:48:27'),(1,0,914020201,5,'2020-09-19 13:03:27'),(1,0,914020202,1,'2020-09-19 12:49:50'),(1,0,914030201,1,'2020-09-19 12:48:27'),(1,1,902011001,1,'2020-09-19 13:03:18'),(1,1,902131001,1,'2020-09-19 13:03:17'),(1,1,902141001,1,'2020-09-19 13:03:17'),(1,1,902231001,1,'2020-09-19 13:03:17'),(1,1,903121001,1,'2020-09-19 13:03:17'),(1,1,903131001,1,'2020-09-19 13:03:17'),(1,1,903141001,1,'2020-09-19 13:03:17'),(1,1,903221001,1,'2020-09-19 13:03:17'),(1,1,903231001,1,'2020-09-19 13:03:17'),(1,1,903241001,1,'2020-09-19 13:03:17'),(1,1,903311001,1,'2020-09-19 13:03:17'),(1,1,904111001,2,'2020-09-22 00:39:32'),(1,1,904111002,1,'2020-09-22 00:39:32'),(1,1,904211001,1,'2020-09-19 12:48:27'),(1,1,905111001,1,'2020-09-19 13:03:17'),(1,1,905121001,2,'2020-09-19 13:05:25'),(1,1,905121002,1,'2020-09-19 13:05:25'),(1,1,906111001,1,'2020-09-19 13:03:17'),(1,1,908231001,1,'2020-09-19 13:03:17'),(1,1,908231002,1,'2020-09-19 13:03:17'),(1,1,908231003,1,'2020-09-19 13:03:17'),(1,1,908231004,1,'2020-09-19 13:03:17'),(1,1,908231005,1,'2020-09-19 13:03:17'),(1,1,908231006,1,'2020-09-19 13:03:17'),(1,1,908231007,1,'2020-09-19 13:03:17'),(1,1,908231008,1,'2020-09-19 13:03:17'),(1,1,908231009,1,'2020-09-19 13:03:17'),(1,1,908231010,1,'2020-09-19 13:03:17'),(1,1,908231011,1,'2020-09-19 13:03:17'),(1,1,908231012,1,'2020-09-19 13:03:17'),(1,1,908231013,1,'2020-09-19 13:03:17'),(1,1,908231014,1,'2020-09-19 13:03:17'),(1,1,908231015,1,'2020-09-19 13:03:17'),(1,1,908231016,1,'2020-09-19 13:03:17'),(1,1,908231017,1,'2020-09-19 13:03:17'),(1,1,908231018,1,'2020-09-19 13:03:17'),(1,1,908231019,1,'2020-09-19 13:03:17'),(1,1,908231020,1,'2020-09-19 13:03:17'),(1,1,908231021,1,'2020-09-19 13:03:17'),(1,1,908231022,1,'2020-09-19 13:03:17'),(1,1,908231023,1,'2020-09-19 13:03:17'),(1,1,908231024,1,'2020-09-19 13:03:17'),(1,1,908231025,1,'2020-09-19 13:03:17'),(1,1,908231026,1,'2020-09-19 13:03:17'),(1,1,908231027,1,'2020-09-19 13:03:17'),(1,1,908231028,1,'2020-09-19 13:03:17'),(1,1,908231029,1,'2020-09-19 13:03:17'),(1,1,908231030,1,'2020-09-19 13:03:17'),(1,1,908231031,1,'2020-09-19 13:03:17'),(1,1,908231032,1,'2020-09-19 13:03:17'),(1,1,908231033,1,'2020-09-19 13:03:17'),(1,1,908231034,1,'2020-09-19 13:03:17'),(1,1,908231035,1,'2020-09-19 13:03:17'),(1,1,908231036,1,'2020-09-19 13:03:17'),(1,1,908231037,1,'2020-09-19 13:03:17'),(1,1,908231038,1,'2020-09-19 13:03:17'),(1,1,908231039,1,'2020-09-19 13:03:17'),(1,1,908231040,1,'2020-09-19 13:03:17'),(1,1,909010101,1,'2020-09-19 12:48:27'),(1,1,910010101,1,'2020-09-19 12:48:27'),(1,1,910020201,1,'2020-09-19 13:03:18'),(1,1,911010101,1,'2020-09-19 13:03:18'),(1,1,912010101,1,'2020-09-19 13:03:18'),(1,1,912020101,1,'2020-09-19 13:03:18'),(1,1,912030101,1,'2020-09-19 13:03:18'),(1,1,914010201,1,'2020-09-19 13:01:26'),(1,1,914040201,1,'2020-09-19 13:03:18'),(1,1,914050201,1,'2020-09-19 13:00:18'),(1,1,915010101,1,'2020-09-19 13:03:18'),(2,0,904211001,1,'2020-09-19 13:10:32'),(2,0,905211001,1,'2020-09-19 13:10:32'),(2,0,905221001,1,'2020-09-19 13:10:32'),(2,0,908221001,1,'2020-09-19 13:10:32'),(2,0,913010101,2,'2020-09-19 14:30:20'),(2,0,913010102,1,'2020-09-19 14:30:20'),(2,0,913020301,1,'2020-09-19 13:10:32'),(2,0,913030401,1,'2020-09-19 13:10:32'),(2,0,913030501,1,'2020-09-19 13:10:32'),(2,0,914020201,1,'2020-09-19 13:10:32'),(2,0,914030201,1,'2020-09-19 13:10:32'),(2,2,904111001,2,'2020-09-19 14:29:25'),(2,2,904111002,2,'2020-09-19 14:30:11'),(2,2,904111003,2,'2020-09-19 14:30:11'),(2,2,904111004,2,'2020-09-19 14:30:11'),(2,2,904111005,2,'2020-09-19 14:30:11'),(2,2,904111006,2,'2020-09-19 14:30:11'),(2,2,904111007,2,'2020-09-19 14:30:11'),(2,2,904111008,2,'2020-09-19 14:30:11'),(2,2,904111009,2,'2020-09-19 14:30:11'),(2,2,904111010,2,'2020-09-19 14:30:11'),(2,2,904211001,1,'2020-09-19 13:10:32'),(2,2,909010101,1,'2020-09-19 13:10:32'),(2,2,910010101,1,'2020-09-19 13:10:32'),(2,2,914010201,1,'2020-09-19 13:12:55'),(2,2,914050201,1,'2020-09-19 13:11:01'),(2,5,904111001,2,'2020-09-19 15:36:09'),(2,5,904111002,2,'2020-09-19 15:36:09'),(2,5,904111003,2,'2020-09-19 15:36:09'),(2,5,904111004,2,'2020-09-19 15:36:09'),(2,5,904111005,2,'2020-09-19 15:36:09'),(2,5,904111006,2,'2020-09-19 15:36:09'),(2,5,904111007,2,'2020-09-19 15:36:09'),(2,5,904111008,1,'2020-09-19 15:36:09'),(2,5,904211001,1,'2020-09-19 15:36:01'),(2,5,909010101,1,'2020-09-19 15:36:00'),(2,5,910010101,1,'2020-09-19 15:36:00'),(2,5,914010201,2,'2020-09-21 11:04:33'),(2,5,914010202,2,'2020-09-21 11:04:33'),(2,5,914010203,2,'2020-09-21 11:04:33'),(2,5,914010204,2,'2020-09-21 11:04:33'),(2,5,914010205,2,'2020-09-21 11:04:33'),(2,5,914010206,2,'2020-09-21 11:04:33'),(2,5,914010207,2,'2020-09-21 11:04:33'),(2,5,914010208,2,'2020-09-21 11:04:33'),(2,5,914010209,2,'2020-09-21 11:04:33'),(2,5,914010210,2,'2020-09-21 11:04:33'),(2,5,914010211,2,'2020-09-21 11:04:33'),(2,5,914010212,2,'2020-09-21 11:04:33'),(2,5,914010213,2,'2020-09-21 11:04:33'),(2,5,914010214,2,'2020-09-21 11:04:33'),(2,5,914010215,2,'2020-09-21 11:04:33'),(2,5,914010216,2,'2020-09-21 11:04:33'),(2,5,914010217,2,'2020-09-21 11:04:33'),(2,5,914010218,2,'2020-09-21 11:04:33'),(2,5,914010219,2,'2020-09-21 11:04:33'),(2,5,914010220,2,'2020-09-21 11:04:33'),(2,5,914010221,2,'2020-09-21 11:04:33'),(2,5,914010222,2,'2020-09-21 11:04:33'),(2,5,914010223,2,'2020-09-21 11:04:33'),(2,5,914050201,1,'2020-09-19 23:19:30'),(2,11,904111001,2,'2020-09-21 18:59:54'),(2,11,904111002,2,'2020-09-21 18:59:54'),(2,11,904111003,2,'2020-09-21 18:59:54'),(2,11,904111004,2,'2020-09-21 18:59:54'),(2,11,904111005,2,'2020-09-21 18:59:54'),(2,11,904111006,2,'2020-09-21 18:59:54'),(2,11,904111007,1,'2020-09-21 18:59:54'),(2,11,904211001,1,'2020-09-21 18:59:46'),(2,11,909010101,1,'2020-09-21 18:59:44'),(2,11,910010101,1,'2020-09-21 18:59:44'),(2,12,904111001,1,'2020-09-21 19:03:14'),(2,12,904211001,1,'2020-09-21 19:03:14'),(2,12,909010101,1,'2020-09-21 19:03:13'),(2,12,910010101,1,'2020-09-21 19:03:13'),(3,0,904211001,1,'2020-09-19 14:18:34'),(3,0,905211001,1,'2020-09-19 14:18:34'),(3,0,905221001,1,'2020-09-19 14:18:34'),(3,0,908221001,1,'2020-09-19 14:18:34'),(3,0,913010101,2,'2020-09-19 14:29:15'),(3,0,913010102,1,'2020-09-19 14:29:15'),(3,0,913020301,2,'2020-09-19 14:29:53'),(3,0,913020302,2,'2020-09-19 14:31:02'),(3,0,913020303,2,'2020-09-19 14:31:30'),(3,0,913020304,1,'2020-09-19 14:31:30'),(3,0,913030401,1,'2020-09-19 14:18:34'),(3,0,913030501,1,'2020-09-19 14:18:34'),(3,0,914020201,1,'2020-09-19 14:18:34'),(3,0,914030201,1,'2020-09-19 14:18:34'),(3,3,904111001,2,'2020-09-19 14:29:01'),(3,3,904111002,2,'2020-09-19 14:29:01'),(3,3,904111003,2,'2020-09-19 14:29:01'),(3,3,904111004,2,'2020-09-19 14:29:01'),(3,3,904111005,2,'2020-09-19 14:29:01'),(3,3,904111006,2,'2020-09-19 14:29:01'),(3,3,904111007,2,'2020-09-19 14:29:01'),(3,3,904111008,2,'2020-09-19 14:29:01'),(3,3,904111009,2,'2020-09-19 14:29:01'),(3,3,904111010,2,'2020-09-19 14:29:01'),(3,3,904211001,1,'2020-09-19 14:18:34'),(3,3,909010101,1,'2020-09-19 14:18:34'),(3,3,910010101,1,'2020-09-19 14:18:34'),(3,3,914010201,1,'2020-09-19 14:24:33'),(3,3,914050201,1,'2020-09-19 14:19:51'),(4,0,904211001,1,'2020-09-19 14:39:47'),(4,0,905211001,1,'2020-09-19 14:39:47'),(4,0,905221001,1,'2020-09-19 14:39:47'),(4,0,908221001,1,'2020-09-19 14:39:47'),(4,0,913010101,1,'2020-09-19 14:39:47'),(4,0,913020301,1,'2020-09-19 14:39:47'),(4,0,913030401,1,'2020-09-19 14:39:47'),(4,0,913030501,1,'2020-09-19 14:39:47'),(4,0,914020201,1,'2020-09-19 14:39:47'),(4,0,914030201,1,'2020-09-19 14:39:47'),(4,4,904111001,2,'2020-09-19 17:25:43'),(4,4,904111002,2,'2020-09-19 17:25:43'),(4,4,904111003,2,'2020-09-19 17:25:43'),(4,4,904111004,2,'2020-09-19 17:25:43'),(4,4,904111005,2,'2020-09-19 17:25:43'),(4,4,904111006,2,'2020-09-19 17:25:43'),(4,4,904111007,2,'2020-09-19 17:25:43'),(4,4,904111008,2,'2020-09-19 17:25:43'),(4,4,904111009,1,'2020-09-19 17:25:43'),(4,4,904211001,1,'2020-09-19 14:39:47'),(4,4,909010101,1,'2020-09-19 14:39:47'),(4,4,910010101,1,'2020-09-19 14:39:47'),(4,4,914010201,2,'2020-09-21 11:04:14'),(4,4,914010202,2,'2020-09-21 11:04:14'),(4,4,914010203,2,'2020-09-21 11:04:14'),(4,4,914010204,2,'2020-09-21 11:04:14'),(4,4,914010205,2,'2020-09-21 11:04:14'),(4,4,914010206,2,'2020-09-21 11:04:14'),(4,4,914010207,2,'2020-09-21 11:04:14'),(4,4,914010208,2,'2020-09-21 11:04:14'),(4,4,914010209,2,'2020-09-21 11:04:14'),(4,4,914010210,2,'2020-09-21 11:04:14'),(4,4,914010211,2,'2020-09-21 11:04:14'),(4,4,914010212,2,'2020-09-21 11:04:14'),(4,4,914010213,2,'2020-09-21 11:04:14'),(4,4,914010214,2,'2020-09-21 11:04:14'),(4,4,914010215,2,'2020-09-21 11:04:14'),(4,4,914010216,2,'2020-09-21 11:04:14'),(4,4,914010217,2,'2020-09-21 11:04:14'),(4,4,914010218,2,'2020-09-21 11:04:14'),(4,4,914010219,2,'2020-09-21 11:04:14'),(4,4,914010220,2,'2020-09-21 11:04:14'),(4,4,914010221,2,'2020-09-21 11:04:14'),(4,4,914010222,2,'2020-09-21 11:04:14'),(4,4,914010223,2,'2020-09-21 11:04:14'),(4,4,914050201,1,'2020-09-19 14:40:12'),(4,6,904111001,1,'2020-09-19 20:40:32'),(4,6,904211001,1,'2020-09-19 20:40:32'),(4,6,909010101,1,'2020-09-19 20:40:28'),(4,6,910010101,1,'2020-09-19 20:40:28'),(5,0,904211001,1,'2020-09-20 17:07:57'),(5,0,905211001,1,'2020-09-20 17:07:57'),(5,0,905221001,1,'2020-09-20 17:07:57'),(5,0,908221001,1,'2020-09-20 17:07:57'),(5,0,913010101,1,'2020-09-20 17:07:57'),(5,0,913020301,1,'2020-09-20 17:07:57'),(5,0,913030401,1,'2020-09-20 17:07:57'),(5,0,913030501,1,'2020-09-20 17:07:57'),(5,0,914020201,1,'2020-09-20 17:07:57'),(5,0,914030201,1,'2020-09-20 17:07:57'),(5,7,902011001,1,'2020-09-20 19:07:02'),(5,7,902131001,1,'2020-09-20 19:07:02'),(5,7,902141001,1,'2020-09-20 19:07:02'),(5,7,902231001,1,'2020-09-20 19:07:02'),(5,7,903121001,1,'2020-09-20 19:07:02'),(5,7,903131001,1,'2020-09-20 19:07:02'),(5,7,903141001,1,'2020-09-20 19:07:02'),(5,7,903221001,1,'2020-09-20 19:07:02'),(5,7,903231001,1,'2020-09-20 19:07:02'),(5,7,903241001,1,'2020-09-20 19:07:02'),(5,7,903311001,1,'2020-09-20 19:07:02'),(5,7,904111001,2,'2020-09-20 17:26:07'),(5,7,904111002,2,'2020-09-20 22:56:38'),(5,7,904111003,1,'2020-09-20 22:56:38'),(5,7,904211001,1,'2020-09-20 17:07:57'),(5,7,905111001,2,'2020-09-20 17:29:58'),(5,7,905111002,2,'2020-09-20 18:53:51'),(5,7,905111003,2,'2020-09-20 18:59:32'),(5,7,905111004,2,'2020-09-20 23:46:22'),(5,7,905111005,2,'2020-09-21 20:02:06'),(5,7,905111006,1,'2020-09-21 20:02:07'),(5,7,905121001,2,'2020-09-20 18:53:48'),(5,7,905121002,1,'2020-09-20 18:53:48'),(5,7,906111001,1,'2020-09-20 19:07:02'),(5,7,908231001,1,'2020-09-20 19:07:02'),(5,7,908231002,1,'2020-09-20 19:07:02'),(5,7,908231003,1,'2020-09-20 19:07:02'),(5,7,908231004,1,'2020-09-20 19:07:02'),(5,7,908231005,1,'2020-09-20 19:07:02'),(5,7,908231006,1,'2020-09-20 19:07:02'),(5,7,908231007,1,'2020-09-20 19:07:02'),(5,7,908231008,1,'2020-09-20 19:07:02'),(5,7,908231009,1,'2020-09-20 19:07:02'),(5,7,908231010,1,'2020-09-20 19:07:02'),(5,7,908231011,1,'2020-09-20 19:07:02'),(5,7,908231012,1,'2020-09-20 19:07:02'),(5,7,908231013,1,'2020-09-20 19:07:02'),(5,7,908231014,1,'2020-09-20 19:07:02'),(5,7,908231015,1,'2020-09-20 19:07:02'),(5,7,908231016,1,'2020-09-20 19:07:02'),(5,7,908231017,1,'2020-09-20 19:07:02'),(5,7,908231018,1,'2020-09-20 19:07:02'),(5,7,908231019,1,'2020-09-20 19:07:02'),(5,7,908231020,1,'2020-09-20 19:07:02'),(5,7,908231021,1,'2020-09-20 19:07:02'),(5,7,908231022,1,'2020-09-20 19:07:02'),(5,7,908231023,1,'2020-09-20 19:07:02'),(5,7,908231024,1,'2020-09-20 19:07:02'),(5,7,908231025,1,'2020-09-20 19:07:02'),(5,7,908231026,1,'2020-09-20 19:07:02'),(5,7,908231027,1,'2020-09-20 19:07:02'),(5,7,908231028,1,'2020-09-20 19:07:02'),(5,7,908231029,1,'2020-09-20 19:07:02'),(5,7,908231030,1,'2020-09-20 19:07:02'),(5,7,908231031,1,'2020-09-20 19:07:02'),(5,7,908231032,1,'2020-09-20 19:07:02'),(5,7,908231033,1,'2020-09-20 19:07:02'),(5,7,908231034,1,'2020-09-20 19:07:02'),(5,7,908231035,1,'2020-09-20 19:07:02'),(5,7,908231036,1,'2020-09-20 19:07:02'),(5,7,908231037,1,'2020-09-20 19:07:02'),(5,7,908231038,1,'2020-09-20 19:07:02'),(5,7,908231039,1,'2020-09-20 19:07:02'),(5,7,908231040,1,'2020-09-20 19:07:02'),(5,7,909010101,1,'2020-09-20 17:07:57'),(5,7,910010101,1,'2020-09-20 17:07:57'),(5,7,910020201,1,'2020-09-20 19:07:02'),(5,7,911010101,1,'2020-09-20 19:07:02'),(5,7,912010101,1,'2020-09-20 19:07:02'),(5,7,912020101,1,'2020-09-20 19:07:02'),(5,7,912030101,1,'2020-09-20 19:07:02'),(5,7,914010201,1,'2020-09-20 17:11:41'),(5,7,914040201,1,'2020-09-20 19:07:02'),(5,7,914050201,1,'2020-09-20 17:10:08'),(5,7,915010101,1,'2020-09-20 19:07:02'),(5,14,904111001,2,'2020-09-21 19:49:38'),(5,14,904111002,1,'2020-09-21 19:49:38'),(5,14,904211001,1,'2020-09-21 19:40:55'),(5,14,905111001,1,'2020-09-21 19:43:48'),(5,14,909010101,1,'2020-09-21 19:40:54'),(5,14,910010101,1,'2020-09-21 19:40:54'),(5,14,914010201,1,'2020-09-21 19:42:20'),(5,14,914050201,1,'2020-09-21 19:41:25'),(5,16,904111001,1,'2020-09-21 20:15:06'),(5,16,904211001,1,'2020-09-21 20:15:06'),(5,16,909010101,1,'2020-09-21 20:15:05'),(5,16,910010101,1,'2020-09-21 20:15:05'),(5,16,914010201,1,'2020-09-21 20:16:31'),(5,16,914050201,1,'2020-09-21 20:15:39'),(6,0,904211001,1,'2020-09-20 18:14:57'),(6,0,905211001,1,'2020-09-20 18:14:57'),(6,0,905221001,1,'2020-09-20 18:14:57'),(6,0,908221001,1,'2020-09-20 18:14:57'),(6,0,913010101,1,'2020-09-20 18:14:57'),(6,0,913020301,1,'2020-09-20 18:14:57'),(6,0,913030401,1,'2020-09-20 18:14:57'),(6,0,913030501,1,'2020-09-20 18:14:57'),(6,0,914020201,1,'2020-09-20 18:14:57'),(6,0,914030201,1,'2020-09-20 18:14:57'),(6,8,904111001,1,'2020-09-20 18:14:57'),(6,8,904211001,1,'2020-09-20 18:14:57'),(6,8,909010101,1,'2020-09-20 18:14:57'),(6,8,910010101,1,'2020-09-20 18:14:57'),(6,8,914010201,1,'2020-09-20 18:22:02'),(6,8,914050201,1,'2020-09-20 18:20:28'),(6,10,904111001,1,'2020-09-21 12:28:28'),(6,10,904211001,1,'2020-09-21 12:28:28'),(6,10,909010101,1,'2020-09-21 12:28:24'),(6,10,910010101,1,'2020-09-21 12:28:24'),(6,10,914010201,1,'2020-09-21 12:30:25'),(6,10,914050201,1,'2020-09-21 12:28:59'),(7,0,904211001,1,'2020-09-21 10:51:56'),(7,0,905211001,1,'2020-09-21 10:51:56'),(7,0,905221001,1,'2020-09-21 10:51:56'),(7,0,908221001,1,'2020-09-21 10:51:56'),(7,0,913010101,1,'2020-09-21 10:51:56'),(7,0,913020301,1,'2020-09-21 10:51:56'),(7,0,913030401,1,'2020-09-21 10:51:56'),(7,0,913030501,1,'2020-09-21 10:51:56'),(7,0,914020201,1,'2020-09-21 10:51:56'),(7,0,914030201,1,'2020-09-21 10:51:56'),(7,9,904111001,1,'2020-09-21 10:51:56'),(7,9,904211001,1,'2020-09-21 10:51:56'),(7,9,909010101,1,'2020-09-21 10:51:56'),(7,9,910010101,1,'2020-09-21 10:51:56'),(7,9,914050201,1,'2020-09-21 10:54:57'),(8,0,904211001,1,'2020-09-21 19:04:33'),(8,0,905211001,1,'2020-09-21 19:04:33'),(8,0,905221001,1,'2020-09-21 19:04:33'),(8,0,908221001,1,'2020-09-21 19:04:33'),(8,0,913010101,1,'2020-09-21 19:04:33'),(8,0,913020301,1,'2020-09-21 19:04:33'),(8,0,913030401,1,'2020-09-21 19:04:33'),(8,0,913030501,1,'2020-09-21 19:04:33'),(8,0,914020201,1,'2020-09-21 19:04:33'),(8,0,914030201,1,'2020-09-21 19:04:33'),(8,13,904111001,1,'2020-09-21 19:04:33'),(8,13,904211001,1,'2020-09-21 19:04:33'),(8,13,909010101,1,'2020-09-21 19:04:33'),(8,13,910010101,1,'2020-09-21 19:04:33'),(8,13,914010201,1,'2020-09-21 19:06:03'),(8,13,914050201,1,'2020-09-21 19:04:54'),(9,0,904211001,1,'2020-09-21 19:56:44'),(9,0,905211001,1,'2020-09-21 19:56:44'),(9,0,905221001,1,'2020-09-21 19:56:44'),(9,0,908221001,1,'2020-09-21 19:56:44'),(9,0,913010101,1,'2020-09-21 19:56:44'),(9,0,913020301,1,'2020-09-21 19:56:44'),(9,0,913030401,1,'2020-09-21 19:56:44'),(9,0,913030501,1,'2020-09-21 19:56:44'),(9,0,914020201,1,'2020-09-21 19:56:44'),(9,0,914030201,1,'2020-09-21 19:56:44'),(9,15,904111001,1,'2020-09-21 19:56:44'),(9,15,904211001,1,'2020-09-21 19:56:44'),(9,15,905111001,1,'2020-09-21 20:28:02'),(9,15,905121001,2,'2020-09-21 20:29:01'),(9,15,905121002,1,'2020-09-21 20:29:01'),(9,15,909010101,1,'2020-09-21 19:56:44'),(9,15,910010101,1,'2020-09-21 19:56:44'),(9,15,914010201,1,'2020-09-21 20:25:26'),(9,15,914050201,1,'2020-09-21 19:57:12'),(10,0,904211001,1,'2020-09-21 20:18:24'),(10,0,905211001,1,'2020-09-21 20:18:24'),(10,0,905221001,1,'2020-09-21 20:18:24'),(10,0,908221001,1,'2020-09-21 20:18:24'),(10,0,913010101,1,'2020-09-21 20:18:24'),(10,0,913020301,1,'2020-09-21 20:18:24'),(10,0,913030401,1,'2020-09-21 20:18:24'),(10,0,913030501,1,'2020-09-21 20:18:24'),(10,0,914020201,1,'2020-09-21 20:18:24'),(10,0,914030201,1,'2020-09-21 20:18:24'),(10,17,904111001,1,'2020-09-21 20:18:24'),(10,17,904211001,1,'2020-09-21 20:18:24'),(10,17,909010101,1,'2020-09-21 20:18:24'),(10,17,910010101,1,'2020-09-21 20:18:24'),(10,17,914010201,1,'2020-09-21 20:22:03'),(10,17,914050201,1,'2020-09-21 20:20:44'),(11,0,904211001,1,'2020-09-22 16:52:03'),(11,0,905211001,1,'2020-09-22 16:52:03'),(11,0,905221001,1,'2020-09-22 16:52:03'),(11,0,908221001,1,'2020-09-22 16:52:03'),(11,0,913010101,1,'2020-09-22 16:52:03'),(11,0,913020301,1,'2020-09-22 16:52:03'),(11,0,913030401,1,'2020-09-22 16:52:03'),(11,0,913030501,1,'2020-09-22 16:52:03'),(11,0,914020201,1,'2020-09-22 16:52:03'),(11,0,914030201,1,'2020-09-22 16:52:03'),(11,18,904111001,1,'2020-09-22 16:52:03'),(11,18,904211001,1,'2020-09-22 16:52:03'),(11,18,909010101,1,'2020-09-22 16:52:03'),(11,18,910010101,1,'2020-09-22 16:52:03'),(11,18,914010201,1,'2020-09-22 17:01:33'),(11,18,914050201,1,'2020-09-22 16:52:38');

--
-- Table structure for table `table_achievement_record`
--

CREATE TABLE `table_achievement_record` (
  `user_id` bigint(20) unsigned NOT NULL COMMENT '업적의 타입 식별 코드\n\n- GTC 값이다.',
  `character_id` bigint(20) unsigned NOT NULL,
  `group_high` int(11) NOT NULL DEFAULT '0' COMMENT '업적의 상위 그룹\n: eAchievementGroupHigh의 값과 같다.',
  `group_mid` int(11) NOT NULL DEFAULT '0' COMMENT '업적의 중위 그룹\n: eAchievementGroupMid의 값과 같다.',
  `group_low` int(11) NOT NULL DEFAULT '0' COMMENT '업적의 하위 그룹\n: eAchievementGroupLow의 값과 같다.',
  `grade` int(11) NOT NULL DEFAULT '0' COMMENT '진행 중인 업적 단계\n\n-  같은 타입의 기록 목표를 여러 단계에 걸쳐 달성해야 한다.',
  `record` bigint(20) NOT NULL DEFAULT '0' COMMENT '업적 종류의 현재 기록\n\n- 이 기록들은 group_high - group_mid - group_low 조합이 같은 업적들끼리 공유한다.',
  `update_datetime` datetime NOT NULL DEFAULT '1000-01-01 00:00:00' COMMENT '갱신일시',
  PRIMARY KEY (`user_id`,`character_id`,`group_high`,`group_mid`,`group_low`)
) ENGINE=InnoDB DEFAULT CHARSET=utf8 COLLATE=utf8_unicode_ci COMMENT='플레이어, 캐릭터 별 업적 관련 데이터와 진행 단계의 기록';

--
-- Dumping data for table `table_achievement_record`
--

INSERT INTO `table_achievement_record` VALUES (1,0,4,2,1,0,0,'2020-09-19 12:48:27'),(1,0,5,2,1,0,0,'2020-09-19 12:48:27'),(1,0,5,2,2,0,0,'2020-09-19 12:48:27'),(1,0,8,2,2,0,0,'2020-09-19 12:48:27'),(1,0,13,1,1,0,0,'2020-09-19 12:48:27'),(1,0,13,2,3,0,0,'2020-09-19 12:48:27'),(1,0,13,3,4,0,0,'2020-09-19 12:48:27'),(1,0,13,3,5,0,0,'2020-09-19 12:48:27'),(1,0,14,2,2,1,1975,'2020-09-22 00:55:44'),(1,0,14,3,2,0,0,'2020-09-19 12:48:27'),(1,1,2,1,3,0,0,'2020-09-19 13:03:17'),(1,1,2,1,4,0,0,'2020-09-19 13:03:17'),(1,1,2,1,10,0,0,'2020-09-19 13:03:17'),(1,1,2,2,3,0,0,'2020-09-19 13:03:17'),(1,1,3,1,2,0,0,'2020-09-19 13:03:17'),(1,1,3,1,3,0,0,'2020-09-19 13:03:17'),(1,1,3,1,4,0,0,'2020-09-19 13:03:17'),(1,1,3,2,2,0,0,'2020-09-19 13:03:17'),(1,1,3,2,3,0,0,'2020-09-19 13:03:17'),(1,1,3,2,4,0,0,'2020-09-19 13:03:17'),(1,1,3,3,1,0,0,'2020-09-19 13:03:17'),(1,1,4,1,1,1,5,'2020-09-22 00:55:30'),(1,1,4,2,1,0,0,'2020-09-19 12:48:27'),(1,1,5,1,1,0,4,'2020-09-19 13:05:29'),(1,1,5,1,2,1,0,'2020-09-19 13:05:25'),(1,1,6,1,1,0,0,'2020-09-19 13:03:17'),(1,1,7,1,5,0,0,'2020-09-19 13:03:17'),(1,1,7,1,10,0,0,'2020-09-19 13:03:17'),(1,1,7,1,15,0,0,'2020-09-19 13:03:17'),(1,1,7,1,20,0,0,'2020-09-19 13:03:17'),(1,1,7,1,25,0,0,'2020-09-19 13:03:17'),(1,1,7,1,30,0,0,'2020-09-19 13:03:17'),(1,1,7,1,35,0,0,'2020-09-19 13:03:17'),(1,1,7,1,40,0,0,'2020-09-19 13:03:17'),(1,1,7,1,45,0,0,'2020-09-19 13:03:17'),(1,1,7,1,50,0,0,'2020-09-19 13:03:17'),(1,1,7,1,55,0,0,'2020-09-19 13:03:17'),(1,1,7,1,60,0,0,'2020-09-19 13:03:17'),(1,1,7,1,65,0,0,'2020-09-19 13:03:17'),(1,1,7,1,70,0,0,'2020-09-19 13:03:17'),(1,1,7,1,75,0,0,'2020-09-19 13:03:17'),(1,1,7,1,80,0,0,'2020-09-19 13:03:17'),(1,1,7,1,85,0,0,'2020-09-19 13:03:17'),(1,1,7,1,90,0,0,'2020-09-19 13:03:17'),(1,1,7,1,95,0,0,'2020-09-19 13:03:17'),(1,1,7,1,100,0,0,'2020-09-19 13:03:17'),(1,1,7,1,105,0,0,'2020-09-19 13:03:17'),(1,1,7,1,110,0,0,'2020-09-19 13:03:17'),(1,1,7,1,115,0,0,'2020-09-19 13:03:17'),(1,1,7,1,120,0,0,'2020-09-19 13:03:17'),(1,1,7,1,125,0,0,'2020-09-19 13:03:17'),(1,1,7,1,130,0,0,'2020-09-19 13:03:17'),(1,1,7,1,135,0,0,'2020-09-19 13:03:17'),(1,1,7,1,140,0,0,'2020-09-19 13:03:17'),(1,1,7,1,145,0,0,'2020-09-19 13:03:17'),(1,1,7,1,150,0,0,'2020-09-19 13:03:17'),(1,1,7,1,155,0,0,'2020-09-19 13:03:17'),(1,1,7,1,160,0,0,'2020-09-19 13:03:17'),(1,1,7,1,165,0,0,'2020-09-19 13:03:17'),(1,1,7,1,170,0,0,'2020-09-19 13:03:17'),(1,1,7,1,175,0,0,'2020-09-19 13:03:17'),(1,1,7,1,180,0,0,'2020-09-19 13:03:17'),(1,1,7,1,185,0,0,'2020-09-19 13:03:17'),(1,1,7,1,190,0,0,'2020-09-19 13:03:17'),(1,1,7,1,195,0,0,'2020-09-19 13:03:17'),(1,1,7,1,200,0,0,'2020-09-19 13:03:17'),(1,1,9,1,1,0,0,'2020-09-19 12:48:27'),(1,1,10,1,1,0,0,'2020-09-19 12:48:27'),(1,1,10,2,2,0,0,'2020-09-19 13:03:18'),(1,1,11,1,1,0,0,'2020-09-19 13:03:18'),(1,1,12,1,1,0,0,'2020-09-19 13:03:18'),(1,1,12,2,1,0,0,'2020-09-19 13:03:18'),(1,1,12,3,1,0,0,'2020-09-19 13:03:18'),(1,1,14,1,2,0,511154,'2020-09-22 00:58:15'),(1,1,14,4,2,0,0,'2020-09-19 13:03:18'),(1,1,14,5,1,0,21,'2020-09-22 00:57:02'),(1,1,15,1,1,0,0,'2020-09-19 13:03:18'),(2,0,4,2,1,0,1,'2020-09-19 14:30:11'),(2,0,5,2,1,0,0,'2020-09-19 13:10:32'),(2,0,5,2,2,0,0,'2020-09-19 13:10:32'),(2,0,8,2,2,0,0,'2020-09-19 13:10:32'),(2,0,13,1,1,1,0,'2020-09-19 14:30:20'),(2,0,13,2,3,0,0,'2020-09-19 13:10:32'),(2,0,13,3,4,0,53,'2020-09-19 14:30:43'),(2,0,13,3,5,0,53,'2020-09-19 14:30:43'),(2,0,14,2,2,0,10,'2020-09-19 13:15:32'),(2,0,14,3,2,0,0,'2020-09-19 13:10:32'),(2,2,4,1,1,9,50,'2020-09-19 15:35:48'),(2,2,4,2,1,0,1,'2020-09-19 14:30:16'),(2,2,9,1,1,0,0,'2020-09-19 13:10:32'),(2,2,10,1,1,0,0,'2020-09-19 13:10:32'),(2,2,14,1,2,0,5657,'2020-09-19 14:29:25'),(2,2,14,5,1,0,15,'2020-09-19 14:28:10'),(2,5,4,1,1,7,37,'2020-09-19 15:36:09'),(2,5,4,2,1,0,1,'2020-09-19 15:36:01'),(2,5,9,1,1,0,0,'2020-09-19 15:36:00'),(2,5,10,1,1,0,0,'2020-09-19 15:36:00'),(2,5,14,1,2,22,100000000,'2020-09-21 11:04:33'),(2,5,14,5,1,0,172,'2020-09-21 11:04:33'),(2,11,4,1,1,6,32,'2020-09-21 18:59:54'),(2,11,4,2,1,0,1,'2020-09-21 18:59:46'),(2,11,9,1,1,0,0,'2020-09-21 18:59:44'),(2,11,10,1,1,0,0,'2020-09-21 18:59:44'),(2,12,4,1,1,0,1,'2020-09-21 19:03:14'),(2,12,4,2,1,0,1,'2020-09-21 19:03:14'),(2,12,9,1,1,0,0,'2020-09-21 19:03:13'),(2,12,10,1,1,0,0,'2020-09-21 19:03:13'),(3,0,4,2,1,0,1,'2020-09-19 14:29:01'),(3,0,5,2,1,0,0,'2020-09-19 14:18:34'),(3,0,5,2,2,0,0,'2020-09-19 14:18:34'),(3,0,8,2,2,0,0,'2020-09-19 14:18:34'),(3,0,13,1,1,1,1,'2020-09-19 14:29:15'),(3,0,13,2,3,3,3,'2020-09-19 14:31:30'),(3,0,13,3,4,0,623,'2020-09-19 14:31:30'),(3,0,13,3,5,0,623,'2020-09-19 14:31:30'),(3,0,14,2,2,0,0,'2020-09-19 14:18:34'),(3,0,14,3,2,0,0,'2020-09-19 14:18:34'),(3,3,4,1,1,9,50,'2020-09-19 14:29:01'),(3,3,4,2,1,0,1,'2020-09-19 14:29:04'),(3,3,9,1,1,0,0,'2020-09-19 14:18:34'),(3,3,10,1,1,0,0,'2020-09-19 14:18:34'),(3,3,14,1,2,0,407,'2020-09-19 14:28:45'),(3,3,14,5,1,0,9,'2020-09-19 14:27:49'),(4,0,4,2,1,0,0,'2020-09-19 14:39:47'),(4,0,5,2,1,0,0,'2020-09-19 14:39:47'),(4,0,5,2,2,0,0,'2020-09-19 14:39:47'),(4,0,8,2,2,0,0,'2020-09-19 14:39:47'),(4,0,13,1,1,0,0,'2020-09-19 14:39:47'),(4,0,13,2,3,0,0,'2020-09-19 14:39:47'),(4,0,13,3,4,0,0,'2020-09-19 14:39:47'),(4,0,13,3,5,0,0,'2020-09-19 14:39:47'),(4,0,14,2,2,0,40,'2020-09-19 23:14:57'),(4,0,14,3,2,0,0,'2020-09-19 14:39:47'),(4,4,4,1,1,8,43,'2020-09-19 23:01:49'),(4,4,4,2,1,0,0,'2020-09-19 14:39:47'),(4,4,9,1,1,0,0,'2020-09-19 14:39:47'),(4,4,10,1,1,0,0,'2020-09-19 14:39:47'),(4,4,14,1,2,22,6407,'2020-09-21 11:04:14'),(4,4,14,5,1,0,163,'2020-09-21 15:29:55'),(4,6,4,1,1,0,1,'2020-09-19 20:40:32'),(4,6,4,2,1,0,0,'2020-09-19 20:40:32'),(4,6,9,1,1,0,0,'2020-09-19 20:40:28'),(4,6,10,1,1,0,0,'2020-09-19 20:40:28'),(5,0,4,2,1,0,0,'2020-09-20 17:07:57'),(5,0,5,2,1,0,0,'2020-09-20 17:07:57'),(5,0,5,2,2,0,0,'2020-09-20 17:07:57'),(5,0,8,2,2,0,0,'2020-09-20 17:07:57'),(5,0,13,1,1,0,0,'2020-09-20 17:07:57'),(5,0,13,2,3,0,0,'2020-09-20 17:07:57'),(5,0,13,3,4,0,0,'2020-09-20 17:07:57'),(5,0,13,3,5,0,0,'2020-09-20 17:07:57'),(5,0,14,2,2,0,305,'2020-09-21 19:39:15'),(5,0,14,3,2,0,120,'2020-09-21 19:39:13'),(5,7,2,1,3,0,0,'2020-09-20 19:07:02'),(5,7,2,1,4,0,0,'2020-09-20 19:07:02'),(5,7,2,1,10,0,0,'2020-09-20 19:07:02'),(5,7,2,2,3,0,1,'2020-09-21 20:02:20'),(5,7,3,1,2,0,0,'2020-09-20 19:07:02'),(5,7,3,1,3,0,0,'2020-09-20 19:07:02'),(5,7,3,1,4,0,0,'2020-09-20 19:07:02'),(5,7,3,2,2,0,0,'2020-09-20 19:07:02'),(5,7,3,2,3,0,0,'2020-09-20 19:07:02'),(5,7,3,2,4,0,0,'2020-09-20 19:07:02'),(5,7,3,3,1,0,0,'2020-09-20 19:07:02'),(5,7,4,1,1,2,13,'2020-09-21 19:56:33'),(5,7,4,2,1,0,0,'2020-09-20 17:07:57'),(5,7,5,1,1,5,26,'2020-09-21 20:02:07'),(5,7,5,1,2,1,2,'2020-09-21 19:38:11'),(5,7,6,1,1,0,0,'2020-09-20 19:07:02'),(5,7,7,1,5,0,0,'2020-09-20 19:07:02'),(5,7,7,1,10,0,0,'2020-09-20 19:07:02'),(5,7,7,1,15,0,0,'2020-09-20 19:07:02'),(5,7,7,1,20,0,0,'2020-09-20 19:07:02'),(5,7,7,1,25,0,0,'2020-09-20 19:07:02'),(5,7,7,1,30,0,0,'2020-09-20 19:07:02'),(5,7,7,1,35,0,0,'2020-09-20 19:07:02'),(5,7,7,1,40,0,0,'2020-09-20 19:07:02'),(5,7,7,1,45,0,0,'2020-09-20 19:07:02'),(5,7,7,1,50,0,0,'2020-09-20 19:07:02'),(5,7,7,1,55,0,0,'2020-09-20 19:07:02'),(5,7,7,1,60,0,0,'2020-09-20 19:07:02'),(5,7,7,1,65,0,0,'2020-09-20 19:07:02'),(5,7,7,1,70,0,0,'2020-09-20 19:07:02'),(5,7,7,1,75,0,0,'2020-09-20 19:07:02'),(5,7,7,1,80,0,0,'2020-09-20 19:07:02'),(5,7,7,1,85,0,0,'2020-09-20 19:07:02'),(5,7,7,1,90,0,0,'2020-09-20 19:07:02'),(5,7,7,1,95,0,0,'2020-09-20 19:07:02'),(5,7,7,1,100,0,0,'2020-09-20 19:07:02'),(5,7,7,1,105,0,0,'2020-09-20 19:07:02'),(5,7,7,1,110,0,0,'2020-09-20 19:07:02'),(5,7,7,1,115,0,0,'2020-09-20 19:07:02'),(5,7,7,1,120,0,0,'2020-09-20 19:07:02'),(5,7,7,1,125,0,0,'2020-09-20 19:07:02'),(5,7,7,1,130,0,0,'2020-09-20 19:07:02'),(5,7,7,1,135,0,0,'2020-09-20 19:07:02'),(5,7,7,1,140,0,0,'2020-09-20 19:07:02'),(5,7,7,1,145,0,0,'2020-09-20 19:07:02'),(5,7,7,1,150,0,0,'2020-09-20 19:07:02'),(5,7,7,1,155,0,0,'2020-09-20 19:07:02'),(5,7,7,1,160,0,0,'2020-09-20 19:07:02'),(5,7,7,1,165,0,0,'2020-09-20 19:07:02'),(5,7,7,1,170,0,0,'2020-09-20 19:07:02'),(5,7,7,1,175,0,0,'2020-09-20 19:07:02'),(5,7,7,1,180,0,0,'2020-09-20 19:07:02'),(5,7,7,1,185,0,0,'2020-09-20 19:07:02'),(5,7,7,1,190,0,0,'2020-09-20 19:07:02'),(5,7,7,1,195,0,0,'2020-09-20 19:07:02'),(5,7,7,1,200,0,0,'2020-09-20 19:07:02'),(5,7,9,1,1,0,0,'2020-09-20 17:07:57'),(5,7,10,1,1,0,0,'2020-09-20 17:07:57'),(5,7,10,2,2,0,0,'2020-09-20 19:07:02'),(5,7,11,1,1,0,0,'2020-09-20 19:07:02'),(5,7,12,1,1,0,0,'2020-09-20 19:07:02'),(5,7,12,2,1,0,0,'2020-09-20 19:07:02'),(5,7,12,3,1,0,0,'2020-09-20 19:07:02'),(5,7,14,1,2,0,82076,'2020-09-21 20:05:10'),(5,7,14,4,2,0,0,'2020-09-20 19:07:02'),(5,7,14,5,1,0,170,'2020-09-21 20:11:02'),(5,7,15,1,1,0,0,'2020-09-20 19:07:02'),(5,14,4,1,1,1,5,'2020-09-21 19:49:38'),(5,14,4,2,1,0,0,'2020-09-21 19:40:55'),(5,14,5,1,1,0,2,'2020-09-21 19:43:51'),(5,14,9,1,1,0,0,'2020-09-21 19:40:54'),(5,14,10,1,1,0,0,'2020-09-21 19:40:54'),(5,14,14,1,2,0,788,'2020-09-21 19:51:42'),(5,14,14,5,1,0,18,'2020-09-21 19:49:53'),(5,16,4,1,1,0,2,'2020-09-21 20:16:31'),(5,16,4,2,1,0,0,'2020-09-21 20:15:06'),(5,16,9,1,1,0,0,'2020-09-21 20:15:05'),(5,16,10,1,1,0,0,'2020-09-21 20:15:05'),(5,16,14,1,2,0,113,'2020-09-21 20:16:31'),(5,16,14,5,1,0,3,'2020-09-21 20:15:39'),(6,0,4,2,1,0,0,'2020-09-20 18:14:57'),(6,0,5,2,1,0,0,'2020-09-20 18:14:57'),(6,0,5,2,2,0,0,'2020-09-20 18:14:57'),(6,0,8,2,2,0,0,'2020-09-20 18:14:57'),(6,0,13,1,1,0,0,'2020-09-20 18:14:57'),(6,0,13,2,3,0,0,'2020-09-20 18:14:57'),(6,0,13,3,4,0,0,'2020-09-20 18:14:57'),(6,0,13,3,5,0,0,'2020-09-20 18:14:57'),(6,0,14,2,2,0,0,'2020-09-20 18:14:57'),(6,0,14,3,2,0,0,'2020-09-20 18:14:57'),(6,8,4,1,1,0,3,'2020-09-20 18:24:56'),(6,8,4,2,1,0,0,'2020-09-20 18:14:57'),(6,8,9,1,1,0,0,'2020-09-20 18:14:57'),(6,8,10,1,1,0,0,'2020-09-20 18:14:57'),(6,8,14,1,2,0,229,'2020-09-20 18:24:56'),(6,8,14,5,1,0,6,'2020-09-20 18:23:24'),(6,10,4,1,1,0,3,'2020-09-21 12:33:09'),(6,10,4,2,1,0,0,'2020-09-21 12:28:28'),(6,10,9,1,1,0,0,'2020-09-21 12:28:24'),(6,10,10,1,1,0,0,'2020-09-21 12:28:24'),(6,10,14,1,2,0,229,'2020-09-21 12:33:09'),(6,10,14,5,1,0,6,'2020-09-21 12:31:01'),(7,0,4,2,1,0,0,'2020-09-21 10:51:56'),(7,0,5,2,1,0,0,'2020-09-21 10:51:56'),(7,0,5,2,2,0,0,'2020-09-21 10:51:56'),(7,0,8,2,2,0,0,'2020-09-21 10:51:56'),(7,0,13,1,1,0,0,'2020-09-21 10:51:56'),(7,0,13,2,3,0,0,'2020-09-21 10:51:56'),(7,0,13,3,4,0,0,'2020-09-21 10:51:56'),(7,0,13,3,5,0,0,'2020-09-21 10:51:56'),(7,0,14,2,2,0,0,'2020-09-21 10:51:56'),(7,0,14,3,2,0,0,'2020-09-21 10:51:56'),(7,9,4,1,1,0,1,'2020-09-21 10:51:56'),(7,9,4,2,1,0,0,'2020-09-21 10:51:56'),(7,9,9,1,1,0,0,'2020-09-21 10:51:56'),(7,9,10,1,1,0,0,'2020-09-21 10:51:56'),(7,9,14,5,1,0,3,'2020-09-21 10:54:57'),(8,0,4,2,1,0,0,'2020-09-21 19:04:33'),(8,0,5,2,1,0,0,'2020-09-21 19:04:33'),(8,0,5,2,2,0,0,'2020-09-21 19:04:33'),(8,0,8,2,2,0,0,'2020-09-21 19:04:33'),(8,0,13,1,1,0,0,'2020-09-21 19:04:33'),(8,0,13,2,3,0,0,'2020-09-21 19:04:33'),(8,0,13,3,4,0,0,'2020-09-21 19:04:33'),(8,0,13,3,5,0,0,'2020-09-21 19:04:33'),(8,0,14,2,2,0,40,'2020-09-21 19:39:51'),(8,0,14,3,2,0,0,'2020-09-21 19:04:33'),(8,13,4,1,1,0,3,'2020-09-21 19:07:33'),(8,13,4,2,1,0,0,'2020-09-21 19:04:33'),(8,13,9,1,1,0,0,'2020-09-21 19:04:33'),(8,13,10,1,1,0,0,'2020-09-21 19:04:33'),(8,13,14,1,2,0,6407,'2020-09-21 19:39:51'),(8,13,14,5,1,0,12,'2020-09-21 19:24:55'),(9,0,4,2,1,0,0,'2020-09-21 19:56:44'),(9,0,5,2,1,0,0,'2020-09-21 19:56:44'),(9,0,5,2,2,0,0,'2020-09-21 19:56:44'),(9,0,8,2,2,0,0,'2020-09-21 19:56:44'),(9,0,13,1,1,0,0,'2020-09-21 19:56:44'),(9,0,13,2,3,0,0,'2020-09-21 19:56:44'),(9,0,13,3,4,0,0,'2020-09-21 19:56:44'),(9,0,13,3,5,0,0,'2020-09-21 19:56:44'),(9,0,14,2,2,0,10,'2020-09-21 20:27:00'),(9,0,14,3,2,0,0,'2020-09-21 19:56:44'),(9,15,4,1,1,0,3,'2020-09-21 20:26:47'),(9,15,4,2,1,0,0,'2020-09-21 19:56:44'),(9,15,5,1,1,0,4,'2020-09-21 20:29:05'),(9,15,5,1,2,1,1,'2020-09-21 20:29:01'),(9,15,9,1,1,0,0,'2020-09-21 19:56:44'),(9,15,10,1,1,0,0,'2020-09-21 19:56:44'),(9,15,14,1,2,0,5229,'2020-09-21 20:27:00'),(9,15,14,5,1,0,9,'2020-09-21 20:25:50'),(10,0,4,2,1,0,0,'2020-09-21 20:18:24'),(10,0,5,2,1,0,0,'2020-09-21 20:18:24'),(10,0,5,2,2,0,0,'2020-09-21 20:18:24'),(10,0,8,2,2,0,0,'2020-09-21 20:18:24'),(10,0,13,1,1,0,0,'2020-09-21 20:18:24'),(10,0,13,2,3,0,0,'2020-09-21 20:18:24'),(10,0,13,3,4,0,0,'2020-09-21 20:18:24'),(10,0,13,3,5,0,0,'2020-09-21 20:18:24'),(10,0,14,2,2,0,0,'2020-09-21 20:18:24'),(10,0,14,3,2,0,0,'2020-09-21 20:18:24'),(10,17,4,1,1,0,3,'2020-09-21 20:26:02'),(10,17,4,2,1,0,0,'2020-09-21 20:18:24'),(10,17,9,1,1,0,0,'2020-09-21 20:18:24'),(10,17,10,1,1,0,0,'2020-09-21 20:18:24'),(10,17,14,1,2,0,229,'2020-09-21 20:26:02'),(10,17,14,5,1,0,6,'2020-09-21 20:24:50'),(11,0,4,2,1,0,0,'2020-09-22 16:52:03'),(11,0,5,2,1,0,0,'2020-09-22 16:52:03'),(11,0,5,2,2,0,0,'2020-09-22 16:52:03'),(11,0,8,2,2,0,0,'2020-09-22 16:52:03'),(11,0,13,1,1,0,0,'2020-09-22 16:52:03'),(11,0,13,2,3,0,0,'2020-09-22 16:52:03'),(11,0,13,3,4,0,0,'2020-09-22 16:52:03'),(11,0,13,3,5,0,0,'2020-09-22 16:52:03'),(11,0,14,2,2,0,0,'2020-09-22 16:52:03'),(11,0,14,3,2,0,0,'2020-09-22 16:52:03'),(11,18,4,1,1,0,3,'2020-09-22 17:04:42'),(11,18,4,2,1,0,0,'2020-09-22 16:52:03'),(11,18,9,1,1,0,0,'2020-09-22 16:52:03'),(11,18,10,1,1,0,0,'2020-09-22 16:52:03'),(11,18,14,1,2,0,229,'2020-09-22 17:04:42'),(11,18,14,5,1,0,9,'2020-09-22 17:03:44');

--
-- Table structure for table `table_attendance_record`
--

CREATE TABLE `table_attendance_record` (
  `user_id` bigint(20) unsigned NOT NULL,
  `is_exist_basic_reward` tinyint(1) NOT NULL DEFAULT '0',
  `attendance_basic_count` tinyint(4) NOT NULL DEFAULT '0',
  `is_exist_continue_reward` tinyint(1) NOT NULL DEFAULT '0',
  `attendance_continue_count` tinyint(4) NOT NULL DEFAULT '0',
  `is_exist_event_reward` tinyint(1) NOT NULL DEFAULT '0',
  `attendance_event_count` tinyint(4) NOT NULL DEFAULT '0',
  `is_come_back` tinyint(1) NOT NULL DEFAULT '0',
  PRIMARY KEY (`user_id`)
) ENGINE=InnoDB DEFAULT CHARSET=utf8 COLLATE=utf8_unicode_ci COMMENT='플레이어 별 출석 기록 정보';

--
-- Dumping data for table `table_attendance_record`
--

INSERT INTO `table_attendance_record` VALUES (1,0,2,0,1,0,0,0),(2,0,3,0,3,0,0,0),(3,0,1,0,1,0,0,0),(4,0,2,0,1,0,0,0),(5,0,2,0,2,0,0,0),(6,0,2,0,2,0,0,0),(7,1,1,1,1,0,0,0),(8,0,1,0,1,0,0,0),(9,0,1,0,1,0,0,0),(10,0,1,0,1,0,0,0),(11,0,1,0,1,0,0,0);

--
-- Table structure for table `table_attendance_special`
--

CREATE TABLE `table_attendance_special` (
  `character_id` bigint(20) unsigned NOT NULL COMMENT '플레이어 캐릭터의 ID',
  `event_code` int(11) NOT NULL COMMENT '이벤트 종류의 타입 식별 코드',
  `attendance_count` tinyint(4) NOT NULL DEFAULT '0' COMMENT '출석 횟수',
  `check_datetime` datetime NOT NULL DEFAULT '1000-01-01 00:00:00' COMMENT '출석을 점검한 일시',
  `update_datetime` datetime NOT NULL DEFAULT '1000-01-01 00:00:00' COMMENT '갱신일시',
  PRIMARY KEY (`character_id`,`event_code`)
) ENGINE=InnoDB DEFAULT CHARSET=utf8 COLLATE=utf8_unicode_ci COMMENT='캐릭터 별 특별 출석과 보상에 대한 기록';

--
-- Dumping data for table `table_attendance_special`
--


--
-- Table structure for table `table_avatar_item`
--

CREATE TABLE `table_avatar_item` (
  `character_id` bigint(20) unsigned NOT NULL COMMENT '캐릭터의  ID',
  `avatar_item_code` int(11) NOT NULL COMMENT '아바타 아이템의 종류를 식별하는 코드',
  `enhance_level` int(11) NOT NULL DEFAULT '0',
  `option_division` int(11) NOT NULL DEFAULT '0',
  `option_ability` int(11) NOT NULL DEFAULT '0',
  `update_datetime` datetime NOT NULL DEFAULT '1000-01-01 00:00:00' COMMENT '갱신일시',
  PRIMARY KEY (`character_id`,`avatar_item_code`)
) ENGINE=InnoDB DEFAULT CHARSET=utf8 COLLATE=utf8_unicode_ci COMMENT='캐릭터의 아바타 아이템 보유 정보';

--
-- Dumping data for table `table_avatar_item`
--


--
-- Table structure for table `table_avatar_item_equipped`
--

CREATE TABLE `table_avatar_item_equipped` (
  `character_id` bigint(20) unsigned NOT NULL COMMENT '소유자 캐릭터의 ID',
  `equip_slot_type` tinyint(4) NOT NULL COMMENT '아바타 아이템을 장착한 부위\n\neEquipType과 같다.\n\n  0 = None - > 장착하지 않았다는 뜻이다.\n  33 = AvatarWeapon -> 아바타 무기\n  34 = AvatarHead -> 아바타 머리\n  35 = AvatarBody -> 아바타 몸통\n  36 = AvatarSpecial -> 아바타 특수부위 (캐릭터 클래스마다 다름)',
  `avatar_item_code` int(11) NOT NULL DEFAULT '0',
  `update_datetime` datetime NOT NULL DEFAULT '1000-01-01 00:00:00' COMMENT '갱신일시',
  PRIMARY KEY (`character_id`,`equip_slot_type`)
) ENGINE=InnoDB DEFAULT CHARSET=utf8 COLLATE=utf8_unicode_ci COMMENT='캐릭터의 아바타 아이템 장착 정보';

--
-- Dumping data for table `table_avatar_item_equipped`
--


--
-- Table structure for table `table_equipment_item`
--

CREATE TABLE `table_equipment_item` (
  `item_id` bigint(20) unsigned NOT NULL AUTO_INCREMENT COMMENT '아이템의 고유 번호 \n\n- 생성한 아이템마다 고유한 번호가 붙어야 한다. \n : 부가 옵션이 무작위한 조합으로 붙을 수 있기 때문임.',
  `item_code` int(11) NOT NULL DEFAULT '0' COMMENT '아이템의 종류 식별 코드',
  `owner_character_id` bigint(20) unsigned NOT NULL DEFAULT '0' COMMENT '아이템 소유자 캐릭터의 ID',
  `state` tinyint(4) NOT NULL DEFAULT '0' COMMENT '아이템의 상태\n\n- eItemState의 값과 같다.',
  `fixed_options` varchar(256) COLLATE utf8_unicode_ci NOT NULL DEFAULT '' COMMENT '이 아이템에 부여된 고정 능력 옵션들\n\n- 아이템이 생성될 때 부여되는 옵션 중에서, 아이템에 고정적으로 부여되는 옵션\n\n- 이 옵션들은 아이템이 승급하더라도, 그 ''종류''가 바뀌지 않는다.\n: 능력의 강함은 바뀔 수 있다.\n\n- JSON 형식의 문자열로 표현한다.\n\n- 각 옵션들을 의사코드로 표현하면 아래와 같은 방식이다.\n{\n    type_code  : 10000\n    parameters : \n    {\n        $(parameter1) : $(value), \n        $(parameter2) : $(value), \n        $(parameter3) : $(value), \n        $(parameter4) : $(value), \n       ....\n    }\n}',
  `random_options` varchar(512) COLLATE utf8_unicode_ci NOT NULL DEFAULT '' COMMENT '이 아이템에 부여된 무작위 능력 옵션들\n\n- 아이템이 생성될 때 무작위로 부여되는 옵션들\n: 단, 완전한 무작위는 아니고, 보상 체계에 따라 그 범위와 확률이 정해진다.\n\n- 아이템이 승급하는 경우, 무작위 능력 옵션들은 전체가 교체되는 방식이다.\n: 우연히 같은 종류의 옵션으로 다시 부여될 수도 있다.\n\n- JSON 형식의 문자열로 표현한다.\n\n- 각 옵션들을 의사코드로 표현하면 아래와 같은 방식이다.\n{\n    type_code  : 10000\n    parameters : \n    {\n        $(parameter1) : $(value), \n        $(parameter2) : $(value), \n        $(parameter3) : $(value), \n        $(parameter4) : $(value), \n       ....\n    }\n}',
  `option_factor` tinyint(4) NOT NULL DEFAULT '0' COMMENT '아이템 능력 옵션에 적용할 계수\n: 계수를 실제로 어떻게 적용할지는 애플리케이션의 구현 여부에 달려 있다.',
  `enhance_level` int(11) NOT NULL DEFAULT '0' COMMENT '아이템의 강화 점수\n: 이것으로 아이템의 강화 레벨을 계산할 수 있다.\n 만약, 강화 단계가 즉각적으로 올라가는 방식이라면, 점수가 곧 레벨이 되면 된다.',
  `runestone_socket_size` tinyint(4) NOT NULL DEFAULT '0' COMMENT '이 아이템에 룬스톤 소켓이 몇 개 있는지 나타낸다.\n\n- 룬스톤 소켓의 개수만큼 룬스톤 옵션을 부여할 수 있다.',
  `runestone_socket1` int(11) NOT NULL DEFAULT '0' COMMENT '1번째 룬스톤 소켓',
  `runestone_socket2` int(11) NOT NULL DEFAULT '0' COMMENT '2번째 룬스톤 소켓',
  `locked` tinyint(1) NOT NULL DEFAULT '0' COMMENT '아이템에 잠금을 설정했는 여부\n\n- 잠금 상태인 아이템은 분해 등으로 아이템을 파괴하거나 변경하는 행위가 불가능하다.',
  `option_change_state` tinyint(4) NOT NULL DEFAULT '0' COMMENT '마법부여 진행 상태\n\n0 : 미진행\n1 : 진행',
  `option_change_target` int(11) NOT NULL DEFAULT '-1' COMMENT '교체할 옵션의 인덱스 (한번 정해지면 변경할 수 없다)\n\n- 무작위 옵션 목록의 인덱스로 표현한다.\n: 고정 옵션은 변경할 수 없다.',
  `option_change_nominates` varchar(256) COLLATE utf8_unicode_ci NOT NULL DEFAULT '' COMMENT '마법부여 진행 시 추첨해서 나온 옵션 목록 임시저장',
  `option_change_count` int(11) NOT NULL DEFAULT '0' COMMENT '이 아이템의 옵션을 몇 번 교체했는지 여부\n\n- 기획에 의해 아이템 옵션을 여러 번 교체하면, 교체할 때마다 다음 번 교체 비용이 상승해야 하기 때문이다.\n\n- 교체 횟수는  option_change_type에 관계 없이 동일하게 적용한다.',
  `update_datetime` datetime NOT NULL DEFAULT '1000-01-01 00:00:00' COMMENT '갱신일시',
  `creation_datetime` datetime NOT NULL DEFAULT CURRENT_TIMESTAMP,
  PRIMARY KEY (`item_id`),
  KEY `owner_character_id` (`owner_character_id`)
) ENGINE=InnoDB AUTO_INCREMENT=187 DEFAULT CHARSET=utf8 COLLATE=utf8_unicode_ci COMMENT='캐릭터가 보유한 장착 아이템 정보';

--
-- Dumping data for table `table_equipment_item`
--

INSERT INTO `table_equipment_item` VALUES (1,153105003,1,0,'[{\"divisionCode\":63,\"dataType\":0,\"value\":3.0}]','null',0,0,1,0,0,0,0,-1,'',0,'2020-09-19 13:01:26','2020-09-19 13:01:26'),(2,153105003,1,0,'[{\"divisionCode\":63,\"dataType\":0,\"value\":3.0}]','null',0,0,1,0,0,0,0,-1,'',0,'2020-09-19 13:01:26','2020-09-19 13:01:26'),(3,153101003,1,1,'[{\"divisionCode\":94,\"dataType\":1,\"value\":2.0}]','null',0,0,1,0,0,0,0,-1,'',0,'2020-09-19 13:01:40','2020-09-19 13:01:40'),(4,153102004,1,0,'[{\"divisionCode\":95,\"dataType\":1,\"value\":3.8}]','null',0,0,1,0,0,0,0,-1,'',0,'2020-09-19 13:02:57','2020-09-19 13:02:57'),(5,153106004,1,0,'[{\"divisionCode\":29,\"dataType\":1,\"value\":3.0}]','null',0,0,1,0,0,0,0,-1,'',0,'2020-09-19 13:02:57','2020-09-19 13:02:57'),(6,153102004,1,0,'[{\"divisionCode\":95,\"dataType\":1,\"value\":3.8}]','null',0,0,1,0,0,0,0,-1,'',0,'2020-09-19 13:02:57','2020-09-19 13:02:57'),(7,154103003,2,0,'[{\"divisionCode\":17,\"dataType\":1,\"value\":2.0}]','null',0,0,1,0,0,0,0,-1,'',0,'2020-09-19 13:12:55','2020-09-19 13:12:55'),(8,154105003,2,0,'[{\"divisionCode\":63,\"dataType\":0,\"value\":3.0}]','null',0,0,1,0,0,0,0,-1,'',0,'2020-09-19 13:12:55','2020-09-19 13:12:55'),(9,154105003,2,0,'[{\"divisionCode\":63,\"dataType\":0,\"value\":3.0}]','null',0,0,1,0,0,0,0,-1,'',0,'2020-09-19 13:12:55','2020-09-19 13:12:55'),(10,154101006,2,0,'[{\"divisionCode\":63,\"dataType\":0,\"value\":5.0}]','null',0,0,1,0,0,0,0,-1,'',0,'2020-09-19 13:13:44','2020-09-19 13:13:44'),(11,154106004,2,0,'[{\"divisionCode\":29,\"dataType\":1,\"value\":3.0}]','null',0,0,1,0,0,0,0,-1,'',0,'2020-09-19 13:15:09','2020-09-19 13:15:09'),(12,154101001,2,0,'[{\"divisionCode\":17,\"dataType\":1,\"value\":3.0}]','null',0,0,1,0,0,0,0,-1,'',0,'2020-09-19 13:16:59','2020-09-19 13:16:59'),(13,152105003,3,0,'[{\"divisionCode\":63,\"dataType\":0,\"value\":3.0}]','null',0,0,1,0,0,0,0,-1,'',0,'2020-09-19 14:24:33','2020-09-19 14:24:33'),(14,152103003,3,0,'[{\"divisionCode\":17,\"dataType\":1,\"value\":2.0}]','null',0,0,1,0,0,0,0,-1,'',0,'2020-09-19 14:24:33','2020-09-19 14:24:33'),(15,152105003,3,0,'[{\"divisionCode\":63,\"dataType\":0,\"value\":3.0}]','null',0,0,1,0,0,0,0,-1,'',0,'2020-09-19 14:24:33','2020-09-19 14:24:33'),(16,152101006,3,0,'[{\"divisionCode\":63,\"dataType\":0,\"value\":5.0}]','null',0,0,1,0,0,0,0,-1,'',0,'2020-09-19 14:24:49','2020-09-19 14:24:49'),(17,154102001,2,0,'[{\"divisionCode\":59,\"dataType\":1,\"value\":1.0}]','null',0,0,1,0,0,0,0,-1,'',0,'2020-09-19 14:27:12','2020-09-19 14:27:12'),(18,154103001,2,0,'[{\"divisionCode\":20,\"dataType\":1,\"value\":5.0}]','null',0,0,1,0,0,0,0,-1,'',0,'2020-09-19 14:27:12','2020-09-19 14:27:12'),(19,152101001,3,0,'[{\"divisionCode\":17,\"dataType\":1,\"value\":3.0}]','null',0,0,1,0,0,0,0,-1,'',0,'2020-09-19 14:28:45','2020-09-19 14:28:45'),(20,154105001,2,0,'[{\"divisionCode\":63,\"dataType\":0,\"value\":3.0}]','null',0,0,1,0,0,0,0,-1,'',0,'2020-09-19 14:29:25','2020-09-19 14:29:25'),(21,154106001,2,0,'[{\"divisionCode\":24,\"dataType\":1,\"value\":2.0}]','null',0,0,1,0,0,0,0,-1,'',0,'2020-09-19 14:29:25','2020-09-19 14:29:25'),(22,151105003,4,0,'[{\"divisionCode\":63,\"dataType\":0,\"value\":3.0}]','null',0,0,1,0,0,0,0,-1,'',0,'2020-09-19 14:41:46','2020-09-19 14:41:46'),(23,151105003,4,0,'[{\"divisionCode\":63,\"dataType\":0,\"value\":3.0}]','null',0,0,1,0,0,0,0,-1,'',0,'2020-09-19 14:41:46','2020-09-19 14:41:46'),(24,151103003,4,0,'[{\"divisionCode\":17,\"dataType\":1,\"value\":2.0}]','null',0,0,1,0,0,0,0,-1,'',0,'2020-09-19 14:41:46','2020-09-19 14:41:46'),(25,151101006,4,0,'[{\"divisionCode\":63,\"dataType\":0,\"value\":5.0}]','null',0,0,1,0,0,0,0,-1,'',0,'2020-09-19 14:42:13','2020-09-19 14:42:13'),(26,151102004,4,0,'[{\"divisionCode\":95,\"dataType\":1,\"value\":3.8}]','null',0,0,1,0,0,0,0,-1,'',0,'2020-09-19 16:43:08','2020-09-19 16:43:08'),(27,151106004,4,0,'[{\"divisionCode\":29,\"dataType\":1,\"value\":3.0}]','null',0,0,1,0,0,0,0,-1,'',0,'2020-09-19 16:43:08','2020-09-19 16:43:08'),(28,151106004,4,0,'[{\"divisionCode\":29,\"dataType\":1,\"value\":3.0}]','null',0,0,1,0,0,0,0,-1,'',0,'2020-09-19 16:43:08','2020-09-19 16:43:08'),(29,151107001,4,0,'[{\"divisionCode\":24,\"dataType\":1,\"value\":5.0}]','null',0,0,1,0,0,0,0,-1,'',0,'2020-09-19 16:44:56','2020-09-19 16:44:56'),(30,151301003,4,0,'[{\"divisionCode\":94,\"dataType\":1,\"value\":4.0}]','[{\"divisionCode\":17,\"dataType\":1,\"value\":2.5}]',0,20,1,0,0,0,0,-1,'',0,'2020-09-21 20:22:41','2020-09-19 23:14:51'),(31,151103003,7,0,'[{\"divisionCode\":17,\"dataType\":1,\"value\":2.0}]','null',0,20,1,0,0,0,0,-1,'',0,'2020-09-20 23:45:25','2020-09-20 17:11:41'),(32,151103003,7,1,'[{\"divisionCode\":17,\"dataType\":1,\"value\":2.0}]','null',0,0,1,0,0,0,0,-1,'',0,'2020-09-20 17:11:41','2020-09-20 17:11:41'),(33,151103003,7,1,'[{\"divisionCode\":17,\"dataType\":1,\"value\":2.0}]','null',0,0,1,0,0,0,0,-1,'',0,'2020-09-20 17:11:41','2020-09-20 17:11:41'),(34,151101005,7,1,'[{\"divisionCode\":202,\"dataType\":1,\"value\":1.3}]','null',0,0,1,0,0,0,0,-1,'',0,'2020-09-20 17:11:58','2020-09-20 17:11:58'),(35,151106004,7,1,'[{\"divisionCode\":29,\"dataType\":1,\"value\":3.0}]','null',0,0,1,0,0,0,0,-1,'',0,'2020-09-20 17:13:32','2020-09-20 17:13:32'),(36,151106004,7,1,'[{\"divisionCode\":29,\"dataType\":1,\"value\":3.0}]','null',0,0,1,0,0,0,0,-1,'',0,'2020-09-20 17:13:32','2020-09-20 17:13:32'),(37,151101001,7,1,'[{\"divisionCode\":17,\"dataType\":1,\"value\":3.0}]','null',0,0,1,0,0,0,0,-1,'',0,'2020-09-20 17:15:20','2020-09-20 17:15:20'),(38,151102001,7,1,'[{\"divisionCode\":59,\"dataType\":1,\"value\":1.0}]','null',0,0,1,0,0,0,0,-1,'',0,'2020-09-20 17:17:26','2020-09-20 17:17:26'),(39,151301003,7,0,'[{\"divisionCode\":94,\"dataType\":1,\"value\":4.0}]','[{\"divisionCode\":201,\"dataType\":1,\"value\":2.5}]',0,7,1,0,0,0,0,-1,'',0,'2020-09-20 23:46:07','2020-09-20 17:18:26'),(40,151105001,7,1,'[{\"divisionCode\":63,\"dataType\":0,\"value\":3.0}]','null',0,0,1,0,0,0,0,-1,'',0,'2020-09-20 17:26:07','2020-09-20 17:26:07'),(41,151106001,7,1,'[{\"divisionCode\":24,\"dataType\":1,\"value\":2.0}]','null',0,0,1,0,0,0,0,-1,'',0,'2020-09-20 17:26:07','2020-09-20 17:26:07'),(42,151103003,7,1,'[{\"divisionCode\":17,\"dataType\":1,\"value\":2.0}]','null',0,0,1,0,0,0,0,-1,'',0,'2020-09-20 17:27:33','2020-09-20 17:27:33'),(43,151105003,7,1,'[{\"divisionCode\":63,\"dataType\":0,\"value\":3.0}]','null',0,0,1,0,0,0,0,-1,'',0,'2020-09-20 17:27:33','2020-09-20 17:27:33'),(44,151101002,7,1,'[{\"divisionCode\":38,\"dataType\":1,\"value\":5.0}]','null',0,0,1,0,0,0,0,-1,'',0,'2020-09-20 17:29:26','2020-09-20 17:29:26'),(45,151102004,7,1,'[{\"divisionCode\":95,\"dataType\":1,\"value\":3.8}]','null',0,0,1,0,0,0,0,-1,'',0,'2020-09-20 17:31:49','2020-09-20 17:31:49'),(46,151106004,7,1,'[{\"divisionCode\":29,\"dataType\":1,\"value\":3.0}]','null',0,0,1,0,0,0,0,-1,'',0,'2020-09-20 17:31:49','2020-09-20 17:31:49'),(47,151102004,7,1,'[{\"divisionCode\":95,\"dataType\":1,\"value\":3.8}]','null',0,0,1,0,0,0,0,-1,'',0,'2020-09-20 17:31:49','2020-09-20 17:31:49'),(48,151107001,7,1,'[{\"divisionCode\":24,\"dataType\":1,\"value\":5.0}]','null',0,0,1,0,0,0,0,-1,'',0,'2020-09-20 17:36:48','2020-09-20 17:36:48'),(49,151101001,7,1,'[{\"divisionCode\":17,\"dataType\":1,\"value\":3.0}]','null',0,0,1,0,0,0,0,-1,'',0,'2020-09-20 17:36:48','2020-09-20 17:36:48'),(50,151101001,7,1,'[{\"divisionCode\":17,\"dataType\":1,\"value\":3.0}]','null',0,0,1,0,0,0,0,-1,'',0,'2020-09-20 17:36:48','2020-09-20 17:36:48'),(51,151102002,7,1,'[{\"divisionCode\":24,\"dataType\":1,\"value\":2.0}]','null',0,0,1,0,0,0,0,-1,'',0,'2020-09-20 17:56:47','2020-09-20 17:56:47'),(52,151102002,7,1,'[{\"divisionCode\":24,\"dataType\":1,\"value\":2.0}]','null',0,0,1,0,0,0,0,-1,'',0,'2020-09-20 17:56:47','2020-09-20 17:56:47'),(53,151106002,7,1,'[{\"divisionCode\":29,\"dataType\":1,\"value\":2.0}]','null',0,0,1,0,0,0,0,-1,'',0,'2020-09-20 18:00:27','2020-09-20 18:00:27'),(54,151107002,7,1,'[{\"divisionCode\":59,\"dataType\":1,\"value\":1.0}]','null',0,0,1,0,0,0,0,-1,'',0,'2020-09-20 18:00:27','2020-09-20 18:00:27'),(55,151106002,7,1,'[{\"divisionCode\":29,\"dataType\":1,\"value\":2.0}]','null',0,0,1,0,0,0,0,-1,'',0,'2020-09-20 18:00:27','2020-09-20 18:00:27'),(56,151106003,7,1,'[{\"divisionCode\":24,\"dataType\":1,\"value\":2.0}]','null',0,0,1,0,0,0,0,-1,'',0,'2020-09-20 18:09:04','2020-09-20 18:09:04'),(57,151106003,7,1,'[{\"divisionCode\":24,\"dataType\":1,\"value\":2.0}]','null',0,0,1,0,0,0,0,-1,'',0,'2020-09-20 18:09:04','2020-09-20 18:09:04'),(58,152103003,8,0,'[{\"divisionCode\":17,\"dataType\":1,\"value\":2.0}]','null',0,0,1,0,0,0,0,-1,'',0,'2020-09-20 18:22:02','2020-09-20 18:22:02'),(59,152101003,8,0,'[{\"divisionCode\":94,\"dataType\":1,\"value\":2.0}]','null',0,0,1,0,0,0,0,-1,'',0,'2020-09-20 18:22:46','2020-09-20 18:22:46'),(60,152106004,8,0,'[{\"divisionCode\":29,\"dataType\":1,\"value\":3.0}]','null',0,0,1,0,0,0,0,-1,'',0,'2020-09-20 18:24:56','2020-09-20 18:24:56'),(61,152106004,8,0,'[{\"divisionCode\":29,\"dataType\":1,\"value\":3.0}]','null',0,0,1,0,0,0,0,-1,'',0,'2020-09-20 18:24:56','2020-09-20 18:24:56'),(62,152102004,8,0,'[{\"divisionCode\":95,\"dataType\":1,\"value\":3.8}]','null',0,0,1,0,0,0,0,-1,'',0,'2020-09-20 18:24:56','2020-09-20 18:24:56'),(63,151107003,7,1,'[{\"divisionCode\":59,\"dataType\":1,\"value\":1.0}]','null',0,0,1,0,0,0,0,-1,'',0,'2020-09-20 18:36:25','2020-09-20 18:36:25'),(64,151201001,7,1,'[{\"divisionCode\":17,\"dataType\":1,\"value\":5.0}]','null',0,0,1,0,0,0,0,-1,'',0,'2020-09-20 18:53:12','2020-09-20 18:53:13'),(65,151402001,7,0,'[{\"divisionCode\":59,\"dataType\":1,\"value\":3.1}]','[{\"divisionCode\":94,\"dataType\":1,\"value\":2.8},{\"divisionCode\":56,\"dataType\":1,\"value\":3.0}]',0,13,1,0,0,0,0,-1,'',0,'2020-09-21 20:10:21','2020-09-20 18:53:16'),(66,151107004,7,1,'[{\"divisionCode\":62,\"dataType\":1,\"value\":3.0}]','null',0,0,1,0,0,0,0,-1,'',0,'2020-09-20 18:55:57','2020-09-20 18:55:57'),(67,151101004,7,1,'[{\"divisionCode\":59,\"dataType\":1,\"value\":5.0}]','null',0,0,1,0,0,0,0,-1,'',0,'2020-09-20 18:55:57','2020-09-20 18:55:57'),(68,151102005,7,1,'[{\"divisionCode\":44,\"dataType\":1,\"value\":4.0}]','null',0,0,1,0,0,0,0,-1,'',0,'2020-09-20 18:57:33','2020-09-20 18:57:33'),(69,151103004,7,1,'[{\"divisionCode\":94,\"dataType\":1,\"value\":2.0}]','null',0,0,1,0,0,0,0,-1,'',0,'2020-09-20 18:57:33','2020-09-20 18:57:33'),(70,151105004,7,1,'[{\"divisionCode\":63,\"dataType\":0,\"value\":1.0}]','null',0,0,1,0,0,0,0,-1,'',0,'2020-09-20 18:58:48','2020-09-20 18:58:48'),(71,151106005,7,1,'[{\"divisionCode\":29,\"dataType\":1,\"value\":7.0}]','null',0,0,1,0,0,0,0,-1,'',0,'2020-09-20 18:58:48','2020-09-20 18:58:48'),(72,151105004,7,1,'[{\"divisionCode\":63,\"dataType\":0,\"value\":1.0}]','null',0,0,1,0,0,0,0,-1,'',0,'2020-09-20 18:58:48','2020-09-20 18:58:48'),(73,151103005,7,1,'[{\"divisionCode\":1009,\"dataType\":1,\"value\":5.2}]','null',0,0,1,0,0,0,0,-1,'',0,'2020-09-20 19:02:35','2020-09-20 19:02:35'),(74,151103005,7,1,'[{\"divisionCode\":1009,\"dataType\":1,\"value\":5.2}]','null',0,0,1,0,0,0,0,-1,'',0,'2020-09-20 19:02:35','2020-09-20 19:02:35'),(75,151103005,7,1,'[{\"divisionCode\":1009,\"dataType\":1,\"value\":5.2}]','null',0,0,1,0,0,0,0,-1,'',0,'2020-09-20 19:02:35','2020-09-20 19:02:35'),(76,151105005,7,1,'[{\"divisionCode\":63,\"dataType\":0,\"value\":5.0}]','null',0,0,1,0,0,0,0,-1,'',0,'2020-09-20 19:06:12','2020-09-20 19:06:12'),(77,151105005,7,1,'[{\"divisionCode\":63,\"dataType\":0,\"value\":5.0}]','null',0,0,1,0,0,0,0,-1,'',0,'2020-09-20 19:06:12','2020-09-20 19:06:12'),(78,151102001,7,1,'[{\"divisionCode\":59,\"dataType\":1,\"value\":1.0}]','null',0,0,1,0,0,0,0,-1,'',0,'2020-09-20 19:06:12','2020-09-20 19:06:12'),(79,151101006,7,1,'[{\"divisionCode\":63,\"dataType\":0,\"value\":5.0}]','null',0,0,1,0,0,0,0,-1,'',0,'2020-09-20 19:18:25','2020-09-20 19:18:25'),(80,151107001,7,1,'[{\"divisionCode\":24,\"dataType\":1,\"value\":5.0}]','null',0,0,1,0,0,0,0,-1,'',0,'2020-09-20 19:22:48','2020-09-20 19:22:48'),(81,151107001,7,1,'[{\"divisionCode\":24,\"dataType\":1,\"value\":5.0}]','null',0,0,1,0,0,0,0,-1,'',0,'2020-09-20 19:22:48','2020-09-20 19:22:48'),(82,151107001,7,1,'[{\"divisionCode\":24,\"dataType\":1,\"value\":5.0}]','null',0,0,1,0,0,0,0,-1,'',0,'2020-09-20 19:22:48','2020-09-20 19:22:48'),(83,151103001,7,1,'[{\"divisionCode\":20,\"dataType\":1,\"value\":5.0}]','null',0,0,1,0,0,0,0,-1,'',0,'2020-09-20 19:27:29','2020-09-20 19:27:29'),(84,151105001,7,1,'[{\"divisionCode\":63,\"dataType\":0,\"value\":3.0}]','null',0,0,1,0,0,0,0,-1,'',0,'2020-09-20 19:27:29','2020-09-20 19:27:29'),(85,151102003,7,1,'[{\"divisionCode\":95,\"dataType\":1,\"value\":1.4}]','null',0,0,1,0,0,0,0,-1,'',0,'2020-09-20 22:56:38','2020-09-20 22:56:38'),(86,151102003,7,1,'[{\"divisionCode\":95,\"dataType\":1,\"value\":1.4}]','null',0,0,1,0,0,0,0,-1,'',0,'2020-09-20 22:56:39','2020-09-20 22:56:39'),(87,151101001,7,1,'[{\"divisionCode\":17,\"dataType\":1,\"value\":3.0}]','null',0,0,1,0,0,0,0,-1,'',0,'2020-09-20 23:02:50','2020-09-20 23:02:50'),(88,151102004,7,1,'[{\"divisionCode\":95,\"dataType\":1,\"value\":3.8}]','null',0,0,1,0,0,0,0,-1,'',0,'2020-09-20 23:06:42','2020-09-20 23:06:42'),(89,151102004,7,1,'[{\"divisionCode\":95,\"dataType\":1,\"value\":3.8}]','null',0,0,1,0,0,0,0,-1,'',0,'2020-09-20 23:06:42','2020-09-20 23:06:42'),(90,151405003,7,0,'[{\"divisionCode\":63,\"dataType\":0,\"value\":7.5}]','[{\"divisionCode\":32,\"dataType\":1,\"value\":7.0},{\"divisionCode\":53,\"dataType\":1,\"value\":5.0}]',0,0,1,0,0,0,0,-1,'',0,'2020-09-20 23:08:13','2020-09-20 23:08:13'),(91,151105001,7,1,'[{\"divisionCode\":63,\"dataType\":0,\"value\":3.0}]','null',0,0,1,0,0,0,0,-1,'',0,'2020-09-20 23:08:46','2020-09-20 23:08:46'),(92,151103002,7,1,'[{\"divisionCode\":38,\"dataType\":1,\"value\":10.0}]','null',0,0,1,0,0,0,0,-1,'',0,'2020-09-20 23:11:00','2020-09-20 23:11:00'),(93,151102004,7,1,'[{\"divisionCode\":95,\"dataType\":1,\"value\":3.8}]','null',0,0,1,0,0,0,0,-1,'',0,'2020-09-20 23:11:00','2020-09-20 23:11:00'),(94,151102004,7,1,'[{\"divisionCode\":95,\"dataType\":1,\"value\":3.8}]','null',0,0,1,0,0,0,0,-1,'',0,'2020-09-20 23:11:00','2020-09-20 23:11:00'),(95,151103002,7,1,'[{\"divisionCode\":38,\"dataType\":1,\"value\":10.0}]','null',0,0,1,0,0,0,0,-1,'',0,'2020-09-20 23:11:31','2020-09-20 23:11:31'),(96,151102004,7,1,'[{\"divisionCode\":95,\"dataType\":1,\"value\":3.8}]','null',0,0,1,0,0,0,0,-1,'',0,'2020-09-20 23:11:31','2020-09-20 23:11:31'),(97,151102004,7,1,'[{\"divisionCode\":95,\"dataType\":1,\"value\":3.8}]','null',0,0,1,0,0,0,0,-1,'',0,'2020-09-20 23:11:31','2020-09-20 23:11:31'),(98,151103002,7,1,'[{\"divisionCode\":38,\"dataType\":1,\"value\":10.0}]','null',0,0,1,0,0,0,0,-1,'',0,'2020-09-20 23:11:31','2020-09-20 23:11:31'),(99,151102004,7,1,'[{\"divisionCode\":95,\"dataType\":1,\"value\":3.8}]','null',0,0,1,0,0,0,0,-1,'',0,'2020-09-20 23:11:31','2020-09-20 23:11:32'),(100,151103002,7,1,'[{\"divisionCode\":38,\"dataType\":1,\"value\":10.0}]','null',0,0,1,0,0,0,0,-1,'',0,'2020-09-20 23:11:32','2020-09-20 23:11:32'),(101,151103002,7,1,'[{\"divisionCode\":38,\"dataType\":1,\"value\":10.0}]','null',0,0,1,0,0,0,0,-1,'',0,'2020-09-20 23:11:32','2020-09-20 23:11:32'),(102,151102004,7,1,'[{\"divisionCode\":95,\"dataType\":1,\"value\":3.8}]','null',0,0,1,0,0,0,0,-1,'',0,'2020-09-20 23:11:32','2020-09-20 23:11:32'),(103,151106004,7,1,'[{\"divisionCode\":29,\"dataType\":1,\"value\":3.0}]','null',0,0,1,0,0,0,0,-1,'',0,'2020-09-20 23:15:44','2020-09-20 23:15:44'),(104,151105002,7,1,'[{\"divisionCode\":63,\"dataType\":0,\"value\":3.0}]','null',0,0,1,0,0,0,0,-1,'',0,'2020-09-20 23:15:44','2020-09-20 23:15:44'),(105,151101002,7,1,'[{\"divisionCode\":38,\"dataType\":1,\"value\":5.0}]','null',0,0,1,0,0,0,0,-1,'',0,'2020-09-20 23:19:36','2020-09-20 23:19:36'),(106,151102005,7,1,'[{\"divisionCode\":44,\"dataType\":1,\"value\":4.0}]','null',0,0,1,0,0,0,0,-1,'',0,'2020-09-20 23:25:54','2020-09-20 23:25:54'),(107,151205003,7,1,'[{\"divisionCode\":63,\"dataType\":0,\"value\":4.5}]','null',0,0,1,0,0,0,0,-1,'',0,'2020-09-20 23:25:54','2020-09-20 23:25:54'),(108,151102005,7,1,'[{\"divisionCode\":44,\"dataType\":1,\"value\":4.0}]','null',0,0,1,0,0,0,0,-1,'',0,'2020-09-20 23:25:54','2020-09-20 23:25:54'),(109,151107003,7,0,'[{\"divisionCode\":59,\"dataType\":1,\"value\":1.0}]','null',0,0,1,0,0,0,0,-1,'',0,'2020-09-20 23:29:07','2020-09-20 23:29:07'),(110,151106005,7,0,'[{\"divisionCode\":29,\"dataType\":1,\"value\":7.0}]','null',0,0,1,0,0,0,0,-1,'',0,'2020-09-20 23:29:07','2020-09-20 23:29:07'),(111,151106005,7,1,'[{\"divisionCode\":29,\"dataType\":1,\"value\":7.0}]','null',0,0,1,0,0,0,0,-1,'',0,'2020-09-20 23:29:07','2020-09-20 23:29:07'),(112,151105003,7,1,'[{\"divisionCode\":63,\"dataType\":0,\"value\":3.0}]','null',0,0,1,0,0,0,0,-1,'',0,'2020-09-20 23:32:18','2020-09-20 23:32:18'),(113,151101002,7,1,'[{\"divisionCode\":38,\"dataType\":1,\"value\":5.0}]','null',0,0,1,0,0,0,0,-1,'',0,'2020-09-20 23:44:19','2020-09-20 23:44:19'),(114,151107004,7,1,'[{\"divisionCode\":62,\"dataType\":1,\"value\":3.0}]','null',0,0,1,0,0,0,0,-1,'',0,'2020-09-20 23:49:10','2020-09-20 23:49:10'),(115,151107004,7,1,'[{\"divisionCode\":62,\"dataType\":1,\"value\":3.0}]','null',0,0,1,0,0,0,0,-1,'',0,'2020-09-20 23:49:10','2020-09-20 23:49:10'),(116,151101002,5,0,'[{\"divisionCode\":38,\"dataType\":1,\"value\":5.0}]','null',0,0,1,0,0,0,0,-1,'',0,'2020-09-21 12:04:27','2020-09-21 12:04:27'),(117,153103003,10,0,'[{\"divisionCode\":17,\"dataType\":1,\"value\":2.0}]','null',0,0,1,0,0,0,0,-1,'',0,'2020-09-21 12:30:25','2020-09-21 12:30:25'),(118,153103003,10,0,'[{\"divisionCode\":17,\"dataType\":1,\"value\":2.0}]','null',0,0,1,0,0,0,0,-1,'',0,'2020-09-21 12:30:25','2020-09-21 12:30:25'),(119,153101003,10,0,'[{\"divisionCode\":94,\"dataType\":1,\"value\":2.0}]','null',0,0,1,0,0,0,0,-1,'',0,'2020-09-21 12:30:44','2020-09-21 12:30:44'),(120,153102004,10,0,'[{\"divisionCode\":95,\"dataType\":1,\"value\":3.8}]','null',0,0,1,0,0,0,0,-1,'',0,'2020-09-21 12:33:09','2020-09-21 12:33:09'),(121,153102004,10,0,'[{\"divisionCode\":95,\"dataType\":1,\"value\":3.8}]','null',0,0,1,0,0,0,0,-1,'',0,'2020-09-21 12:33:09','2020-09-21 12:33:09'),(122,153102004,10,0,'[{\"divisionCode\":95,\"dataType\":1,\"value\":3.8}]','null',0,0,1,0,0,0,0,-1,'',0,'2020-09-21 12:33:09','2020-09-21 12:33:09'),(123,152103003,13,0,'[{\"divisionCode\":17,\"dataType\":1,\"value\":2.0}]','null',0,0,1,0,0,0,0,-1,'',0,'2020-09-21 19:06:03','2020-09-21 19:06:03'),(124,152105003,13,0,'[{\"divisionCode\":63,\"dataType\":0,\"value\":3.0}]','null',0,0,1,0,0,0,0,-1,'',0,'2020-09-21 19:06:03','2020-09-21 19:06:03'),(125,152101002,13,0,'[{\"divisionCode\":38,\"dataType\":1,\"value\":5.0}]','null',0,0,1,0,0,0,0,-1,'',0,'2020-09-21 19:06:16','2020-09-21 19:06:16'),(126,152106004,13,0,'[{\"divisionCode\":29,\"dataType\":1,\"value\":3.0}]','null',0,0,1,0,0,0,0,-1,'',0,'2020-09-21 19:07:33','2020-09-21 19:07:33'),(127,152106004,13,0,'[{\"divisionCode\":29,\"dataType\":1,\"value\":3.0}]','null',0,0,1,0,0,0,0,-1,'',0,'2020-09-21 19:07:33','2020-09-21 19:07:33'),(128,152106004,13,0,'[{\"divisionCode\":29,\"dataType\":1,\"value\":3.0}]','null',0,0,1,0,0,0,0,-1,'',0,'2020-09-21 19:07:33','2020-09-21 19:07:33'),(129,152101001,13,0,'[{\"divisionCode\":17,\"dataType\":1,\"value\":3.0}]','null',0,0,1,0,0,0,0,-1,'',0,'2020-09-21 19:09:05','2020-09-21 19:09:05'),(130,152107001,13,0,'[{\"divisionCode\":24,\"dataType\":1,\"value\":5.0}]','null',0,0,1,0,0,0,0,-1,'',0,'2020-09-21 19:09:05','2020-09-21 19:09:05'),(131,152301005,13,0,'[{\"divisionCode\":202,\"dataType\":1,\"value\":1.7}]','[{\"divisionCode\":94,\"dataType\":1,\"value\":1.2}]',0,0,1,0,0,0,0,-1,'',0,'2020-09-21 19:39:45','2020-09-21 19:39:45'),(132,154103003,14,0,'[{\"divisionCode\":17,\"dataType\":1,\"value\":2.0}]','null',0,0,1,0,0,0,0,-1,'',0,'2020-09-21 19:42:20','2020-09-21 19:42:20'),(133,154105003,14,0,'[{\"divisionCode\":63,\"dataType\":0,\"value\":3.0}]','null',0,0,1,0,0,0,0,-1,'',0,'2020-09-21 19:42:20','2020-09-21 19:42:20'),(134,154102004,14,0,'[{\"divisionCode\":95,\"dataType\":1,\"value\":3.8}]','null',0,0,1,0,0,0,0,-1,'',0,'2020-09-21 19:43:26','2020-09-21 19:43:26'),(135,154102004,14,0,'[{\"divisionCode\":95,\"dataType\":1,\"value\":3.8}]','null',0,0,1,0,0,0,0,-1,'',0,'2020-09-21 19:43:26','2020-09-21 19:43:26'),(136,154107001,14,0,'[{\"divisionCode\":24,\"dataType\":1,\"value\":5.0}]','null',0,0,1,0,0,0,0,-1,'',0,'2020-09-21 19:45:06','2020-09-21 19:45:06'),(137,154101001,14,0,'[{\"divisionCode\":17,\"dataType\":1,\"value\":3.0}]','null',0,0,1,0,0,0,0,-1,'',0,'2020-09-21 19:45:06','2020-09-21 19:45:06'),(138,154102001,14,0,'[{\"divisionCode\":59,\"dataType\":1,\"value\":1.0}]','null',0,0,1,0,0,0,0,-1,'',0,'2020-09-21 19:46:59','2020-09-21 19:46:59'),(139,154105001,14,0,'[{\"divisionCode\":63,\"dataType\":0,\"value\":3.0}]','null',0,0,1,0,0,0,0,-1,'',0,'2020-09-21 19:49:38','2020-09-21 19:49:38'),(140,154105001,14,0,'[{\"divisionCode\":63,\"dataType\":0,\"value\":3.0}]','null',0,0,1,0,0,0,0,-1,'',0,'2020-09-21 19:49:38','2020-09-21 19:49:38'),(141,154106001,14,0,'[{\"divisionCode\":24,\"dataType\":1,\"value\":2.0}]','null',0,0,1,0,0,0,0,-1,'',0,'2020-09-21 19:49:38','2020-09-21 19:49:38'),(142,154101002,14,0,'[{\"divisionCode\":38,\"dataType\":1,\"value\":5.0}]','null',0,0,1,0,0,0,0,-1,'',0,'2020-09-21 19:51:42','2020-09-21 19:51:42'),(143,151103003,7,1,'[{\"divisionCode\":17,\"dataType\":1,\"value\":2.0}]','null',0,0,1,0,0,0,0,-1,'',0,'2020-09-21 19:56:33','2020-09-21 19:56:33'),(144,151105003,7,1,'[{\"divisionCode\":63,\"dataType\":0,\"value\":3.0}]','null',0,0,1,0,0,0,0,-1,'',0,'2020-09-21 19:56:33','2020-09-21 19:56:33'),(145,151102004,7,1,'[{\"divisionCode\":95,\"dataType\":1,\"value\":3.8}]','null',0,0,1,0,0,0,0,-1,'',0,'2020-09-21 19:57:37','2020-09-21 19:57:37'),(146,151101001,7,1,'[{\"divisionCode\":17,\"dataType\":1,\"value\":3.0}]','null',0,0,1,0,0,0,0,-1,'',0,'2020-09-21 19:59:02','2020-09-21 19:59:02'),(147,151101001,7,1,'[{\"divisionCode\":17,\"dataType\":1,\"value\":3.0}]','null',0,0,1,0,0,0,0,-1,'',0,'2020-09-21 19:59:02','2020-09-21 19:59:02'),(148,151102001,7,1,'[{\"divisionCode\":59,\"dataType\":1,\"value\":1.0}]','null',0,0,1,0,0,0,0,-1,'',0,'2020-09-21 20:00:27','2020-09-21 20:00:27'),(149,151102001,7,1,'[{\"divisionCode\":59,\"dataType\":1,\"value\":1.0}]','null',0,0,1,0,0,0,0,-1,'',0,'2020-09-21 20:00:27','2020-09-21 20:00:27'),(150,151101004,7,1,'[{\"divisionCode\":59,\"dataType\":1,\"value\":5.0}]','null',0,0,1,0,0,0,0,-1,'',0,'2020-09-21 20:02:35','2020-09-21 20:02:35'),(151,151302001,7,1,'[{\"divisionCode\":59,\"dataType\":1,\"value\":2.4}]','[{\"divisionCode\":24,\"dataType\":1,\"value\":3.0}]',0,0,1,0,0,0,0,-1,'',0,'2020-09-21 20:02:39','2020-09-21 20:02:39'),(152,151105004,7,0,'[{\"divisionCode\":63,\"dataType\":0,\"value\":1.0}]','null',0,0,1,0,0,0,0,-1,'',0,'2020-09-21 20:05:10','2020-09-21 20:05:10'),(153,151105002,7,0,'[{\"divisionCode\":63,\"dataType\":0,\"value\":3.0}]','null',0,0,1,0,0,0,0,-1,'',0,'2020-09-21 20:13:31','2020-09-21 20:13:31'),(154,152103003,16,0,'[{\"divisionCode\":17,\"dataType\":1,\"value\":2.0}]','null',0,0,1,0,0,0,0,-1,'',0,'2020-09-21 20:16:31','2020-09-21 20:16:31'),(155,152103003,16,0,'[{\"divisionCode\":17,\"dataType\":1,\"value\":2.0}]','null',0,0,1,0,0,0,0,-1,'',0,'2020-09-21 20:16:31','2020-09-21 20:16:31'),(156,152103003,16,0,'[{\"divisionCode\":17,\"dataType\":1,\"value\":2.0}]','null',0,0,1,0,0,0,0,-1,'',0,'2020-09-21 20:16:31','2020-09-21 20:16:31'),(157,151103003,17,0,'[{\"divisionCode\":17,\"dataType\":1,\"value\":2.0}]','null',0,0,1,0,0,0,0,-1,'',0,'2020-09-21 20:22:03','2020-09-21 20:22:03'),(158,151105003,17,0,'[{\"divisionCode\":63,\"dataType\":0,\"value\":3.0}]','null',0,0,1,0,0,0,0,-1,'',0,'2020-09-21 20:22:03','2020-09-21 20:22:03'),(159,151101001,17,0,'[{\"divisionCode\":17,\"dataType\":1,\"value\":3.0}]','null',0,0,1,0,0,0,0,-1,'',0,'2020-09-21 20:23:24','2020-09-21 20:23:24'),(160,154103003,15,0,'[{\"divisionCode\":17,\"dataType\":1,\"value\":2.0}]','null',0,0,1,0,0,0,0,-1,'',0,'2020-09-21 20:25:26','2020-09-21 20:25:26'),(161,154105003,15,0,'[{\"divisionCode\":63,\"dataType\":0,\"value\":3.0}]','null',0,0,1,0,0,0,0,-1,'',0,'2020-09-21 20:25:26','2020-09-21 20:25:26'),(162,154101003,15,0,'[{\"divisionCode\":94,\"dataType\":1,\"value\":2.0}]','null',0,0,1,0,0,0,0,-1,'',0,'2020-09-21 20:25:40','2020-09-21 20:25:40'),(163,151106004,17,0,'[{\"divisionCode\":29,\"dataType\":1,\"value\":3.0}]','null',0,0,1,0,0,0,0,-1,'',0,'2020-09-21 20:26:02','2020-09-21 20:26:02'),(164,154106004,15,0,'[{\"divisionCode\":29,\"dataType\":1,\"value\":3.0}]','null',0,0,1,0,0,0,0,-1,'',0,'2020-09-21 20:26:47','2020-09-21 20:26:47'),(165,154106004,15,0,'[{\"divisionCode\":29,\"dataType\":1,\"value\":3.0}]','null',0,0,1,0,0,0,0,-1,'',0,'2020-09-21 20:26:47','2020-09-21 20:26:47'),(166,154102004,15,0,'[{\"divisionCode\":95,\"dataType\":1,\"value\":3.8}]','null',0,0,1,0,0,0,0,-1,'',0,'2020-09-21 20:26:47','2020-09-21 20:26:47'),(167,154303005,15,0,'[{\"divisionCode\":1009,\"dataType\":1,\"value\":6.8}]','[{\"divisionCode\":38,\"dataType\":1,\"value\":2.5}]',0,0,1,0,0,0,0,-1,'',0,'2020-09-21 20:27:35','2020-09-21 20:27:35'),(168,150101003,15,0,'null','null',0,0,0,0,0,0,0,-1,'',0,'2020-09-21 20:27:39','2020-09-21 20:27:39'),(169,150301001,1,0,'null','[{\"divisionCode\":28,\"dataType\":0,\"value\":225.0}]',0,0,0,0,0,0,0,-1,'',0,'2020-09-22 00:26:51','2020-09-22 00:26:51'),(170,153203004,1,0,'[{\"divisionCode\":94,\"dataType\":1,\"value\":2.5}]','null',0,0,1,0,0,0,0,-1,'',0,'2020-09-22 00:26:55','2020-09-22 00:26:55'),(171,153101001,1,1,'[{\"divisionCode\":17,\"dataType\":1,\"value\":3.0}]','null',0,0,1,0,0,0,0,-1,'',0,'2020-09-22 00:28:35','2020-09-22 00:28:35'),(172,153107001,1,0,'[{\"divisionCode\":24,\"dataType\":1,\"value\":5.0}]','null',0,0,1,0,0,0,0,-1,'',0,'2020-09-22 00:28:35','2020-09-22 00:28:35'),(173,153102001,1,0,'[{\"divisionCode\":59,\"dataType\":1,\"value\":1.0}]','null',0,0,1,0,0,0,0,-1,'',0,'2020-09-22 00:33:02','2020-09-22 00:33:02'),(174,153102001,1,0,'[{\"divisionCode\":59,\"dataType\":1,\"value\":1.0}]','null',0,0,1,0,0,0,0,-1,'',0,'2020-09-22 00:42:00','2020-09-22 00:42:00'),(175,153301004,1,0,'[{\"divisionCode\":59,\"dataType\":1,\"value\":8.0}]','[{\"divisionCode\":16,\"dataType\":0,\"value\":120.0}]',0,0,1,0,0,0,0,-1,'',0,'2020-09-22 00:55:49','2020-09-22 00:55:49'),(176,153301001,1,0,'[{\"divisionCode\":17,\"dataType\":1,\"value\":7.0}]','[{\"divisionCode\":202,\"dataType\":1,\"value\":0.2}]',0,0,1,0,0,0,0,-1,'',0,'2020-09-22 00:55:53','2020-09-22 00:55:53'),(177,153102001,1,0,'[{\"divisionCode\":59,\"dataType\":1,\"value\":1.0}]','null',0,0,1,0,0,0,0,-1,'',0,'2020-09-22 00:58:15','2020-09-22 00:58:15'),(178,153103001,1,0,'[{\"divisionCode\":20,\"dataType\":1,\"value\":5.0}]','null',0,0,1,0,0,0,0,-1,'',0,'2020-09-22 00:58:15','2020-09-22 00:58:15'),(179,153103001,1,0,'[{\"divisionCode\":20,\"dataType\":1,\"value\":5.0}]','null',0,0,1,0,0,0,0,-1,'',0,'2020-09-22 00:58:15','2020-09-22 00:58:15'),(180,154105003,18,0,'[{\"divisionCode\":63,\"dataType\":0,\"value\":3.0}]','null',0,0,1,0,0,0,0,-1,'',0,'2020-09-22 17:01:33','2020-09-22 17:01:33'),(181,154105003,18,0,'[{\"divisionCode\":63,\"dataType\":0,\"value\":3.0}]','null',0,0,1,0,0,0,0,-1,'',0,'2020-09-22 17:01:33','2020-09-22 17:01:33'),(182,154105003,18,0,'[{\"divisionCode\":63,\"dataType\":0,\"value\":3.0}]','null',0,0,1,0,0,0,0,-1,'',0,'2020-09-22 17:01:33','2020-09-22 17:01:33'),(183,154101002,18,0,'[{\"divisionCode\":38,\"dataType\":1,\"value\":5.0}]','null',0,0,1,0,0,0,0,-1,'',0,'2020-09-22 17:03:30','2020-09-22 17:03:30'),(184,154102004,18,0,'[{\"divisionCode\":95,\"dataType\":1,\"value\":3.8}]','null',0,0,1,0,0,0,0,-1,'',0,'2020-09-22 17:04:42','2020-09-22 17:04:42'),(185,154106004,18,0,'[{\"divisionCode\":29,\"dataType\":1,\"value\":3.0}]','null',0,0,1,0,0,0,0,-1,'',0,'2020-09-22 17:04:42','2020-09-22 17:04:42'),(186,154102004,18,0,'[{\"divisionCode\":95,\"dataType\":1,\"value\":3.8}]','null',0,0,1,0,0,0,0,-1,'',0,'2020-09-22 17:04:42','2020-09-22 17:04:42');

--
-- Table structure for table `table_equipment_item_equipped`
--

CREATE TABLE `table_equipment_item_equipped` (
  `character_id` bigint(20) unsigned NOT NULL,
  `equip_slot_type` tinyint(4) NOT NULL COMMENT '장착하고 있는 위치\n\n  0 = 무기\n  1 = 머리\n  2 = 상의\n  3 = 하의\n  4 = 장갑\n  5 = 신발\n  6 = 목걸이\n  7 = 반지\n\n  -1 = 없음. (장착할 수 없는, 인벤토리에서만 존재해야 하는 아이템)',
  `item_id` bigint(20) unsigned NOT NULL DEFAULT '0' COMMENT '아이템의 ID',
  `update_datetime` datetime NOT NULL DEFAULT '1000-01-01 00:00:00' COMMENT '갱신일',
  PRIMARY KEY (`character_id`,`equip_slot_type`)
) ENGINE=InnoDB DEFAULT CHARSET=utf8 COLLATE=utf8_unicode_ci COMMENT='캐릭터 별 장착 아이템의 장착 정보';

--
-- Dumping data for table `table_equipment_item_equipped`
--

INSERT INTO `table_equipment_item_equipped` VALUES (1,1,170,'2020-09-22 00:26:58'),(1,7,176,'2020-09-22 00:55:55'),(1,9,169,'2020-09-22 00:26:54'),(2,7,10,'2020-09-19 13:13:56'),(3,7,16,'2020-09-19 14:24:59'),(4,7,30,'2020-09-19 23:14:53'),(5,7,116,'2020-09-21 12:04:30'),(7,1,31,'2020-09-21 20:01:06'),(7,3,65,'2020-09-20 18:53:19'),(7,4,90,'2020-09-21 20:00:58'),(7,5,110,'2020-09-20 23:44:53'),(7,6,109,'2020-09-20 23:44:58'),(7,7,39,'2020-09-20 17:18:47'),(8,7,59,'2020-09-20 18:22:58'),(10,7,119,'2020-09-21 12:30:55'),(13,1,123,'2020-09-21 19:40:06'),(13,7,131,'2020-09-21 19:39:48'),(15,1,167,'2020-09-21 20:27:37'),(15,3,166,'2020-09-21 20:27:19'),(15,4,161,'2020-09-21 20:27:26'),(15,5,164,'2020-09-21 20:27:24'),(15,7,162,'2020-09-21 20:25:46'),(15,9,168,'2020-09-21 20:27:42'),(17,7,159,'2020-09-21 20:23:43'),(18,7,183,'2020-09-22 17:03:38');

--
-- Table structure for table `table_guardian_stone`
--

CREATE TABLE `table_guardian_stone` (
  `character_id` bigint(20) unsigned NOT NULL COMMENT '소유자 캐릭터의 ID',
  `guardian_stone_code` int(11) NOT NULL COMMENT '수호석의 종류 식별 코드',
  `state` tinyint(4) DEFAULT '0' COMMENT '수호석의 상태\n: eItemState의 값과 같다.',
  `enhance_level` int(11) NOT NULL DEFAULT '0' COMMENT '강화레벨\n\n- 최초에는 0 단계이다.\n: 강화를 해야 1레벨이 되는 방식임.',
  `update_datetime` datetime NOT NULL DEFAULT '1000-01-01 00:00:00' COMMENT '갱신일시',
  PRIMARY KEY (`character_id`,`guardian_stone_code`)
) ENGINE=InnoDB DEFAULT CHARSET=utf8 COLLATE=utf8_unicode_ci COMMENT='캐릭터 별  보유한 수호석 정보';

--
-- Dumping data for table `table_guardian_stone`
--


--
-- Table structure for table `table_guardian_stone_equipped`
--

CREATE TABLE `table_guardian_stone_equipped` (
  `character_id` bigint(20) unsigned NOT NULL COMMENT '소유자 캐릭터의 ID',
  `equip_slot_index` tinyint(4) NOT NULL COMMENT '장착한 슬롯의 인덱스\n\n- 0부터 시작한다.\n\n- 0보다 작은 숫자는 무효값으로 간주하며, 장착하지 않은 상태라는 의미이다.',
  `guardian_stone_code` int(11) NOT NULL DEFAULT '0' COMMENT '수호석의 종류 식별 코드',
  `update_datetime` datetime NOT NULL DEFAULT '1000-01-01 00:00:00' COMMENT '갱신일시',
  PRIMARY KEY (`character_id`,`equip_slot_index`)
) ENGINE=InnoDB DEFAULT CHARSET=utf8 COLLATE=utf8_unicode_ci COMMENT='캐릭터 별 수호석 장착 정보';

--
-- Dumping data for table `table_guardian_stone_equipped`
--


--
-- Table structure for table `table_mission`
--

CREATE TABLE `table_mission` (
  `character_id` bigint(20) unsigned NOT NULL COMMENT '캐릭터 ID',
  `mission_code` int(11) NOT NULL COMMENT '미션의 타입 식별 코드\n\n- GTC 값이다.',
  `state` tinyint(4) NOT NULL DEFAULT '0' COMMENT '미션의 수행 상태\n\n 0 = None (아무 상태도 아님. 달성 여부를 점검하는 대상이 아니다.)\n 1 = Activated (활설화됨)\n 2 = Success (목표 달성에 성공한 상태. 서버 상에서는 보상 지급을 기다리는 상태.)\n 3 = Failed (목표 달성에 실패한 상태.)\n 4 = Completed (미션 목표가 성공 / 실패하고 보상 지급까지 모두 완료한 상태)',
  `record` bigint(20) NOT NULL DEFAULT '0' COMMENT '이 미션과 관련하여 현재까지 달성한 값\n\n- 현재는 잠정적으로 하나의 숫자 값 형식으로 수렴하도록 디자인하고 있다.\n\n- 숫자 자체는 정수 / 실수 여부와 한계값을 명확히 알 수 없으므로, 가장 범용적으로 사용할 수 있는 값 형식을 사용한다.',
  `expired_datetime` datetime NOT NULL DEFAULT '1000-01-01 00:00:00' COMMENT '현재 미션의 달성 상태를 파기할 일시\n: 이 시간이 지나면, 미션을 초기화한다.',
  `update_datetime` datetime NOT NULL DEFAULT '1000-01-01 00:00:00' COMMENT '갱신일시',
  PRIMARY KEY (`character_id`,`mission_code`)
) ENGINE=InnoDB DEFAULT CHARSET=utf8 COLLATE=utf8_unicode_ci COMMENT='캐릭터 별 미션 정보';

--
-- Dumping data for table `table_mission`
--

INSERT INTO `table_mission` VALUES (1,101010101,3,5,'2020-09-23 00:00:00','2020-09-22 00:58:15'),(1,101020101,1,0,'2020-09-23 00:00:00','2020-09-22 00:26:26'),(1,101030101,1,0,'2020-09-23 00:00:00','2020-09-22 00:26:26'),(1,101040201,1,0,'2020-09-23 00:00:00','2020-09-22 00:26:26'),(1,101060201,1,0,'2020-09-23 00:00:00','2020-09-22 00:26:26'),(1,101080101,1,0,'2020-09-23 00:00:00','2020-09-22 00:26:26'),(1,101090101,1,0,'2020-09-23 00:00:00','2020-09-22 00:26:27'),(1,101100101,1,0,'2020-09-23 00:00:00','2020-09-22 00:26:27'),(1,102010601,1,11,'2020-09-23 00:00:00','2020-09-22 00:58:15'),(1,108010101,1,0,'2020-09-23 00:00:00','2020-09-22 00:26:27'),(1,114010101,1,150,'2020-09-23 00:00:00','2020-09-22 00:57:02'),(1,114020101,1,0,'2020-09-23 00:00:00','2020-09-22 00:26:27'),(1,301010101,1,7,'2020-10-01 00:00:00','2020-09-22 00:58:15'),(1,301020101,1,0,'2020-10-01 00:00:00','2020-09-19 12:48:27'),(1,301030101,1,0,'2020-10-01 00:00:00','2020-09-19 12:48:27'),(1,301040201,1,0,'2020-10-01 00:00:00','2020-09-19 12:48:27'),(1,301050201,1,0,'2020-10-01 00:00:00','2020-09-19 12:48:27'),(1,301060201,1,0,'2020-10-01 00:00:00','2020-09-19 12:48:27'),(1,301070201,1,0,'2020-10-01 00:00:00','2020-09-19 12:48:27'),(1,301080101,1,0,'2020-10-01 00:00:00','2020-09-19 12:48:27'),(1,301090101,1,0,'2020-10-01 00:00:00','2020-09-19 12:48:27'),(1,301100101,1,0,'2020-10-01 00:00:00','2020-09-19 12:48:27'),(1,303010101,1,7,'2020-10-01 00:00:00','2020-09-22 00:58:15'),(1,304010101,1,40,'2020-10-01 00:00:00','2020-09-19 12:54:31'),(1,308020201,1,0,'2020-10-01 00:00:00','2020-09-19 12:48:27'),(1,314010101,1,150,'2020-10-01 00:00:00','2020-09-22 00:57:02'),(1,314020101,1,0,'2020-10-01 00:00:00','2020-09-19 12:48:27'),(1,314030101,1,0,'2020-10-01 00:00:00','2020-09-19 12:48:27'),(1,314050101,1,21,'2020-10-01 00:00:00','2020-09-22 00:57:02'),(1,315010101,1,0,'2020-10-01 00:00:00','2020-09-19 12:48:27'),(1,701060201,1,0,'2020-09-28 00:00:00','2020-09-22 00:26:27'),(1,701080201,1,0,'2020-09-28 00:00:00','2020-09-22 00:26:27'),(1,701090101,1,0,'2020-09-28 00:00:00','2020-09-22 00:26:27'),(1,702010101,1,2,'2020-09-28 00:00:00','2020-09-22 01:01:48'),(1,702010201,1,0,'2020-09-28 00:00:00','2020-09-22 00:26:27'),(1,702010601,1,11,'2020-09-28 00:00:00','2020-09-22 00:58:15'),(1,704010101,1,0,'2020-09-28 00:00:00','2020-09-22 00:26:27'),(1,707010201,1,0,'2020-09-28 00:00:00','2020-09-22 00:26:27'),(1,708010201,1,0,'2020-09-28 00:00:00','2020-09-22 00:26:27'),(1,708020101,1,0,'2020-09-28 00:00:00','2020-09-22 00:26:27'),(1,711010101,1,0,'2020-09-28 00:00:00','2020-09-22 00:26:27'),(1,714010201,1,5925,'2020-09-28 00:00:00','2020-09-22 00:58:15'),(1,714030201,1,0,'2020-09-28 00:00:00','2020-09-22 00:26:27'),(1,714040201,1,0,'2020-09-28 00:00:00','2020-09-22 00:26:27'),(1,715010101,1,0,'2020-09-28 00:00:00','2020-09-22 00:26:27'),(2,101010101,1,0,'2020-09-22 00:00:00','2020-09-21 19:02:30'),(2,101020101,1,0,'2020-09-22 00:00:00','2020-09-21 19:02:30'),(2,101030101,1,0,'2020-09-22 00:00:00','2020-09-21 19:02:30'),(2,101040201,1,0,'2020-09-22 00:00:00','2020-09-21 19:02:30'),(2,101060201,1,0,'2020-09-22 00:00:00','2020-09-21 19:02:30'),(2,101080101,1,0,'2020-09-22 00:00:00','2020-09-21 19:02:30'),(2,101090101,1,0,'2020-09-22 00:00:00','2020-09-21 19:02:30'),(2,101100101,1,0,'2020-09-22 00:00:00','2020-09-21 19:02:30'),(2,102010601,1,0,'2020-09-22 00:00:00','2020-09-21 19:02:30'),(2,108010101,1,0,'2020-09-22 00:00:00','2020-09-21 19:02:30'),(2,114010101,1,0,'2020-09-22 00:00:00','2020-09-21 19:02:30'),(2,114020101,1,0,'2020-09-22 00:00:00','2020-09-21 19:02:30'),(2,301010101,1,5,'2020-10-01 00:00:00','2020-09-19 14:29:25'),(2,301020101,1,0,'2020-10-01 00:00:00','2020-09-19 13:10:32'),(2,301030101,1,0,'2020-10-01 00:00:00','2020-09-19 13:10:32'),(2,301040201,1,0,'2020-10-01 00:00:00','2020-09-19 13:10:32'),(2,301050201,1,0,'2020-10-01 00:00:00','2020-09-19 13:10:32'),(2,301060201,1,0,'2020-10-01 00:00:00','2020-09-19 13:10:32'),(2,301070201,1,2,'2020-10-01 00:00:00','2020-09-19 14:31:38'),(2,301080101,1,0,'2020-10-01 00:00:00','2020-09-19 13:10:32'),(2,301090101,1,0,'2020-10-01 00:00:00','2020-09-19 13:10:32'),(2,301100101,1,0,'2020-10-01 00:00:00','2020-09-19 13:10:32'),(2,303010101,1,5,'2020-10-01 00:00:00','2020-09-19 14:29:25'),(2,304010101,1,0,'2020-10-01 00:00:00','2020-09-19 13:10:32'),(2,308020201,1,0,'2020-10-01 00:00:00','2020-09-19 13:10:32'),(2,314010101,1,90,'2020-10-01 00:00:00','2020-09-19 14:28:10'),(2,314020101,1,0,'2020-10-01 00:00:00','2020-09-19 13:10:32'),(2,314030101,1,0,'2020-10-01 00:00:00','2020-09-19 13:10:32'),(2,314050101,1,15,'2020-10-01 00:00:00','2020-09-19 14:28:10'),(2,315010101,1,0,'2020-10-01 00:00:00','2020-09-19 13:10:32'),(2,701060201,1,0,'2020-09-28 00:00:00','2020-09-21 19:02:30'),(2,701080201,1,0,'2020-09-28 00:00:00','2020-09-21 19:02:30'),(2,701090101,1,0,'2020-09-28 00:00:00','2020-09-21 19:02:30'),(2,702010101,1,0,'2020-09-28 00:00:00','2020-09-21 19:02:30'),(2,702010201,1,0,'2020-09-28 00:00:00','2020-09-21 19:02:30'),(2,702010601,1,0,'2020-09-28 00:00:00','2020-09-21 19:02:30'),(2,704010101,1,0,'2020-09-28 00:00:00','2020-09-21 19:02:30'),(2,707010201,1,0,'2020-09-28 00:00:00','2020-09-21 19:02:30'),(2,708010201,1,0,'2020-09-28 00:00:00','2020-09-21 19:02:30'),(2,708020101,1,0,'2020-09-28 00:00:00','2020-09-21 19:02:30'),(2,711010101,1,0,'2020-09-28 00:00:00','2020-09-21 19:02:30'),(2,714010201,1,0,'2020-09-28 00:00:00','2020-09-21 19:02:30'),(2,714030201,1,0,'2020-09-28 00:00:00','2020-09-21 19:02:30'),(2,714040201,1,0,'2020-09-28 00:00:00','2020-09-21 19:02:30'),(2,715010101,1,0,'2020-09-28 00:00:00','2020-09-21 19:02:30'),(3,101010101,1,3,'2020-09-20 00:00:00','2020-09-19 14:28:45'),(3,101020101,1,0,'2020-09-20 00:00:00','2020-09-19 14:18:34'),(3,101030101,1,0,'2020-09-20 00:00:00','2020-09-19 14:18:34'),(3,101040201,1,0,'2020-09-20 00:00:00','2020-09-19 14:18:34'),(3,101060201,1,0,'2020-09-20 00:00:00','2020-09-19 14:18:34'),(3,101080101,1,0,'2020-09-20 00:00:00','2020-09-19 14:18:34'),(3,101090101,1,0,'2020-09-20 00:00:00','2020-09-19 14:18:34'),(3,101100101,1,0,'2020-09-20 00:00:00','2020-09-19 14:18:34'),(3,102010601,1,5,'2020-09-20 00:00:00','2020-09-19 14:28:45'),(3,108010101,1,0,'2020-09-20 00:00:00','2020-09-19 14:18:34'),(3,114010101,1,30,'2020-09-20 00:00:00','2020-09-19 14:27:49'),(3,114020101,1,0,'2020-09-20 00:00:00','2020-09-19 14:18:34'),(3,301010101,1,3,'2020-10-01 00:00:00','2020-09-19 14:28:45'),(3,301020101,1,0,'2020-10-01 00:00:00','2020-09-19 14:18:34'),(3,301030101,1,0,'2020-10-01 00:00:00','2020-09-19 14:18:34'),(3,301040201,1,0,'2020-10-01 00:00:00','2020-09-19 14:18:34'),(3,301050201,1,0,'2020-10-01 00:00:00','2020-09-19 14:18:34'),(3,301060201,1,0,'2020-10-01 00:00:00','2020-09-19 14:18:34'),(3,301070201,1,3,'2020-10-01 00:00:00','2020-09-19 14:31:19'),(3,301080101,1,0,'2020-10-01 00:00:00','2020-09-19 14:18:34'),(3,301090101,1,0,'2020-10-01 00:00:00','2020-09-19 14:18:34'),(3,301100101,1,0,'2020-10-01 00:00:00','2020-09-19 14:18:34'),(3,303010101,1,3,'2020-10-01 00:00:00','2020-09-19 14:28:45'),(3,304010101,1,0,'2020-10-01 00:00:00','2020-09-19 14:18:34'),(3,308020201,1,0,'2020-10-01 00:00:00','2020-09-19 14:18:34'),(3,314010101,1,30,'2020-10-01 00:00:00','2020-09-19 14:27:49'),(3,314020101,1,0,'2020-10-01 00:00:00','2020-09-19 14:18:34'),(3,314030101,1,0,'2020-10-01 00:00:00','2020-09-19 14:18:34'),(3,314050101,1,9,'2020-10-01 00:00:00','2020-09-19 14:27:49'),(3,315010101,1,0,'2020-10-01 00:00:00','2020-09-19 14:18:34'),(3,701060201,1,0,'2020-09-21 00:00:00','2020-09-19 14:18:34'),(3,701080201,1,0,'2020-09-21 00:00:00','2020-09-19 14:18:34'),(3,701090101,1,0,'2020-09-21 00:00:00','2020-09-19 14:18:34'),(3,702010101,1,0,'2020-09-21 00:00:00','2020-09-19 14:18:34'),(3,702010201,1,0,'2020-09-21 00:00:00','2020-09-19 14:18:34'),(3,702010601,1,5,'2020-09-21 00:00:00','2020-09-19 14:28:45'),(3,704010101,1,0,'2020-09-21 00:00:00','2020-09-19 14:18:34'),(3,707010201,1,0,'2020-09-21 00:00:00','2020-09-19 14:18:34'),(3,708010201,1,0,'2020-09-21 00:00:00','2020-09-19 14:18:34'),(3,708020101,1,0,'2020-09-21 00:00:00','2020-09-19 14:18:34'),(3,711010101,1,0,'2020-09-21 00:00:00','2020-09-19 14:18:34'),(3,714010201,1,407,'2020-09-21 00:00:00','2020-09-19 14:28:45'),(3,714030201,1,0,'2020-09-21 00:00:00','2020-09-19 14:18:34'),(3,714040201,1,0,'2020-09-21 00:00:00','2020-09-19 14:18:34'),(3,715010101,1,0,'2020-09-21 00:00:00','2020-09-19 14:18:34'),(4,101010101,1,0,'2020-09-22 00:00:00','2020-09-21 11:03:07'),(4,101020101,1,0,'2020-09-22 00:00:00','2020-09-21 11:03:07'),(4,101030101,1,0,'2020-09-22 00:00:00','2020-09-21 11:03:07'),(4,101040201,1,0,'2020-09-22 00:00:00','2020-09-21 11:03:07'),(4,101060201,1,0,'2020-09-22 00:00:00','2020-09-21 11:03:07'),(4,101080101,1,0,'2020-09-22 00:00:00','2020-09-21 11:03:07'),(4,101090101,1,0,'2020-09-22 00:00:00','2020-09-21 11:03:07'),(4,101100101,1,0,'2020-09-22 00:00:00','2020-09-21 11:03:07'),(4,102010601,1,0,'2020-09-22 00:00:00','2020-09-21 11:03:07'),(4,108010101,1,0,'2020-09-22 00:00:00','2020-09-21 11:03:07'),(4,114010101,1,25100,'2020-09-22 00:00:00','2020-09-21 20:22:41'),(4,114020101,1,0,'2020-09-22 00:00:00','2020-09-21 11:03:07'),(4,301010101,1,3,'2020-10-01 00:00:00','2020-09-19 16:44:56'),(4,301020101,1,0,'2020-10-01 00:00:00','2020-09-19 14:39:47'),(4,301030101,1,0,'2020-10-01 00:00:00','2020-09-19 14:39:47'),(4,301040201,1,0,'2020-10-01 00:00:00','2020-09-19 14:39:47'),(4,301050201,1,2,'2020-10-01 00:00:00','2020-09-19 23:19:39'),(4,301060201,1,10,'2020-10-01 00:00:00','2020-09-19 23:12:59'),(4,301070201,1,0,'2020-10-01 00:00:00','2020-09-19 14:39:47'),(4,301080101,1,0,'2020-10-01 00:00:00','2020-09-19 14:39:47'),(4,301090101,1,0,'2020-10-01 00:00:00','2020-09-19 14:39:47'),(4,301100101,1,0,'2020-10-01 00:00:00','2020-09-19 14:39:47'),(4,303010101,1,3,'2020-10-01 00:00:00','2020-09-19 16:44:56'),(4,304010101,3,1109,'2020-10-01 00:00:00','2020-09-19 23:17:39'),(4,308020201,1,0,'2020-10-01 00:00:00','2020-09-19 14:39:47'),(4,314010101,1,31507,'2020-10-01 00:00:00','2020-09-21 20:22:41'),(4,314020101,1,0,'2020-10-01 00:00:00','2020-09-19 14:39:47'),(4,314030101,1,0,'2020-10-01 00:00:00','2020-09-19 14:39:47'),(4,314050101,1,163,'2020-10-01 00:00:00','2020-09-21 15:29:55'),(4,315010101,1,0,'2020-10-01 00:00:00','2020-09-19 14:39:47'),(4,701060201,1,0,'2020-09-28 00:00:00','2020-09-21 11:03:07'),(4,701080201,1,1,'2020-09-28 00:00:00','2020-09-21 18:59:05'),(4,701090101,1,0,'2020-09-28 00:00:00','2020-09-21 11:03:07'),(4,702010101,1,0,'2020-09-28 00:00:00','2020-09-21 11:03:07'),(4,702010201,1,20,'2020-09-28 00:00:00','2020-09-21 20:22:41'),(4,702010601,1,0,'2020-09-28 00:00:00','2020-09-21 11:03:07'),(4,704010101,1,0,'2020-09-28 00:00:00','2020-09-21 11:03:07'),(4,707010201,1,0,'2020-09-28 00:00:00','2020-09-21 11:03:07'),(4,708010201,1,0,'2020-09-28 00:00:00','2020-09-21 11:03:07'),(4,708020101,1,0,'2020-09-28 00:00:00','2020-09-21 11:03:07'),(4,711010101,1,0,'2020-09-28 00:00:00','2020-09-21 11:03:07'),(4,714010201,3,277250943,'2020-09-28 00:00:00','2020-09-21 11:04:14'),(4,714030201,1,0,'2020-09-28 00:00:00','2020-09-21 11:03:07'),(4,714040201,1,0,'2020-09-28 00:00:00','2020-09-21 11:03:07'),(4,715010101,1,0,'2020-09-28 00:00:00','2020-09-21 11:03:07'),(5,101010101,1,0,'2020-09-22 00:00:00','2020-09-21 11:02:48'),(5,101020101,1,0,'2020-09-22 00:00:00','2020-09-21 11:02:48'),(5,101030101,1,0,'2020-09-22 00:00:00','2020-09-21 11:02:48'),(5,101040201,1,0,'2020-09-22 00:00:00','2020-09-21 11:02:48'),(5,101060201,1,0,'2020-09-22 00:00:00','2020-09-21 11:02:48'),(5,101080101,1,0,'2020-09-22 00:00:00','2020-09-21 11:02:48'),(5,101090101,1,0,'2020-09-22 00:00:00','2020-09-21 11:02:48'),(5,101100101,1,0,'2020-09-22 00:00:00','2020-09-21 11:02:48'),(5,102010601,1,1,'2020-09-22 00:00:00','2020-09-21 12:04:27'),(5,108010101,1,0,'2020-09-22 00:00:00','2020-09-21 11:02:48'),(5,114010101,1,0,'2020-09-22 00:00:00','2020-09-21 11:02:48'),(5,114020101,1,0,'2020-09-22 00:00:00','2020-09-21 11:02:48'),(5,301010101,1,0,'2020-10-01 00:00:00','2020-09-19 15:36:00'),(5,301020101,1,0,'2020-10-01 00:00:00','2020-09-19 15:36:00'),(5,301030101,1,0,'2020-10-01 00:00:00','2020-09-19 15:36:00'),(5,301040201,1,0,'2020-10-01 00:00:00','2020-09-19 15:36:00'),(5,301050201,1,0,'2020-10-01 00:00:00','2020-09-19 15:36:00'),(5,301060201,1,0,'2020-10-01 00:00:00','2020-09-19 15:36:00'),(5,301070201,1,1,'2020-10-01 00:00:00','2020-09-19 15:36:26'),(5,301080101,1,0,'2020-10-01 00:00:00','2020-09-19 15:36:00'),(5,301090101,1,0,'2020-10-01 00:00:00','2020-09-19 15:36:00'),(5,301100101,1,0,'2020-10-01 00:00:00','2020-09-19 15:36:00'),(5,303010101,1,1,'2020-10-01 00:00:00','2020-09-21 12:04:24'),(5,304010101,3,3977,'2020-10-01 00:00:00','2020-09-19 23:19:30'),(5,308020201,1,0,'2020-10-01 00:00:00','2020-09-19 15:36:00'),(5,314010101,1,0,'2020-10-01 00:00:00','2020-09-19 15:36:00'),(5,314020101,1,0,'2020-10-01 00:00:00','2020-09-19 15:36:00'),(5,314030101,1,0,'2020-10-01 00:00:00','2020-09-19 15:36:00'),(5,314050101,1,172,'2020-10-01 00:00:00','2020-09-21 11:04:33'),(5,315010101,1,0,'2020-10-01 00:00:00','2020-09-19 15:36:00'),(5,701060201,1,0,'2020-09-28 00:00:00','2020-09-21 11:02:48'),(5,701080201,1,0,'2020-09-28 00:00:00','2020-09-21 11:02:48'),(5,701090101,1,0,'2020-09-28 00:00:00','2020-09-21 11:02:48'),(5,702010101,1,0,'2020-09-28 00:00:00','2020-09-21 11:02:48'),(5,702010201,1,0,'2020-09-28 00:00:00','2020-09-21 11:02:48'),(5,702010601,1,1,'2020-09-28 00:00:00','2020-09-21 12:04:27'),(5,704010101,1,0,'2020-09-28 00:00:00','2020-09-21 11:02:48'),(5,707010201,1,0,'2020-09-28 00:00:00','2020-09-21 11:02:48'),(5,708010201,1,0,'2020-09-28 00:00:00','2020-09-21 11:02:48'),(5,708020101,1,0,'2020-09-28 00:00:00','2020-09-21 11:02:48'),(5,711010101,1,0,'2020-09-28 00:00:00','2020-09-21 11:02:48'),(5,714010201,3,328008289,'2020-09-28 00:00:00','2020-09-21 11:04:33'),(5,714030201,1,0,'2020-09-28 00:00:00','2020-09-21 11:02:48'),(5,714040201,1,0,'2020-09-28 00:00:00','2020-09-21 11:02:48'),(5,715010101,1,0,'2020-09-28 00:00:00','2020-09-21 11:02:48'),(6,101010101,1,0,'2020-09-20 00:00:00','2020-09-19 20:40:28'),(6,101020101,1,0,'2020-09-20 00:00:00','2020-09-19 20:40:28'),(6,101030101,1,0,'2020-09-20 00:00:00','2020-09-19 20:40:28'),(6,101040201,1,0,'2020-09-20 00:00:00','2020-09-19 20:40:28'),(6,101060201,1,0,'2020-09-20 00:00:00','2020-09-19 20:40:28'),(6,101080101,1,0,'2020-09-20 00:00:00','2020-09-19 20:40:28'),(6,101090101,1,0,'2020-09-20 00:00:00','2020-09-19 20:40:28'),(6,101100101,1,0,'2020-09-20 00:00:00','2020-09-19 20:40:28'),(6,102010601,1,0,'2020-09-20 00:00:00','2020-09-19 20:40:28'),(6,108010101,1,0,'2020-09-20 00:00:00','2020-09-19 20:40:28'),(6,114010101,1,0,'2020-09-20 00:00:00','2020-09-19 20:40:28'),(6,114020101,1,0,'2020-09-20 00:00:00','2020-09-19 20:40:28'),(6,301010101,1,0,'2020-10-01 00:00:00','2020-09-19 20:40:28'),(6,301020101,1,0,'2020-10-01 00:00:00','2020-09-19 20:40:28'),(6,301030101,1,0,'2020-10-01 00:00:00','2020-09-19 20:40:28'),(6,301040201,1,0,'2020-10-01 00:00:00','2020-09-19 20:40:28'),(6,301050201,1,0,'2020-10-01 00:00:00','2020-09-19 20:40:28'),(6,301060201,1,0,'2020-10-01 00:00:00','2020-09-19 20:40:28'),(6,301070201,1,0,'2020-10-01 00:00:00','2020-09-19 20:40:28'),(6,301080101,1,0,'2020-10-01 00:00:00','2020-09-19 20:40:28'),(6,301090101,1,0,'2020-10-01 00:00:00','2020-09-19 20:40:28'),(6,301100101,1,0,'2020-10-01 00:00:00','2020-09-19 20:40:28'),(6,303010101,1,0,'2020-10-01 00:00:00','2020-09-19 20:40:28'),(6,304010101,1,0,'2020-10-01 00:00:00','2020-09-19 20:40:28'),(6,308020201,1,0,'2020-10-01 00:00:00','2020-09-19 20:40:28'),(6,314010101,1,0,'2020-10-01 00:00:00','2020-09-19 20:40:28'),(6,314020101,1,0,'2020-10-01 00:00:00','2020-09-19 20:40:28'),(6,314030101,1,0,'2020-10-01 00:00:00','2020-09-19 20:40:28'),(6,314050101,1,0,'2020-10-01 00:00:00','2020-09-19 20:40:28'),(6,315010101,1,0,'2020-10-01 00:00:00','2020-09-19 20:40:28'),(6,701060201,1,0,'2020-09-21 00:00:00','2020-09-19 20:40:28'),(6,701080201,1,0,'2020-09-21 00:00:00','2020-09-19 20:40:28'),(6,701090101,1,0,'2020-09-21 00:00:00','2020-09-19 20:40:28'),(6,702010101,1,0,'2020-09-21 00:00:00','2020-09-19 20:40:28'),(6,702010201,1,0,'2020-09-21 00:00:00','2020-09-19 20:40:28'),(6,702010601,1,0,'2020-09-21 00:00:00','2020-09-19 20:40:28'),(6,704010101,1,0,'2020-09-21 00:00:00','2020-09-19 20:40:28'),(6,707010201,1,0,'2020-09-21 00:00:00','2020-09-19 20:40:28'),(6,708010201,1,0,'2020-09-21 00:00:00','2020-09-19 20:40:28'),(6,708020101,1,0,'2020-09-21 00:00:00','2020-09-19 20:40:28'),(6,711010101,1,0,'2020-09-21 00:00:00','2020-09-19 20:40:28'),(6,714010201,1,0,'2020-09-21 00:00:00','2020-09-19 20:40:28'),(6,714030201,1,0,'2020-09-21 00:00:00','2020-09-19 20:40:28'),(6,714040201,1,0,'2020-09-21 00:00:00','2020-09-19 20:40:28'),(6,715010101,1,0,'2020-09-21 00:00:00','2020-09-19 20:40:28'),(7,101010101,3,5,'2020-09-22 00:00:00','2020-09-21 20:05:10'),(7,101020101,1,0,'2020-09-22 00:00:00','2020-09-21 12:17:04'),(7,101030101,1,0,'2020-09-22 00:00:00','2020-09-21 12:17:04'),(7,101040201,1,0,'2020-09-22 00:00:00','2020-09-21 12:17:04'),(7,101060201,1,0,'2020-09-22 00:00:00','2020-09-21 12:17:04'),(7,101080101,1,0,'2020-09-22 00:00:00','2020-09-21 12:17:04'),(7,101090101,1,0,'2020-09-22 00:00:00','2020-09-21 12:17:04'),(7,101100101,1,0,'2020-09-22 00:00:00','2020-09-21 12:17:04'),(7,102010601,1,11,'2020-09-22 00:00:00','2020-09-21 20:13:31'),(7,108010101,1,0,'2020-09-22 00:00:00','2020-09-21 12:17:04'),(7,114010101,1,11550,'2020-09-22 00:00:00','2020-09-21 20:10:21'),(7,114020101,1,0,'2020-09-22 00:00:00','2020-09-21 12:17:04'),(7,301010101,1,40,'2020-10-01 00:00:00','2020-09-21 20:05:10'),(7,301020101,1,3,'2020-10-01 00:00:00','2020-09-20 17:36:48'),(7,301030101,1,3,'2020-10-01 00:00:00','2020-09-20 23:00:11'),(7,301040201,1,0,'2020-10-01 00:00:00','2020-09-20 17:07:57'),(7,301050201,1,0,'2020-10-01 00:00:00','2020-09-20 17:07:57'),(7,301060201,1,0,'2020-10-01 00:00:00','2020-09-20 17:07:57'),(7,301070201,1,0,'2020-10-01 00:00:00','2020-09-20 17:07:57'),(7,301080101,1,0,'2020-10-01 00:00:00','2020-09-20 17:07:57'),(7,301090101,1,0,'2020-10-01 00:00:00','2020-09-20 17:07:57'),(7,301100101,1,0,'2020-10-01 00:00:00','2020-09-20 17:07:57'),(7,303010101,1,44,'2020-10-01 00:00:00','2020-09-21 20:05:10'),(7,304010101,1,0,'2020-10-01 00:00:00','2020-09-20 17:07:57'),(7,308020201,1,0,'2020-10-01 00:00:00','2020-09-20 17:07:57'),(7,314010101,1,24276,'2020-10-01 00:00:00','2020-09-21 20:10:21'),(7,314020101,1,0,'2020-10-01 00:00:00','2020-09-20 17:07:57'),(7,314030101,1,0,'2020-10-01 00:00:00','2020-09-20 17:07:57'),(7,314050101,1,170,'2020-10-01 00:00:00','2020-09-21 20:11:02'),(7,315010101,1,0,'2020-10-01 00:00:00','2020-09-20 17:07:57'),(7,701060201,1,0,'2020-09-28 00:00:00','2020-09-21 12:17:04'),(7,701080201,1,0,'2020-09-28 00:00:00','2020-09-21 12:17:04'),(7,701090101,1,0,'2020-09-28 00:00:00','2020-09-21 12:17:04'),(7,702010101,1,18,'2020-09-28 00:00:00','2020-09-21 20:10:51'),(7,702010201,1,5,'2020-09-28 00:00:00','2020-09-21 20:10:21'),(7,702010601,1,11,'2020-09-28 00:00:00','2020-09-21 20:13:31'),(7,704010101,1,0,'2020-09-28 00:00:00','2020-09-21 12:17:04'),(7,707010201,1,0,'2020-09-28 00:00:00','2020-09-21 12:17:04'),(7,708010201,1,0,'2020-09-28 00:00:00','2020-09-21 12:17:04'),(7,708020101,1,0,'2020-09-28 00:00:00','2020-09-21 12:17:04'),(7,711010101,1,0,'2020-09-28 00:00:00','2020-09-21 12:17:04'),(7,714010201,1,26517,'2020-09-28 00:00:00','2020-09-21 20:05:10'),(7,714030201,1,60,'2020-09-28 00:00:00','2020-09-21 19:39:13'),(7,714040201,1,0,'2020-09-28 00:00:00','2020-09-21 12:17:04'),(7,715010101,1,0,'2020-09-28 00:00:00','2020-09-21 12:17:04'),(8,101010101,1,0,'2020-09-22 00:00:00','2020-09-21 12:16:56'),(8,101020101,1,0,'2020-09-22 00:00:00','2020-09-21 12:16:56'),(8,101030101,1,0,'2020-09-22 00:00:00','2020-09-21 12:16:56'),(8,101040201,1,0,'2020-09-22 00:00:00','2020-09-21 12:16:56'),(8,101060201,1,0,'2020-09-22 00:00:00','2020-09-21 12:16:56'),(8,101080101,1,0,'2020-09-22 00:00:00','2020-09-21 12:16:56'),(8,101090101,1,0,'2020-09-22 00:00:00','2020-09-21 12:16:56'),(8,101100101,1,0,'2020-09-22 00:00:00','2020-09-21 12:16:56'),(8,102010601,1,0,'2020-09-22 00:00:00','2020-09-21 12:16:56'),(8,108010101,1,0,'2020-09-22 00:00:00','2020-09-21 12:16:56'),(8,114010101,1,0,'2020-09-22 00:00:00','2020-09-21 12:16:56'),(8,114020101,1,0,'2020-09-22 00:00:00','2020-09-21 12:16:56'),(8,301010101,1,2,'2020-10-01 00:00:00','2020-09-20 18:24:56'),(8,301020101,1,0,'2020-10-01 00:00:00','2020-09-20 18:14:57'),(8,301030101,1,0,'2020-10-01 00:00:00','2020-09-20 18:14:57'),(8,301040201,1,0,'2020-10-01 00:00:00','2020-09-20 18:14:57'),(8,301050201,1,0,'2020-10-01 00:00:00','2020-09-20 18:14:57'),(8,301060201,1,0,'2020-10-01 00:00:00','2020-09-20 18:14:57'),(8,301070201,1,0,'2020-10-01 00:00:00','2020-09-20 18:14:57'),(8,301080101,1,0,'2020-10-01 00:00:00','2020-09-20 18:14:57'),(8,301090101,1,0,'2020-10-01 00:00:00','2020-09-20 18:14:57'),(8,301100101,1,0,'2020-10-01 00:00:00','2020-09-20 18:14:57'),(8,303010101,1,2,'2020-10-01 00:00:00','2020-09-20 18:24:56'),(8,304010101,1,0,'2020-10-01 00:00:00','2020-09-20 18:14:57'),(8,308020201,1,0,'2020-10-01 00:00:00','2020-09-20 18:14:57'),(8,314010101,1,0,'2020-10-01 00:00:00','2020-09-20 18:14:57'),(8,314020101,1,0,'2020-10-01 00:00:00','2020-09-20 18:14:57'),(8,314030101,1,0,'2020-10-01 00:00:00','2020-09-20 18:14:57'),(8,314050101,1,6,'2020-10-01 00:00:00','2020-09-20 18:23:24'),(8,315010101,1,0,'2020-10-01 00:00:00','2020-09-20 18:14:57'),(8,701060201,1,0,'2020-09-28 00:00:00','2020-09-21 12:16:56'),(8,701080201,1,0,'2020-09-28 00:00:00','2020-09-21 12:16:56'),(8,701090101,1,0,'2020-09-28 00:00:00','2020-09-21 12:16:56'),(8,702010101,1,0,'2020-09-28 00:00:00','2020-09-21 12:16:56'),(8,702010201,1,0,'2020-09-28 00:00:00','2020-09-21 12:16:56'),(8,702010601,1,0,'2020-09-28 00:00:00','2020-09-21 12:16:56'),(8,704010101,1,0,'2020-09-28 00:00:00','2020-09-21 12:16:56'),(8,707010201,1,0,'2020-09-28 00:00:00','2020-09-21 12:16:56'),(8,708010201,1,0,'2020-09-28 00:00:00','2020-09-21 12:16:56'),(8,708020101,1,0,'2020-09-28 00:00:00','2020-09-21 12:16:56'),(8,711010101,1,0,'2020-09-28 00:00:00','2020-09-21 12:16:56'),(8,714010201,1,0,'2020-09-28 00:00:00','2020-09-21 12:16:56'),(8,714030201,1,0,'2020-09-28 00:00:00','2020-09-21 12:16:56'),(8,714040201,1,0,'2020-09-28 00:00:00','2020-09-21 12:16:56'),(8,715010101,1,0,'2020-09-28 00:00:00','2020-09-21 12:16:56'),(9,101010101,1,0,'2020-09-22 00:00:00','2020-09-21 10:51:56'),(9,101020101,1,0,'2020-09-22 00:00:00','2020-09-21 10:51:56'),(9,101030101,1,0,'2020-09-22 00:00:00','2020-09-21 10:51:56'),(9,101040201,1,0,'2020-09-22 00:00:00','2020-09-21 10:51:56'),(9,101060201,1,0,'2020-09-22 00:00:00','2020-09-21 10:51:56'),(9,101080101,1,0,'2020-09-22 00:00:00','2020-09-21 10:51:56'),(9,101090101,1,0,'2020-09-22 00:00:00','2020-09-21 10:51:56'),(9,101100101,1,0,'2020-09-22 00:00:00','2020-09-21 10:51:56'),(9,102010601,1,0,'2020-09-22 00:00:00','2020-09-21 10:51:56'),(9,108010101,1,0,'2020-09-22 00:00:00','2020-09-21 10:51:56'),(9,114010101,1,0,'2020-09-22 00:00:00','2020-09-21 10:51:56'),(9,114020101,1,0,'2020-09-22 00:00:00','2020-09-21 10:51:56'),(9,301010101,1,0,'2020-10-01 00:00:00','2020-09-21 10:51:56'),(9,301020101,1,0,'2020-10-01 00:00:00','2020-09-21 10:51:56'),(9,301030101,1,0,'2020-10-01 00:00:00','2020-09-21 10:51:56'),(9,301040201,1,0,'2020-10-01 00:00:00','2020-09-21 10:51:56'),(9,301050201,1,0,'2020-10-01 00:00:00','2020-09-21 10:51:56'),(9,301060201,1,0,'2020-10-01 00:00:00','2020-09-21 10:51:56'),(9,301070201,1,0,'2020-10-01 00:00:00','2020-09-21 10:51:56'),(9,301080101,1,0,'2020-10-01 00:00:00','2020-09-21 10:51:56'),(9,301090101,1,0,'2020-10-01 00:00:00','2020-09-21 10:51:56'),(9,301100101,1,0,'2020-10-01 00:00:00','2020-09-21 10:51:56'),(9,303010101,1,0,'2020-10-01 00:00:00','2020-09-21 10:51:56'),(9,304010101,1,0,'2020-10-01 00:00:00','2020-09-21 10:51:56'),(9,308020201,1,0,'2020-10-01 00:00:00','2020-09-21 10:51:56'),(9,314010101,1,0,'2020-10-01 00:00:00','2020-09-21 10:51:56'),(9,314020101,1,0,'2020-10-01 00:00:00','2020-09-21 10:51:56'),(9,314030101,1,0,'2020-10-01 00:00:00','2020-09-21 10:51:56'),(9,314050101,1,3,'2020-10-01 00:00:00','2020-09-21 10:54:57'),(9,315010101,1,0,'2020-10-01 00:00:00','2020-09-21 10:51:56'),(9,701060201,1,0,'2020-09-28 00:00:00','2020-09-21 10:51:56'),(9,701080201,1,0,'2020-09-28 00:00:00','2020-09-21 10:51:56'),(9,701090101,1,0,'2020-09-28 00:00:00','2020-09-21 10:51:56'),(9,702010101,1,0,'2020-09-28 00:00:00','2020-09-21 10:51:56'),(9,702010201,1,0,'2020-09-28 00:00:00','2020-09-21 10:51:56'),(9,702010601,1,0,'2020-09-28 00:00:00','2020-09-21 10:51:56'),(9,704010101,1,0,'2020-09-28 00:00:00','2020-09-21 10:51:56'),(9,707010201,1,0,'2020-09-28 00:00:00','2020-09-21 10:51:56'),(9,708010201,1,0,'2020-09-28 00:00:00','2020-09-21 10:51:56'),(9,708020101,1,0,'2020-09-28 00:00:00','2020-09-21 10:51:56'),(9,711010101,1,0,'2020-09-28 00:00:00','2020-09-21 10:51:56'),(9,714010201,1,0,'2020-09-28 00:00:00','2020-09-21 10:51:56'),(9,714030201,1,0,'2020-09-28 00:00:00','2020-09-21 10:51:56'),(9,714040201,1,0,'2020-09-28 00:00:00','2020-09-21 10:51:56'),(9,715010101,1,0,'2020-09-28 00:00:00','2020-09-21 10:51:56'),(10,101010101,1,2,'2020-09-22 00:00:00','2020-09-21 12:33:09'),(10,101020101,1,0,'2020-09-22 00:00:00','2020-09-21 12:28:24'),(10,101030101,1,0,'2020-09-22 00:00:00','2020-09-21 12:28:24'),(10,101040201,1,0,'2020-09-22 00:00:00','2020-09-21 12:28:24'),(10,101060201,1,0,'2020-09-22 00:00:00','2020-09-21 12:28:24'),(10,101080101,1,0,'2020-09-22 00:00:00','2020-09-21 12:28:24'),(10,101090101,1,0,'2020-09-22 00:00:00','2020-09-21 12:28:24'),(10,101100101,1,0,'2020-09-22 00:00:00','2020-09-21 12:28:24'),(10,102010601,1,6,'2020-09-22 00:00:00','2020-09-21 12:33:09'),(10,108010101,1,0,'2020-09-22 00:00:00','2020-09-21 12:28:24'),(10,114010101,1,0,'2020-09-22 00:00:00','2020-09-21 12:28:24'),(10,114020101,1,0,'2020-09-22 00:00:00','2020-09-21 12:28:24'),(10,301010101,1,2,'2020-10-01 00:00:00','2020-09-21 12:33:09'),(10,301020101,1,0,'2020-10-01 00:00:00','2020-09-21 12:28:24'),(10,301030101,1,0,'2020-10-01 00:00:00','2020-09-21 12:28:24'),(10,301040201,1,0,'2020-10-01 00:00:00','2020-09-21 12:28:24'),(10,301050201,1,0,'2020-10-01 00:00:00','2020-09-21 12:28:24'),(10,301060201,1,0,'2020-10-01 00:00:00','2020-09-21 12:28:24'),(10,301070201,1,0,'2020-10-01 00:00:00','2020-09-21 12:28:24'),(10,301080101,1,0,'2020-10-01 00:00:00','2020-09-21 12:28:24'),(10,301090101,1,0,'2020-10-01 00:00:00','2020-09-21 12:28:24'),(10,301100101,1,0,'2020-10-01 00:00:00','2020-09-21 12:28:24'),(10,303010101,1,2,'2020-10-01 00:00:00','2020-09-21 12:33:09'),(10,304010101,1,0,'2020-10-01 00:00:00','2020-09-21 12:28:24'),(10,308020201,1,0,'2020-10-01 00:00:00','2020-09-21 12:28:24'),(10,314010101,1,0,'2020-10-01 00:00:00','2020-09-21 12:28:24'),(10,314020101,1,0,'2020-10-01 00:00:00','2020-09-21 12:28:24'),(10,314030101,1,0,'2020-10-01 00:00:00','2020-09-21 12:28:24'),(10,314050101,1,6,'2020-10-01 00:00:00','2020-09-21 12:31:01'),(10,315010101,1,0,'2020-10-01 00:00:00','2020-09-21 12:28:24'),(10,701060201,1,0,'2020-09-28 00:00:00','2020-09-21 12:28:24'),(10,701080201,1,0,'2020-09-28 00:00:00','2020-09-21 12:28:24'),(10,701090101,1,0,'2020-09-28 00:00:00','2020-09-21 12:28:24'),(10,702010101,1,0,'2020-09-28 00:00:00','2020-09-21 12:28:24'),(10,702010201,1,0,'2020-09-28 00:00:00','2020-09-21 12:28:24'),(10,702010601,1,6,'2020-09-28 00:00:00','2020-09-21 12:33:09'),(10,704010101,1,0,'2020-09-28 00:00:00','2020-09-21 12:28:24'),(10,707010201,1,0,'2020-09-28 00:00:00','2020-09-21 12:28:24'),(10,708010201,1,0,'2020-09-28 00:00:00','2020-09-21 12:28:24'),(10,708020101,1,0,'2020-09-28 00:00:00','2020-09-21 12:28:24'),(10,711010101,1,0,'2020-09-28 00:00:00','2020-09-21 12:28:24'),(10,714010201,1,229,'2020-09-28 00:00:00','2020-09-21 12:33:09'),(10,714030201,1,0,'2020-09-28 00:00:00','2020-09-21 12:28:24'),(10,714040201,1,0,'2020-09-28 00:00:00','2020-09-21 12:28:24'),(10,715010101,1,0,'2020-09-28 00:00:00','2020-09-21 12:28:24'),(11,101010101,1,0,'2020-09-22 00:00:00','2020-09-21 18:59:44'),(11,101020101,1,0,'2020-09-22 00:00:00','2020-09-21 18:59:44'),(11,101030101,1,0,'2020-09-22 00:00:00','2020-09-21 18:59:44'),(11,101040201,1,0,'2020-09-22 00:00:00','2020-09-21 18:59:44'),(11,101060201,1,0,'2020-09-22 00:00:00','2020-09-21 18:59:44'),(11,101080101,1,0,'2020-09-22 00:00:00','2020-09-21 18:59:44'),(11,101090101,1,0,'2020-09-22 00:00:00','2020-09-21 18:59:44'),(11,101100101,1,0,'2020-09-22 00:00:00','2020-09-21 18:59:44'),(11,102010601,1,0,'2020-09-22 00:00:00','2020-09-21 18:59:44'),(11,108010101,1,0,'2020-09-22 00:00:00','2020-09-21 18:59:44'),(11,114010101,1,0,'2020-09-22 00:00:00','2020-09-21 18:59:44'),(11,114020101,1,0,'2020-09-22 00:00:00','2020-09-21 18:59:44'),(11,301010101,1,0,'2020-10-01 00:00:00','2020-09-21 18:59:44'),(11,301020101,1,0,'2020-10-01 00:00:00','2020-09-21 18:59:44'),(11,301030101,1,0,'2020-10-01 00:00:00','2020-09-21 18:59:44'),(11,301040201,1,0,'2020-10-01 00:00:00','2020-09-21 18:59:44'),(11,301050201,1,0,'2020-10-01 00:00:00','2020-09-21 18:59:44'),(11,301060201,1,0,'2020-10-01 00:00:00','2020-09-21 18:59:44'),(11,301070201,1,0,'2020-10-01 00:00:00','2020-09-21 18:59:44'),(11,301080101,1,0,'2020-10-01 00:00:00','2020-09-21 18:59:44'),(11,301090101,1,0,'2020-10-01 00:00:00','2020-09-21 18:59:44'),(11,301100101,1,0,'2020-10-01 00:00:00','2020-09-21 18:59:44'),(11,303010101,1,0,'2020-10-01 00:00:00','2020-09-21 18:59:44'),(11,304010101,1,0,'2020-10-01 00:00:00','2020-09-21 18:59:44'),(11,308020201,1,0,'2020-10-01 00:00:00','2020-09-21 18:59:44'),(11,314010101,1,0,'2020-10-01 00:00:00','2020-09-21 18:59:44'),(11,314020101,1,0,'2020-10-01 00:00:00','2020-09-21 18:59:44'),(11,314030101,1,0,'2020-10-01 00:00:00','2020-09-21 18:59:44'),(11,314050101,1,0,'2020-10-01 00:00:00','2020-09-21 18:59:44'),(11,315010101,1,0,'2020-10-01 00:00:00','2020-09-21 18:59:44'),(11,701060201,1,0,'2020-09-28 00:00:00','2020-09-21 18:59:44'),(11,701080201,1,0,'2020-09-28 00:00:00','2020-09-21 18:59:44'),(11,701090101,1,0,'2020-09-28 00:00:00','2020-09-21 18:59:44'),(11,702010101,1,0,'2020-09-28 00:00:00','2020-09-21 18:59:44'),(11,702010201,1,0,'2020-09-28 00:00:00','2020-09-21 18:59:44'),(11,702010601,1,0,'2020-09-28 00:00:00','2020-09-21 18:59:44'),(11,704010101,1,0,'2020-09-28 00:00:00','2020-09-21 18:59:44'),(11,707010201,1,0,'2020-09-28 00:00:00','2020-09-21 18:59:44'),(11,708010201,1,0,'2020-09-28 00:00:00','2020-09-21 18:59:44'),(11,708020101,1,0,'2020-09-28 00:00:00','2020-09-21 18:59:44'),(11,711010101,1,0,'2020-09-28 00:00:00','2020-09-21 18:59:44'),(11,714010201,1,0,'2020-09-28 00:00:00','2020-09-21 18:59:44'),(11,714030201,1,0,'2020-09-28 00:00:00','2020-09-21 18:59:44'),(11,714040201,1,0,'2020-09-28 00:00:00','2020-09-21 18:59:44'),(11,715010101,1,0,'2020-09-28 00:00:00','2020-09-21 18:59:44'),(12,101010101,1,0,'2020-09-22 00:00:00','2020-09-21 19:03:13'),(12,101020101,1,0,'2020-09-22 00:00:00','2020-09-21 19:03:13'),(12,101030101,1,0,'2020-09-22 00:00:00','2020-09-21 19:03:13'),(12,101040201,1,0,'2020-09-22 00:00:00','2020-09-21 19:03:13'),(12,101060201,1,0,'2020-09-22 00:00:00','2020-09-21 19:03:13'),(12,101080101,1,0,'2020-09-22 00:00:00','2020-09-21 19:03:13'),(12,101090101,1,0,'2020-09-22 00:00:00','2020-09-21 19:03:13'),(12,101100101,1,0,'2020-09-22 00:00:00','2020-09-21 19:03:13'),(12,102010601,1,0,'2020-09-22 00:00:00','2020-09-21 19:03:13'),(12,108010101,1,0,'2020-09-22 00:00:00','2020-09-21 19:03:13'),(12,114010101,1,0,'2020-09-22 00:00:00','2020-09-21 19:03:13'),(12,114020101,1,0,'2020-09-22 00:00:00','2020-09-21 19:03:13'),(12,301010101,1,0,'2020-10-01 00:00:00','2020-09-21 19:03:13'),(12,301020101,1,0,'2020-10-01 00:00:00','2020-09-21 19:03:13'),(12,301030101,1,0,'2020-10-01 00:00:00','2020-09-21 19:03:13'),(12,301040201,1,0,'2020-10-01 00:00:00','2020-09-21 19:03:13'),(12,301050201,1,0,'2020-10-01 00:00:00','2020-09-21 19:03:13'),(12,301060201,1,0,'2020-10-01 00:00:00','2020-09-21 19:03:13'),(12,301070201,1,0,'2020-10-01 00:00:00','2020-09-21 19:03:13'),(12,301080101,1,0,'2020-10-01 00:00:00','2020-09-21 19:03:13'),(12,301090101,1,0,'2020-10-01 00:00:00','2020-09-21 19:03:13'),(12,301100101,1,0,'2020-10-01 00:00:00','2020-09-21 19:03:13'),(12,303010101,1,0,'2020-10-01 00:00:00','2020-09-21 19:03:13'),(12,304010101,1,0,'2020-10-01 00:00:00','2020-09-21 19:03:13'),(12,308020201,1,0,'2020-10-01 00:00:00','2020-09-21 19:03:13'),(12,314010101,1,0,'2020-10-01 00:00:00','2020-09-21 19:03:13'),(12,314020101,1,0,'2020-10-01 00:00:00','2020-09-21 19:03:13'),(12,314030101,1,0,'2020-10-01 00:00:00','2020-09-21 19:03:13'),(12,314050101,1,0,'2020-10-01 00:00:00','2020-09-21 19:03:13'),(12,315010101,1,0,'2020-10-01 00:00:00','2020-09-21 19:03:13'),(12,701060201,1,0,'2020-09-28 00:00:00','2020-09-21 19:03:13'),(12,701080201,1,0,'2020-09-28 00:00:00','2020-09-21 19:03:13'),(12,701090101,1,0,'2020-09-28 00:00:00','2020-09-21 19:03:13'),(12,702010101,1,0,'2020-09-28 00:00:00','2020-09-21 19:03:13'),(12,702010201,1,0,'2020-09-28 00:00:00','2020-09-21 19:03:13'),(12,702010601,1,0,'2020-09-28 00:00:00','2020-09-21 19:03:13'),(12,704010101,1,0,'2020-09-28 00:00:00','2020-09-21 19:03:13'),(12,707010201,1,0,'2020-09-28 00:00:00','2020-09-21 19:03:13'),(12,708010201,1,0,'2020-09-28 00:00:00','2020-09-21 19:03:13'),(12,708020101,1,0,'2020-09-28 00:00:00','2020-09-21 19:03:13'),(12,711010101,1,0,'2020-09-28 00:00:00','2020-09-21 19:03:13'),(12,714010201,1,0,'2020-09-28 00:00:00','2020-09-21 19:03:13'),(12,714030201,1,0,'2020-09-28 00:00:00','2020-09-21 19:03:13'),(12,714040201,1,0,'2020-09-28 00:00:00','2020-09-21 19:03:13'),(12,715010101,1,0,'2020-09-28 00:00:00','2020-09-21 19:03:13'),(13,101010101,1,3,'2020-09-22 00:00:00','2020-09-21 19:09:05'),(13,101020101,1,0,'2020-09-22 00:00:00','2020-09-21 19:04:33'),(13,101030101,1,0,'2020-09-22 00:00:00','2020-09-21 19:04:33'),(13,101040201,1,0,'2020-09-22 00:00:00','2020-09-21 19:04:33'),(13,101060201,1,0,'2020-09-22 00:00:00','2020-09-21 19:04:33'),(13,101080101,1,0,'2020-09-22 00:00:00','2020-09-21 19:04:33'),(13,101090101,1,0,'2020-09-22 00:00:00','2020-09-21 19:04:33'),(13,101100101,1,0,'2020-09-22 00:00:00','2020-09-21 19:04:33'),(13,102010601,1,9,'2020-09-22 00:00:00','2020-09-21 19:39:45'),(13,108010101,1,0,'2020-09-22 00:00:00','2020-09-21 19:04:33'),(13,114010101,1,0,'2020-09-22 00:00:00','2020-09-21 19:04:33'),(13,114020101,1,0,'2020-09-22 00:00:00','2020-09-21 19:04:33'),(13,301010101,1,3,'2020-10-01 00:00:00','2020-09-21 19:09:05'),(13,301020101,1,0,'2020-10-01 00:00:00','2020-09-21 19:04:33'),(13,301030101,1,0,'2020-10-01 00:00:00','2020-09-21 19:04:33'),(13,301040201,1,0,'2020-10-01 00:00:00','2020-09-21 19:04:33'),(13,301050201,1,0,'2020-10-01 00:00:00','2020-09-21 19:04:33'),(13,301060201,1,0,'2020-10-01 00:00:00','2020-09-21 19:04:33'),(13,301070201,1,0,'2020-10-01 00:00:00','2020-09-21 19:04:33'),(13,301080101,1,0,'2020-10-01 00:00:00','2020-09-21 19:04:33'),(13,301090101,1,0,'2020-10-01 00:00:00','2020-09-21 19:04:33'),(13,301100101,1,0,'2020-10-01 00:00:00','2020-09-21 19:04:33'),(13,303010101,1,3,'2020-10-01 00:00:00','2020-09-21 19:09:05'),(13,304010101,1,0,'2020-10-01 00:00:00','2020-09-21 19:04:33'),(13,308020201,1,0,'2020-10-01 00:00:00','2020-09-21 19:04:33'),(13,314010101,1,0,'2020-10-01 00:00:00','2020-09-21 19:04:33'),(13,314020101,1,0,'2020-10-01 00:00:00','2020-09-21 19:04:33'),(13,314030101,1,0,'2020-10-01 00:00:00','2020-09-21 19:04:33'),(13,314050101,1,12,'2020-10-01 00:00:00','2020-09-21 19:24:55'),(13,315010101,1,0,'2020-10-01 00:00:00','2020-09-21 19:04:33'),(13,701060201,1,0,'2020-09-28 00:00:00','2020-09-21 19:04:33'),(13,701080201,1,0,'2020-09-28 00:00:00','2020-09-21 19:04:33'),(13,701090101,1,0,'2020-09-28 00:00:00','2020-09-21 19:04:33'),(13,702010101,1,0,'2020-09-28 00:00:00','2020-09-21 19:04:33'),(13,702010201,1,0,'2020-09-28 00:00:00','2020-09-21 19:04:33'),(13,702010601,1,9,'2020-09-28 00:00:00','2020-09-21 19:39:45'),(13,704010101,1,0,'2020-09-28 00:00:00','2020-09-21 19:04:33'),(13,707010201,1,0,'2020-09-28 00:00:00','2020-09-21 19:04:33'),(13,708010201,1,0,'2020-09-28 00:00:00','2020-09-21 19:04:33'),(13,708020101,1,0,'2020-09-28 00:00:00','2020-09-21 19:04:33'),(13,711010101,1,0,'2020-09-28 00:00:00','2020-09-21 19:04:33'),(13,714010201,1,6407,'2020-09-28 00:00:00','2020-09-21 19:39:51'),(13,714030201,1,0,'2020-09-28 00:00:00','2020-09-21 19:04:33'),(13,714040201,1,0,'2020-09-28 00:00:00','2020-09-21 19:04:33'),(13,715010101,1,0,'2020-09-28 00:00:00','2020-09-21 19:04:33'),(14,101010101,3,6,'2020-09-22 00:00:00','2020-09-21 19:51:42'),(14,101020101,1,0,'2020-09-22 00:00:00','2020-09-21 19:40:54'),(14,101030101,1,0,'2020-09-22 00:00:00','2020-09-21 19:40:54'),(14,101040201,1,0,'2020-09-22 00:00:00','2020-09-21 19:40:54'),(14,101060201,1,0,'2020-09-22 00:00:00','2020-09-21 19:40:54'),(14,101080101,1,0,'2020-09-22 00:00:00','2020-09-21 19:40:54'),(14,101090101,1,0,'2020-09-22 00:00:00','2020-09-21 19:40:54'),(14,101100101,1,0,'2020-09-22 00:00:00','2020-09-21 19:40:54'),(14,102010601,1,11,'2020-09-22 00:00:00','2020-09-21 19:51:42'),(14,108010101,1,0,'2020-09-22 00:00:00','2020-09-21 19:40:54'),(14,114010101,1,0,'2020-09-22 00:00:00','2020-09-21 19:40:54'),(14,114020101,1,0,'2020-09-22 00:00:00','2020-09-21 19:40:54'),(14,301010101,1,6,'2020-10-01 00:00:00','2020-09-21 19:51:42'),(14,301020101,1,0,'2020-10-01 00:00:00','2020-09-21 19:40:54'),(14,301030101,1,0,'2020-10-01 00:00:00','2020-09-21 19:40:54'),(14,301040201,1,0,'2020-10-01 00:00:00','2020-09-21 19:40:54'),(14,301050201,1,0,'2020-10-01 00:00:00','2020-09-21 19:40:54'),(14,301060201,1,0,'2020-10-01 00:00:00','2020-09-21 19:40:54'),(14,301070201,1,0,'2020-10-01 00:00:00','2020-09-21 19:40:54'),(14,301080101,1,0,'2020-10-01 00:00:00','2020-09-21 19:40:54'),(14,301090101,1,0,'2020-10-01 00:00:00','2020-09-21 19:40:54'),(14,301100101,1,0,'2020-10-01 00:00:00','2020-09-21 19:40:54'),(14,303010101,1,6,'2020-10-01 00:00:00','2020-09-21 19:51:42'),(14,304010101,1,0,'2020-10-01 00:00:00','2020-09-21 19:40:54'),(14,308020201,1,0,'2020-10-01 00:00:00','2020-09-21 19:40:54'),(14,314010101,1,0,'2020-10-01 00:00:00','2020-09-21 19:40:54'),(14,314020101,1,0,'2020-10-01 00:00:00','2020-09-21 19:40:54'),(14,314030101,1,0,'2020-10-01 00:00:00','2020-09-21 19:40:54'),(14,314050101,1,18,'2020-10-01 00:00:00','2020-09-21 19:49:53'),(14,315010101,1,0,'2020-10-01 00:00:00','2020-09-21 19:40:54'),(14,701060201,1,0,'2020-09-28 00:00:00','2020-09-21 19:40:54'),(14,701080201,1,0,'2020-09-28 00:00:00','2020-09-21 19:40:54'),(14,701090101,1,0,'2020-09-28 00:00:00','2020-09-21 19:40:54'),(14,702010101,1,0,'2020-09-28 00:00:00','2020-09-21 19:40:54'),(14,702010201,1,0,'2020-09-28 00:00:00','2020-09-21 19:40:54'),(14,702010601,1,11,'2020-09-28 00:00:00','2020-09-21 19:51:42'),(14,704010101,1,0,'2020-09-28 00:00:00','2020-09-21 19:40:54'),(14,707010201,1,0,'2020-09-28 00:00:00','2020-09-21 19:40:54'),(14,708010201,1,0,'2020-09-28 00:00:00','2020-09-21 19:40:54'),(14,708020101,1,0,'2020-09-28 00:00:00','2020-09-21 19:40:54'),(14,711010101,1,0,'2020-09-28 00:00:00','2020-09-21 19:40:54'),(14,714010201,1,788,'2020-09-28 00:00:00','2020-09-21 19:51:42'),(14,714030201,1,0,'2020-09-28 00:00:00','2020-09-21 19:40:54'),(14,714040201,1,0,'2020-09-28 00:00:00','2020-09-21 19:40:54'),(14,715010101,1,0,'2020-09-28 00:00:00','2020-09-21 19:40:54'),(15,101010101,1,2,'2020-09-22 00:00:00','2020-09-21 20:26:47'),(15,101020101,1,0,'2020-09-22 00:00:00','2020-09-21 19:56:44'),(15,101030101,1,0,'2020-09-22 00:00:00','2020-09-21 19:56:44'),(15,101040201,1,0,'2020-09-22 00:00:00','2020-09-21 19:56:44'),(15,101060201,1,0,'2020-09-22 00:00:00','2020-09-21 19:56:44'),(15,101080101,1,0,'2020-09-22 00:00:00','2020-09-21 19:56:44'),(15,101090101,1,0,'2020-09-22 00:00:00','2020-09-21 19:56:44'),(15,101100101,1,0,'2020-09-22 00:00:00','2020-09-21 19:56:44'),(15,102010601,1,8,'2020-09-22 00:00:00','2020-09-21 20:27:39'),(15,108010101,1,0,'2020-09-22 00:00:00','2020-09-21 19:56:44'),(15,114010101,1,0,'2020-09-22 00:00:00','2020-09-21 19:56:44'),(15,114020101,1,0,'2020-09-22 00:00:00','2020-09-21 19:56:44'),(15,301010101,1,2,'2020-10-01 00:00:00','2020-09-21 20:26:47'),(15,301020101,1,0,'2020-10-01 00:00:00','2020-09-21 19:56:44'),(15,301030101,1,0,'2020-10-01 00:00:00','2020-09-21 19:56:44'),(15,301040201,1,0,'2020-10-01 00:00:00','2020-09-21 19:56:44'),(15,301050201,1,0,'2020-10-01 00:00:00','2020-09-21 19:56:44'),(15,301060201,1,0,'2020-10-01 00:00:00','2020-09-21 19:56:44'),(15,301070201,1,0,'2020-10-01 00:00:00','2020-09-21 19:56:44'),(15,301080101,1,0,'2020-10-01 00:00:00','2020-09-21 19:56:44'),(15,301090101,1,0,'2020-10-01 00:00:00','2020-09-21 19:56:44'),(15,301100101,1,0,'2020-10-01 00:00:00','2020-09-21 19:56:44'),(15,303010101,1,2,'2020-10-01 00:00:00','2020-09-21 20:26:47'),(15,304010101,1,0,'2020-10-01 00:00:00','2020-09-21 19:56:44'),(15,308020201,1,0,'2020-10-01 00:00:00','2020-09-21 19:56:44'),(15,314010101,1,0,'2020-10-01 00:00:00','2020-09-21 19:56:44'),(15,314020101,1,0,'2020-10-01 00:00:00','2020-09-21 19:56:44'),(15,314030101,1,0,'2020-10-01 00:00:00','2020-09-21 19:56:44'),(15,314050101,1,9,'2020-10-01 00:00:00','2020-09-21 20:25:50'),(15,315010101,1,0,'2020-10-01 00:00:00','2020-09-21 19:56:44'),(15,701060201,1,0,'2020-09-28 00:00:00','2020-09-21 19:56:44'),(15,701080201,1,0,'2020-09-28 00:00:00','2020-09-21 19:56:44'),(15,701090101,1,0,'2020-09-28 00:00:00','2020-09-21 19:56:44'),(15,702010101,1,0,'2020-09-28 00:00:00','2020-09-21 19:56:44'),(15,702010201,1,0,'2020-09-28 00:00:00','2020-09-21 19:56:44'),(15,702010601,1,8,'2020-09-28 00:00:00','2020-09-21 20:27:39'),(15,704010101,1,0,'2020-09-28 00:00:00','2020-09-21 19:56:44'),(15,707010201,1,0,'2020-09-28 00:00:00','2020-09-21 19:56:44'),(15,708010201,1,0,'2020-09-28 00:00:00','2020-09-21 19:56:44'),(15,708020101,1,0,'2020-09-28 00:00:00','2020-09-21 19:56:44'),(15,711010101,1,0,'2020-09-28 00:00:00','2020-09-21 19:56:44'),(15,714010201,1,5229,'2020-09-28 00:00:00','2020-09-21 20:27:00'),(15,714030201,1,0,'2020-09-28 00:00:00','2020-09-21 19:56:44'),(15,714040201,1,0,'2020-09-28 00:00:00','2020-09-21 19:56:44'),(15,715010101,1,0,'2020-09-28 00:00:00','2020-09-21 19:56:44'),(16,101010101,1,1,'2020-09-22 00:00:00','2020-09-21 20:16:31'),(16,101020101,1,0,'2020-09-22 00:00:00','2020-09-21 20:15:05'),(16,101030101,1,0,'2020-09-22 00:00:00','2020-09-21 20:15:05'),(16,101040201,1,0,'2020-09-22 00:00:00','2020-09-21 20:15:05'),(16,101060201,1,0,'2020-09-22 00:00:00','2020-09-21 20:15:05'),(16,101080101,1,0,'2020-09-22 00:00:00','2020-09-21 20:15:05'),(16,101090101,1,0,'2020-09-22 00:00:00','2020-09-21 20:15:05'),(16,101100101,1,0,'2020-09-22 00:00:00','2020-09-21 20:15:05'),(16,102010601,1,3,'2020-09-22 00:00:00','2020-09-21 20:16:31'),(16,108010101,1,0,'2020-09-22 00:00:00','2020-09-21 20:15:05'),(16,114010101,1,0,'2020-09-22 00:00:00','2020-09-21 20:15:05'),(16,114020101,1,0,'2020-09-22 00:00:00','2020-09-21 20:15:05'),(16,301010101,1,1,'2020-10-01 00:00:00','2020-09-21 20:16:31'),(16,301020101,1,0,'2020-10-01 00:00:00','2020-09-21 20:15:05'),(16,301030101,1,0,'2020-10-01 00:00:00','2020-09-21 20:15:05'),(16,301040201,1,0,'2020-10-01 00:00:00','2020-09-21 20:15:05'),(16,301050201,1,0,'2020-10-01 00:00:00','2020-09-21 20:15:05'),(16,301060201,1,0,'2020-10-01 00:00:00','2020-09-21 20:15:05'),(16,301070201,1,0,'2020-10-01 00:00:00','2020-09-21 20:15:05'),(16,301080101,1,0,'2020-10-01 00:00:00','2020-09-21 20:15:05'),(16,301090101,1,0,'2020-10-01 00:00:00','2020-09-21 20:15:05'),(16,301100101,1,0,'2020-10-01 00:00:00','2020-09-21 20:15:05'),(16,303010101,1,1,'2020-10-01 00:00:00','2020-09-21 20:16:31'),(16,304010101,1,0,'2020-10-01 00:00:00','2020-09-21 20:15:05'),(16,308020201,1,0,'2020-10-01 00:00:00','2020-09-21 20:15:05'),(16,314010101,1,0,'2020-10-01 00:00:00','2020-09-21 20:15:05'),(16,314020101,1,0,'2020-10-01 00:00:00','2020-09-21 20:15:05'),(16,314030101,1,0,'2020-10-01 00:00:00','2020-09-21 20:15:05'),(16,314050101,1,3,'2020-10-01 00:00:00','2020-09-21 20:15:39'),(16,315010101,1,0,'2020-10-01 00:00:00','2020-09-21 20:15:05'),(16,701060201,1,0,'2020-09-28 00:00:00','2020-09-21 20:15:05'),(16,701080201,1,0,'2020-09-28 00:00:00','2020-09-21 20:15:05'),(16,701090101,1,0,'2020-09-28 00:00:00','2020-09-21 20:15:05'),(16,702010101,1,0,'2020-09-28 00:00:00','2020-09-21 20:15:05'),(16,702010201,1,0,'2020-09-28 00:00:00','2020-09-21 20:15:05'),(16,702010601,1,3,'2020-09-28 00:00:00','2020-09-21 20:16:31'),(16,704010101,1,0,'2020-09-28 00:00:00','2020-09-21 20:15:05'),(16,707010201,1,0,'2020-09-28 00:00:00','2020-09-21 20:15:05'),(16,708010201,1,0,'2020-09-28 00:00:00','2020-09-21 20:15:05'),(16,708020101,1,0,'2020-09-28 00:00:00','2020-09-21 20:15:05'),(16,711010101,1,0,'2020-09-28 00:00:00','2020-09-21 20:15:05'),(16,714010201,1,113,'2020-09-28 00:00:00','2020-09-21 20:16:31'),(16,714030201,1,0,'2020-09-28 00:00:00','2020-09-21 20:15:05'),(16,714040201,1,0,'2020-09-28 00:00:00','2020-09-21 20:15:05'),(16,715010101,1,0,'2020-09-28 00:00:00','2020-09-21 20:15:05'),(17,101010101,1,2,'2020-09-22 00:00:00','2020-09-21 20:26:02'),(17,101020101,1,0,'2020-09-22 00:00:00','2020-09-21 20:18:24'),(17,101030101,1,0,'2020-09-22 00:00:00','2020-09-21 20:18:24'),(17,101040201,1,0,'2020-09-22 00:00:00','2020-09-21 20:18:24'),(17,101060201,1,0,'2020-09-22 00:00:00','2020-09-21 20:18:24'),(17,101080101,1,0,'2020-09-22 00:00:00','2020-09-21 20:18:24'),(17,101090101,1,0,'2020-09-22 00:00:00','2020-09-21 20:18:24'),(17,101100101,1,0,'2020-09-22 00:00:00','2020-09-21 20:18:24'),(17,102010601,1,4,'2020-09-22 00:00:00','2020-09-21 20:26:02'),(17,108010101,1,0,'2020-09-22 00:00:00','2020-09-21 20:18:24'),(17,114010101,1,0,'2020-09-22 00:00:00','2020-09-21 20:18:24'),(17,114020101,1,0,'2020-09-22 00:00:00','2020-09-21 20:18:24'),(17,301010101,1,2,'2020-10-01 00:00:00','2020-09-21 20:26:02'),(17,301020101,1,0,'2020-10-01 00:00:00','2020-09-21 20:18:24'),(17,301030101,1,0,'2020-10-01 00:00:00','2020-09-21 20:18:24'),(17,301040201,1,0,'2020-10-01 00:00:00','2020-09-21 20:18:24'),(17,301050201,1,0,'2020-10-01 00:00:00','2020-09-21 20:18:24'),(17,301060201,1,0,'2020-10-01 00:00:00','2020-09-21 20:18:24'),(17,301070201,1,0,'2020-10-01 00:00:00','2020-09-21 20:18:24'),(17,301080101,1,0,'2020-10-01 00:00:00','2020-09-21 20:18:24'),(17,301090101,1,0,'2020-10-01 00:00:00','2020-09-21 20:18:24'),(17,301100101,1,0,'2020-10-01 00:00:00','2020-09-21 20:18:24'),(17,303010101,1,2,'2020-10-01 00:00:00','2020-09-21 20:26:02'),(17,304010101,1,0,'2020-10-01 00:00:00','2020-09-21 20:18:24'),(17,308020201,1,0,'2020-10-01 00:00:00','2020-09-21 20:18:24'),(17,314010101,1,0,'2020-10-01 00:00:00','2020-09-21 20:18:24'),(17,314020101,1,0,'2020-10-01 00:00:00','2020-09-21 20:18:24'),(17,314030101,1,0,'2020-10-01 00:00:00','2020-09-21 20:18:24'),(17,314050101,1,6,'2020-10-01 00:00:00','2020-09-21 20:24:50'),(17,315010101,1,0,'2020-10-01 00:00:00','2020-09-21 20:18:24'),(17,701060201,1,0,'2020-09-28 00:00:00','2020-09-21 20:18:24'),(17,701080201,1,0,'2020-09-28 00:00:00','2020-09-21 20:18:24'),(17,701090101,1,0,'2020-09-28 00:00:00','2020-09-21 20:18:24'),(17,702010101,1,0,'2020-09-28 00:00:00','2020-09-21 20:18:24'),(17,702010201,1,0,'2020-09-28 00:00:00','2020-09-21 20:18:24'),(17,702010601,1,4,'2020-09-28 00:00:00','2020-09-21 20:26:02'),(17,704010101,1,0,'2020-09-28 00:00:00','2020-09-21 20:18:24'),(17,707010201,1,0,'2020-09-28 00:00:00','2020-09-21 20:18:24'),(17,708010201,1,0,'2020-09-28 00:00:00','2020-09-21 20:18:24'),(17,708020101,1,0,'2020-09-28 00:00:00','2020-09-21 20:18:24'),(17,711010101,1,0,'2020-09-28 00:00:00','2020-09-21 20:18:24'),(17,714010201,1,229,'2020-09-28 00:00:00','2020-09-21 20:26:02'),(17,714030201,1,0,'2020-09-28 00:00:00','2020-09-21 20:18:24'),(17,714040201,1,0,'2020-09-28 00:00:00','2020-09-21 20:18:24'),(17,715010101,1,0,'2020-09-28 00:00:00','2020-09-21 20:18:24'),(18,101010101,1,2,'2020-09-23 00:00:00','2020-09-22 17:04:42'),(18,101020101,1,0,'2020-09-23 00:00:00','2020-09-22 16:52:03'),(18,101030101,1,0,'2020-09-23 00:00:00','2020-09-22 16:52:03'),(18,101040201,1,0,'2020-09-23 00:00:00','2020-09-22 16:52:03'),(18,101060201,1,0,'2020-09-23 00:00:00','2020-09-22 16:52:03'),(18,101080101,1,0,'2020-09-23 00:00:00','2020-09-22 16:52:03'),(18,101090101,1,0,'2020-09-23 00:00:00','2020-09-22 16:52:03'),(18,101100101,1,0,'2020-09-23 00:00:00','2020-09-22 16:52:03'),(18,102010601,1,7,'2020-09-23 00:00:00','2020-09-22 17:04:42'),(18,108010101,1,0,'2020-09-23 00:00:00','2020-09-22 16:52:03'),(18,114010101,1,0,'2020-09-23 00:00:00','2020-09-22 16:52:03'),(18,114020101,1,0,'2020-09-23 00:00:00','2020-09-22 16:52:03'),(18,301010101,1,2,'2020-10-01 00:00:00','2020-09-22 17:04:42'),(18,301020101,1,0,'2020-10-01 00:00:00','2020-09-22 16:52:03'),(18,301030101,1,0,'2020-10-01 00:00:00','2020-09-22 16:52:03'),(18,301040201,1,0,'2020-10-01 00:00:00','2020-09-22 16:52:03'),(18,301050201,1,0,'2020-10-01 00:00:00','2020-09-22 16:52:03'),(18,301060201,1,0,'2020-10-01 00:00:00','2020-09-22 16:52:03'),(18,301070201,1,0,'2020-10-01 00:00:00','2020-09-22 16:52:03'),(18,301080101,1,0,'2020-10-01 00:00:00','2020-09-22 16:52:03'),(18,301090101,1,0,'2020-10-01 00:00:00','2020-09-22 16:52:03'),(18,301100101,1,0,'2020-10-01 00:00:00','2020-09-22 16:52:03'),(18,303010101,1,2,'2020-10-01 00:00:00','2020-09-22 17:04:42'),(18,304010101,1,0,'2020-10-01 00:00:00','2020-09-22 16:52:03'),(18,308020201,1,0,'2020-10-01 00:00:00','2020-09-22 16:52:03'),(18,314010101,1,0,'2020-10-01 00:00:00','2020-09-22 16:52:03'),(18,314020101,1,0,'2020-10-01 00:00:00','2020-09-22 16:52:03'),(18,314030101,1,0,'2020-10-01 00:00:00','2020-09-22 16:52:03'),(18,314050101,1,9,'2020-10-01 00:00:00','2020-09-22 17:03:44'),(18,315010101,1,0,'2020-10-01 00:00:00','2020-09-22 16:52:03'),(18,701060201,1,0,'2020-09-28 00:00:00','2020-09-22 16:52:03'),(18,701080201,1,0,'2020-09-28 00:00:00','2020-09-22 16:52:03'),(18,701090101,1,0,'2020-09-28 00:00:00','2020-09-22 16:52:03'),(18,702010101,1,0,'2020-09-28 00:00:00','2020-09-22 16:52:03'),(18,702010201,1,0,'2020-09-28 00:00:00','2020-09-22 16:52:03'),(18,702010601,1,7,'2020-09-28 00:00:00','2020-09-22 17:04:42'),(18,704010101,1,0,'2020-09-28 00:00:00','2020-09-22 16:52:03'),(18,707010201,1,0,'2020-09-28 00:00:00','2020-09-22 16:52:03'),(18,708010201,1,0,'2020-09-28 00:00:00','2020-09-22 16:52:03'),(18,708020101,1,0,'2020-09-28 00:00:00','2020-09-22 16:52:03'),(18,711010101,1,0,'2020-09-28 00:00:00','2020-09-22 16:52:03'),(18,714010201,1,229,'2020-09-28 00:00:00','2020-09-22 17:04:42'),(18,714030201,1,0,'2020-09-28 00:00:00','2020-09-22 16:52:03'),(18,714040201,1,0,'2020-09-28 00:00:00','2020-09-22 16:52:03'),(18,715010101,1,0,'2020-09-28 00:00:00','2020-09-22 16:52:03');

--
-- Table structure for table `table_monthly_product`
--

CREATE TABLE `table_monthly_product` (
  `user_id` bigint(20) unsigned NOT NULL COMMENT '플레이어의 ID',
  `product_code` int(11) NOT NULL COMMENT '상품의 타입 식별 코드',
  `remain_count` tinyint(4) NOT NULL DEFAULT '0' COMMENT '남은 횟수',
  `update_datetime` datetime NOT NULL DEFAULT '1000-01-01 00:00:00' COMMENT '갱신일시',
  PRIMARY KEY (`user_id`,`product_code`)
) ENGINE=InnoDB DEFAULT CHARSET=utf8 COLLATE=utf8_unicode_ci COMMENT='플레이어 별 월간 단위 상품 구매 정보';

--
-- Dumping data for table `table_monthly_product`
--


--
-- Table structure for table `table_occupation_war_record`
--

CREATE TABLE `table_occupation_war_record` (
  `user_id` bigint(20) unsigned NOT NULL COMMENT '플레이어 ID',
  `mode` tinyint(4) NOT NULL COMMENT '점령전 모드의 종류\n: eOccupationWarMode의 값과 같다.',
  `season_number` int(11) NOT NULL COMMENT '시즌 번호\n: 시즌 번호는 점령전 모드 별로 따로 매긴다.',
  `record_type` tinyint(4) NOT NULL COMMENT '무엇에 대한 기록을 나타내는지에 대한 타입\n: eOccupationWarRecordType과 같다.',
  `record` int(11) NOT NULL DEFAULT '0' COMMENT '기록 값\n: 이 값이 어떤 성격의 기록인지는 record_type에 달려 있다.',
  `grade` int(11) NOT NULL DEFAULT '0' COMMENT '진행 중인 단계\n\n-  같은 타입의 기록 목표를 여러 단계에 걸쳐 달성해야 한다.',
  `update_datetime` datetime NOT NULL DEFAULT '1000-01-01 00:00:00' COMMENT '갱신일시',
  PRIMARY KEY (`user_id`,`mode`,`season_number`,`record_type`)
) ENGINE=InnoDB DEFAULT CHARSET=utf8 COLLATE=utf8_unicode_ci COMMENT='플레이어 별 점령전 기록 정보';

--
-- Dumping data for table `table_occupation_war_record`
--


--
-- Table structure for table `table_occupation_war_reward`
--

CREATE TABLE `table_occupation_war_reward` (
  `user_id` bigint(20) unsigned NOT NULL COMMENT '플레이어 ID',
  `season_number` int(11) NOT NULL COMMENT '시즌 번호\n: 시즌 번호는 점령전 모드 별로 따로 매긴다.',
  `reward_code` int(11) NOT NULL COMMENT '보상 정보의 타입 식별 코드\n: [OccupationReward.xml]의 <RewardGeneralCode> 필드의 값이다.',
  `state` tinyint(4) NOT NULL DEFAULT '0' COMMENT '업적의 수행 상태\n: eAchievementState의 값과 같다.',
  `update_datetime` datetime NOT NULL DEFAULT '1000-01-01 00:00:00' COMMENT '갱신일시',
  PRIMARY KEY (`user_id`,`season_number`,`reward_code`)
) ENGINE=InnoDB DEFAULT CHARSET=utf8 COLLATE=utf8_unicode_ci COMMENT='플레이어 별 점령전 보상 기록 정보';

--
-- Dumping data for table `table_occupation_war_reward`
--


--
-- Table structure for table `table_pet`
--

CREATE TABLE `table_pet` (
  `pet_id` bigint(20) unsigned NOT NULL AUTO_INCREMENT COMMENT '펫의 고유 ID',
  `owner_character_id` bigint(20) unsigned NOT NULL DEFAULT '0' COMMENT '펫의 주인이 되는 캐릭터의 ID',
  `pet_code` int(11) NOT NULL DEFAULT '0' COMMENT '펫의 타입 식별 코드',
  `grade` tinyint(4) NOT NULL DEFAULT '0' COMMENT '펫의 현재 등급',
  `basic_ability_code` int(11) NOT NULL DEFAULT '0' COMMENT '기본 능력의 타입 식별 코드',
  `basic_ability_value` int(11) NOT NULL DEFAULT '0' COMMENT '기본 능력의 값',
  `equipped_ability_code` int(11) NOT NULL DEFAULT '0' COMMENT '장착한 능력의 타입 식별 코드',
  `equipped_ability_value` int(11) NOT NULL DEFAULT '0' COMMENT '장착한 능력의 값',
  `equipped_skin_code` int(11) NOT NULL DEFAULT '0' COMMENT '장착한 스킨의 타입 식별 코드',
  `equipped_chroma_code` int(11) NOT NULL DEFAULT '0' COMMENT '적용한 색상의 타입 식별 코드',
  `update_datetime` datetime NOT NULL DEFAULT '1001-01-01 00:00:00' COMMENT '갱신일시',
  `creation_datetime` datetime NOT NULL DEFAULT '1001-01-01 00:00:00' COMMENT '생성일시',
  PRIMARY KEY (`pet_id`),
  KEY `idx_table_pet_owner_character_id_pet_code` (`owner_character_id`,`pet_code`)
) ENGINE=InnoDB DEFAULT CHARSET=utf8 COLLATE=utf8_unicode_ci COMMENT='펫 정보';

--
-- Dumping data for table `table_pet`
--


--
-- Table structure for table `table_pet_decoration`
--

CREATE TABLE `table_pet_decoration` (
  `character_id` bigint(20) unsigned NOT NULL COMMENT '캐릭터 ID',
  `pet_id` bigint(20) unsigned NOT NULL COMMENT '펫 ID',
  `decoration_type` tinyint(4) NOT NULL COMMENT '장식 타입',
  `decoration_code` int(11) NOT NULL COMMENT '장식물의 타입 식별 코드',
  `creation_datetime` datetime NOT NULL DEFAULT '1001-01-01 00:00:00' COMMENT '생성일시',
  PRIMARY KEY (`character_id`,`pet_id`,`decoration_type`,`decoration_code`)
) ENGINE=InnoDB DEFAULT CHARSET=utf8 COLLATE=utf8_unicode_ci COMMENT='펫 장식 정보';

--
-- Dumping data for table `table_pet_decoration`
--


--
-- Table structure for table `table_player`
--

CREATE TABLE `table_player` (
  `user_id` bigint(20) unsigned NOT NULL COMMENT '사용자 계정 ID',
  `authentication_number` bigint(20) unsigned NOT NULL DEFAULT '0' COMMENT '사용자의 인증 번호\n\n- 모든 사용자들은 계정에 접근할 때마다 인증 번호를 부여 받는다.\n- 인증 번호는 인증 서버 및 DB에서만 발급한다.\n- 게임 서버에 저장하는 인증 번호는 그냥 해당 사용자가 로그인한 게 맞는지 확인하는 용도로만 사용한다.\n: 즉, 계정활동에 의해 인증 번호가 바뀌었으면, 무조건 인증 DB의 인증 번호가 유효한 것이다. ',
  `nickname` varchar(128) COLLATE utf8_unicode_ci NOT NULL DEFAULT '' COMMENT '사용자',
  `notice_state` int(11) unsigned NOT NULL DEFAULT '0' COMMENT '알림 상태\n\n - 플레이어에게 뭔가 변경 사항이 있음을 알릴 때 사용한다.\n\n - 새로운 편지(와 첨부물)가 도착했다거나, 친구 요청이 있거나, 길드 멤버 가입 요청이 있을 때 등을 말한다.\n\n -  비트 필드로 표현한다.\n : 비트 필드의 각 자릿수의 의미는 eNoticeState에서 정의하고 있다.',
  `vip_level` tinyint(4) NOT NULL DEFAULT '0' COMMENT 'VIP 등급\n\n- VIP 등급을 별도로 저장하기로 한다.\n\n- 이렇게 하는 이유는, 우선 VIP 레벨을 한 번 달성하게 하면, 이를 변동시킬 수는 없기 때문이다.\n: VIP 포인트만 저장하는 경우에는, 포인트의 분배 조정에 따라 VIP 레벨이 변동될 수도 있는 여지가 있다. \n  그러나 과금과 직결되는 VIP 레벨 요소를 이렇게 다루는 것은 비즈니스 상 매우 어렵다고 본다. (어쨌든, 이건 은행 신용 등급같은 게 아니니까...)',
  `vip_point` int(11) NOT NULL DEFAULT '0' COMMENT '현재 VIP레벨부터 다음 VIP 레벨까지 누적한 VIP 포인트',
  `guardian_level` int(11) NOT NULL DEFAULT '0' COMMENT '수호자 레벨\n\n- 기본적으로 50레벨에 도달하지 않은 캐릭터는 수호자 레벨이 0으로 설정\n- 50 레벨 캐릭터가 만들어진 이후에 수호자 레벨이 1로 설정됨',
  `guardian_experience` bigint(20) NOT NULL DEFAULT '0' COMMENT '현재 수호자 레벨 -> 다음 수호자 레벨 구간에서 현재까지 획득한 수호자 경험치',
  `guardian_stone_enhance_point` tinyint(4) NOT NULL DEFAULT '0' COMMENT '현재 가지고 있는 수호석 포인트\n\n- 수호석 포인트는 아무 수호석에게나 부여하여, 수호석의 강화 레벨을 향상시킬 수 있다.\n\n- 수호석 포인트는 초월 던전에서 획득할 수 있다.',
  `money_gamecash_by_bonus` int(11) NOT NULL DEFAULT '0' COMMENT '이 캐릭터가 보유하고 있는 과금 화폐 중에서, 플레이어가 결제하지 않고 얻은 과금 화폐의 양\n\n다음과 같은 경우에 해당한다.\n\n- 게임 플레이 도중에 보상으로 얻은 경우\n\n- 게임 운영 서비스 차원에서 보상으로 주어진 경우\n\n- 과금 화폐는 구매한 플레이어 계정의 모든 캐릭터가 이용할 수 있다.\n: 단, 이는 공유의 개념이지, 각 캐릭터마다 별도로 책정된다는 의미가 아니다.',
  `money_gamecash_by_purchase` int(11) NOT NULL DEFAULT '0' COMMENT '보유하고 있는 과금 화폐 중에서, 직접 결제해서 구매한 과금 화폐의 양\n\n- 과금 화폐는 구매한 플레이어 계정의 모든 캐릭터가 이용할 수 있다.\n: 단, 이는 공유의 개념이지, 각 캐릭터마다 별도로 책정된다는 의미가 아니다.\n\n- 사용자의 과금량을 측정하는 용도로 사용하기 때문에, 반드시 직접 과금한 화폐와 아닌 화폐를 구분할 수 있어야 한다.\n\n- 다른 재화들은 사용자가 직접 결제하여 구매하는 방식이 아니므로 이런 구분은 필요 없다.\n: 다른 재화들은 이 화폐를 이용해서 구매하게 되어 있다.',
  `friendship_point` int(11) NOT NULL DEFAULT '0' COMMENT '우정점수',
  `remain_monthly_reward_count` tinyint(4) NOT NULL DEFAULT '0' COMMENT '월 정액 상품을 구매했을 때, 남은 일별 보상 횟수',
  `current_bought_premium_package` int(11) NOT NULL DEFAULT '0' COMMENT '현재 프리미엄 패키지를 구매한 횟수',
  `deletable_friend_count` tinyint(4) NOT NULL DEFAULT '0' COMMENT '친구를 삭제할 수 있는 남은 횟수',
  `last_accessed_datetime` datetime NOT NULL DEFAULT '1000-01-01 00:00:00' COMMENT '마지막으로 접속한 일시',
  `last_played_character` bigint(20) unsigned NOT NULL DEFAULT '0' COMMENT '마지막으로 플레이한 캐릭터\n\n- 캐릭터를 선택해서 게임에 진입한다면, 이 값을 선택한 캐릭터의 코드 번호로 업데이트한다.\n\n- 슬롯 번호가 아니다!',
  `enable_to_change_nickname` tinyint(1) NOT NULL DEFAULT '0' COMMENT '계정 별명의 변경 권한\n\n- 계정 이름 변경 권한은 1회씩만 활성화할 수 있다.\n: 이름 변경 권한을 다시 얻기 위해서는, 먼저 이름 변경을 해서 횟수를 0이 되게 소비를 해야 한다.',
  `representative_character` bigint(20) unsigned NOT NULL DEFAULT '0' COMMENT '플레이어를 대표할 캐릭터의 ID\n: 플레이어 자신이 소유한 캐릭터의 ID여야 한다.',
  `enable_to_change_representative_character_datetime` datetime NOT NULL DEFAULT '1000-01-01 00:00:00' COMMENT '다음 차례에 대표 캐릭터를 교체할 수 있는 일시',
  `joined_guild_id` bigint(20) unsigned NOT NULL DEFAULT '0' COMMENT '가입한 길드의 ID',
  `guild_coin` int(11) NOT NULL DEFAULT '0' COMMENT '길드 코인',
  `mileage` int(11) NOT NULL DEFAULT '0' COMMENT '현재 소유하고 있는 마일리지의 양',
  `cumulative_mileage` bigint(20) unsigned NOT NULL DEFAULT '0' COMMENT '누적한 마일리지의 양',
  `is_completed_tutorial` tinyint(1) NOT NULL DEFAULT '0',
  `enable_to_guild_activity_datetime` datetime NOT NULL DEFAULT '1000-01-01 00:00:00' COMMENT '길드 활동(길드 창설, 길드 가입)을 다시 시작할 수 있는 일시',
  `guild_attendance_datetime` datetime NOT NULL DEFAULT '1000-01-01 00:00:00' COMMENT '마지막으로 길드에 출석한 일시',
  `related_account_facebook` varchar(30) COLLATE utf8_unicode_ci NOT NULL DEFAULT '' COMMENT '연동된 Facebook 계정\n\n- Facebook 계정은 16자리의 숫자로 이루어져 있다.',
  `update_datetime` datetime NOT NULL DEFAULT '1000-01-01 00:00:00' COMMENT '갱신일시',
  PRIMARY KEY (`user_id`),
  UNIQUE KEY `nickname_UNIQUE` (`nickname`),
  UNIQUE KEY `authentication_number_UNIQUE` (`authentication_number`),
  KEY `related_account_facebook_INDEX` (`related_account_facebook`),
  KEY `idx_table_player_user_id_guardian_level` (`user_id`,`guardian_level`)
) ENGINE=InnoDB DEFAULT CHARSET=utf8 COLLATE=utf8_unicode_ci COMMENT='플레이어 정보';

--
-- Dumping data for table `table_player`
--

INSERT INTO `table_player` VALUES (1,2511109208202805932,'이보시오의사양반',2058,0,0,0,0,0,175,2400,0,0,0,10,'2020-09-22 01:18:30',1,0,1,'2020-09-19 12:48:27',0,0,0,0,1,'1000-01-01 00:00:00','1000-01-01 00:00:00','','2020-09-22 01:18:30'),(2,4671665949581319199,'DobiPark',832,0,0,1,0,0,175,0,0,0,0,10,'2020-09-21 19:03:15',12,0,2,'2020-09-19 13:10:32',2,50,0,0,1,'1000-01-01 00:00:00','2020-09-19 14:30:20','10207724364305262','2020-09-21 19:03:15'),(3,7209999155323901136,'DobiDObi',2816,0,0,1,0,0,0,0,0,0,0,10,'2020-09-19 14:38:47',3,0,3,'2020-09-19 14:18:34',1,300,0,0,1,'1000-01-01 00:00:00','2020-09-19 14:29:15','','2020-09-19 14:38:47'),(4,2288418761185570057,'DOBILALA',2568,0,0,0,0,0,40,0,0,0,0,10,'2020-09-21 19:54:59',4,0,4,'2020-09-19 14:39:47',0,0,0,0,1,'1000-01-01 00:00:00','1000-01-01 00:00:00','','2020-09-21 19:54:59'),(5,1179279260485543113,'철사마',2818,0,0,0,0,0,305,0,120,0,0,10,'2020-09-21 20:16:50',16,0,7,'2020-09-20 17:07:57',0,0,0,0,1,'1000-01-01 00:00:00','1000-01-01 00:00:00','','2020-09-21 20:16:50'),(6,3151563847853724044,'사마사마',2562,0,0,0,0,0,0,0,0,0,0,10,'2020-09-21 19:24:55',10,0,8,'2020-09-20 18:14:57',0,0,0,0,1,'1000-01-01 00:00:00','1000-01-01 00:00:00','10216757545922620','2020-09-21 19:34:10'),(7,7541409424571921055,'hovorj',0,0,0,0,0,0,0,0,0,0,0,10,'2020-09-21 10:51:59',9,0,9,'2020-09-21 10:51:56',0,0,0,0,0,'1000-01-01 00:00:00','1000-01-01 00:00:00','','2020-09-21 10:51:59'),(8,7384162180393122329,'DoDoBiBi',2560,0,0,0,0,0,40,0,0,0,0,10,'2020-09-21 19:41:15',13,0,13,'2020-09-21 19:04:33',0,0,0,0,1,'1000-01-01 00:00:00','1000-01-01 00:00:00','','2020-09-21 19:41:15'),(9,3518265400893274336,'폼폼',2048,0,0,0,0,0,10,0,0,0,0,10,'2020-09-21 20:28:40',15,0,15,'2020-09-21 19:56:44',0,0,0,0,1,'1000-01-01 00:00:00','1000-01-01 00:00:00','','2020-09-21 20:28:40'),(10,4234617864640249195,'호잇',2306,0,0,0,0,0,0,0,0,0,0,10,'2020-09-21 20:26:09',17,0,17,'2020-09-21 20:18:24',0,0,0,0,1,'1000-01-01 00:00:00','1000-01-01 00:00:00','','2020-09-21 20:26:09'),(11,2957978242039396017,'asdfasdfadsf',2816,0,0,0,0,0,0,0,0,0,0,10,'2020-09-22 17:04:53',18,0,18,'2020-09-22 16:52:03',0,0,0,0,1,'1000-01-01 00:00:00','1000-01-01 00:00:00','','2020-09-22 17:04:53');

--
-- Table structure for table `table_player_character`
--

CREATE TABLE `table_player_character` (
  `character_id` bigint(20) unsigned NOT NULL AUTO_INCREMENT COMMENT '캐릭터의 고유 식별 번호 ',
  `owner_user_id` bigint(20) unsigned NOT NULL DEFAULT '0' COMMENT '소유자의 계정 ID',
  `character_class_type` tinyint(4) NOT NULL DEFAULT '0' COMMENT '캐릭터 직업 클래스 구분\n: eCharacterClass의 값과 같다.',
  `notice_state` int(11) unsigned NOT NULL DEFAULT '0' COMMENT '알림 상태\n\n - 플레이어 캐릭터에게 뭔가 변경 사항이 있음을 알릴 때 사용한다.\n\n - 새로운 편지(와 첨부물)가 도착했다거나, 친구 요청이 있거나, 길드 멤버 가입 요청이 있을 때 등을 말한다.\n\n -  비트 필드로 표현한다.\n : 비트 필드의 각 자릿수의 의미는 eNoticeState에서 정의하고 있다.',
  `title` varchar(64) COLLATE utf8_unicode_ci NOT NULL DEFAULT '' COMMENT '캐릭터의 호칭',
  `title_color_key` tinyint(4) NOT NULL DEFAULT '0' COMMENT '호칭의 색상 키\n: eTextColorKey의 값과 같다.',
  `level` int(11) NOT NULL DEFAULT '1' COMMENT '캐릭터의 현재 레벨',
  `experience` bigint(20) NOT NULL DEFAULT '0' COMMENT '캐릭터의 현재 레벨에서의 경험치\n\n- 한 번 올랐던 레벨이 다시 내려가는(소위 ''렙따'') 기능이 없기 때문에, 굳이 누적된 총 경험치량을 가지고 있어야 할 필요가 없다고 본다.',
  `money_gameplay` int(11) NOT NULL DEFAULT '0' COMMENT '이 캐릭터가 보유한 게임 플레이 화폐',
  `admission` int(11) NOT NULL DEFAULT '0' COMMENT '캐릭터가 보유하고 있는, 스테이지에 입장할 때 소모하는 자원',
  `admission_recharge_datetime` datetime NOT NULL DEFAULT '1000-01-01 00:00:00' COMMENT '스테이지 입장권의 재생성을 시작한 시간\n\n- 캐릭터의 레벨에 따라 주어진 최대 재생성 수량보다 현재의 입장권 개수가 모자하는 시점에 기록한다.\n- 현재 입장권 보유 수량이 캐릭터의 최대 재생성 수량보다 같거나 크면, 시간을 세지 않는 의미에서, 시간 값을 DateTime 형의 최소 값으로 수정한다. (이걸 무효값으로 간주한다.)',
  `rift_keystone` int(11) NOT NULL DEFAULT '0' COMMENT '균열석\n\n- 균열 던전 입장권임',
  `money_ruby` int(11) NOT NULL DEFAULT '0' COMMENT '루비 화폐의 양',
  `stage_effect_tickets` int(11) unsigned NOT NULL DEFAULT '0' COMMENT '현재 스테이지를 플레이 할 때 적용한 부여효과들의 목록\n\n- 부여효과들은 일종의 티켓 종류의 재화로 취급한다. \n: 타입은 eEquipType.ItemIncreaseTicket, eEquipType.ExpIncreaseTicket, eEquipType.GoldIncreaseTicket 등이다.\n\n- 여러 종류의 부여효과들을 한 번에 부여할 수 있고, 각 부여효과들은 한 번에 재화를 1 단위로 소모한다.\n: 따라서, 효율적인 저장과 처리를 위하여 스테이지 진입과 관련한 부여효과들은 비트필드로써 처리한다.\n\n- 세부적인 비트필드의 값은 (eStageEnchantedEffect 열거형의 값을 참고할 것)\n\n 0 = eStageEnchantedEffect.None (아무 것도 없음)\n 1 << 1 = eStageEnchantedEffect.IncreaseItem (아이템 보상 증가)\n 1 << 2 = eStageEnchantedEffect.IncreaseExperience (경험치 보상 증가)\n 1 << 3 = eStageEnchantedEffect.IncreaseMoneyGamePlay (게임 플레이 화폐 보상 증가)',
  `equipped_potion_gtc` int(11) NOT NULL DEFAULT '0' COMMENT '장착한 물약 아이템의 타입 식별 코드(GTC)',
  `item_inventory_extension_grade` int(11) NOT NULL DEFAULT '0' COMMENT '캐릭터의 아이템 인벤토리 확장 단계\n\n- 캐릭터의 아이템 인벤토리는 어느 정도의 기본적인 슬롯 개수가 있다.\n\n- 그리고 구매를 통해 이 공간을 더 확장할 수 있다.\n\n- 여기서는 그렇게 구매를 통해서 확장한 공간들에 대한 단계 값을 가지고 있다.\n: 각 단계들이 실제로 몇 개의 아이템 인벤토리 슬롯을 늘려주는지는 게임 데이터에 달려 있다.',
  `skill_point_by_purchase` int(11) NOT NULL DEFAULT '0' COMMENT '구매한 스킬 포인트\n\n- 스킬 포인트를 캐릭터의 레벨에 의해 제공하는 기본 스킬 포인트와, 직접 구매하는 스킬 포인트가 있다.\n\n- 두 스킬 포인트의 용도는 똑같다.\n: 스킬을 강화하는데 사용한다.\n\n- 스킬을 강화할 때는 무조건 캐릭터 레벨에 의해 제공하는 기본 스킬 포인트부터 소진한 뒤에, 구매한 스킬 포인트를 소진한다.\n\n- 구매한 스킬 포인트는 해당 플레이어의 모든 캐릭터에 공통으로 적용한다.',
  `skill_point_reset_count` int(11) NOT NULL DEFAULT '0' COMMENT '이 캐릭터가 스킬을 초기화한 횟수\n\n- 스킬 강화 단계의 초기화는 스킬 구분 없이 모든 스킬에 대해 일괄적으로 이루어진다.\n: 스킬 강화단계 초기화를 수행하면, 일시에 모든 스킬의 모든 스킬 포인트를 회수한다.\n\n- 아마도, 기획에 의해 스킬 강화 단계의 초기화를 한 횟수만큼 다음 번 초기화 비용이 비싸질 것이다.',
  `last_played_datetime` datetime NOT NULL DEFAULT '1000-01-01 00:00:00' COMMENT '마지막으로 플레이 한 일시',
  `update_datetime` datetime NOT NULL DEFAULT '1000-01-01 00:00:00' COMMENT '갱신일시',
  PRIMARY KEY (`character_id`),
  KEY `owner_user_id_character_class_type` (`owner_user_id`,`character_class_type`),
  KEY `idx_table_player_character_owner_user_id_level` (`owner_user_id`,`level`)
) ENGINE=InnoDB AUTO_INCREMENT=19 DEFAULT CHARSET=utf8 COLLATE=utf8_unicode_ci COMMENT='플레이어 캐릭터 정보';

--
-- Dumping data for table `table_player_character`
--

INSERT INTO `table_player_character` VALUES (1,1,2,2058,'',0,5,295,511004,87,'1000-01-01 00:00:00',40,0,0,0,0,0,1,'2020-09-19 12:48:26','2020-09-22 01:01:53'),(2,2,3,2560,'',0,50,0,5567,99,'1000-01-01 00:00:00',0,0,0,0,0,0,0,'2020-09-19 13:10:32','2020-09-21 19:02:30'),(3,3,1,2560,'',0,50,0,377,53,'2020-09-19 14:37:49',0,0,0,0,0,0,0,'2020-09-19 14:18:34','2020-09-19 14:38:45'),(4,4,0,2560,'',0,43,1000,277225843,92,'1000-01-01 00:00:00',0,0,0,0,0,0,0,'2020-09-19 14:39:47','2020-09-21 20:22:41'),(5,2,0,0,'',0,37,0,328008289,69,'2020-09-21 14:54:43',0,0,0,0,0,0,0,'2020-09-19 15:36:00','2020-09-21 15:03:35'),(6,4,1,0,'',0,1,0,0,50,'1000-01-01 00:00:00',0,0,0,0,0,0,0,'2020-09-19 20:40:28','2020-09-19 20:40:28'),(7,5,0,6410,'',0,13,719,57800,294,'1000-01-01 00:00:00',0,0,0,160003112,0,0,2,'2020-09-20 17:07:57','2020-09-21 20:13:31'),(8,6,1,2560,'',0,3,32,229,52,'1000-01-01 00:00:00',0,0,0,0,0,0,0,'2020-09-20 18:14:57','2020-09-20 18:24:56'),(9,7,3,0,'',0,1,0,0,47,'2020-09-21 10:54:57',0,0,0,0,0,0,0,'2020-09-21 10:51:55','2020-09-21 10:54:57'),(10,6,2,2562,'',0,3,32,229,52,'1000-01-01 00:00:00',0,0,0,0,0,0,0,'2020-09-21 12:28:24','2020-09-21 12:33:09'),(11,2,1,0,'',0,32,0,0,50,'1000-01-01 00:00:00',0,0,0,0,0,0,0,'2020-09-21 18:59:44','2020-09-21 18:59:54'),(12,2,2,0,'',0,1,0,0,50,'1000-01-01 00:00:00',0,0,0,0,0,0,0,'2020-09-21 19:03:13','2020-09-21 19:03:13'),(13,8,1,2560,'',0,3,169,6407,52,'1000-01-01 00:00:00',0,0,0,0,0,0,0,'2020-09-21 19:04:33','2020-09-21 19:39:53'),(14,5,3,2306,'',0,5,231,788,51,'2020-09-21 19:49:53',0,0,0,0,0,0,0,'2020-09-21 19:40:54','2020-09-21 19:51:42'),(15,9,3,2304,'',0,3,32,5229,102,'1000-01-01 00:00:00',0,0,0,0,0,0,1,'2020-09-21 19:56:44','2020-09-21 20:29:01'),(16,5,1,0,'',0,2,28,113,51,'1000-01-01 00:00:00',0,0,0,0,0,0,0,'2020-09-21 20:15:05','2020-09-21 20:16:31'),(17,10,0,2304,'',0,3,32,229,52,'1000-01-01 00:00:00',0,0,0,0,0,0,0,'2020-09-21 20:18:24','2020-09-21 20:26:40'),(18,11,3,2560,'',0,3,32,229,52,'1000-01-01 00:00:00',0,0,0,0,0,0,0,'2020-09-22 16:52:02','2020-09-22 17:04:42');

--
-- Table structure for table `table_post`
--

CREATE TABLE `table_post` (
  `no` bigint(20) unsigned NOT NULL AUTO_INCREMENT COMMENT '우편의 순번',
  `receiver_id` bigint(20) unsigned NOT NULL DEFAULT '0' COMMENT '수신자의 사용자 ID',
  `receiver_character_id` bigint(20) unsigned NOT NULL DEFAULT '0' COMMENT '수신자의 캐릭터 ID',
  `sender_id` bigint(20) unsigned NOT NULL DEFAULT '0' COMMENT '발신자의 사용자 ID',
  `text_key` int(11) NOT NULL DEFAULT '0' COMMENT '사전 정의한 메시지 내용이 들어 있는 타입 식별 코드',
  `item_code` int(11) NOT NULL DEFAULT '0' COMMENT '첨부물의 아이템 식별 코드',
  `amount` int(11) NOT NULL DEFAULT '0' COMMENT '첨부물의 양',
  `state` tinyint(4) unsigned NOT NULL DEFAULT '0' COMMENT '0 : 받기 가능한 우편\n1 : 유효기간 지나 삭제된 우편\n2 : 운영자가 삭제한 우편',
  `received_datetime` datetime NOT NULL DEFAULT '1000-01-01 00:00:00' COMMENT '수신한 일시',
  PRIMARY KEY (`no`),
  KEY `table_post_receiver_id_receiver_character_id` (`receiver_id`,`receiver_character_id`)
) ENGINE=InnoDB AUTO_INCREMENT=172 DEFAULT CHARSET=utf8 COLLATE=utf8_unicode_ci COMMENT='우편 정보';

--
-- Dumping data for table `table_post`
--

INSERT INTO `table_post` VALUES (1,1,1,0,53019,156101000,1,1,'1000-01-01 00:00:00'),(2,1,0,0,53007,160001001,5000,1,'2020-09-19 13:03:08'),(3,1,0,0,53007,160001002,10,1,'2020-09-19 13:03:09'),(4,1,1,0,53013,160001002,75,1,'2020-09-19 13:03:24'),(5,1,0,0,53015,160001001,500000,1,'2020-09-19 13:03:27'),(6,2,2,0,53019,156101000,1,1,'1000-01-01 00:00:00'),(7,2,0,0,53007,160001001,5000,1,'2020-09-19 13:15:21'),(8,2,0,0,53007,160001002,10,1,'2020-09-19 13:15:21'),(9,2,2,0,53022,160001002,30,0,'2020-09-19 13:15:59'),(10,2,2,0,53021,160001001,1000,0,'2020-09-19 13:17:43'),(11,2,2,0,53021,156101001,1,0,'2020-09-19 13:17:43'),(12,3,3,0,53019,156101000,1,1,'1000-01-01 00:00:00'),(13,3,0,0,53007,160001001,5000,0,'2020-09-19 14:27:20'),(14,3,0,0,53007,160001002,10,0,'2020-09-19 14:27:20'),(15,3,3,0,53022,160001002,30,0,'2020-09-19 14:27:46'),(16,2,2,0,53021,160001001,1100,0,'2020-09-19 14:27:57'),(17,2,2,0,53021,150000102,50,0,'2020-09-19 14:27:57'),(18,2,2,0,53027,160003112,5,0,'2020-09-19 14:28:08'),(19,3,3,0,53021,160001001,1000,0,'2020-09-19 14:29:04'),(20,3,3,0,53021,156101001,1,0,'2020-09-19 14:29:04'),(21,4,0,0,53007,160001001,5000,1,'2020-09-19 14:39:49'),(22,4,0,0,53007,160001002,10,1,'2020-09-19 14:39:49'),(23,4,4,0,53019,156101000,1,1,'1000-01-01 00:00:00'),(24,2,5,0,53019,156101000,1,1,'1000-01-01 00:00:00'),(25,4,4,0,53022,160001002,30,1,'2020-09-19 16:43:54'),(26,4,4,0,53021,160001001,1000,1,'2020-09-19 16:45:51'),(27,4,4,0,53021,156101001,1,1,'2020-09-19 16:45:51'),(28,4,6,0,53019,156101000,1,0,'1000-01-01 00:00:00'),(29,2,0,0,53007,160001002,50,0,'2020-09-20 13:01:44'),(30,2,0,0,53007,160001001,1000,0,'2020-09-20 13:01:44'),(31,5,7,0,53019,156101000,1,1,'1000-01-01 00:00:00'),(32,5,0,0,53007,160001001,5000,1,'2020-09-20 17:13:44'),(33,5,0,0,53007,160001002,10,1,'2020-09-20 17:13:45'),(34,5,7,0,53022,160001002,30,1,'2020-09-20 17:14:17'),(35,5,7,0,53021,160001001,1000,1,'2020-09-20 17:15:43'),(36,5,7,0,53021,156101001,1,1,'2020-09-20 17:15:43'),(37,5,7,0,53021,160001001,1100,1,'2020-09-20 17:19:33'),(38,5,7,0,53021,150000102,50,1,'2020-09-20 17:19:33'),(39,5,7,0,53027,160003112,5,1,'2020-09-20 17:26:30'),(40,5,7,0,53021,160001001,1200,1,'2020-09-20 17:27:58'),(41,5,7,0,53021,160000602,5,1,'2020-09-20 17:27:58'),(42,5,7,0,53021,160001001,1300,1,'2020-09-20 17:30:32'),(43,5,7,0,53021,160002004,20,1,'2020-09-20 17:30:32'),(44,5,7,0,53022,160001002,50,1,'2020-09-20 17:30:49'),(45,5,7,0,53021,160001001,1400,1,'2020-09-20 17:35:22'),(46,5,7,0,53021,160004004,5,1,'2020-09-20 17:35:22'),(47,5,7,0,53021,160001001,1500,1,'2020-09-20 17:52:13'),(48,5,7,0,53021,155101001,10,1,'2020-09-20 17:52:13'),(49,5,7,0,53022,160001001,1000,1,'2020-09-20 17:55:35'),(50,5,7,0,53021,160001001,1600,1,'2020-09-20 17:58:45'),(51,5,7,0,53021,160002003,10,1,'2020-09-20 17:58:45'),(52,5,7,0,53021,160001001,1700,1,'2020-09-20 18:07:25'),(53,5,7,0,53021,150000103,100,1,'2020-09-20 18:07:25'),(54,6,8,0,53019,156101000,1,1,'1000-01-01 00:00:00'),(55,6,0,0,53007,160001001,5000,0,'2020-09-20 18:25:32'),(56,6,0,0,53007,160001002,10,0,'2020-09-20 18:25:32'),(57,5,7,0,53021,160001001,1800,1,'2020-09-20 18:35:11'),(58,5,7,0,53021,160001302,20,1,'2020-09-20 18:35:11'),(59,5,7,0,53021,160001002,10,1,'2020-09-20 18:43:26'),(60,5,7,0,53021,160004003,5,1,'2020-09-20 18:43:26'),(61,5,7,0,53021,160001001,1900,1,'2020-09-20 18:48:30'),(62,5,7,0,53021,160000601,5,1,'2020-09-20 18:48:30'),(63,5,7,0,53021,160001001,2000,1,'2020-09-20 18:49:04'),(64,5,7,0,53021,150000102,150,1,'2020-09-20 18:49:04'),(65,5,7,0,53016,160001302,1,1,'2020-09-20 18:53:13'),(66,5,7,0,53016,160001303,1,1,'2020-09-20 18:53:16'),(67,5,7,0,53022,160001002,30,1,'2020-09-20 18:56:10'),(68,5,7,0,53021,160001001,2100,1,'2020-09-20 18:59:07'),(69,5,7,0,53021,160000603,5,1,'2020-09-20 18:59:07'),(70,5,7,0,53021,160001001,2200,1,'2020-09-20 19:04:19'),(71,5,7,0,53021,160002004,40,1,'2020-09-20 19:04:19'),(72,5,7,0,53012,160002003,30,1,'2020-09-20 19:07:14'),(73,5,7,0,53012,160002003,30,1,'2020-09-20 19:07:15'),(74,5,7,0,53021,160001001,2300,1,'2020-09-20 19:14:45'),(75,5,7,0,53021,160004002,5,1,'2020-09-20 19:14:45'),(76,5,7,0,53021,160001001,2400,1,'2020-09-20 19:14:56'),(77,5,7,0,53021,155101002,10,1,'2020-09-20 19:14:56'),(78,5,7,0,53021,160001001,2500,1,'2020-09-20 19:20:48'),(79,5,7,0,53021,160002003,30,1,'2020-09-20 19:20:48'),(80,5,7,0,53022,160001001,1500,1,'2020-09-20 19:21:05'),(81,5,7,0,53021,160001001,2600,1,'2020-09-20 19:23:56'),(82,5,7,0,53021,150000103,200,1,'2020-09-20 19:23:56'),(83,5,7,0,53021,160001001,2700,1,'2020-09-20 19:30:42'),(84,5,7,0,53021,160001302,30,1,'2020-09-20 19:30:42'),(85,5,7,0,53021,160001002,20,1,'2020-09-20 23:00:37'),(86,5,7,0,53021,156102002,1,1,'2020-09-20 23:00:37'),(87,5,7,0,53021,160001001,2800,1,'2020-09-20 23:03:57'),(88,5,7,0,53021,160004001,5,1,'2020-09-20 23:03:57'),(89,5,7,0,53021,160001001,2900,1,'2020-09-20 23:04:38'),(90,5,7,0,53021,150000104,300,1,'2020-09-20 23:04:38'),(91,5,7,0,53022,160001002,30,1,'2020-09-20 23:05:03'),(92,5,7,0,53016,160001302,1,1,'2020-09-20 23:08:46'),(93,5,7,0,53022,160001001,1500,1,'2020-09-20 23:11:42'),(94,5,7,0,53021,160001001,3000,1,'2020-09-20 23:16:16'),(95,5,7,0,53021,160000601,5,1,'2020-09-20 23:16:16'),(96,5,7,0,53021,160001001,3100,1,'2020-09-20 23:23:00'),(97,5,7,0,53021,160002004,60,1,'2020-09-20 23:23:00'),(98,5,7,0,53021,160001001,3200,1,'2020-09-20 23:26:13'),(99,5,7,0,53021,160004004,5,1,'2020-09-20 23:26:13'),(100,5,7,0,53022,160001001,1500,1,'2020-09-20 23:26:50'),(101,5,7,0,53021,160001001,3300,1,'2020-09-20 23:33:34'),(102,5,7,0,53021,155102005,30,1,'2020-09-20 23:33:34'),(103,5,7,0,53021,160001001,3400,1,'2020-09-20 23:38:05'),(104,5,7,0,53021,160002003,50,1,'2020-09-20 23:38:05'),(105,5,7,0,53016,160001302,1,1,'2020-09-20 23:44:19'),(106,5,0,0,53007,160001002,50,1,'2020-09-21 00:20:49'),(107,5,0,0,53007,160001001,1000,1,'2020-09-21 00:20:50'),(108,5,7,0,53021,160001001,3500,1,'2020-09-21 00:21:06'),(109,5,7,0,53021,150000103,350,1,'2020-09-21 00:21:06'),(110,2,5,0,53013,160001002,75,0,'2020-09-21 11:02:48'),(111,2,0,0,53007,156104001,1,1,'2020-09-21 11:02:51'),(112,2,0,0,53007,160001002,20,0,'2020-09-21 11:02:51'),(113,4,4,0,53012,160002003,30,0,'2020-09-21 11:03:07'),(114,4,4,0,53013,160001002,75,0,'2020-09-21 11:03:07'),(115,4,0,0,53007,160001002,50,0,'2020-09-21 11:03:11'),(116,4,0,0,53007,160001002,10,0,'2020-09-21 11:03:11'),(117,5,7,0,53012,160002003,30,1,'2020-09-21 12:17:04'),(118,5,7,0,53012,160002003,30,1,'2020-09-21 12:17:04'),(119,5,7,0,53013,160001002,75,1,'2020-09-21 12:17:04'),(120,6,10,0,53019,156101000,1,1,'1000-01-01 00:00:00'),(121,6,0,0,53007,160001002,50,0,'2020-09-21 12:33:21'),(122,6,0,0,53007,160001001,1000,0,'2020-09-21 12:33:21'),(123,2,11,0,53019,156101000,1,0,'1000-01-01 00:00:00'),(124,2,2,0,53012,160002003,30,0,'2020-09-21 19:02:30'),(125,2,2,0,53021,160001001,1200,0,'2020-09-21 19:02:36'),(126,2,2,0,53021,160000602,5,0,'2020-09-21 19:02:36'),(127,2,12,0,53019,156101000,1,0,'1000-01-01 00:00:00'),(128,8,0,0,53007,160001001,5000,1,'2020-09-21 19:04:35'),(129,8,0,0,53007,160001002,10,1,'2020-09-21 19:04:36'),(130,8,13,0,53019,156101000,1,1,'1000-01-01 00:00:00'),(131,8,13,0,53022,160001002,30,1,'2020-09-21 19:08:06'),(132,8,13,0,53021,160001001,1000,1,'2020-09-21 19:13:42'),(133,8,13,0,53021,156101001,1,1,'2020-09-21 19:13:42'),(134,5,7,0,53021,160001001,3600,1,'2020-09-21 19:35:22'),(135,5,7,0,53021,160001302,40,1,'2020-09-21 19:35:22'),(136,5,14,0,53019,156101000,1,0,'1000-01-01 00:00:00'),(137,5,14,0,53022,160001002,30,0,'2020-09-21 19:43:59'),(138,5,7,0,53016,160001302,1,1,'2020-09-21 20:02:35'),(139,5,7,0,53016,160001303,1,1,'2020-09-21 20:02:39'),(140,5,7,0,53022,160001001,1500,0,'2020-09-21 20:11:00'),(141,5,7,0,53016,160001302,1,0,'2020-09-21 20:13:31'),(142,5,16,0,53019,156101000,1,0,'1000-01-01 00:00:00'),(143,10,17,0,53019,156101000,1,1,'1000-01-01 00:00:00'),(144,9,15,0,53019,156101000,1,1,'1000-01-01 00:00:00'),(145,10,0,0,53007,160001001,5000,0,'2020-09-21 20:26:12'),(146,10,0,0,53007,160001002,10,0,'2020-09-21 20:26:13'),(147,9,0,0,53007,160001001,5000,1,'2020-09-21 20:26:56'),(148,9,0,0,53007,160001002,10,1,'2020-09-21 20:26:56'),(149,9,15,0,53016,160001303,1,1,'2020-09-21 20:27:35'),(150,9,15,0,53016,160001302,1,1,'2020-09-21 20:27:39'),(151,1,0,0,53007,160001002,50,1,'2020-09-22 00:26:33'),(152,1,0,0,53007,160001002,10,1,'2020-09-22 00:26:33'),(153,1,1,0,53016,160001303,1,1,'2020-09-22 00:26:51'),(154,1,1,0,53016,160001302,1,1,'2020-09-22 00:26:55'),(155,1,1,0,53024,160001001,1000,1,'1000-01-01 00:00:00'),(156,1,1,0,53022,160001002,30,1,'2020-09-22 00:27:29'),(157,1,1,0,53021,160001001,1000,1,'2020-09-22 00:31:10'),(158,1,1,0,53021,156101001,1,1,'2020-09-22 00:31:10'),(159,1,1,0,53021,160001001,1100,1,'2020-09-22 00:37:20'),(160,1,1,0,53021,150000102,50,1,'2020-09-22 00:37:20'),(161,1,1,0,53027,160003112,5,1,'2020-09-22 00:38:25'),(162,1,1,0,53021,160001001,1000,1,'2020-09-22 00:39:52'),(163,1,1,0,53021,156101001,1,1,'2020-09-22 00:39:52'),(164,1,1,0,53021,160001001,1100,1,'2020-09-22 00:42:24'),(165,1,1,0,53021,150000102,50,1,'2020-09-22 00:42:24'),(166,1,1,0,53022,160001001,1000,0,'2020-09-22 00:57:00'),(167,1,1,0,53021,160001001,1100,0,'2020-09-22 00:58:31'),(168,1,1,0,53021,150000102,50,0,'2020-09-22 00:58:31'),(169,11,18,0,53019,156101000,1,1,'1000-01-01 00:00:00'),(170,11,0,0,53007,160001001,5000,0,'2020-09-22 17:05:08'),(171,11,0,0,53007,160001002,10,0,'2020-09-22 17:05:08');

--
-- Table structure for table `table_quest`
--

CREATE TABLE `table_quest` (
  `character_id` bigint(20) unsigned NOT NULL COMMENT '캐릭터 ID',
  `group_id` int(11) NOT NULL,
  `general_type_code` int(11) NOT NULL DEFAULT '0' COMMENT '퀘스트 타입 식별 코드\n\n- GTC 값이다.',
  `condition_count` int(11) NOT NULL DEFAULT '-1' COMMENT '퀘스트 수행 상태\n\n 0 = None (아무 상태도 아님. 달성 여부를 점검하는 대상이 아니다.)\n 1 = Activated (활설화됨)\n 2 = Success (목표 달성에 성공한 상태. 서버 상에서는 보상 지급을 기다리는 상태.)\n 3 = Failed (목표 달성에 실패한 상태.)\n 4 = Completed (미션 목표가 성공 / 실패하고 보상 지급까지 모두 완료한 상태)',
  `is_completed` tinyint(1) NOT NULL DEFAULT '0',
  `update_datetime` datetime NOT NULL DEFAULT '1000-01-01 00:00:00' COMMENT '갱신일시',
  PRIMARY KEY (`character_id`,`group_id`)
) ENGINE=InnoDB DEFAULT CHARSET=utf8 COLLATE=utf8_unicode_ci COMMENT='캐릭터 별 퀘스트 수행 정보';

--
-- Dumping data for table `table_quest`
--

INSERT INTO `table_quest` VALUES (1,2010,101005,-1,1,'2020-09-22 01:01:21'),(1,2011,101104,-1,1,'2020-09-22 01:01:54'),(2,2001,100104,-1,1,'2020-09-19 13:17:43'),(2,2002,100204,-1,1,'2020-09-19 14:27:57'),(2,2003,100303,-1,1,'2020-09-21 19:02:36'),(2,2004,100401,-1,1,'2020-09-21 19:02:40'),(3,2001,100104,-1,1,'2020-09-19 14:29:04'),(3,2002,100201,-1,1,'2020-09-19 14:39:04'),(4,2001,100104,-1,1,'2020-09-19 16:45:51'),(4,2002,100202,-1,1,'2020-09-21 15:29:46'),(5,2001,100102,-1,1,'2020-09-19 17:23:13'),(6,2001,100101,-1,1,'2020-09-19 20:50:04'),(7,2001,100104,-1,1,'2020-09-20 17:15:43'),(7,2002,100204,-1,1,'2020-09-20 17:19:33'),(7,2003,100303,-1,1,'2020-09-20 17:27:58'),(7,2004,100403,-1,1,'2020-09-20 17:30:32'),(7,2005,100503,-1,1,'2020-09-20 17:35:22'),(7,2006,100603,-1,1,'2020-09-20 17:52:13'),(7,2007,100703,-1,1,'2020-09-20 17:58:45'),(7,2008,100803,-1,1,'2020-09-20 18:07:25'),(7,2009,100903,-1,1,'2020-09-20 18:35:11'),(7,2010,101005,-1,1,'2020-09-20 18:43:26'),(7,2011,101106,-1,1,'2020-09-20 18:48:30'),(7,2012,101203,-1,1,'2020-09-20 18:49:04'),(7,2013,101306,-1,1,'2020-09-20 18:59:07'),(7,2014,101406,-1,1,'2020-09-20 19:04:19'),(7,2015,101503,-1,1,'2020-09-20 19:14:45'),(7,2016,101603,-1,1,'2020-09-20 19:14:56'),(7,2017,101703,-1,1,'2020-09-20 19:20:48'),(7,2018,101803,-1,1,'2020-09-20 19:23:56'),(7,2019,101903,-1,1,'2020-09-20 19:30:42'),(7,2020,102003,-1,1,'2020-09-20 23:00:37'),(7,2021,102103,-1,1,'2020-09-20 23:03:57'),(7,2022,102203,-1,1,'2020-09-20 23:04:38'),(7,2023,102303,-1,1,'2020-09-20 23:16:16'),(7,2024,102403,-1,1,'2020-09-20 23:23:00'),(7,2025,102504,-1,1,'2020-09-20 23:26:13'),(7,2026,102603,-1,1,'2020-09-20 23:33:34'),(7,2027,102703,-1,1,'2020-09-20 23:38:05'),(7,2028,102803,-1,1,'2020-09-21 00:21:06'),(7,2029,102903,-1,1,'2020-09-21 19:35:22'),(7,2030,103001,-1,1,'2020-09-21 19:35:37'),(11,2001,100102,-1,1,'2020-09-21 19:00:18'),(12,2001,100102,-1,1,'2020-09-21 19:03:29'),(13,2001,100104,-1,1,'2020-09-21 19:13:42'),(13,2002,100202,-1,1,'2020-09-21 19:24:48'),(14,2001,100102,-1,1,'2020-09-21 19:47:57');

--
-- Table structure for table `table_re_purchase_count`
--

CREATE TABLE `table_re_purchase_count` (
  `character_id` bigint(20) unsigned NOT NULL COMMENT '캐릭터의 ID',
  `product_code` int(11) NOT NULL COMMENT '상품의 타입 식별 코드',
  `count` int(11) NOT NULL DEFAULT '0' COMMENT '구매 횟수',
  `accumulate_count` bigint(20) unsigned NOT NULL DEFAULT '0' COMMENT '누적 구매 횟수',
  `update_datetime` datetime NOT NULL DEFAULT '1000-01-01 00:00:00' COMMENT '갱신일시',
  PRIMARY KEY (`character_id`,`product_code`)
) ENGINE=InnoDB DEFAULT CHARSET=utf8 COLLATE=utf8_unicode_ci COMMENT='캐릭터 별 상품 재구매 횟수의 정보';

--
-- Dumping data for table `table_re_purchase_count`
--

INSERT INTO `table_re_purchase_count` VALUES (3,210210103,3,3,'2019-09-13 02:56:52'),(3,210210203,2,2,'2019-09-13 11:28:58'),(5,210210103,2,12,'2019-09-11 04:15:21'),(8,210210203,3,3,'2019-09-16 22:01:24'),(9,210210203,3,3,'2019-09-16 22:32:57'),(13,210210103,0,10,'2019-11-20 22:10:04'),(16,210210103,1,1,'2019-10-05 20:52:53'),(18,210210103,1,1,'2019-11-07 13:49:46'),(23,210210103,3,3,'2019-10-31 01:27:53'),(23,210210203,5,5,'2019-10-31 01:28:25'),(44,210210103,7,7,'2019-11-06 18:36:25'),(44,210210203,6,6,'2019-11-06 18:46:36'),(46,210210103,1,1,'2019-10-31 15:18:08'),(105,210210103,6,6,'2020-03-03 05:11:06'),(125,210210103,6,16,'2020-01-21 08:38:23'),(145,210210103,4,34,'2020-05-15 15:02:23'),(210,210210103,2,2,'2020-04-15 18:07:39'),(238,210210103,1,1,'2020-04-13 14:19:52'),(241,210210103,1,1,'2020-04-03 12:31:31'),(242,210210103,8,48,'2020-04-01 18:12:19'),(242,210210203,5,5,'2020-04-02 10:41:45'),(247,210210103,3,3,'2020-04-03 15:51:17'),(247,210210203,3,3,'2020-04-03 15:51:54'),(249,210210103,2,2,'2020-04-03 16:10:16'),(254,210210103,7,7,'2020-04-01 15:22:32'),(263,210210103,1,31,'2020-04-03 11:59:12'),(269,210210103,2,2,'2020-04-03 16:52:28'),(273,210210103,0,20,'2020-04-18 15:53:36'),(273,210210203,0,50,'2020-04-18 16:08:53'),(288,210210103,5,15,'2020-04-26 16:29:00'),(289,210210103,6,6,'2020-05-19 17:34:00'),(292,210210103,6,26,'2020-06-05 19:25:29'),(292,210210203,4,4,'2020-05-29 17:25:59'),(294,210210103,3,13,'2020-04-24 22:08:39'),(294,210210203,2,12,'2020-04-24 22:09:33'),(300,210210103,1,1,'2020-06-07 17:52:10'),(310,210210103,3,13,'2020-05-24 02:55:27'),(320,210210203,1,1,'2020-06-15 22:11:07'),(436,210210103,1,21,'2020-08-07 17:08:48'),(442,210210103,1,1,'2020-07-27 15:12:18'),(459,210210103,2,2,'2020-07-29 14:08:27'),(485,210210103,1,1,'2020-08-03 20:30:35'),(499,210210103,8,8,'2020-09-15 18:03:21'),(504,210210103,4,4,'2020-09-13 19:36:25'),(507,210210103,0,10,'2020-09-15 17:52:44');

--
-- Table structure for table `table_servant`
--

CREATE TABLE `table_servant` (
  `character_id` bigint(20) unsigned NOT NULL COMMENT '소유자 캐릭터의 ID',
  `servant_code` int(11) NOT NULL COMMENT '조력자 캐릭터의 코드\n\n- 각 캐릭터들은 각 조력자들을 하나씩만 소유할 수 있다.',
  `grade` tinyint(4) NOT NULL DEFAULT '0' COMMENT '현재 조력자 등급\n: TableEnum의 eSummonGrade 열거형의 값과 같다.',
  `level` int(11) NOT NULL DEFAULT '1' COMMENT '조력자 캐릭터의 레',
  `experience` bigint(20) NOT NULL DEFAULT '0' COMMENT '조력자 캐릭터의 현재 레벨에서의 경험치',
  `update_datetime` datetime NOT NULL DEFAULT '1000-01-01 00:00:00' COMMENT '갱신일시',
  PRIMARY KEY (`character_id`,`servant_code`)
) ENGINE=InnoDB DEFAULT CHARSET=utf8 COLLATE=utf8_unicode_ci COMMENT='캐릭터 별 보유한 조력자 정보';

--
-- Dumping data for table `table_servant`
--


--
-- Table structure for table `table_servant_collection_reward`
--

CREATE TABLE `table_servant_collection_reward` (
  `character_id` bigint(20) unsigned NOT NULL COMMENT '캐릭터의 ID',
  `servant_grade` tinyint(4) NOT NULL COMMENT '조력자의 등급',
  `is_rewarded` tinyint(1) NOT NULL DEFAULT '0' COMMENT '조력자 도감에 대한 보상을 받았는지 여부',
  `update_datetime` datetime NOT NULL DEFAULT '1000-01-01 00:00:00' COMMENT '갱신일시',
  PRIMARY KEY (`character_id`,`servant_grade`)
) ENGINE=InnoDB DEFAULT CHARSET=utf8 COLLATE=utf8_unicode_ci COMMENT='캐릭터 별 조력자 수집과 그 보상에 대한 정보';

--
-- Dumping data for table `table_servant_collection_reward`
--


--
-- Table structure for table `table_servant_equipped`
--

CREATE TABLE `table_servant_equipped` (
  `character_id` bigint(20) unsigned NOT NULL COMMENT '소유자 캐릭터의 ID',
  `equip_slot_index` tinyint(4) NOT NULL COMMENT '장착한 슬롯의 인덱스\n\n- 0부터 시작한다.\n\n- 0보다 작은 수는 무효값이며, 장착하지 않은 상태임을 나타낸다.',
  `servant_code` int(11) NOT NULL DEFAULT '0' COMMENT '조력자 캐릭터의 코드\n\n- 각 캐릭터들은 각 조력자들을 하나씩만 소유할 수 있다.',
  `update_datetime` datetime NOT NULL DEFAULT '1000-01-01 00:00:00' COMMENT '갱신일시',
  PRIMARY KEY (`character_id`,`equip_slot_index`)
) ENGINE=InnoDB DEFAULT CHARSET=utf8 COLLATE=utf8_unicode_ci COMMENT='캐릭터 별 조력자 장착 정보';

--
-- Dumping data for table `table_servant_equipped`
--


--
-- Table structure for table `table_shop_buy_count`
--

CREATE TABLE `table_shop_buy_count` (
  `user_id` bigint(20) unsigned NOT NULL,
  `character_id` bigint(20) unsigned NOT NULL,
  `product_code` int(11) NOT NULL DEFAULT '0',
  `count` tinyint(4) NOT NULL DEFAULT '0',
  `purchased_datetime` datetime NOT NULL DEFAULT '1000-01-01 00:00:00',
  PRIMARY KEY (`user_id`,`character_id`,`product_code`)
) ENGINE=InnoDB DEFAULT CHARSET=utf8 COLLATE=utf8_unicode_ci COMMENT='플레이어, 캐릭터 별 상품 구매 횟수 정보';

--
-- Dumping data for table `table_shop_buy_count`
--

INSERT INTO `table_shop_buy_count` VALUES (1,0,210210101,1,'2020-09-22 00:26:55'),(1,0,210210102,1,'2020-09-22 00:26:51'),(1,0,210501003,1,'2020-09-22 00:26:49'),(5,0,210210101,2,'2020-09-21 20:13:31'),(5,0,210210102,1,'2020-09-21 20:02:39'),(5,0,210501003,1,'2020-09-21 20:02:46'),(9,0,210210101,1,'2020-09-21 20:27:39'),(9,0,210210102,1,'2020-09-21 20:27:35'),(9,0,210501003,1,'2020-09-21 20:27:33');

--
-- Table structure for table `table_shop_servant_piece`
--

CREATE TABLE `table_shop_servant_piece` (
  `user_id` bigint(20) unsigned NOT NULL,
  `product_list` varchar(100) COLLATE utf8_unicode_ci NOT NULL DEFAULT '',
  `is_bought` int(11) NOT NULL DEFAULT '0',
  `refreshed_count_by_gem` int(11) NOT NULL DEFAULT '0',
  `refreshed_datetime` datetime NOT NULL DEFAULT '1000-01-01 00:00:00',
  PRIMARY KEY (`user_id`)
) ENGINE=InnoDB DEFAULT CHARSET=utf8 COLLATE=utf8_unicode_ci COMMENT='플레이어 별 조력자 조각 상점의 이용 정보';

--
-- Dumping data for table `table_shop_servant_piece`
--


--
-- Table structure for table `table_skill`
--

CREATE TABLE `table_skill` (
  `character_id` bigint(20) unsigned NOT NULL COMMENT '스킬을 소유한 캐릭터의 ID',
  `skill_code` int(11) NOT NULL COMMENT '스킬 종류의 식별 코드',
  `enhance_level` int(11) NOT NULL DEFAULT '0' COMMENT '스킬의 강화 점수\n\n- 현재 강화 점수가 있다면, 스킬의 현재 강화 레벨을 계산할 수 있다.\n\n- 현재는 강화 점수 1점이 곧 스킬 1레벨이다.',
  `update_datetime` datetime NOT NULL DEFAULT '1000-01-01 00:00:00' COMMENT '갱신일시',
  PRIMARY KEY (`character_id`,`skill_code`)
) ENGINE=InnoDB DEFAULT CHARSET=utf8 COLLATE=utf8_unicode_ci COMMENT='캐릭터 별 스킬 정보';

--
-- Dumping data for table `table_skill`
--

INSERT INTO `table_skill` VALUES (1,1000001,0,'2020-09-19 12:48:26'),(1,1000002,0,'2020-09-19 12:48:26'),(1,1000003,0,'2020-09-19 12:48:26'),(1,1000004,0,'2020-09-19 12:48:26'),(1,1000005,0,'2020-09-19 12:48:26'),(1,1000006,0,'2020-09-19 12:48:26'),(1,1000007,0,'2020-09-19 12:48:26'),(1,1000008,0,'2020-09-19 12:48:26'),(1,171310011,1,'2020-09-19 13:05:25'),(1,171310012,1,'2020-09-19 13:05:25'),(1,171310013,1,'2020-09-19 13:05:25'),(1,171310021,1,'2020-09-19 13:05:25'),(1,171310022,1,'2020-09-19 13:05:25'),(1,171310023,1,'2020-09-19 13:05:25'),(1,171310031,1,'2020-09-19 13:05:25'),(1,171310032,1,'2020-09-19 13:05:25'),(1,171310033,1,'2020-09-19 13:05:25'),(1,171310041,1,'2020-09-19 13:05:25'),(1,171310042,1,'2020-09-19 13:05:25'),(1,171310043,1,'2020-09-19 13:05:25'),(1,171320011,2,'2020-09-19 13:05:29'),(1,171320012,0,'2020-09-19 13:05:25'),(1,171320013,0,'2020-09-19 13:05:25'),(1,171320014,0,'2020-09-19 13:05:25'),(1,171320015,0,'2020-09-19 13:05:25'),(1,171320016,0,'2020-09-19 13:05:25'),(1,171320017,0,'2020-09-19 13:05:25'),(1,171320018,0,'2020-09-19 13:05:25'),(1,191110011,0,'2020-09-19 12:48:27'),(1,191110012,0,'2020-09-19 12:48:27'),(1,191110013,0,'2020-09-19 12:48:27'),(1,191110014,0,'2020-09-19 12:48:27'),(1,191110015,0,'2020-09-19 12:48:27'),(1,191110016,0,'2020-09-19 12:48:27'),(1,191110017,0,'2020-09-19 12:48:27'),(1,191110018,0,'2020-09-19 12:48:27'),(1,191110019,0,'2020-09-19 12:48:27'),(1,191110020,0,'2020-09-19 12:48:27'),(1,191110021,0,'2020-09-19 12:48:27'),(1,191110022,0,'2020-09-19 12:48:27'),(2,1000001,0,'2020-09-19 13:10:32'),(2,1000002,0,'2020-09-19 13:10:32'),(2,1000003,0,'2020-09-19 13:10:32'),(2,1000004,0,'2020-09-19 13:10:32'),(2,1000005,0,'2020-09-19 13:10:32'),(2,1000006,0,'2020-09-19 13:10:32'),(2,1000007,0,'2020-09-19 13:10:32'),(2,1000008,0,'2020-09-19 13:10:32'),(2,171410011,1,'2020-09-19 13:10:32'),(2,171410012,1,'2020-09-19 13:10:32'),(2,171410013,1,'2020-09-19 13:10:32'),(2,171410021,1,'2020-09-19 13:10:32'),(2,171410022,1,'2020-09-19 13:10:32'),(2,171410023,1,'2020-09-19 13:10:32'),(2,171410031,1,'2020-09-19 13:10:32'),(2,171410032,1,'2020-09-19 13:10:32'),(2,171410033,1,'2020-09-19 13:10:32'),(2,171410041,1,'2020-09-19 13:10:32'),(2,171410042,1,'2020-09-19 13:10:32'),(2,171410043,1,'2020-09-19 13:10:32'),(2,171420011,0,'2020-09-19 13:10:32'),(2,171420012,0,'2020-09-19 13:10:32'),(2,171420013,0,'2020-09-19 13:10:32'),(2,171420014,0,'2020-09-19 13:10:32'),(2,171420015,0,'2020-09-19 13:10:32'),(2,171420016,0,'2020-09-19 13:10:32'),(2,171420017,0,'2020-09-19 13:10:32'),(2,171420018,0,'2020-09-19 13:10:32'),(2,191110011,0,'2020-09-19 13:10:32'),(2,191110012,0,'2020-09-19 13:10:32'),(2,191110013,0,'2020-09-19 13:10:32'),(2,191110014,0,'2020-09-19 13:10:32'),(2,191110015,0,'2020-09-19 13:10:32'),(2,191110016,0,'2020-09-19 13:10:32'),(2,191110017,0,'2020-09-19 13:10:32'),(2,191110018,0,'2020-09-19 13:10:32'),(2,191110019,0,'2020-09-19 13:10:32'),(2,191110020,0,'2020-09-19 13:10:32'),(2,191110021,0,'2020-09-19 13:10:32'),(2,191110022,0,'2020-09-19 13:10:32'),(3,1000001,0,'2020-09-19 14:18:34'),(3,1000002,0,'2020-09-19 14:18:34'),(3,1000003,0,'2020-09-19 14:18:34'),(3,1000004,0,'2020-09-19 14:18:34'),(3,1000005,0,'2020-09-19 14:18:34'),(3,1000006,0,'2020-09-19 14:18:34'),(3,1000007,0,'2020-09-19 14:18:34'),(3,1000008,0,'2020-09-19 14:18:34'),(3,171210011,1,'2020-09-19 14:18:34'),(3,171210012,1,'2020-09-19 14:18:34'),(3,171210013,1,'2020-09-19 14:18:34'),(3,171210021,1,'2020-09-19 14:18:34'),(3,171210022,1,'2020-09-19 14:18:34'),(3,171210023,1,'2020-09-19 14:18:34'),(3,171210031,1,'2020-09-19 14:18:34'),(3,171210032,1,'2020-09-19 14:18:34'),(3,171210033,1,'2020-09-19 14:18:34'),(3,171210041,1,'2020-09-19 14:18:34'),(3,171210042,1,'2020-09-19 14:18:34'),(3,171210043,1,'2020-09-19 14:18:34'),(3,171220011,0,'2020-09-19 14:18:34'),(3,171220012,0,'2020-09-19 14:18:34'),(3,171220013,0,'2020-09-19 14:18:34'),(3,171220014,0,'2020-09-19 14:18:34'),(3,171220015,0,'2020-09-19 14:18:34'),(3,171220016,0,'2020-09-19 14:18:34'),(3,171220017,0,'2020-09-19 14:18:34'),(3,171220018,0,'2020-09-19 14:18:34'),(3,191110011,0,'2020-09-19 14:18:34'),(3,191110012,0,'2020-09-19 14:18:34'),(3,191110013,0,'2020-09-19 14:18:34'),(3,191110014,0,'2020-09-19 14:18:34'),(3,191110015,0,'2020-09-19 14:18:34'),(3,191110016,0,'2020-09-19 14:18:34'),(3,191110017,0,'2020-09-19 14:18:34'),(3,191110018,0,'2020-09-19 14:18:34'),(3,191110019,0,'2020-09-19 14:18:34'),(3,191110020,0,'2020-09-19 14:18:34'),(3,191110021,0,'2020-09-19 14:18:34'),(3,191110022,0,'2020-09-19 14:18:34'),(4,1000001,0,'2020-09-19 14:39:47'),(4,1000002,0,'2020-09-19 14:39:47'),(4,1000003,0,'2020-09-19 14:39:47'),(4,1000004,0,'2020-09-19 14:39:47'),(4,1000005,0,'2020-09-19 14:39:47'),(4,1000006,0,'2020-09-19 14:39:47'),(4,1000007,0,'2020-09-19 14:39:47'),(4,1000008,0,'2020-09-19 14:39:47'),(4,171110011,1,'2020-09-19 14:39:47'),(4,171110012,1,'2020-09-19 14:39:47'),(4,171110013,1,'2020-09-19 14:39:47'),(4,171110021,1,'2020-09-19 14:39:47'),(4,171110022,1,'2020-09-19 14:39:47'),(4,171110023,1,'2020-09-19 14:39:47'),(4,171110031,1,'2020-09-19 14:39:47'),(4,171110032,1,'2020-09-19 14:39:47'),(4,171110033,1,'2020-09-19 14:39:47'),(4,171110041,1,'2020-09-19 14:39:47'),(4,171110042,1,'2020-09-19 14:39:47'),(4,171110043,1,'2020-09-19 14:39:47'),(4,171120011,0,'2020-09-19 14:39:47'),(4,171120012,0,'2020-09-19 14:39:47'),(4,171120013,0,'2020-09-19 14:39:47'),(4,171120014,0,'2020-09-19 14:39:47'),(4,171120015,0,'2020-09-19 14:39:47'),(4,171120016,0,'2020-09-19 14:39:47'),(4,171120017,0,'2020-09-19 14:39:47'),(4,171120018,0,'2020-09-19 14:39:47'),(4,191110011,0,'2020-09-19 14:39:47'),(4,191110012,0,'2020-09-19 14:39:47'),(4,191110013,0,'2020-09-19 14:39:47'),(4,191110014,0,'2020-09-19 14:39:47'),(4,191110015,0,'2020-09-19 14:39:47'),(4,191110016,0,'2020-09-19 14:39:47'),(4,191110017,0,'2020-09-19 14:39:47'),(4,191110018,0,'2020-09-19 14:39:47'),(4,191110019,0,'2020-09-19 14:39:47'),(4,191110020,0,'2020-09-19 14:39:47'),(4,191110021,0,'2020-09-19 14:39:47'),(4,191110022,0,'2020-09-19 14:39:47'),(5,1000001,0,'2020-09-19 15:36:00'),(5,1000002,0,'2020-09-19 15:36:00'),(5,1000003,0,'2020-09-19 15:36:00'),(5,1000004,0,'2020-09-19 15:36:00'),(5,1000005,0,'2020-09-19 15:36:00'),(5,1000006,0,'2020-09-19 15:36:00'),(5,1000007,0,'2020-09-19 15:36:00'),(5,1000008,0,'2020-09-19 15:36:00'),(5,171110011,1,'2020-09-19 15:36:00'),(5,171110012,1,'2020-09-19 15:36:00'),(5,171110013,1,'2020-09-19 15:36:00'),(5,171110021,1,'2020-09-19 15:36:00'),(5,171110022,1,'2020-09-19 15:36:00'),(5,171110023,1,'2020-09-19 15:36:00'),(5,171110031,1,'2020-09-19 15:36:00'),(5,171110032,1,'2020-09-19 15:36:00'),(5,171110033,1,'2020-09-19 15:36:00'),(5,171110041,1,'2020-09-19 15:36:00'),(5,171110042,1,'2020-09-19 15:36:00'),(5,171110043,1,'2020-09-19 15:36:00'),(5,171120011,0,'2020-09-19 15:36:00'),(5,171120012,0,'2020-09-19 15:36:00'),(5,171120013,0,'2020-09-19 15:36:00'),(5,171120014,0,'2020-09-19 15:36:00'),(5,171120015,0,'2020-09-19 15:36:00'),(5,171120016,0,'2020-09-19 15:36:00'),(5,171120017,0,'2020-09-19 15:36:00'),(5,171120018,0,'2020-09-19 15:36:00'),(5,191110011,0,'2020-09-19 15:36:00'),(5,191110012,0,'2020-09-19 15:36:00'),(5,191110013,0,'2020-09-19 15:36:00'),(5,191110014,0,'2020-09-19 15:36:00'),(5,191110015,0,'2020-09-19 15:36:00'),(5,191110016,0,'2020-09-19 15:36:00'),(5,191110017,0,'2020-09-19 15:36:00'),(5,191110018,0,'2020-09-19 15:36:00'),(5,191110019,0,'2020-09-19 15:36:00'),(5,191110020,0,'2020-09-19 15:36:00'),(5,191110021,0,'2020-09-19 15:36:00'),(5,191110022,0,'2020-09-19 15:36:00'),(6,1000001,0,'2020-09-19 20:40:28'),(6,1000002,0,'2020-09-19 20:40:28'),(6,1000003,0,'2020-09-19 20:40:28'),(6,1000004,0,'2020-09-19 20:40:28'),(6,1000005,0,'2020-09-19 20:40:28'),(6,1000006,0,'2020-09-19 20:40:28'),(6,1000007,0,'2020-09-19 20:40:28'),(6,1000008,0,'2020-09-19 20:40:28'),(6,171210011,1,'2020-09-19 20:40:28'),(6,171210012,1,'2020-09-19 20:40:28'),(6,171210013,1,'2020-09-19 20:40:28'),(6,171210021,1,'2020-09-19 20:40:28'),(6,171210022,1,'2020-09-19 20:40:28'),(6,171210023,1,'2020-09-19 20:40:28'),(6,171210031,1,'2020-09-19 20:40:28'),(6,171210032,1,'2020-09-19 20:40:28'),(6,171210033,1,'2020-09-19 20:40:28'),(6,171210041,1,'2020-09-19 20:40:28'),(6,171210042,1,'2020-09-19 20:40:28'),(6,171210043,1,'2020-09-19 20:40:28'),(6,171220011,0,'2020-09-19 20:40:28'),(6,171220012,0,'2020-09-19 20:40:28'),(6,171220013,0,'2020-09-19 20:40:28'),(6,171220014,0,'2020-09-19 20:40:28'),(6,171220015,0,'2020-09-19 20:40:28'),(6,171220016,0,'2020-09-19 20:40:28'),(6,171220017,0,'2020-09-19 20:40:28'),(6,171220018,0,'2020-09-19 20:40:28'),(6,191110011,0,'2020-09-19 20:40:28'),(6,191110012,0,'2020-09-19 20:40:28'),(6,191110013,0,'2020-09-19 20:40:28'),(6,191110014,0,'2020-09-19 20:40:28'),(6,191110015,0,'2020-09-19 20:40:28'),(6,191110016,0,'2020-09-19 20:40:28'),(6,191110017,0,'2020-09-19 20:40:28'),(6,191110018,0,'2020-09-19 20:40:28'),(6,191110019,0,'2020-09-19 20:40:28'),(6,191110020,0,'2020-09-19 20:40:28'),(6,191110021,0,'2020-09-19 20:40:28'),(6,191110022,0,'2020-09-19 20:40:28'),(7,1000001,0,'2020-09-20 17:07:57'),(7,1000002,0,'2020-09-20 17:07:57'),(7,1000003,0,'2020-09-20 17:07:57'),(7,1000004,0,'2020-09-20 17:07:57'),(7,1000005,0,'2020-09-20 17:07:57'),(7,1000006,0,'2020-09-20 17:07:57'),(7,1000007,0,'2020-09-20 17:07:57'),(7,1000008,0,'2020-09-20 17:07:57'),(7,171110011,3,'2020-09-21 20:01:47'),(7,171110012,2,'2020-09-21 20:02:06'),(7,171110013,2,'2020-09-21 20:02:02'),(7,171110021,2,'2020-09-21 20:02:04'),(7,171110022,1,'2020-09-21 19:38:11'),(7,171110023,1,'2020-09-21 19:38:11'),(7,171110031,1,'2020-09-21 19:38:11'),(7,171110032,1,'2020-09-21 19:38:11'),(7,171110033,1,'2020-09-21 19:38:11'),(7,171110041,1,'2020-09-21 19:38:11'),(7,171110042,1,'2020-09-21 19:38:11'),(7,171110043,1,'2020-09-21 19:38:11'),(7,171120011,0,'2020-09-21 19:38:11'),(7,171120012,0,'2020-09-21 19:38:11'),(7,171120013,0,'2020-09-21 19:38:11'),(7,171120014,0,'2020-09-21 19:38:11'),(7,171120015,0,'2020-09-21 19:38:11'),(7,171120016,0,'2020-09-21 19:38:11'),(7,171120017,0,'2020-09-21 19:38:11'),(7,171120018,0,'2020-09-21 19:38:11'),(7,191110011,0,'2020-09-20 17:07:57'),(7,191110012,0,'2020-09-20 17:07:57'),(7,191110013,0,'2020-09-20 17:07:57'),(7,191110014,0,'2020-09-20 17:07:57'),(7,191110015,0,'2020-09-20 17:07:57'),(7,191110016,0,'2020-09-20 17:07:57'),(7,191110017,0,'2020-09-20 17:07:57'),(7,191110018,0,'2020-09-20 17:07:57'),(7,191110019,0,'2020-09-20 17:07:57'),(7,191110020,0,'2020-09-20 17:07:57'),(7,191110021,0,'2020-09-20 17:07:57'),(7,191110022,0,'2020-09-20 17:07:57'),(8,1000001,0,'2020-09-20 18:14:57'),(8,1000002,0,'2020-09-20 18:14:57'),(8,1000003,0,'2020-09-20 18:14:57'),(8,1000004,0,'2020-09-20 18:14:57'),(8,1000005,0,'2020-09-20 18:14:57'),(8,1000006,0,'2020-09-20 18:14:57'),(8,1000007,0,'2020-09-20 18:14:57'),(8,1000008,0,'2020-09-20 18:14:57'),(8,171210011,1,'2020-09-20 18:14:57'),(8,171210012,1,'2020-09-20 18:14:57'),(8,171210013,1,'2020-09-20 18:14:57'),(8,171210021,1,'2020-09-20 18:14:57'),(8,171210022,1,'2020-09-20 18:14:57'),(8,171210023,1,'2020-09-20 18:14:57'),(8,171210031,1,'2020-09-20 18:14:57'),(8,171210032,1,'2020-09-20 18:14:57'),(8,171210033,1,'2020-09-20 18:14:57'),(8,171210041,1,'2020-09-20 18:14:57'),(8,171210042,1,'2020-09-20 18:14:57'),(8,171210043,1,'2020-09-20 18:14:57'),(8,171220011,0,'2020-09-20 18:14:57'),(8,171220012,0,'2020-09-20 18:14:57'),(8,171220013,0,'2020-09-20 18:14:57'),(8,171220014,0,'2020-09-20 18:14:57'),(8,171220015,0,'2020-09-20 18:14:57'),(8,171220016,0,'2020-09-20 18:14:57'),(8,171220017,0,'2020-09-20 18:14:57'),(8,171220018,0,'2020-09-20 18:14:57'),(8,191110011,0,'2020-09-20 18:14:57'),(8,191110012,0,'2020-09-20 18:14:57'),(8,191110013,0,'2020-09-20 18:14:57'),(8,191110014,0,'2020-09-20 18:14:57'),(8,191110015,0,'2020-09-20 18:14:57'),(8,191110016,0,'2020-09-20 18:14:57'),(8,191110017,0,'2020-09-20 18:14:57'),(8,191110018,0,'2020-09-20 18:14:57'),(8,191110019,0,'2020-09-20 18:14:57'),(8,191110020,0,'2020-09-20 18:14:57'),(8,191110021,0,'2020-09-20 18:14:57'),(8,191110022,0,'2020-09-20 18:14:57'),(9,1000001,0,'2020-09-21 10:51:56'),(9,1000002,0,'2020-09-21 10:51:56'),(9,1000003,0,'2020-09-21 10:51:56'),(9,1000004,0,'2020-09-21 10:51:56'),(9,1000005,0,'2020-09-21 10:51:56'),(9,1000006,0,'2020-09-21 10:51:56'),(9,1000007,0,'2020-09-21 10:51:56'),(9,1000008,0,'2020-09-21 10:51:56'),(9,171410011,1,'2020-09-21 10:51:56'),(9,171410012,1,'2020-09-21 10:51:56'),(9,171410013,1,'2020-09-21 10:51:56'),(9,171410021,1,'2020-09-21 10:51:56'),(9,171410022,1,'2020-09-21 10:51:56'),(9,171410023,1,'2020-09-21 10:51:56'),(9,171410031,1,'2020-09-21 10:51:56'),(9,171410032,1,'2020-09-21 10:51:56'),(9,171410033,1,'2020-09-21 10:51:56'),(9,171410041,1,'2020-09-21 10:51:56'),(9,171410042,1,'2020-09-21 10:51:56'),(9,171410043,1,'2020-09-21 10:51:56'),(9,171420011,0,'2020-09-21 10:51:56'),(9,171420012,0,'2020-09-21 10:51:56'),(9,171420013,0,'2020-09-21 10:51:56'),(9,171420014,0,'2020-09-21 10:51:56'),(9,171420015,0,'2020-09-21 10:51:56'),(9,171420016,0,'2020-09-21 10:51:56'),(9,171420017,0,'2020-09-21 10:51:56'),(9,171420018,0,'2020-09-21 10:51:56'),(9,191110011,0,'2020-09-21 10:51:56'),(9,191110012,0,'2020-09-21 10:51:56'),(9,191110013,0,'2020-09-21 10:51:56'),(9,191110014,0,'2020-09-21 10:51:56'),(9,191110015,0,'2020-09-21 10:51:56'),(9,191110016,0,'2020-09-21 10:51:56'),(9,191110017,0,'2020-09-21 10:51:56'),(9,191110018,0,'2020-09-21 10:51:56'),(9,191110019,0,'2020-09-21 10:51:56'),(9,191110020,0,'2020-09-21 10:51:56'),(9,191110021,0,'2020-09-21 10:51:56'),(9,191110022,0,'2020-09-21 10:51:56'),(10,1000001,0,'2020-09-21 12:28:24'),(10,1000002,0,'2020-09-21 12:28:24'),(10,1000003,0,'2020-09-21 12:28:24'),(10,1000004,0,'2020-09-21 12:28:24'),(10,1000005,0,'2020-09-21 12:28:24'),(10,1000006,0,'2020-09-21 12:28:24'),(10,1000007,0,'2020-09-21 12:28:24'),(10,1000008,0,'2020-09-21 12:28:24'),(10,171310011,1,'2020-09-21 12:28:24'),(10,171310012,1,'2020-09-21 12:28:24'),(10,171310013,1,'2020-09-21 12:28:24'),(10,171310021,1,'2020-09-21 12:28:24'),(10,171310022,1,'2020-09-21 12:28:24'),(10,171310023,1,'2020-09-21 12:28:24'),(10,171310031,1,'2020-09-21 12:28:24'),(10,171310032,1,'2020-09-21 12:28:24'),(10,171310033,1,'2020-09-21 12:28:24'),(10,171310041,1,'2020-09-21 12:28:24'),(10,171310042,1,'2020-09-21 12:28:24'),(10,171310043,1,'2020-09-21 12:28:24'),(10,171320011,0,'2020-09-21 12:28:24'),(10,171320012,0,'2020-09-21 12:28:24'),(10,171320013,0,'2020-09-21 12:28:24'),(10,171320014,0,'2020-09-21 12:28:24'),(10,171320015,0,'2020-09-21 12:28:24'),(10,171320016,0,'2020-09-21 12:28:24'),(10,171320017,0,'2020-09-21 12:28:24'),(10,171320018,0,'2020-09-21 12:28:24'),(10,191110011,0,'2020-09-21 12:28:24'),(10,191110012,0,'2020-09-21 12:28:24'),(10,191110013,0,'2020-09-21 12:28:24'),(10,191110014,0,'2020-09-21 12:28:24'),(10,191110015,0,'2020-09-21 12:28:24'),(10,191110016,0,'2020-09-21 12:28:24'),(10,191110017,0,'2020-09-21 12:28:24'),(10,191110018,0,'2020-09-21 12:28:24'),(10,191110019,0,'2020-09-21 12:28:24'),(10,191110020,0,'2020-09-21 12:28:24'),(10,191110021,0,'2020-09-21 12:28:24'),(10,191110022,0,'2020-09-21 12:28:24'),(11,1000001,0,'2020-09-21 18:59:44'),(11,1000002,0,'2020-09-21 18:59:44'),(11,1000003,0,'2020-09-21 18:59:44'),(11,1000004,0,'2020-09-21 18:59:44'),(11,1000005,0,'2020-09-21 18:59:44'),(11,1000006,0,'2020-09-21 18:59:44'),(11,1000007,0,'2020-09-21 18:59:44'),(11,1000008,0,'2020-09-21 18:59:44'),(11,171210011,1,'2020-09-21 18:59:44'),(11,171210012,1,'2020-09-21 18:59:44'),(11,171210013,1,'2020-09-21 18:59:44'),(11,171210021,1,'2020-09-21 18:59:44'),(11,171210022,1,'2020-09-21 18:59:44'),(11,171210023,1,'2020-09-21 18:59:44'),(11,171210031,1,'2020-09-21 18:59:44'),(11,171210032,1,'2020-09-21 18:59:44'),(11,171210033,1,'2020-09-21 18:59:44'),(11,171210041,1,'2020-09-21 18:59:44'),(11,171210042,1,'2020-09-21 18:59:44'),(11,171210043,1,'2020-09-21 18:59:44'),(11,171220011,0,'2020-09-21 18:59:44'),(11,171220012,0,'2020-09-21 18:59:44'),(11,171220013,0,'2020-09-21 18:59:44'),(11,171220014,0,'2020-09-21 18:59:44'),(11,171220015,0,'2020-09-21 18:59:44'),(11,171220016,0,'2020-09-21 18:59:44'),(11,171220017,0,'2020-09-21 18:59:44'),(11,171220018,0,'2020-09-21 18:59:44'),(11,191110011,0,'2020-09-21 18:59:44'),(11,191110012,0,'2020-09-21 18:59:44'),(11,191110013,0,'2020-09-21 18:59:44'),(11,191110014,0,'2020-09-21 18:59:44'),(11,191110015,0,'2020-09-21 18:59:44'),(11,191110016,0,'2020-09-21 18:59:44'),(11,191110017,0,'2020-09-21 18:59:44'),(11,191110018,0,'2020-09-21 18:59:44'),(11,191110019,0,'2020-09-21 18:59:44'),(11,191110020,0,'2020-09-21 18:59:44'),(11,191110021,0,'2020-09-21 18:59:44'),(11,191110022,0,'2020-09-21 18:59:44'),(12,1000001,0,'2020-09-21 19:03:13'),(12,1000002,0,'2020-09-21 19:03:13'),(12,1000003,0,'2020-09-21 19:03:13'),(12,1000004,0,'2020-09-21 19:03:13'),(12,1000005,0,'2020-09-21 19:03:13'),(12,1000006,0,'2020-09-21 19:03:13'),(12,1000007,0,'2020-09-21 19:03:13'),(12,1000008,0,'2020-09-21 19:03:13'),(12,171310011,1,'2020-09-21 19:03:13'),(12,171310012,1,'2020-09-21 19:03:13'),(12,171310013,1,'2020-09-21 19:03:13'),(12,171310021,1,'2020-09-21 19:03:13'),(12,171310022,1,'2020-09-21 19:03:13'),(12,171310023,1,'2020-09-21 19:03:13'),(12,171310031,1,'2020-09-21 19:03:13'),(12,171310032,1,'2020-09-21 19:03:13'),(12,171310033,1,'2020-09-21 19:03:13'),(12,171310041,1,'2020-09-21 19:03:13'),(12,171310042,1,'2020-09-21 19:03:13'),(12,171310043,1,'2020-09-21 19:03:13'),(12,171320011,0,'2020-09-21 19:03:13'),(12,171320012,0,'2020-09-21 19:03:13'),(12,171320013,0,'2020-09-21 19:03:13'),(12,171320014,0,'2020-09-21 19:03:13'),(12,171320015,0,'2020-09-21 19:03:13'),(12,171320016,0,'2020-09-21 19:03:13'),(12,171320017,0,'2020-09-21 19:03:13'),(12,171320018,0,'2020-09-21 19:03:13'),(12,191110011,0,'2020-09-21 19:03:13'),(12,191110012,0,'2020-09-21 19:03:13'),(12,191110013,0,'2020-09-21 19:03:13'),(12,191110014,0,'2020-09-21 19:03:13'),(12,191110015,0,'2020-09-21 19:03:13'),(12,191110016,0,'2020-09-21 19:03:13'),(12,191110017,0,'2020-09-21 19:03:13'),(12,191110018,0,'2020-09-21 19:03:13'),(12,191110019,0,'2020-09-21 19:03:13'),(12,191110020,0,'2020-09-21 19:03:13'),(12,191110021,0,'2020-09-21 19:03:13'),(12,191110022,0,'2020-09-21 19:03:13'),(13,1000001,0,'2020-09-21 19:04:33'),(13,1000002,0,'2020-09-21 19:04:33'),(13,1000003,0,'2020-09-21 19:04:33'),(13,1000004,0,'2020-09-21 19:04:33'),(13,1000005,0,'2020-09-21 19:04:33'),(13,1000006,0,'2020-09-21 19:04:33'),(13,1000007,0,'2020-09-21 19:04:33'),(13,1000008,0,'2020-09-21 19:04:33'),(13,171210011,1,'2020-09-21 19:04:33'),(13,171210012,1,'2020-09-21 19:04:33'),(13,171210013,1,'2020-09-21 19:04:33'),(13,171210021,1,'2020-09-21 19:04:33'),(13,171210022,1,'2020-09-21 19:04:33'),(13,171210023,1,'2020-09-21 19:04:33'),(13,171210031,1,'2020-09-21 19:04:33'),(13,171210032,1,'2020-09-21 19:04:33'),(13,171210033,1,'2020-09-21 19:04:33'),(13,171210041,1,'2020-09-21 19:04:33'),(13,171210042,1,'2020-09-21 19:04:33'),(13,171210043,1,'2020-09-21 19:04:33'),(13,171220011,0,'2020-09-21 19:04:33'),(13,171220012,0,'2020-09-21 19:04:33'),(13,171220013,0,'2020-09-21 19:04:33'),(13,171220014,0,'2020-09-21 19:04:33'),(13,171220015,0,'2020-09-21 19:04:33'),(13,171220016,0,'2020-09-21 19:04:33'),(13,171220017,0,'2020-09-21 19:04:33'),(13,171220018,0,'2020-09-21 19:04:33'),(13,191110011,0,'2020-09-21 19:04:33'),(13,191110012,0,'2020-09-21 19:04:33'),(13,191110013,0,'2020-09-21 19:04:33'),(13,191110014,0,'2020-09-21 19:04:33'),(13,191110015,0,'2020-09-21 19:04:33'),(13,191110016,0,'2020-09-21 19:04:33'),(13,191110017,0,'2020-09-21 19:04:33'),(13,191110018,0,'2020-09-21 19:04:33'),(13,191110019,0,'2020-09-21 19:04:33'),(13,191110020,0,'2020-09-21 19:04:33'),(13,191110021,0,'2020-09-21 19:04:33'),(13,191110022,0,'2020-09-21 19:04:33'),(14,1000001,0,'2020-09-21 19:40:54'),(14,1000002,0,'2020-09-21 19:40:54'),(14,1000003,0,'2020-09-21 19:40:54'),(14,1000004,0,'2020-09-21 19:40:54'),(14,1000005,0,'2020-09-21 19:40:54'),(14,1000006,0,'2020-09-21 19:40:54'),(14,1000007,0,'2020-09-21 19:40:54'),(14,1000008,0,'2020-09-21 19:40:54'),(14,171410011,2,'2020-09-21 19:43:48'),(14,171410012,2,'2020-09-21 19:43:51'),(14,171410013,1,'2020-09-21 19:40:54'),(14,171410021,1,'2020-09-21 19:40:54'),(14,171410022,1,'2020-09-21 19:40:54'),(14,171410023,1,'2020-09-21 19:40:54'),(14,171410031,1,'2020-09-21 19:40:54'),(14,171410032,1,'2020-09-21 19:40:54'),(14,171410033,1,'2020-09-21 19:40:54'),(14,171410041,1,'2020-09-21 19:40:54'),(14,171410042,1,'2020-09-21 19:40:54'),(14,171410043,1,'2020-09-21 19:40:54'),(14,171420011,0,'2020-09-21 19:40:54'),(14,171420012,0,'2020-09-21 19:40:54'),(14,171420013,0,'2020-09-21 19:40:54'),(14,171420014,0,'2020-09-21 19:40:54'),(14,171420015,0,'2020-09-21 19:40:54'),(14,171420016,0,'2020-09-21 19:40:54'),(14,171420017,0,'2020-09-21 19:40:54'),(14,171420018,0,'2020-09-21 19:40:54'),(14,191110011,0,'2020-09-21 19:40:54'),(14,191110012,0,'2020-09-21 19:40:54'),(14,191110013,0,'2020-09-21 19:40:54'),(14,191110014,0,'2020-09-21 19:40:54'),(14,191110015,0,'2020-09-21 19:40:54'),(14,191110016,0,'2020-09-21 19:40:54'),(14,191110017,0,'2020-09-21 19:40:54'),(14,191110018,0,'2020-09-21 19:40:54'),(14,191110019,0,'2020-09-21 19:40:54'),(14,191110020,0,'2020-09-21 19:40:54'),(14,191110021,0,'2020-09-21 19:40:54'),(14,191110022,0,'2020-09-21 19:40:54'),(15,1000001,0,'2020-09-21 19:56:44'),(15,1000002,0,'2020-09-21 19:56:44'),(15,1000003,0,'2020-09-21 19:56:44'),(15,1000004,0,'2020-09-21 19:56:44'),(15,1000005,0,'2020-09-21 19:56:44'),(15,1000006,0,'2020-09-21 19:56:44'),(15,1000007,0,'2020-09-21 19:56:44'),(15,1000008,0,'2020-09-21 19:56:44'),(15,171410011,1,'2020-09-21 20:29:01'),(15,171410012,1,'2020-09-21 20:29:01'),(15,171410013,1,'2020-09-21 20:29:01'),(15,171410021,1,'2020-09-21 20:29:01'),(15,171410022,1,'2020-09-21 20:29:01'),(15,171410023,1,'2020-09-21 20:29:01'),(15,171410031,1,'2020-09-21 20:29:01'),(15,171410032,1,'2020-09-21 20:29:01'),(15,171410033,1,'2020-09-21 20:29:01'),(15,171410041,1,'2020-09-21 20:29:01'),(15,171410042,1,'2020-09-21 20:29:01'),(15,171410043,1,'2020-09-21 20:29:01'),(15,171420011,2,'2020-09-21 20:29:05'),(15,171420012,0,'2020-09-21 20:29:01'),(15,171420013,0,'2020-09-21 20:29:01'),(15,171420014,0,'2020-09-21 20:29:01'),(15,171420015,0,'2020-09-21 20:29:01'),(15,171420016,0,'2020-09-21 20:29:01'),(15,171420017,0,'2020-09-21 20:29:01'),(15,171420018,0,'2020-09-21 20:29:01'),(15,191110011,0,'2020-09-21 19:56:44'),(15,191110012,0,'2020-09-21 19:56:44'),(15,191110013,0,'2020-09-21 19:56:44'),(15,191110014,0,'2020-09-21 19:56:44'),(15,191110015,0,'2020-09-21 19:56:44'),(15,191110016,0,'2020-09-21 19:56:44'),(15,191110017,0,'2020-09-21 19:56:44'),(15,191110018,0,'2020-09-21 19:56:44'),(15,191110019,0,'2020-09-21 19:56:44'),(15,191110020,0,'2020-09-21 19:56:44'),(15,191110021,0,'2020-09-21 19:56:44'),(15,191110022,0,'2020-09-21 19:56:44'),(16,1000001,0,'2020-09-21 20:15:05'),(16,1000002,0,'2020-09-21 20:15:05'),(16,1000003,0,'2020-09-21 20:15:05'),(16,1000004,0,'2020-09-21 20:15:05'),(16,1000005,0,'2020-09-21 20:15:05'),(16,1000006,0,'2020-09-21 20:15:05'),(16,1000007,0,'2020-09-21 20:15:05'),(16,1000008,0,'2020-09-21 20:15:05'),(16,171210011,1,'2020-09-21 20:15:05'),(16,171210012,1,'2020-09-21 20:15:05'),(16,171210013,1,'2020-09-21 20:15:05'),(16,171210021,1,'2020-09-21 20:15:05'),(16,171210022,1,'2020-09-21 20:15:05'),(16,171210023,1,'2020-09-21 20:15:05'),(16,171210031,1,'2020-09-21 20:15:05'),(16,171210032,1,'2020-09-21 20:15:05'),(16,171210033,1,'2020-09-21 20:15:05'),(16,171210041,1,'2020-09-21 20:15:05'),(16,171210042,1,'2020-09-21 20:15:05'),(16,171210043,1,'2020-09-21 20:15:05'),(16,171220011,0,'2020-09-21 20:15:05'),(16,171220012,0,'2020-09-21 20:15:05'),(16,171220013,0,'2020-09-21 20:15:05'),(16,171220014,0,'2020-09-21 20:15:05'),(16,171220015,0,'2020-09-21 20:15:05'),(16,171220016,0,'2020-09-21 20:15:05'),(16,171220017,0,'2020-09-21 20:15:05'),(16,171220018,0,'2020-09-21 20:15:05'),(16,191110011,0,'2020-09-21 20:15:05'),(16,191110012,0,'2020-09-21 20:15:05'),(16,191110013,0,'2020-09-21 20:15:05'),(16,191110014,0,'2020-09-21 20:15:05'),(16,191110015,0,'2020-09-21 20:15:05'),(16,191110016,0,'2020-09-21 20:15:05'),(16,191110017,0,'2020-09-21 20:15:05'),(16,191110018,0,'2020-09-21 20:15:05'),(16,191110019,0,'2020-09-21 20:15:05'),(16,191110020,0,'2020-09-21 20:15:05'),(16,191110021,0,'2020-09-21 20:15:05'),(16,191110022,0,'2020-09-21 20:15:05'),(17,1000001,0,'2020-09-21 20:18:24'),(17,1000002,0,'2020-09-21 20:18:24'),(17,1000003,0,'2020-09-21 20:18:24'),(17,1000004,0,'2020-09-21 20:18:24'),(17,1000005,0,'2020-09-21 20:18:24'),(17,1000006,0,'2020-09-21 20:18:24'),(17,1000007,0,'2020-09-21 20:18:24'),(17,1000008,0,'2020-09-21 20:18:24'),(17,171110011,1,'2020-09-21 20:18:24'),(17,171110012,1,'2020-09-21 20:18:24'),(17,171110013,1,'2020-09-21 20:18:24'),(17,171110021,1,'2020-09-21 20:18:24'),(17,171110022,1,'2020-09-21 20:18:24'),(17,171110023,1,'2020-09-21 20:18:24'),(17,171110031,1,'2020-09-21 20:18:24'),(17,171110032,1,'2020-09-21 20:18:24'),(17,171110033,1,'2020-09-21 20:18:24'),(17,171110041,1,'2020-09-21 20:18:24'),(17,171110042,1,'2020-09-21 20:18:24'),(17,171110043,1,'2020-09-21 20:18:24'),(17,171120011,0,'2020-09-21 20:18:24'),(17,171120012,0,'2020-09-21 20:18:24'),(17,171120013,0,'2020-09-21 20:18:24'),(17,171120014,0,'2020-09-21 20:18:24'),(17,171120015,0,'2020-09-21 20:18:24'),(17,171120016,0,'2020-09-21 20:18:24'),(17,171120017,0,'2020-09-21 20:18:24'),(17,171120018,0,'2020-09-21 20:18:24'),(17,191110011,0,'2020-09-21 20:18:24'),(17,191110012,0,'2020-09-21 20:18:24'),(17,191110013,0,'2020-09-21 20:18:24'),(17,191110014,0,'2020-09-21 20:18:24'),(17,191110015,0,'2020-09-21 20:18:24'),(17,191110016,0,'2020-09-21 20:18:24'),(17,191110017,0,'2020-09-21 20:18:24'),(17,191110018,0,'2020-09-21 20:18:24'),(17,191110019,0,'2020-09-21 20:18:24'),(17,191110020,0,'2020-09-21 20:18:24'),(17,191110021,0,'2020-09-21 20:18:24'),(17,191110022,0,'2020-09-21 20:18:24'),(18,1000001,0,'2020-09-22 16:52:02'),(18,1000002,0,'2020-09-22 16:52:02'),(18,1000003,0,'2020-09-22 16:52:02'),(18,1000004,0,'2020-09-22 16:52:02'),(18,1000005,0,'2020-09-22 16:52:02'),(18,1000006,0,'2020-09-22 16:52:02'),(18,1000007,0,'2020-09-22 16:52:02'),(18,1000008,0,'2020-09-22 16:52:02'),(18,171410011,1,'2020-09-22 16:52:03'),(18,171410012,1,'2020-09-22 16:52:03'),(18,171410013,1,'2020-09-22 16:52:03'),(18,171410021,1,'2020-09-22 16:52:03'),(18,171410022,1,'2020-09-22 16:52:03'),(18,171410023,1,'2020-09-22 16:52:03'),(18,171410031,1,'2020-09-22 16:52:03'),(18,171410032,1,'2020-09-22 16:52:03'),(18,171410033,1,'2020-09-22 16:52:03'),(18,171410041,1,'2020-09-22 16:52:03'),(18,171410042,1,'2020-09-22 16:52:03'),(18,171410043,1,'2020-09-22 16:52:03'),(18,171420011,0,'2020-09-22 16:52:03'),(18,171420012,0,'2020-09-22 16:52:03'),(18,171420013,0,'2020-09-22 16:52:03'),(18,171420014,0,'2020-09-22 16:52:03'),(18,171420015,0,'2020-09-22 16:52:03'),(18,171420016,0,'2020-09-22 16:52:03'),(18,171420017,0,'2020-09-22 16:52:03'),(18,171420018,0,'2020-09-22 16:52:03'),(18,191110011,0,'2020-09-22 16:52:03'),(18,191110012,0,'2020-09-22 16:52:03'),(18,191110013,0,'2020-09-22 16:52:03'),(18,191110014,0,'2020-09-22 16:52:03'),(18,191110015,0,'2020-09-22 16:52:03'),(18,191110016,0,'2020-09-22 16:52:03'),(18,191110017,0,'2020-09-22 16:52:03'),(18,191110018,0,'2020-09-22 16:52:03'),(18,191110019,0,'2020-09-22 16:52:03'),(18,191110020,0,'2020-09-22 16:52:03'),(18,191110021,0,'2020-09-22 16:52:03'),(18,191110022,0,'2020-09-22 16:52:03');

--
-- Table structure for table `table_skill_equipped`
--

CREATE TABLE `table_skill_equipped` (
  `character_id` bigint(20) unsigned NOT NULL COMMENT '소유자 캐릭터의 ID',
  `equip_lane` tinyint(4) NOT NULL COMMENT '스킬의 장착 레인\n\n- 스킬의 성격에 따라 장착할 수 있는 레인을 나눈다.\n\n- 각 레인은 다음과 같다.\n\n  0 = 장착하지 않음.\n  1 = 액티브 스킬\n  2 = 패시브 스킬\n  3 = 연계 스킬\n  4 = 수호자 스킬',
  `lane_index` tinyint(4) NOT NULL COMMENT '각 레인에서의 인덱스\n\n- 캐릭터가 스킬들을 이 순서대로 장착했다는 의미이다.\n\n- 인덱스는 0부터 시작한다.\n: 일반적인 배열과 똑같이 취급한다.\n\n- 인덱스 무효값은 -1이다.',
  `skill_code` int(11) NOT NULL DEFAULT '0',
  `update_datetime` datetime NOT NULL DEFAULT '1000-01-01 00:00:00',
  PRIMARY KEY (`character_id`,`equip_lane`,`lane_index`)
) ENGINE=InnoDB DEFAULT CHARSET=utf8 COLLATE=utf8_unicode_ci COMMENT='캐릭터 별 스킬 장착 정보';

--
-- Dumping data for table `table_skill_equipped`
--

INSERT INTO `table_skill_equipped` VALUES (1,1,0,171310011,'2020-09-19 12:50:45'),(1,1,1,171310013,'2020-09-19 13:01:29'),(1,1,2,171310021,'2020-09-22 00:33:05'),(1,2,0,171310012,'2020-09-19 12:50:47'),(2,1,0,171410011,'2020-09-19 13:10:44'),(2,1,1,171410013,'2020-09-19 13:12:58'),(2,1,2,171410021,'2020-09-19 14:27:15'),(2,2,0,171410012,'2020-09-19 13:10:46'),(3,1,0,171210011,'2020-09-19 14:19:03'),(3,1,1,171210013,'2020-09-19 14:24:36'),(3,2,0,171210012,'2020-09-19 14:19:05'),(4,1,0,171110011,'2020-09-19 14:39:57'),(4,1,1,171110013,'2020-09-19 14:41:49'),(4,2,0,171110012,'2020-09-19 14:40:00'),(5,1,0,171110011,'2020-09-19 15:36:00'),(5,2,0,171110012,'2020-09-19 15:36:00'),(6,1,0,171210011,'2020-09-19 20:40:28'),(6,2,0,171210012,'2020-09-19 20:40:28'),(7,1,0,171110011,'2020-09-21 20:01:49'),(7,1,1,171110012,'2020-09-21 20:01:51'),(7,1,2,171110013,'2020-09-21 20:01:53'),(7,1,3,171110021,'2020-09-21 20:01:54'),(7,2,0,171110022,'2020-09-20 17:29:29'),(7,2,1,171110023,'2020-09-21 20:01:57'),(7,2,2,171110031,'2020-09-21 20:01:42'),(7,2,3,0,'2020-09-21 20:01:57'),(8,1,0,171210011,'2020-09-20 18:17:30'),(8,1,1,171210013,'2020-09-20 18:22:08'),(8,2,0,171210012,'2020-09-20 18:17:33'),(9,1,0,171410011,'2020-09-21 10:52:43'),(9,2,0,171410012,'2020-09-21 10:52:47'),(10,1,0,171310011,'2020-09-21 12:28:41'),(10,1,1,171310013,'2020-09-21 12:30:29'),(10,2,0,171310012,'2020-09-21 12:28:44'),(11,1,0,171210011,'2020-09-21 18:59:44'),(11,2,0,171210012,'2020-09-21 18:59:44'),(12,1,0,171310011,'2020-09-21 19:03:13'),(12,2,0,171310012,'2020-09-21 19:03:13'),(13,1,0,171210011,'2020-09-21 19:04:43'),(13,1,1,171210013,'2020-09-21 19:06:06'),(13,2,0,171210012,'2020-09-21 19:04:45'),(14,1,0,171410011,'2020-09-21 19:40:54'),(14,1,1,171410013,'2020-09-21 19:42:23'),(14,1,2,171410012,'2020-09-21 19:43:45'),(14,1,3,171410021,'2020-09-21 19:47:03'),(14,2,0,0,'2020-09-21 19:43:45'),(15,1,0,0,'2020-09-21 20:29:10'),(15,1,1,0,'2020-09-21 20:28:53'),(15,2,0,171410011,'2020-09-21 20:29:10'),(16,1,0,171210011,'2020-09-21 20:15:05'),(16,1,1,171210013,'2020-09-21 20:16:34'),(16,2,0,171210012,'2020-09-21 20:15:05'),(17,1,0,171110011,'2020-09-21 20:18:35'),(17,1,1,171110012,'2020-09-21 20:26:34'),(17,1,2,171110013,'2020-09-21 20:26:35'),(17,2,0,0,'2020-09-21 20:26:31'),(18,1,0,171410011,'2020-09-22 16:52:22'),(18,1,1,171410013,'2020-09-22 17:01:37'),(18,2,0,171410012,'2020-09-22 16:52:24');

--
-- Table structure for table `table_stage_arena_async_record`
--

CREATE TABLE `table_stage_arena_async_record` (
  `user_id` bigint(20) unsigned NOT NULL,
  `stage_auth_number` bigint(20) unsigned NOT NULL DEFAULT '0' COMMENT '결투장(비동기식)의 인증번호\n\n- 결투장에 입장할 때마다 바뀐다.\n\n- 클라이언트는 결투장에 입장할 때, 매칭 서버에 이 인증번호를 제출해야만 한다.\n\n- 결투장 대전의 결과로 보상을 받을 때, 이 인증번호로 보상 수령 여부를 검증한다. (검증 주체는 매칭 서버)',
  `start_datetime` datetime NOT NULL DEFAULT '1000-01-01 00:00:00' COMMENT '결투장(비동기식)의 시작 일시',
  `remain_play_count` int(11) NOT NULL DEFAULT '0' COMMENT '결투장(비동기식)의 오늘 남은 플레이 횟수',
  `play_count_max` int(11) NOT NULL DEFAULT '0' COMMENT '결투장(비동기식) 최대 플레이 횟수',
  `reset_count` int(11) NOT NULL DEFAULT '0' COMMENT '결투장(비동기식)의 플레이 횟수제한을 초기화한 횟수',
  `reset_datetime` datetime NOT NULL DEFAULT '1000-01-01 00:00:00' COMMENT '결투장(비동기식)의 플레이 횟수를 초기화한 일시',
  `straight_win_count` int(11) NOT NULL DEFAULT '0' COMMENT '결투장(비동기식)의 현재 연속 승리 횟수\n: 한 번이라도 패하면 0으로 되돌아감.',
  `straight_defeat_count` int(11) NOT NULL DEFAULT '0' COMMENT '결투장(비동기식)의 현재 연속 패배 횟수\n: 한 번이라도 승리하면 0으로 되돌아감.',
  `update_datetime` datetime NOT NULL DEFAULT '1000-01-01 00:00:00' COMMENT '갱신 일시',
  PRIMARY KEY (`user_id`)
) ENGINE=InnoDB DEFAULT CHARSET=utf8 COLLATE=utf8_unicode_ci COMMENT='플레이어 별 결투장(비동기식) 기록 정보';

--
-- Dumping data for table `table_stage_arena_async_record`
--


--
-- Table structure for table `table_stage_elite_accomplishment`
--

CREATE TABLE `table_stage_elite_accomplishment` (
  `character_id` bigint(20) unsigned NOT NULL COMMENT '캐릭터의 ID',
  `act_number` tinyint(4) NOT NULL COMMENT '스테이지의 액트 번호',
  `stage_number_in_act` tinyint(4) NOT NULL COMMENT '스테이지 액트에서의 스테이지 번호',
  `stage_auth_number` bigint(20) unsigned NOT NULL DEFAULT '0' COMMENT '스테이지 인증번호',
  `start_datetime` datetime NOT NULL DEFAULT '1000-01-01 00:00:00' COMMENT '스테이지를 시작한 일시\n\n- 스테이지 진행 시간을 판정하기 위해 사용한다.\n\n- 즉시완료권을 사용할 때는 기록하지 않는다.',
  `clear_grade` tinyint(4) NOT NULL DEFAULT '0' COMMENT '스테이지의 완료 등급\n\n- 0이면 아직 이 스테이지는 완료하지 않은 상태이다.\n\n- 최대 등급은 기획에 따라 그 값이 달라진다.\n',
  `top_score` int(11) NOT NULL DEFAULT '0' COMMENT '이 스테이지에서 달성한 최대 점수',
  `top_second` int(11) NOT NULL DEFAULT '0' COMMENT '이 스테이지에서 달성한 최고 시간\n\n- 대개, 완료한 가장 짧은 시간을 나타낸다.',
  `remain_play_count` int(11) NOT NULL DEFAULT '0' COMMENT '해당 스테이지를 플레이할 수 있는 남은 횟수',
  `reset_count` int(11) NOT NULL DEFAULT '0' COMMENT '캐릭터가 해당 스테이지를 플레이할 수 있는 횟수를 초기화한 횟수',
  `reset_datetime` datetime NOT NULL DEFAULT '1000-01-01 00:00:00' COMMENT '캐릭터가 해당 스테이지를 플레이할 수 있는 횟수를 초기화한 일시',
  `update_datetime` datetime NOT NULL DEFAULT '1000-01-01 00:00:00' COMMENT '갱신일시',
  PRIMARY KEY (`character_id`,`act_number`,`stage_number_in_act`)
) ENGINE=InnoDB DEFAULT CHARSET=utf8 COLLATE=utf8_unicode_ci COMMENT='캐릭터 별 정예 스테이지 성취 정보';

--
-- Dumping data for table `table_stage_elite_accomplishment`
--

INSERT INTO `table_stage_elite_accomplishment` VALUES (7,1,1,0,'1000-01-01 00:00:00',3,0,47,4,0,'2020-09-20 17:26:36','2020-09-20 17:27:33'),(7,1,2,0,'1000-01-01 00:00:00',3,0,48,4,0,'2020-09-20 17:30:50','2020-09-20 17:31:49'),(7,1,3,0,'1000-01-01 00:00:00',3,0,53,4,0,'2020-09-20 17:35:45','2020-09-20 17:36:48'),(11,1,1,0,'1000-01-01 00:00:00',0,0,0,5,0,'2020-09-21 19:01:35','2020-09-21 19:01:35');

--
-- Table structure for table `table_stage_elite_act_record`
--

CREATE TABLE `table_stage_elite_act_record` (
  `character_id` bigint(20) unsigned NOT NULL COMMENT '캐릭터 ID',
  `act_number` tinyint(4) NOT NULL COMMENT '액트 번호',
  `rewarded_clear_grade` int(11) NOT NULL DEFAULT '0' COMMENT '현재 액트에 대해 보상을 받은 완료 등급 개수\n\n- 각 액트들은 스테이지를 완료한 등급을 더하여, 그 수가 일정한 수치에 다다르면 보상을 지급한다.\n\n- 다만, 보상의 지급을 미룰 수도 있어야 하는데, 그 때문에 현재까지 보상을 받은 등급 개수를 저장해야 할 필요가 있다.\n: 이 필드가 그 값을 저장하는 역할을 한다.',
  `repeat_count` int(11) NOT NULL DEFAULT '0' COMMENT '현재까지 누적된 반복횟수\n\n- 반복횟수는 보상을 받을 때마다, 보상을 지급하는 반복 횟수의 단위만큼 차감한다.\n: 이는 이 필드의 값이 0이 되거나, 혹은 더 이상 보상을 지급할 수 있는 반복 횟수 단위에 미치지 못하게 될 때까지 반복한다.',
  `is_rewarded_first_repetition` tinyint(1) NOT NULL DEFAULT '0' COMMENT '첫 번째 반복인지 여부\n\n- 반복 보상을 처음으로 받는 경우와, 그 이후에 받는 경우의 보상 지급 방식이 다르다.',
  `update_datetime` datetime NOT NULL DEFAULT '1000-01-01 00:00:00' COMMENT '갱신 일시',
  PRIMARY KEY (`character_id`,`act_number`)
) ENGINE=InnoDB DEFAULT CHARSET=utf8 COLLATE=utf8_unicode_ci COMMENT='캐릭터 별 정예 스테이지의 액트 기록 정보';

--
-- Dumping data for table `table_stage_elite_act_record`
--

INSERT INTO `table_stage_elite_act_record` VALUES (1,1,1,0,0,'2020-09-22 00:38:25'),(2,1,1,0,0,'2020-09-19 14:28:08'),(3,1,0,0,0,'2020-09-19 14:19:15'),(4,1,0,0,0,'2020-09-19 14:40:07'),(5,1,0,0,0,'2020-09-19 17:23:21'),(7,1,1,2,1,'2020-09-20 17:36:48'),(7,2,0,0,0,'2020-09-20 18:54:02'),(7,3,0,0,0,'2020-09-20 23:00:57'),(8,1,0,0,0,'2020-09-20 18:17:40'),(9,1,0,0,0,'2020-09-21 10:53:06'),(10,1,0,0,0,'2020-09-21 12:28:53'),(11,1,0,0,0,'2020-09-21 19:00:25'),(12,1,0,0,0,'2020-09-21 19:03:37'),(13,1,0,0,0,'2020-09-21 19:04:50'),(14,1,0,0,0,'2020-09-21 19:41:01'),(14,2,0,0,0,'2020-09-21 19:41:05'),(14,3,0,0,0,'2020-09-21 19:41:08'),(15,1,0,0,0,'2020-09-21 19:57:03'),(16,1,0,0,0,'2020-09-21 20:15:24'),(16,2,0,0,0,'2020-09-21 20:15:27'),(16,3,0,0,0,'2020-09-21 20:15:33'),(16,4,0,0,0,'2020-09-21 20:15:34'),(17,1,0,0,0,'2020-09-21 20:19:06'),(18,1,0,0,0,'2020-09-22 16:52:33');

--
-- Table structure for table `table_stage_guardian_raid_accomplishment`
--

CREATE TABLE `table_stage_guardian_raid_accomplishment` (
  `character_id` bigint(20) unsigned NOT NULL COMMENT '캐릭터 ID',
  `stage_grade` int(11) NOT NULL COMMENT '대상 스테이지의 등급',
  `party_play_mode` tinyint(4) NOT NULL DEFAULT '0' COMMENT '파티 플레이 모드\n: ePartyPlayMode의 값과 같다.',
  `stage_auth_number` bigint(20) unsigned NOT NULL DEFAULT '0' COMMENT '스테이지 인증 번호\n: 파티 플레이인 경우에만 검사한다.',
  `start_datetime` datetime NOT NULL DEFAULT '1000-01-01 00:00:00' COMMENT '스테이지를 시작한 일시\n\n- 스테이지 진행 시간을 판정하기 위해 사용한다.\n\n- 즉시완료권을 사용할 때는 기록하지 않는다.',
  `top_second` int(11) NOT NULL DEFAULT '0' COMMENT '이 스테이지에서 달성한 최고 시간\n\n- 대개, 완료한 가장 짧은 시간을 나타낸다.',
  `revive_instantly_count` int(11) DEFAULT '0' COMMENT '이 초월 스테이지에서 즉시 부활한 횟수',
  `update_datetime` datetime NOT NULL DEFAULT '1000-01-01 00:00:00' COMMENT '갱신일시',
  PRIMARY KEY (`stage_grade`,`character_id`)
) ENGINE=InnoDB DEFAULT CHARSET=utf8 COLLATE=utf8_unicode_ci COMMENT='플레이어 별 수호자 레이드 성취 정보';

--
-- Dumping data for table `table_stage_guardian_raid_accomplishment`
--

INSERT INTO `table_stage_guardian_raid_accomplishment` VALUES (4,1,1,0,'1000-01-01 00:00:00',0,0,'2020-09-21 19:02:10'),(5,1,1,0,'1000-01-01 00:00:00',5,0,'2019-09-11 04:56:17'),(13,1,1,0,'2019-10-05 21:20:12',39,0,'2019-10-05 21:20:12'),(105,1,4,0,'1000-01-01 00:00:00',4,0,'2020-07-03 15:14:30'),(107,1,1,0,'1000-01-01 00:00:00',3,0,'2019-11-14 02:55:40'),(152,1,1,0,'1000-01-01 00:00:00',12,0,'2019-12-12 22:45:48'),(159,1,1,0,'1000-01-01 00:00:00',174,0,'2020-02-29 14:03:45'),(196,1,1,0,'1000-01-01 00:00:00',11,0,'2020-03-16 17:13:32'),(241,1,2,0,'1000-01-01 00:00:00',12,0,'2020-04-03 11:40:07'),(242,1,1,0,'1000-01-01 00:00:00',8,0,'2020-04-01 15:05:58'),(273,1,1,0,'1000-01-01 00:00:00',8,0,'2020-04-19 03:48:25'),(292,1,1,0,'1000-01-01 00:00:00',29,0,'2020-06-05 18:47:20'),(294,1,1,0,'2020-04-24 21:54:07',0,0,'2020-04-24 21:54:07'),(310,1,1,0,'1000-01-01 00:00:00',16,0,'2020-06-05 16:51:42'),(320,1,2,0,'1000-01-01 00:00:00',0,0,'2020-07-02 10:02:14'),(418,1,2,0,'1000-01-01 00:00:00',3,0,'2020-07-13 10:48:18'),(436,1,1,0,'1000-01-01 00:00:00',87,0,'2020-07-17 14:27:14'),(473,1,1,0,'1000-01-01 00:00:00',15,0,'2020-07-30 15:08:18'),(499,1,4,0,'1000-01-01 00:00:00',8,0,'2020-09-16 09:26:13'),(5,2,1,0,'1000-01-01 00:00:00',23,0,'2019-09-11 04:56:58'),(13,2,2,0,'1000-01-01 00:00:00',119,0,'2019-11-07 14:31:27'),(105,2,4,0,'1000-01-01 00:00:00',4,0,'2020-07-03 15:15:11'),(152,2,1,0,'1000-01-01 00:00:00',90,0,'2019-12-12 22:47:42'),(242,2,1,0,'1000-01-01 00:00:00',32,0,'2020-04-01 15:06:48'),(273,2,1,0,'1000-01-01 00:00:00',87,0,'2020-04-19 03:50:23'),(292,2,4,0,'1000-01-01 00:00:00',35,0,'2020-08-29 13:02:03'),(310,2,4,0,'1000-01-01 00:00:00',6,0,'2020-07-08 14:57:37'),(338,2,1,0,'1000-01-01 00:00:00',31,0,'2020-06-24 16:53:20'),(418,2,1,0,'1000-01-01 00:00:00',0,0,'2020-07-13 10:49:29'),(436,2,1,0,'1000-01-01 00:00:00',25,0,'2020-07-29 11:43:45'),(444,2,1,0,'2020-07-29 18:53:51',0,0,'2020-07-29 18:53:51'),(499,2,4,0,'1000-01-01 00:00:00',29,0,'2020-09-16 09:27:08'),(5,3,1,0,'1000-01-01 00:00:00',0,0,'2019-09-11 04:57:42'),(9,3,1,0,'1000-01-01 00:00:00',14,0,'2019-09-21 14:04:33'),(105,3,4,0,'1000-01-01 00:00:00',136,0,'2020-07-03 15:18:13'),(107,3,1,0,'1000-01-01 00:00:00',12,0,'2019-11-14 03:05:43'),(152,3,1,0,'1000-01-01 00:00:00',0,0,'2019-12-12 22:49:16'),(196,3,1,0,'1000-01-01 00:00:00',0,0,'2020-03-16 17:14:28'),(241,3,2,0,'1000-01-01 00:00:00',58,0,'2020-04-03 11:39:07'),(242,3,1,0,'1000-01-01 00:00:00',126,0,'2020-04-01 15:17:26'),(254,3,3,0,'1000-01-01 00:00:00',0,0,'2020-04-04 18:04:15'),(273,3,1,0,'1000-01-01 00:00:00',0,0,'2020-04-19 03:47:21'),(292,3,4,0,'1000-01-01 00:00:00',0,0,'2020-08-29 13:00:54'),(310,3,4,0,'1000-01-01 00:00:00',132,0,'2020-07-08 15:00:17'),(338,3,4,0,'1000-01-01 00:00:00',12,0,'2020-06-25 15:31:55'),(418,3,1,0,'1000-01-01 00:00:00',0,0,'2020-07-13 10:48:50'),(436,3,1,0,'1000-01-01 00:00:00',101,0,'2020-08-07 17:47:19'),(444,3,4,0,'1000-01-01 00:00:00',0,0,'2020-07-25 18:26:01'),(483,3,1,0,'1000-01-01 00:00:00',0,0,'2020-08-03 17:57:01'),(499,3,4,0,'1000-01-01 00:00:00',173,0,'2020-09-16 09:30:29');

--
-- Table structure for table `table_stage_normal_accomplishment`
--

CREATE TABLE `table_stage_normal_accomplishment` (
  `character_id` bigint(20) unsigned NOT NULL COMMENT '캐릭터의 ID',
  `act_number` tinyint(4) NOT NULL COMMENT '스테이지의 액트 번호',
  `stage_number_in_act` tinyint(4) NOT NULL COMMENT '스테이지 액트에서의 스테이지 번호',
  `stage_auth_number` bigint(20) unsigned NOT NULL DEFAULT '0' COMMENT '스테이지 인증번호',
  `start_datetime` datetime NOT NULL DEFAULT '1000-01-01 00:00:00' COMMENT '스테이지를 시작한 일시\n\n- 스테이지 진행 시간을 판정하기 위해 사용한다.\n\n- 즉시완료권을 사용할 때는 기록하지 않는다.',
  `clear_grade` tinyint(4) NOT NULL DEFAULT '0' COMMENT '스테이지의 완료 등급\n\n- 0이면 아직 이 스테이지는 완료하지 않은 상태이다.\n\n- 최대 등급은 기획에 따라 그 값이 달라진다.\n',
  `top_score` int(11) NOT NULL DEFAULT '0' COMMENT '이 스테이지에서 달성한 최대 점수',
  `top_second` int(11) NOT NULL DEFAULT '0' COMMENT '이 스테이지에서 달성한 최고 시간\n\n- 대개, 완료한 가장 짧은 시간을 나타낸다.',
  `update_datetime` datetime NOT NULL DEFAULT '1000-01-01 00:00:00' COMMENT '캐릭터가 해당 스테이지를 플레이할 수 있는 횟수를 초기화한 일시',
  PRIMARY KEY (`character_id`,`act_number`,`stage_number_in_act`)
) ENGINE=InnoDB DEFAULT CHARSET=utf8 COLLATE=utf8_unicode_ci COMMENT='캐릭터 별 일반 스테이지 성취 정보';

--
-- Dumping data for table `table_stage_normal_accomplishment`
--

INSERT INTO `table_stage_normal_accomplishment` VALUES (1,1,1,0,'1000-01-01 00:00:00',3,0,55,'2020-09-19 13:01:26'),(1,1,2,0,'1000-01-01 00:00:00',3,0,51,'2020-09-19 13:02:57'),(1,1,3,0,'1000-01-01 00:00:00',3,0,52,'2020-09-22 00:39:32'),(1,1,4,0,'1000-01-01 00:00:00',3,0,64,'2020-09-22 00:58:15'),(2,1,1,0,'1000-01-01 00:00:00',3,0,85,'2020-09-19 13:12:55'),(2,1,2,0,'1000-01-01 00:00:00',3,0,47,'2020-09-19 13:15:09'),(2,1,3,0,'1000-01-01 00:00:00',3,0,49,'2020-09-19 13:16:59'),(2,1,4,0,'1000-01-01 00:00:00',3,0,66,'2020-09-19 14:27:12'),(2,1,5,0,'1000-01-01 00:00:00',3,0,65,'2020-09-19 14:29:25'),(2,1,6,0,'1000-01-01 00:00:00',0,0,0,'2020-09-21 19:02:46'),(3,1,1,0,'1000-01-01 00:00:00',1,0,264,'2020-09-19 14:24:33'),(3,1,2,0,'1000-01-01 00:00:00',3,0,44,'2020-09-19 14:27:10'),(3,1,3,0,'1000-01-01 00:00:00',3,0,47,'2020-09-19 14:28:45'),(4,1,1,0,'1000-01-01 00:00:00',3,0,63,'2020-09-19 14:41:46'),(4,1,2,0,'1000-01-01 00:00:00',3,0,53,'2020-09-19 16:43:08'),(4,1,3,0,'1000-01-01 00:00:00',3,0,49,'2020-09-19 16:44:56'),(4,1,4,2762414678067840557,'2020-09-21 15:29:55',0,0,0,'2020-09-21 15:29:55'),(7,1,1,0,'1000-01-01 00:00:00',3,0,45,'2020-09-21 19:56:33'),(7,1,2,0,'1000-01-01 00:00:00',3,0,45,'2020-09-21 19:57:37'),(7,1,3,0,'1000-01-01 00:00:00',3,0,48,'2020-09-21 19:59:02'),(7,1,4,0,'1000-01-01 00:00:00',3,0,66,'2020-09-21 20:00:27'),(7,1,5,0,'1000-01-01 00:00:00',3,0,59,'2020-09-20 17:26:07'),(7,1,6,0,'1000-01-01 00:00:00',3,0,66,'2020-09-20 17:29:26'),(7,1,7,0,'1000-01-01 00:00:00',3,0,61,'2020-09-20 17:56:47'),(7,1,8,0,'1000-01-01 00:00:00',3,0,81,'2020-09-20 18:00:27'),(7,1,9,0,'1000-01-01 00:00:00',3,0,74,'2020-09-20 18:09:04'),(7,1,10,0,'1000-01-01 00:00:00',3,0,28,'2020-09-20 18:36:25'),(7,2,1,0,'1000-01-01 00:00:00',3,0,46,'2020-09-20 18:55:57'),(7,2,2,0,'1000-01-01 00:00:00',3,0,70,'2020-09-20 18:57:33'),(7,2,3,0,'1000-01-01 00:00:00',3,0,60,'2020-09-20 18:58:48'),(7,2,4,0,'1000-01-01 00:00:00',3,0,76,'2020-09-20 19:02:35'),(7,2,5,0,'1000-01-01 00:00:00',3,0,85,'2020-09-20 19:06:12'),(7,2,6,0,'1000-01-01 00:00:00',3,0,89,'2020-09-20 19:16:54'),(7,2,7,0,'1000-01-01 00:00:00',3,0,72,'2020-09-20 19:18:25'),(7,2,8,0,'1000-01-01 00:00:00',3,0,90,'2020-09-20 19:22:48'),(7,2,9,0,'1000-01-01 00:00:00',3,0,87,'2020-09-20 19:27:29'),(7,2,10,0,'1000-01-01 00:00:00',3,0,99,'2020-09-20 22:56:39'),(7,3,1,0,'1000-01-01 00:00:00',3,0,96,'2020-09-20 23:02:50'),(7,3,2,0,'1000-01-01 00:00:00',3,0,83,'2020-09-20 23:11:00'),(7,3,3,0,'1000-01-01 00:00:00',3,0,112,'2020-09-20 23:15:44'),(7,3,4,0,'1000-01-01 00:00:00',3,0,119,'2020-09-20 23:19:36'),(7,3,5,0,'1000-01-01 00:00:00',3,0,128,'2020-09-20 23:32:18'),(7,3,6,0,'1000-01-01 00:00:00',3,0,119,'2020-09-20 23:29:07'),(7,3,7,0,'1000-01-01 00:00:00',2,0,131,'2020-09-20 23:36:21'),(7,3,8,0,'1000-01-01 00:00:00',3,0,128,'2020-09-20 23:49:10'),(7,3,9,0,'1000-01-01 00:00:00',3,0,117,'2020-09-21 20:05:10'),(7,3,10,1129714304288827981,'2020-09-21 20:11:02',0,0,0,'2020-09-21 20:11:02'),(8,1,1,0,'1000-01-01 00:00:00',3,0,72,'2020-09-20 18:22:02'),(8,1,2,0,'1000-01-01 00:00:00',3,0,61,'2020-09-20 18:24:56'),(9,1,1,5877710392041935556,'2020-09-21 10:54:57',0,0,0,'2020-09-21 10:54:57'),(10,1,1,0,'1000-01-01 00:00:00',3,0,71,'2020-09-21 12:30:25'),(10,1,2,0,'1000-01-01 00:00:00',3,0,51,'2020-09-21 12:33:09'),(11,1,1,0,'1000-01-01 00:00:00',0,0,0,'2020-09-21 19:00:35'),(12,1,1,0,'1000-01-01 00:00:00',0,0,0,'2020-09-21 19:03:38'),(13,1,1,0,'1000-01-01 00:00:00',3,0,56,'2020-09-21 19:06:03'),(13,1,2,0,'1000-01-01 00:00:00',3,0,43,'2020-09-21 19:07:33'),(13,1,3,0,'1000-01-01 00:00:00',3,0,49,'2020-09-21 19:09:05'),(13,1,4,2656070979546970636,'2020-09-21 19:24:55',0,0,0,'2020-09-21 19:24:55'),(14,1,1,0,'1000-01-01 00:00:00',3,0,45,'2020-09-21 19:42:20'),(14,1,2,0,'1000-01-01 00:00:00',3,0,47,'2020-09-21 19:43:26'),(14,1,3,0,'1000-01-01 00:00:00',3,0,56,'2020-09-21 19:45:06'),(14,1,4,0,'1000-01-01 00:00:00',3,0,83,'2020-09-21 19:46:59'),(14,1,5,0,'1000-01-01 00:00:00',3,0,81,'2020-09-21 19:49:38'),(14,1,6,0,'1000-01-01 00:00:00',3,0,96,'2020-09-21 19:51:42'),(15,1,1,0,'1000-01-01 00:00:00',3,0,57,'2020-09-21 20:25:26'),(15,1,2,0,'1000-01-01 00:00:00',3,0,44,'2020-09-21 20:26:47'),(16,1,1,0,'1000-01-01 00:00:00',3,0,42,'2020-09-21 20:16:31'),(17,1,1,0,'1000-01-01 00:00:00',3,0,64,'2020-09-21 20:22:03'),(17,1,2,0,'1000-01-01 00:00:00',3,0,50,'2020-09-21 20:26:02'),(18,1,1,0,'1000-01-01 00:00:00',1,0,313,'2020-09-22 17:01:33'),(18,1,2,0,'1000-01-01 00:00:00',3,0,45,'2020-09-22 17:04:42');

--
-- Table structure for table `table_stage_normal_act_record`
--

CREATE TABLE `table_stage_normal_act_record` (
  `character_id` bigint(20) unsigned NOT NULL COMMENT '캐릭터 ID',
  `act_number` tinyint(4) NOT NULL COMMENT '액트 번호',
  `rewarded_clear_grade` int(11) NOT NULL DEFAULT '0' COMMENT '현재 액트에 대해 보상을 받은 완료 등급 개수\n\n- 각 액트들은 스테이지를 완료한 등급을 더하여, 그 수가 일정한 수치에 다다르면 보상을 지급한다.\n\n- 다만, 보상의 지급을 미룰 수도 있어야 하는데, 그 때문에 현재까지 보상을 받은 등급 개수를 저장해야 할 필요가 있다.\n: 이 필드가 그 값을 저장하는 역할을 한다.',
  `repeat_count` int(11) NOT NULL DEFAULT '0' COMMENT '현재까지 누적된 반복횟수\n\n- 반복횟수는 보상을 받을 때마다, 보상을 지급하는 반복 횟수의 단위만큼 차감한다.\n: 이는 이 필드의 값이 0이 되거나, 혹은 더 이상 보상을 지급할 수 있는 반복 횟수 단위에 미치지 못하게 될 때까지 반복한다.',
  `is_rewarded_first_repetition` tinyint(1) NOT NULL DEFAULT '0' COMMENT '첫 번째 반복인지 여부\n\n- 반복 보상을 처음으로 받는 경우와, 그 이후에 받는 경우의 보상 지급 방식이 다르다.',
  `update_datetime` datetime NOT NULL DEFAULT '1000-01-01 00:00:00' COMMENT '갱신 일시',
  PRIMARY KEY (`character_id`,`act_number`)
) ENGINE=InnoDB DEFAULT CHARSET=utf8 COLLATE=utf8_unicode_ci COMMENT='캐릭터 별 일반 스테이지의 액트 기록 정보';

--
-- Dumping data for table `table_stage_normal_act_record`
--

INSERT INTO `table_stage_normal_act_record` VALUES (1,1,1,1,1,'2020-09-22 00:58:15'),(2,1,1,4,1,'2020-09-19 14:29:25'),(3,1,0,2,1,'2020-09-19 14:28:45'),(4,1,0,2,1,'2020-09-19 16:44:56'),(5,1,0,0,0,'2020-09-19 17:23:21'),(7,1,1,8,1,'2020-09-21 20:00:27'),(7,2,0,4,1,'2020-09-20 22:56:39'),(7,3,0,0,1,'2020-09-21 20:11:00'),(8,1,0,2,0,'2020-09-20 18:24:56'),(9,1,0,0,0,'2020-09-21 10:53:06'),(10,1,0,2,0,'2020-09-21 12:33:09'),(11,1,0,0,0,'2020-09-21 19:00:25'),(12,1,0,0,0,'2020-09-21 19:03:37'),(13,1,0,2,1,'2020-09-21 19:09:05'),(14,1,0,5,1,'2020-09-21 19:51:42'),(14,2,0,0,0,'2020-09-21 19:41:05'),(14,3,0,0,0,'2020-09-21 19:41:08'),(15,1,0,2,0,'2020-09-21 20:26:47'),(16,1,0,1,0,'2020-09-21 20:16:31'),(16,2,0,0,0,'2020-09-21 20:15:27'),(16,3,0,0,0,'2020-09-21 20:15:33'),(16,4,0,0,0,'2020-09-21 20:15:34'),(17,1,0,2,0,'2020-09-21 20:26:02'),(18,1,0,2,0,'2020-09-22 17:04:42');

--
-- Table structure for table `table_stage_occupation_war_accomplishment`
--

CREATE TABLE `table_stage_occupation_war_accomplishment` (
  `user_id` bigint(20) unsigned NOT NULL COMMENT '플레이어 ID',
  `mode` tinyint(4) NOT NULL COMMENT '점령전 모드의 종류\n: eOccupationWarMode의 값과 같다.',
  `stage_auth_number` bigint(20) unsigned NOT NULL DEFAULT '0' COMMENT '스테이지 인증 번호',
  `start_datetime` datetime NOT NULL DEFAULT '1000-01-01 00:00:00' COMMENT '스테이지를 시작한 일시',
  `update_datetime` datetime NOT NULL DEFAULT '1000-01-01 00:00:00' COMMENT '갱신일시',
  PRIMARY KEY (`user_id`,`mode`)
) ENGINE=InnoDB DEFAULT CHARSET=utf8 COLLATE=utf8_unicode_ci COMMENT='플레이어 별 점령전 스테이지의 성취 정보';

--
-- Dumping data for table `table_stage_occupation_war_accomplishment`
--


--
-- Table structure for table `table_stage_record`
--

CREATE TABLE `table_stage_record` (
  `character_id` bigint(20) unsigned NOT NULL COMMENT '캐릭터의 ID',
  `call_friend_remain_count` int(11) NOT NULL DEFAULT '0' COMMENT '스테이지 내에서 친구 캐릭터를 소환할 수 있는 남은 횟수',
  `call_friend_count_reset_datetime` datetime NOT NULL DEFAULT '1000-01-01 00:00:00' COMMENT '스테이지 내에서 친구 호출하는 횟수를 갱신한 일시',
  `normal_last_played_act_number` tinyint(4) NOT NULL DEFAULT '0' COMMENT '마지막으로 플레이 한 액트의 번호(일반 모드)',
  `normal_last_played_stage_number_in_act` tinyint(4) NOT NULL DEFAULT '0' COMMENT '마지막으로 플레이 한 액트 내 스테이지의 번호(일반 모드)',
  `normal_far_played_act_number` tinyint(4) NOT NULL DEFAULT '0' COMMENT '가장 멀리까지 도달한 액트의 번호(일반 모드)',
  `normal_far_played_stage_number_in_act` tinyint(4) NOT NULL DEFAULT '0' COMMENT '가장 멀리까지 도달한 액트 내 스테이지의 번호(일반 모드)',
  `elite_last_played_act_number` tinyint(4) NOT NULL DEFAULT '0' COMMENT '마지막으로 플레이 한 액트의 번호(정예 모드)',
  `elite_last_played_stage_number_in_act` tinyint(4) NOT NULL DEFAULT '0' COMMENT '마지막으로 플레이 한 액트 내 스테이지의 번호(정예 모드)',
  `elite_far_played_act_number` tinyint(4) NOT NULL DEFAULT '0' COMMENT '가장 멀리까지 도달한 액트의 번호(정예 모드)',
  `elite_far_played_stage_number_in_act` tinyint(4) NOT NULL DEFAULT '0' COMMENT '가장 멀리까지 도달한 액트 내 스테이지의 번호(정예 모드)',
  `rift_last_played_stage_grade` int(11) NOT NULL DEFAULT '0' COMMENT '마지막에 플레이 한 균열 던전의 단계',
  `rift_far_played_stage_grade` int(11) NOT NULL DEFAULT '0' COMMENT '가장 멀리까지 도달한 균열 던전의 단계',
  `rift_remain_play_count` int(11) NOT NULL DEFAULT '0' COMMENT '균열 모드 스테이지의 남은 플레이 횟수',
  `rift_play_count_max` int(11) NOT NULL DEFAULT '0' COMMENT '균열 모드 최대 플레이 횟수',
  `rift_reset_count` int(11) NOT NULL DEFAULT '0' COMMENT '균열 모드 플레이 횟수 제한을 초기화한 횟수',
  `rift_reset_datetime` datetime NOT NULL DEFAULT '1000-01-01 00:00:00' COMMENT '균열 모드 스테이지의 플레이 횟수를 초기화한 일시',
  `transcendence_last_played_stage_grade` int(11) NOT NULL DEFAULT '0' COMMENT '마지막으로 플레이 한 초월 던전의 단계',
  `transcendence_far_played_stage_grade` int(11) NOT NULL DEFAULT '0' COMMENT '가장 멀리까지 도달한 초월 던전의 단계',
  `weekly_last_played_stage_grade_sunday` int(11) NOT NULL DEFAULT '0' COMMENT '마지막으로 플레이 한 요일 던전의 단계(일요일)',
  `weekly_far_played_stage_grade_sunday` int(11) NOT NULL DEFAULT '0' COMMENT '가장 멀리까지 도달한 요일 던전의 단계(일요일)',
  `weekly_last_played_stage_grade_monday` int(11) NOT NULL DEFAULT '0' COMMENT '마지막으로 플레이 한 요일 던전의 단계(월요일)',
  `weekly_far_played_stage_grade_monday` int(11) NOT NULL DEFAULT '0' COMMENT '가장 멀리까지 도달한 요일 던전의 단계(월요일)',
  `weekly_last_played_stage_grade_tuesday` int(11) NOT NULL DEFAULT '0' COMMENT '마지막으로 플레이 한 요일 던전의 단계(화요일)',
  `weekly_far_played_stage_grade_tuesday` int(11) NOT NULL DEFAULT '0' COMMENT '가장 멀리까지 도달한 요일 던전의 단계(화요일)',
  `weekly_last_played_stage_grade_wednesday` int(11) NOT NULL DEFAULT '0' COMMENT '마지막으로 플레이 한 요일 던전의 단계(수요일)',
  `weekly_far_played_stage_grade_wednesday` int(11) NOT NULL DEFAULT '0' COMMENT '가장 멀리까지 도달한 요일 던전의 단계(수요일)',
  `weekly_last_played_stage_grade_thursday` int(11) NOT NULL DEFAULT '0' COMMENT '마지막으로 플레이 한 요일 던전의 단계(목요일)',
  `weekly_far_played_stage_grade_thursday` int(11) NOT NULL DEFAULT '0' COMMENT '가장 멀리까지 도달한 요일 던전의 단계(목요일)',
  `weekly_last_played_stage_grade_friday` int(11) NOT NULL DEFAULT '0' COMMENT '마지막으로 플레이 한 요일 던전의 단계(금요일)',
  `weekly_far_played_stage_grade_friday` int(11) NOT NULL DEFAULT '0' COMMENT '가장 멀리까지 도달한 요일 던전의 단계(금요일)',
  `weekly_last_played_stage_grade_saturday` int(11) NOT NULL DEFAULT '0' COMMENT '마지막으로 플레이 한 요일 던전의 단계(토요일)',
  `weekly_far_played_stage_grade_saturday` int(11) NOT NULL DEFAULT '0' COMMENT '가장 멀리까지 도달한 요일 던전의 단계(토요일)',
  `weekly_remain_play_count` int(11) NOT NULL DEFAULT '0' COMMENT '주간 모드 스테이지의 남은 플레이 횟수',
  `weekly_play_count_max` int(11) NOT NULL DEFAULT '0' COMMENT '요일 던전 최대 플레이 횟수',
  `weekly_reset_count` int(11) NOT NULL DEFAULT '0' COMMENT '주간 모드 플레이 횟수 제한을 초기화한 횟수',
  `weekly_reset_datetime` datetime NOT NULL DEFAULT '1000-01-01 00:00:00' COMMENT '주간 모드 스테이지의 플레이 횟수를 초기화한 일시',
  `weekly_repeat_count` int(11) NOT NULL DEFAULT '0' COMMENT '주간 던전의 반복 횟수',
  `is_rewarded_first_repetition_weekly` tinyint(1) NOT NULL DEFAULT '0' COMMENT '첫 번째 반복인지 여부(요일 모드)\n\n - 반복 보상을 처음으로 받는 경우와, 그 이후에 받는 경우의 보상 지급 방식이 다르다.',
  `west_last_played_act_number` tinyint(4) NOT NULL DEFAULT '0' COMMENT '마지막으로 플레이 한 액트의 번호(서부 지역 모드)',
  `west_last_played_stage_number_in_act` tinyint(4) NOT NULL DEFAULT '0' COMMENT '마지막으로 플레이 한 액트 내 스테이지의 번호(서부 지역 모드)',
  `west_far_played_act_number` tinyint(4) NOT NULL DEFAULT '0' COMMENT '가장 멀리까지 도달한 액트의 번호(서부 지역 모드)',
  `west_far_played_stage_number_in_act` tinyint(4) NOT NULL DEFAULT '0' COMMENT '가장 멀리까지 도달한 액트 내 스테이지의 번호(서부 지역 모드)',
  `guardian_raid_last_played_stage_grade` int(11) NOT NULL DEFAULT '0' COMMENT '마지막에 플레이 한 수호 레이드 던전의 단계',
  `guardian_raid_far_played_stage_grade` int(11) NOT NULL DEFAULT '0' COMMENT '가장 멀리까지 도달한 수호 레이드 던전의 단계',
  `guardian_raid_remain_play_count` int(11) NOT NULL DEFAULT '0' COMMENT '수호 레이드 모드 스테이지의 남은 플레이 횟수',
  `guardian_raid_play_count_max` int(11) NOT NULL DEFAULT '0' COMMENT '수호 레이드 모드 최대 플레이 횟수',
  `guardian_raid_reset_count` int(11) NOT NULL DEFAULT '0' COMMENT '수호 레이드 모드 플레이 횟수 제한을 초기화한 횟수',
  `guardian_raid_reset_datetime` datetime NOT NULL DEFAULT '1000-01-01 00:00:00' COMMENT '수호 레이드 모드 스테이지의 플레이 횟수를 초기화한 일시',
  `guardian_raid_repeat_count` int(11) NOT NULL DEFAULT '0' COMMENT '수호 레이드의 반복 횟수',
  `is_rewarded_first_repetition_guardian_raid` tinyint(1) NOT NULL DEFAULT '0' COMMENT '첫 번째 반복인지 여부(수호 레이드 모드)\n\n - 반복 보상을 처음으로 받는 경우와, 그 이후에 받는 경우의 보상 지급 방식이 다르다.',
  `arena_async_auth_number` bigint(20) unsigned NOT NULL DEFAULT '0' COMMENT '결투장(비동기식)의 인증번호\n\n- 결투장에 입장할 때마다 바뀐다.\n\n- 클라이언트는 결투장에 입장할 때, 매칭 서버에 이 인증번호를 제출해야만 한다.\n\n- 결투장 대전의 결과로 보상을 받을 때, 이 인증번호로 보상 수령 여부를 검증한다. (검증 주체는 매칭 서버)',
  `arena_async_start_datetime` datetime NOT NULL DEFAULT '1000-01-01 00:00:00' COMMENT '결투장(비동기식)의 시작 일시',
  `arena_async_remain_play_count` int(11) NOT NULL DEFAULT '0' COMMENT '결투장(비동기식)의 오늘 남은 플레이 횟수',
  `arena_async_play_count_max` int(11) NOT NULL DEFAULT '0' COMMENT '결투장(비동기식) 최대 플레이 횟수',
  `arena_async_reset_count` int(11) NOT NULL DEFAULT '0' COMMENT '결투장(비동기식)의 플레이 횟수제한을 초기화한 횟수',
  `arena_async_reset_datetime` datetime NOT NULL DEFAULT '1000-01-01 00:00:00' COMMENT '결투장(비동기식)의 플레이 횟수를 초기화한 일시',
  `arena_async_straight_win_count` int(11) NOT NULL DEFAULT '0' COMMENT '결투장(비동기식)의 현재 연속 승리 횟수\n: 한 번이라도 패하면 0으로 되돌아감.',
  `arena_async_straight_defeat_count` int(11) NOT NULL DEFAULT '0' COMMENT '결투장(비동기식)의 현재 연속 패배 횟수\n: 한 번이라도 승리하면 0으로 되돌아감.',
  `update_datetime` datetime NOT NULL DEFAULT '1000-01-01 00:00:00' COMMENT '갱신 일시',
  PRIMARY KEY (`character_id`)
) ENGINE=InnoDB DEFAULT CHARSET=utf8 COLLATE=utf8_unicode_ci COMMENT='캐릭터 별 스테이지 기록 정보';

--
-- Dumping data for table `table_stage_record`
--

INSERT INTO `table_stage_record` VALUES (1,0,'1000-01-01 00:00:00',1,4,1,4,0,0,0,0,0,0,10,10,0,'2020-09-22 00:26:26',0,0,0,0,0,0,0,0,0,0,0,0,0,0,0,0,3,3,0,'2020-09-22 00:26:26',0,0,0,0,0,0,0,0,0,0,0,'1000-01-01 00:00:00',0,0,0,'1000-01-01 00:00:00',10,10,0,'1000-01-01 00:00:00',0,0,'2020-09-22 00:26:26'),(2,0,'1000-01-01 00:00:00',1,5,1,5,0,0,0,0,0,0,10,10,0,'2020-09-21 19:02:30',0,0,0,0,0,0,0,0,0,0,0,0,0,0,0,0,3,3,0,'2020-09-21 19:02:30',0,0,0,0,0,0,0,0,0,0,0,'1000-01-01 00:00:00',0,0,0,'1000-01-01 00:00:00',10,10,0,'1000-01-01 00:00:00',0,0,'2020-09-21 19:02:30'),(3,0,'1000-01-01 00:00:00',1,3,1,3,0,0,0,0,0,0,10,10,0,'2020-09-19 14:18:34',0,0,0,0,0,0,0,0,0,0,0,0,0,0,0,0,3,3,0,'2020-09-19 14:18:34',0,0,0,0,0,0,0,0,0,0,0,'1000-01-01 00:00:00',0,0,0,'1000-01-01 00:00:00',10,10,0,'1000-01-01 00:00:00',0,0,'2020-09-19 14:18:34'),(4,0,'1000-01-01 00:00:00',1,4,1,3,0,0,0,0,0,0,10,10,0,'2020-09-21 11:03:07',6,0,0,0,0,0,0,0,0,0,0,0,0,0,5,0,3,3,0,'2020-09-21 11:03:07',0,0,0,0,0,0,0,0,4,5,0,'2020-09-21 18:58:50',0,0,0,'2020-09-19 23:12:59',0,10,0,'2020-09-19 23:02:05',10,0,'2020-09-21 18:59:05'),(5,0,'1000-01-01 00:00:00',0,0,0,0,0,0,0,0,0,0,10,10,0,'2020-09-21 11:02:48',0,0,0,0,0,0,0,0,0,0,0,0,0,0,0,0,3,3,0,'2020-09-21 11:02:48',0,0,0,0,0,0,0,0,3,3,0,'2020-09-19 20:50:28',0,0,0,'2020-09-19 20:41:28',10,10,0,'2020-09-19 20:41:14',0,0,'2020-09-21 11:02:48'),(6,0,'1000-01-01 00:00:00',0,0,0,0,0,0,0,0,0,0,10,10,0,'2020-09-19 20:40:28',0,0,0,0,0,0,0,0,0,0,0,0,0,0,0,0,3,3,0,'2020-09-19 20:40:28',0,0,0,0,0,0,0,0,0,0,0,'1000-01-01 00:00:00',0,0,0,'1000-01-01 00:00:00',10,10,0,'1000-01-01 00:00:00',0,0,'2020-09-19 20:40:28'),(7,0,'1000-01-01 00:00:00',3,10,3,9,1,3,1,3,0,0,10,10,0,'2020-09-21 12:17:04',0,0,1,1,0,0,0,0,0,0,0,0,0,0,0,0,3,3,0,'2020-09-21 12:17:04',0,0,0,0,0,0,0,0,0,0,0,'1000-01-01 00:00:00',0,0,0,'1000-01-01 00:00:00',10,10,0,'1000-01-01 00:00:00',0,0,'2020-09-21 12:17:04'),(8,0,'1000-01-01 00:00:00',1,2,1,2,0,0,0,0,0,0,10,10,0,'2020-09-21 12:16:56',0,0,0,0,0,0,0,0,0,0,0,0,0,0,0,0,3,3,0,'2020-09-21 12:16:56',0,0,0,0,0,0,0,0,0,0,0,'1000-01-01 00:00:00',0,0,0,'1000-01-01 00:00:00',10,10,0,'1000-01-01 00:00:00',0,0,'2020-09-21 12:16:56'),(9,0,'1000-01-01 00:00:00',1,1,0,0,0,0,0,0,0,0,10,10,0,'2020-09-21 10:51:56',0,0,0,0,0,0,0,0,0,0,0,0,0,0,0,0,3,3,0,'2020-09-21 10:51:56',0,0,0,0,0,0,0,0,0,0,0,'1000-01-01 00:00:00',0,0,0,'1000-01-01 00:00:00',10,10,0,'1000-01-01 00:00:00',0,0,'2020-09-21 10:51:56'),(10,0,'1000-01-01 00:00:00',1,2,1,2,0,0,0,0,0,0,10,10,0,'2020-09-21 12:28:24',0,0,0,0,0,0,0,0,0,0,0,0,0,0,0,0,3,3,0,'2020-09-21 12:28:24',0,0,0,0,0,0,0,0,0,0,0,'1000-01-01 00:00:00',0,0,0,'1000-01-01 00:00:00',10,10,0,'1000-01-01 00:00:00',0,0,'2020-09-21 12:28:24'),(11,0,'1000-01-01 00:00:00',0,0,0,0,0,0,0,0,0,0,10,10,0,'2020-09-21 18:59:44',0,0,0,0,0,0,0,0,0,0,0,0,0,0,0,0,3,3,0,'2020-09-21 18:59:44',0,0,0,0,0,0,0,0,0,0,0,'1000-01-01 00:00:00',0,0,0,'1000-01-01 00:00:00',10,10,0,'1000-01-01 00:00:00',0,0,'2020-09-21 18:59:44'),(12,0,'1000-01-01 00:00:00',0,0,0,0,0,0,0,0,0,0,10,10,0,'2020-09-21 19:03:13',0,0,0,0,0,0,0,0,0,0,0,0,0,0,0,0,3,3,0,'2020-09-21 19:03:13',0,0,0,0,0,0,0,0,0,0,0,'1000-01-01 00:00:00',0,0,0,'1000-01-01 00:00:00',10,10,0,'1000-01-01 00:00:00',0,0,'2020-09-21 19:03:13'),(13,0,'1000-01-01 00:00:00',1,4,1,3,0,0,0,0,0,0,10,10,0,'2020-09-21 19:04:33',0,0,0,0,0,0,0,0,0,0,0,0,0,0,0,0,3,3,0,'2020-09-21 19:04:33',0,0,0,0,0,0,0,0,0,0,0,'1000-01-01 00:00:00',0,0,0,'1000-01-01 00:00:00',10,10,0,'1000-01-01 00:00:00',0,0,'2020-09-21 19:04:33'),(14,0,'1000-01-01 00:00:00',1,6,1,6,0,0,0,0,0,0,10,10,0,'2020-09-21 19:40:54',0,0,0,0,0,0,0,0,0,0,0,0,0,0,0,0,3,3,0,'2020-09-21 19:40:54',0,0,0,0,0,0,0,0,0,0,0,'1000-01-01 00:00:00',0,0,0,'1000-01-01 00:00:00',10,10,0,'1000-01-01 00:00:00',0,0,'2020-09-21 19:40:54'),(15,0,'1000-01-01 00:00:00',1,2,1,2,0,0,0,0,0,0,10,10,0,'2020-09-21 19:56:44',0,0,0,0,0,0,0,0,0,0,0,0,0,0,0,0,3,3,0,'2020-09-21 19:56:44',0,0,0,0,0,0,0,0,0,0,0,'1000-01-01 00:00:00',0,0,0,'1000-01-01 00:00:00',10,10,0,'1000-01-01 00:00:00',0,0,'2020-09-21 19:56:44'),(16,0,'1000-01-01 00:00:00',1,1,1,1,0,0,0,0,0,0,10,10,0,'2020-09-21 20:15:05',0,0,0,0,0,0,0,0,0,0,0,0,0,0,0,0,3,3,0,'2020-09-21 20:15:05',0,0,0,0,0,0,0,0,0,0,0,'1000-01-01 00:00:00',0,0,0,'1000-01-01 00:00:00',10,10,0,'1000-01-01 00:00:00',0,0,'2020-09-21 20:15:05'),(17,0,'1000-01-01 00:00:00',1,2,1,2,0,0,0,0,0,0,10,10,0,'2020-09-21 20:18:24',0,0,0,0,0,0,0,0,0,0,0,0,0,0,0,0,3,3,0,'2020-09-21 20:18:24',0,0,0,0,0,0,0,0,0,0,0,'1000-01-01 00:00:00',0,0,0,'1000-01-01 00:00:00',10,10,0,'1000-01-01 00:00:00',0,0,'2020-09-21 20:18:24'),(18,0,'1000-01-01 00:00:00',1,2,1,2,0,0,0,0,0,0,10,10,0,'2020-09-22 16:52:03',0,0,0,0,0,0,0,0,0,0,0,0,0,0,0,0,3,3,0,'2020-09-22 16:52:03',0,0,0,0,0,0,0,0,0,0,0,'1000-01-01 00:00:00',0,0,0,'1000-01-01 00:00:00',10,10,0,'1000-01-01 00:00:00',0,0,'2020-09-22 16:52:03');

--
-- Table structure for table `table_stage_rift_accomplishment`
--

CREATE TABLE `table_stage_rift_accomplishment` (
  `character_id` bigint(20) unsigned NOT NULL COMMENT '캐릭터의 ID',
  `stage_grade` int(11) NOT NULL COMMENT '스테이지의 단계',
  `party_play_mode` tinyint(4) NOT NULL DEFAULT '0' COMMENT '파티 플레이 모드\n: ePartyPlayMode의 값과 같다.',
  `stage_auth_number` bigint(20) unsigned NOT NULL DEFAULT '0' COMMENT '스테이지 인증 번호\n: 파티 플레이인 경우에만 검사한다.',
  `completed_wave_index` tinyint(4) NOT NULL DEFAULT '-1' COMMENT '이 단계에서 최대 완료한 웨이브의 인덱스',
  `now_cleared_wave_index` tinyint(4) NOT NULL DEFAULT '-1' COMMENT '현재 완료한 웨이브의 인덱스',
  `wave_auth_number` int(11) unsigned NOT NULL DEFAULT '0' COMMENT '웨이브 인증번호\n\n - 웨이브를 시작할 때마다 요청한 캐릭터에게 발급한다.\n\n - 0은 무효값이다.\n\n - 각 캐릭터마다 고유하게 사용한다. (캐릭터 간에는 겹치는 번호가 있을 수 있다.)\n\n - 이 번호를 올바르게 전달하지 않으면, 다음 웨이브 진입 요청을 거부한다.',
  `start_datetime` datetime NOT NULL DEFAULT '1000-01-01 00:00:00' COMMENT '스테이지를 시작한 일시\n\n- 스테이지 진행 시간을 판정하기 위해 사용한다.\n\n- 즉시완료권을 사용할 때는 기록하지 않는다.',
  `clear_grade` tinyint(4) NOT NULL DEFAULT '0' COMMENT '스테이지의 완료 등급\n\n- 0이면 아직 이 스테이지는 완료하지 않은 상태이다.\n\n- 최대 등급은 기획에 따라 그 값이 달라진다.\n',
  `top_score` int(11) NOT NULL DEFAULT '0' COMMENT '이 스테이지에서 달성한 최대 점수',
  `top_second` int(11) NOT NULL DEFAULT '0' COMMENT '이 스테이지에서 달성한 최고 시간\n\n- 대개, 완료한 가장 짧은 시간을 나타낸다.',
  `update_datetime` datetime NOT NULL DEFAULT '1000-01-01 00:00:00' COMMENT '갱신일시',
  PRIMARY KEY (`character_id`,`stage_grade`)
) ENGINE=InnoDB DEFAULT CHARSET=utf8 COLLATE=utf8_unicode_ci COMMENT='캐릭터 별 균열 스테이지 성취 정보';

--
-- Dumping data for table `table_stage_rift_accomplishment`
--

INSERT INTO `table_stage_rift_accomplishment` VALUES (5,11,0,0,-1,-1,0,'1000-01-01 00:00:00',0,0,0,'2020-09-19 20:52:34');

--
-- Table structure for table `table_stage_transcendence_accomplishment`
--

CREATE TABLE `table_stage_transcendence_accomplishment` (
  `character_id` bigint(20) unsigned NOT NULL COMMENT '캐릭터의 ID',
  `stage_grade` int(11) NOT NULL COMMENT '대상 스테이지의 등급',
  `party_play_mode` tinyint(4) NOT NULL DEFAULT '0' COMMENT '파티 플레이 모드\n: ePartyPlayMode의 값과 같다.',
  `stage_auth_number` bigint(20) unsigned NOT NULL DEFAULT '0' COMMENT '스테이지 인증 번호\n: 파티 플레이인 경우에만 검사한다.',
  `start_datetime` datetime NOT NULL DEFAULT '1000-01-01 00:00:00' COMMENT '스테이지를 시작한 일시\n\n- 스테이지 진행 시간을 판정하기 위해 사용한다.\n\n- 즉시완료권을 사용할 때는 기록하지 않는다.',
  `clear_grade` tinyint(4) NOT NULL DEFAULT '0' COMMENT '스테이지의 완료 등급\n\n- 0이면 아직 이 스테이지는 완료하지 않은 상태이다.\n\n- 최대 등급은 기획에 따라 그 값이 달라진다.\n',
  `top_score` int(11) NOT NULL DEFAULT '0' COMMENT '이 스테이지에서 달성한 최대 점수',
  `top_second` int(11) NOT NULL DEFAULT '0' COMMENT '이 스테이지에서 달성한 최고 시간\n\n- 대개, 완료한 가장 짧은 시간을 나타낸다.',
  `revive_instantly_count` int(11) DEFAULT '0' COMMENT '이 초월 스테이지에서 즉시 부활한 횟수',
  `update_datetime` datetime NOT NULL DEFAULT '1000-01-01 00:00:00' COMMENT '갱신일시',
  PRIMARY KEY (`character_id`,`stage_grade`)
) ENGINE=InnoDB DEFAULT CHARSET=utf8 COLLATE=utf8_unicode_ci COMMENT='캐릭터 별 초월 스테이지 성취 정보';

--
-- Dumping data for table `table_stage_transcendence_accomplishment`
--

INSERT INTO `table_stage_transcendence_accomplishment` VALUES (4,6,2,0,'2020-09-19 23:19:39',0,0,0,0,'2020-09-19 23:19:39'),(5,6,0,0,'1000-01-01 00:00:00',0,0,0,0,'2020-09-19 23:19:39');

--
-- Table structure for table `table_stage_weekly_accomplishment`
--

CREATE TABLE `table_stage_weekly_accomplishment` (
  `character_id` bigint(20) unsigned NOT NULL COMMENT '캐릭터의 ID',
  `day_of_week` tinyint(4) NOT NULL COMMENT '요일 타입\n\n- .NET Framework의 System.DayOfWeek의 값을 따른다.\n\n- 즉, 다음과 같다.\n\n Sunday = 0,\n  Monday = 1,\n  Tuesday = 2,\n  Wednesday = 3,\n  Thursday = 4,\n  Friday = 5,\n  Saturday = 6',
  `stage_grade` int(11) NOT NULL COMMENT '대상 스테이지의 등급',
  `start_datetime` datetime NOT NULL DEFAULT '1000-01-01 00:00:00' COMMENT '스테이지를 시작한 일시\n\n- 스테이지 진행 시간을 판정하기 위해 사용한다.\n\n- 즉시완료권을 사용할 때는 기록하지 않는다.',
  `clear_grade` tinyint(4) NOT NULL DEFAULT '0' COMMENT '스테이지의 완료 등급\n\n- 0이면 아직 이 스테이지는 완료하지 않은 상태이다.\n\n- 최대 등급은 기획에 따라 그 값이 달라진다.\n',
  `top_score` int(11) NOT NULL DEFAULT '0' COMMENT '이 스테이지에서 달성한 최대 점수',
  `top_second` int(11) NOT NULL DEFAULT '0' COMMENT '이 스테이지에서 달성한 최고 시간\n\n- 대개, 완료한 가장 짧은 시간을 나타낸다.',
  `update_datetime` datetime NOT NULL DEFAULT '1000-01-01 00:00:00' COMMENT '갱신일시',
  PRIMARY KEY (`character_id`,`day_of_week`,`stage_grade`)
) ENGINE=InnoDB DEFAULT CHARSET=utf8 COLLATE=utf8_unicode_ci COMMENT='캐릭터 별 요일 스테이지 성취 정보';

--
-- Dumping data for table `table_stage_weekly_accomplishment`
--

INSERT INTO `table_stage_weekly_accomplishment` VALUES (4,6,5,'2020-09-19 23:16:00',0,0,0,'2020-09-19 23:16:00'),(7,0,1,'1000-01-01 00:00:00',3,0,41,'2020-09-20 23:00:11'),(11,1,1,'1000-01-01 00:00:00',0,0,0,'2020-09-21 19:02:17');

--
-- Table structure for table `table_stage_west_accomplishment`
--

CREATE TABLE `table_stage_west_accomplishment` (
  `character_id` bigint(20) unsigned NOT NULL COMMENT '캐릭터의 ID',
  `act_number` tinyint(4) NOT NULL COMMENT '스테이지의 액트 번호',
  `stage_number_in_act` tinyint(4) NOT NULL COMMENT '스테이지 액트에서의 스테이지 번호',
  `stage_auth_number` bigint(20) unsigned NOT NULL DEFAULT '0' COMMENT '스테이지 인증번호',
  `start_datetime` datetime NOT NULL DEFAULT '1000-01-01 00:00:00' COMMENT '스테이지를 시작한 일시\n\n- 스테이지 진행 시간을 판정하기 위해 사용한다.\n\n- 즉시완료권을 사용할 때는 기록하지 않는다.',
  `clear_grade` tinyint(4) NOT NULL DEFAULT '0' COMMENT '스테이지의 완료 등급\n\n- 0이면 아직 이 스테이지는 완료하지 않은 상태이다.\n\n- 최대 등급은 기획에 따라 그 값이 달라진다.\n',
  `top_score` int(11) NOT NULL DEFAULT '0' COMMENT '이 스테이지에서 달성한 최대 점수',
  `top_second` int(11) NOT NULL DEFAULT '0' COMMENT '이 스테이지에서 달성한 최고 시간\n\n- 대개, 완료한 가장 짧은 시간을 나타낸다.',
  `update_datetime` datetime NOT NULL DEFAULT '1000-01-01 00:00:00' COMMENT '캐릭터가 해당 스테이지를 플레이할 수 있는 횟수를 초기화한 일시',
  PRIMARY KEY (`character_id`,`act_number`,`stage_number_in_act`)
) ENGINE=InnoDB DEFAULT CHARSET=utf8 COLLATE=utf8_unicode_ci COMMENT='캐릭터 별 서부 지역 스테이지 성취 정보';

--
-- Dumping data for table `table_stage_west_accomplishment`
--

INSERT INTO `table_stage_west_accomplishment` VALUES (3,1,1,7895795549313552392,'2019-09-09 17:19:16',0,0,0,'2019-09-09 17:19:16'),(6,1,1,928949132497304923,'2019-09-15 16:03:31',0,0,0,'2019-09-15 16:03:31'),(7,1,1,0,'1000-01-01 00:00:00',0,0,0,'2019-09-16 15:31:34'),(10,1,1,0,'1000-01-01 00:00:00',0,0,0,'2019-09-19 11:33:16'),(11,1,1,0,'1000-01-01 00:00:00',0,0,0,'2019-09-23 11:56:52'),(13,1,1,7138046490409653604,'2019-10-15 00:11:53',0,0,0,'2019-10-15 00:11:53'),(17,1,1,0,'1000-01-01 00:00:00',3,0,37,'2019-11-14 04:57:21'),(17,1,2,0,'1000-01-01 00:00:00',3,0,62,'2019-11-14 04:58:44'),(17,1,3,0,'1000-01-01 00:00:00',3,0,48,'2019-11-14 04:59:48'),(17,1,4,0,'1000-01-01 00:00:00',3,0,99,'2019-11-14 05:59:33'),(21,1,1,0,'1000-01-01 00:00:00',0,0,0,'2019-10-24 18:25:50'),(23,1,1,0,'1000-01-01 00:00:00',3,0,53,'2019-10-25 12:54:57'),(23,1,2,0,'1000-01-01 00:00:00',1,0,318,'2019-10-31 00:08:17'),(23,1,3,189860590820578828,'2019-10-31 13:25:25',0,0,0,'2019-10-31 13:25:25'),(24,1,1,0,'1000-01-01 00:00:00',0,0,0,'2019-10-28 11:23:48'),(27,1,1,0,'1000-01-01 00:00:00',0,0,0,'2019-11-09 16:24:02'),(31,1,1,0,'1000-01-01 00:00:00',0,0,0,'2019-10-29 20:31:36'),(33,1,1,0,'1000-01-01 00:00:00',0,0,0,'2019-10-31 11:33:01'),(37,1,1,0,'1000-01-01 00:00:00',0,0,0,'2019-10-31 13:12:38'),(41,1,1,0,'1000-01-01 00:00:00',0,0,0,'2019-11-06 16:06:37'),(44,1,1,0,'1000-01-01 00:00:00',3,0,54,'2019-10-31 15:32:28'),(44,1,2,5289660676174837054,'2019-11-06 21:58:45',3,0,77,'2019-11-06 21:58:45'),(44,1,3,0,'1000-01-01 00:00:00',0,0,0,'2019-11-06 19:33:01'),(45,1,1,0,'1000-01-01 00:00:00',0,0,0,'2019-10-31 15:09:05'),(46,1,1,0,'1000-01-01 00:00:00',3,0,96,'2019-10-31 15:38:21'),(50,1,1,0,'1000-01-01 00:00:00',0,0,0,'2019-10-31 15:33:48'),(51,1,1,0,'1000-01-01 00:00:00',0,0,0,'2019-10-31 17:16:01'),(60,1,1,0,'1000-01-01 00:00:00',0,0,0,'2019-11-06 11:54:10'),(63,1,1,0,'1000-01-01 00:00:00',0,0,0,'2019-10-31 18:57:23'),(66,1,1,0,'1000-01-01 00:00:00',1,0,254,'2019-10-31 21:18:42'),(67,1,1,0,'1000-01-01 00:00:00',0,0,0,'2019-11-01 11:13:53'),(68,1,1,0,'1000-01-01 00:00:00',0,0,0,'2019-11-01 11:23:48'),(72,1,1,0,'1000-01-01 00:00:00',0,0,0,'2019-11-01 16:10:48'),(74,1,1,0,'1000-01-01 00:00:00',0,0,0,'2019-11-01 18:09:41'),(78,1,1,0,'1000-01-01 00:00:00',0,0,0,'2019-11-04 11:27:42'),(79,1,1,0,'1000-01-01 00:00:00',0,0,0,'2019-11-04 16:00:42'),(80,1,1,0,'1000-01-01 00:00:00',3,0,62,'2019-11-04 17:33:50'),(80,1,2,0,'1000-01-01 00:00:00',0,0,0,'2019-11-04 18:20:16'),(82,1,1,0,'1000-01-01 00:00:00',0,0,0,'2019-11-04 16:29:03'),(83,1,1,0,'1000-01-01 00:00:00',0,0,0,'2019-11-04 17:12:28'),(84,1,1,0,'1000-01-01 00:00:00',0,0,0,'2019-11-04 17:52:02'),(86,1,1,0,'1000-01-01 00:00:00',0,0,0,'2019-11-05 15:47:27'),(90,1,1,0,'1000-01-01 00:00:00',0,0,0,'2019-11-05 11:26:10'),(93,1,1,0,'1000-01-01 00:00:00',3,0,117,'2019-11-06 16:18:48'),(93,1,2,0,'1000-01-01 00:00:00',0,0,0,'2019-11-06 18:47:49'),(94,1,1,0,'1000-01-01 00:00:00',0,0,0,'2019-11-05 22:24:57'),(95,1,1,0,'1000-01-01 00:00:00',0,0,0,'2019-11-08 22:05:56'),(98,1,1,0,'1000-01-01 00:00:00',0,0,0,'2019-11-06 14:41:12'),(101,1,1,0,'1000-01-01 00:00:00',0,0,0,'2019-11-07 12:06:48'),(106,1,1,0,'1000-01-01 00:00:00',0,0,0,'2019-11-13 10:45:01'),(107,1,1,0,'1000-01-01 00:00:00',3,0,35,'2019-11-14 04:47:06'),(107,1,2,0,'1000-01-01 00:00:00',3,0,54,'2019-11-14 04:49:11'),(107,1,3,0,'1000-01-01 00:00:00',3,0,46,'2019-11-14 04:50:16'),(107,1,4,0,'1000-01-01 00:00:00',1,0,674,'2019-11-14 05:02:55'),(107,1,5,0,'1000-01-01 00:00:00',3,0,58,'2019-11-14 05:04:45'),(107,1,6,0,'1000-01-01 00:00:00',3,0,59,'2019-11-14 05:06:02'),(107,1,7,0,'1000-01-01 00:00:00',3,0,58,'2019-11-14 05:07:33'),(107,1,8,0,'1000-01-01 00:00:00',3,0,89,'2019-11-14 05:09:20'),(107,1,9,0,'1000-01-01 00:00:00',3,0,83,'2019-11-14 05:11:13'),(107,1,10,0,'1000-01-01 00:00:00',3,0,72,'2019-11-14 05:13:45'),(108,1,1,0,'1000-01-01 00:00:00',0,0,0,'2019-11-14 18:12:56'),(110,1,1,0,'1000-01-01 00:00:00',0,0,0,'2019-11-18 16:09:19'),(115,1,1,0,'1000-01-01 00:00:00',0,0,0,'2019-11-25 12:28:40'),(120,1,1,0,'1000-01-01 00:00:00',0,0,0,'2019-11-28 22:49:16'),(121,1,1,0,'1000-01-01 00:00:00',0,0,0,'2019-11-29 11:12:47'),(122,1,1,0,'1000-01-01 00:00:00',0,0,0,'2019-11-29 19:03:42'),(126,1,1,0,'1000-01-01 00:00:00',0,0,0,'2019-12-04 10:44:30'),(128,1,1,5638053027333629485,'2019-12-04 19:23:54',0,0,0,'2019-12-04 19:23:54'),(134,1,1,0,'1000-01-01 00:00:00',0,0,0,'2020-02-24 12:39:16'),(139,1,1,0,'1000-01-01 00:00:00',0,0,0,'2019-12-06 18:38:44'),(142,1,1,0,'1000-01-01 00:00:00',0,0,0,'2019-12-06 18:10:55'),(144,1,1,0,'1000-01-01 00:00:00',0,0,0,'2019-12-07 00:01:09'),(145,1,1,0,'1000-01-01 00:00:00',3,0,83,'2019-12-31 00:58:30'),(145,1,2,0,'1000-01-01 00:00:00',3,0,62,'2020-05-19 17:41:09'),(148,1,1,0,'1000-01-01 00:00:00',0,0,0,'2019-12-10 16:36:09'),(151,1,1,0,'1000-01-01 00:00:00',3,0,48,'2019-12-12 21:57:13'),(153,1,1,0,'1000-01-01 00:00:00',0,0,0,'2019-12-27 12:35:24'),(156,1,1,0,'1000-01-01 00:00:00',0,0,0,'2020-01-10 18:52:07'),(158,1,1,0,'1000-01-01 00:00:00',0,0,0,'2020-01-17 17:57:27'),(160,1,1,0,'1000-01-01 00:00:00',0,0,0,'2020-02-28 16:21:09'),(165,1,1,7909519330636069527,'2020-02-21 12:18:07',0,0,0,'2020-02-21 12:18:07'),(175,1,1,0,'1000-01-01 00:00:00',0,0,0,'2020-04-13 19:47:57'),(176,1,1,0,'1000-01-01 00:00:00',3,0,73,'2020-03-12 11:01:35'),(190,1,1,0,'1000-01-01 00:00:00',0,0,0,'2020-03-12 17:33:54'),(192,1,1,0,'1000-01-01 00:00:00',0,0,0,'2020-03-12 16:37:47'),(193,1,1,0,'1000-01-01 00:00:00',0,0,0,'2020-03-18 12:14:47'),(196,1,1,0,'1000-01-01 00:00:00',3,0,41,'2020-03-16 10:52:54'),(196,1,2,0,'1000-01-01 00:00:00',3,0,81,'2020-03-16 10:53:51'),(196,1,3,0,'1000-01-01 00:00:00',3,0,106,'2020-03-16 10:54:56'),(196,1,4,0,'1000-01-01 00:00:00',0,0,0,'2020-03-16 10:56:22'),(197,1,1,0,'1000-01-01 00:00:00',0,0,0,'2020-03-12 18:26:47'),(198,1,1,0,'1000-01-01 00:00:00',3,0,54,'2020-03-17 15:03:56'),(199,1,1,0,'1000-01-01 00:00:00',3,0,69,'2020-03-16 16:44:06'),(201,1,1,0,'1000-01-01 00:00:00',3,0,75,'2020-03-13 14:11:49'),(201,1,2,0,'1000-01-01 00:00:00',0,0,0,'2020-03-13 14:12:42'),(203,1,1,0,'1000-01-01 00:00:00',3,0,56,'2020-03-13 18:38:03'),(203,1,2,6124578216881840910,'2020-03-13 19:03:55',3,0,137,'2020-03-13 19:03:55'),(204,1,1,0,'1000-01-01 00:00:00',0,0,0,'2020-03-13 13:35:38'),(205,1,1,0,'1000-01-01 00:00:00',0,0,0,'2020-03-13 17:12:36'),(209,1,1,0,'1000-01-01 00:00:00',3,0,56,'2020-03-15 23:01:41'),(209,1,2,0,'1000-01-01 00:00:00',0,0,0,'2020-03-15 22:03:03'),(211,1,1,0,'1000-01-01 00:00:00',0,0,0,'2020-03-14 23:46:12'),(212,1,1,4906162254837705094,'2020-03-15 17:33:06',0,0,0,'2020-03-15 17:33:06'),(214,1,1,0,'1000-01-01 00:00:00',0,0,0,'2020-03-16 11:17:03'),(222,1,1,0,'1000-01-01 00:00:00',0,0,0,'2020-03-17 11:51:57'),(226,1,1,0,'1000-01-01 00:00:00',0,0,0,'2020-03-20 17:49:52'),(227,1,1,2395273377245694876,'2020-04-14 14:50:05',0,0,0,'2020-04-14 14:50:05'),(229,1,1,0,'1000-01-01 00:00:00',3,0,94,'2020-04-20 15:37:12'),(230,1,1,0,'1000-01-01 00:00:00',0,0,0,'2020-03-31 18:25:55'),(232,1,1,0,'1000-01-01 00:00:00',3,0,51,'2020-03-31 20:45:37'),(234,1,1,0,'1000-01-01 00:00:00',3,0,91,'2020-04-01 11:02:24'),(234,1,2,0,'1000-01-01 00:00:00',0,0,0,'2020-04-01 10:40:37'),(236,1,1,0,'1000-01-01 00:00:00',3,0,91,'2020-04-01 12:44:33'),(236,1,2,0,'1000-01-01 00:00:00',0,0,0,'2020-04-01 17:18:45'),(237,1,1,0,'1000-01-01 00:00:00',0,0,0,'2020-04-01 10:47:11'),(238,1,1,0,'1000-01-01 00:00:00',3,0,53,'2020-04-13 14:27:37'),(238,1,2,0,'1000-01-01 00:00:00',0,0,0,'2020-04-13 15:07:45'),(239,1,1,0,'1000-01-01 00:00:00',3,0,62,'2020-04-01 18:28:45'),(239,1,2,0,'1000-01-01 00:00:00',3,0,94,'2020-04-03 14:02:10'),(241,1,1,0,'1000-01-01 00:00:00',3,0,75,'2020-04-01 15:05:11'),(241,1,2,0,'1000-01-01 00:00:00',3,0,91,'2020-04-03 14:10:40'),(241,1,3,0,'1000-01-01 00:00:00',3,0,155,'2020-04-03 14:14:22'),(241,1,4,0,'1000-01-01 00:00:00',0,0,0,'2020-04-03 14:29:37'),(242,1,1,0,'1000-01-01 00:00:00',3,0,41,'2020-04-01 14:41:08'),(244,1,1,0,'1000-01-01 00:00:00',3,0,59,'2020-04-01 16:57:29'),(244,1,2,0,'1000-01-01 00:00:00',0,0,0,'2020-04-02 14:17:42'),(250,1,1,0,'1000-01-01 00:00:00',3,0,171,'2020-04-01 22:25:15'),(254,1,1,0,'1000-01-01 00:00:00',3,0,45,'2020-04-01 18:17:18'),(254,1,2,0,'1000-01-01 00:00:00',3,0,101,'2020-04-01 18:19:48'),(254,1,3,0,'1000-01-01 00:00:00',3,0,46,'2020-04-02 16:45:58'),(254,1,4,0,'1000-01-01 00:00:00',3,0,79,'2020-04-02 16:47:34'),(254,1,5,0,'1000-01-01 00:00:00',3,0,99,'2020-04-03 10:46:57'),(266,1,1,0,'1000-01-01 00:00:00',3,0,87,'2020-04-02 17:56:51'),(272,1,1,0,'1000-01-01 00:00:00',3,0,81,'2020-04-14 15:36:17'),(272,1,2,0,'1000-01-01 00:00:00',0,0,0,'2020-04-14 17:31:33'),(273,1,1,0,'1000-01-01 00:00:00',3,0,49,'2020-04-18 16:43:17'),(273,1,2,0,'1000-01-01 00:00:00',3,0,111,'2020-04-18 16:45:28'),(273,1,3,0,'1000-01-01 00:00:00',3,0,63,'2020-04-19 02:49:55'),(273,1,4,0,'1000-01-01 00:00:00',3,0,121,'2020-04-19 02:52:11'),(273,1,5,0,'1000-01-01 00:00:00',2,0,191,'2020-04-19 02:57:17'),(275,1,1,0,'1000-01-01 00:00:00',3,0,55,'2020-04-16 14:56:44'),(275,1,2,0,'1000-01-01 00:00:00',3,0,101,'2020-04-16 18:13:17'),(275,1,3,0,'1000-01-01 00:00:00',0,0,0,'2020-04-16 18:13:57'),(283,1,1,5109404919092145217,'2020-04-21 15:31:08',0,0,0,'2020-04-21 15:31:08'),(288,1,1,0,'1000-01-01 00:00:00',3,0,58,'2020-06-03 14:03:53'),(290,1,1,0,'1000-01-01 00:00:00',3,0,56,'2020-04-29 20:40:59'),(290,1,2,2320811718044052042,'2020-04-29 20:43:58',0,0,0,'2020-04-29 20:43:58'),(291,1,1,0,'1000-01-01 00:00:00',0,0,0,'2020-05-09 22:53:43'),(294,1,1,3490201963121732251,'2020-04-25 11:44:16',0,0,0,'2020-04-25 11:44:16'),(302,1,1,0,'1000-01-01 00:00:00',0,0,0,'2020-04-30 18:31:32'),(307,1,1,0,'1000-01-01 00:00:00',0,0,0,'2020-05-27 18:33:02'),(310,1,1,0,'1000-01-01 00:00:00',3,0,44,'2020-05-28 10:30:59'),(310,1,2,0,'1000-01-01 00:00:00',3,0,66,'2020-05-28 10:32:31'),(310,1,3,0,'1000-01-01 00:00:00',3,0,54,'2020-05-28 10:37:09'),(310,1,4,0,'1000-01-01 00:00:00',3,0,66,'2020-07-13 17:53:47'),(320,1,1,0,'1000-01-01 00:00:00',3,0,82,'2020-07-02 19:49:04'),(320,1,2,0,'1000-01-01 00:00:00',3,0,160,'2020-07-02 19:55:37'),(333,1,1,0,'1000-01-01 00:00:00',3,0,111,'2020-06-18 16:11:04'),(338,1,1,3060171806711215496,'2020-06-25 15:40:30',3,0,34,'2020-06-25 15:40:30'),(338,1,2,0,'1000-01-01 00:00:00',3,0,59,'2020-06-25 13:45:46'),(338,1,3,0,'1000-01-01 00:00:00',3,0,50,'2020-06-25 13:46:54'),(338,1,4,0,'1000-01-01 00:00:00',3,0,59,'2020-06-25 13:48:57'),(338,1,5,0,'1000-01-01 00:00:00',3,0,64,'2020-06-25 14:16:41'),(338,1,6,0,'1000-01-01 00:00:00',3,0,65,'2020-06-25 14:19:37'),(338,1,7,0,'1000-01-01 00:00:00',3,0,65,'2020-06-25 14:21:11'),(338,1,8,0,'1000-01-01 00:00:00',3,0,141,'2020-06-25 14:22:15'),(338,1,9,0,'1000-01-01 00:00:00',3,0,110,'2020-06-25 14:23:37'),(338,1,10,0,'1000-01-01 00:00:00',3,0,103,'2020-06-25 14:24:02'),(341,1,1,8388649791699686994,'2020-06-16 16:56:46',0,0,0,'2020-06-16 16:56:46'),(345,1,1,0,'1000-01-01 00:00:00',0,0,0,'2020-06-19 12:43:23'),(436,1,1,0,'1000-01-01 00:00:00',3,0,40,'2020-07-29 12:22:05'),(436,1,2,0,'1000-01-01 00:00:00',3,0,55,'2020-07-29 12:23:29'),(436,1,3,0,'1000-01-01 00:00:00',3,0,42,'2020-07-29 12:25:24'),(436,1,4,0,'1000-01-01 00:00:00',3,0,68,'2020-07-29 12:26:52'),(436,1,5,0,'1000-01-01 00:00:00',3,0,89,'2020-07-29 12:28:38'),(436,1,6,0,'1000-01-01 00:00:00',3,0,89,'2020-07-29 14:03:14'),(436,1,7,0,'1000-01-01 00:00:00',3,0,127,'2020-07-29 14:05:42'),(436,1,8,0,'1000-01-01 00:00:00',2,0,186,'2020-07-29 15:49:17'),(436,1,9,0,'1000-01-01 00:00:00',1,0,218,'2020-08-07 17:06:00'),(436,1,10,0,'1000-01-01 00:00:00',3,0,105,'2020-07-29 15:56:22'),(458,1,1,0,'1000-01-01 00:00:00',3,0,48,'2020-07-31 18:00:42');

--
-- Table structure for table `table_stage_west_act_record`
--

CREATE TABLE `table_stage_west_act_record` (
  `character_id` bigint(20) unsigned NOT NULL COMMENT '캐릭터 ID',
  `act_number` tinyint(4) NOT NULL COMMENT '액트 번호',
  `repeat_count` int(11) NOT NULL DEFAULT '0' COMMENT '현재까지 누적된 반복횟수\n\n- 반복횟수는 보상을 받을 때마다, 보상을 지급하는 반복 횟수의 단위만큼 차감한다.\n: 이는 이 필드의 값이 0이 되거나, 혹은 더 이상 보상을 지급할 수 있는 반복 횟수 단위에 미치지 못하게 될 때까지 반복한다.',
  `is_rewarded_first_repetition` tinyint(1) NOT NULL DEFAULT '0' COMMENT '첫 번째 반복인지 여부\n\n- 반복 보상을 처음으로 받는 경우와, 그 이후에 받는 경우의 보상 지급 방식이 다르다.',
  `update_datetime` datetime NOT NULL DEFAULT '1000-01-01 00:00:00' COMMENT '갱신 일시',
  PRIMARY KEY (`character_id`,`act_number`)
) ENGINE=InnoDB DEFAULT CHARSET=utf8 COLLATE=utf8_unicode_ci COMMENT='캐릭터 별 서부 지역 스테이지의 액트 기록 정보';

--
-- Dumping data for table `table_stage_west_act_record`
--

INSERT INTO `table_stage_west_act_record` VALUES (1,1,0,0,'2020-06-03 23:38:39'),(3,1,0,0,'2019-09-09 17:17:54'),(5,1,0,0,'2019-09-10 03:23:48'),(6,1,0,0,'2019-09-15 16:03:24'),(7,1,0,0,'2019-09-16 15:30:52'),(9,1,0,0,'2019-09-16 22:47:16'),(10,1,0,0,'2019-09-19 11:32:50'),(11,1,0,0,'2019-09-23 11:53:24'),(13,1,0,0,'2019-10-05 13:28:08'),(17,1,4,0,'2019-11-14 05:59:33'),(21,1,0,0,'2019-10-24 18:23:54'),(23,1,2,1,'2019-10-31 00:08:17'),(24,1,0,0,'2019-10-28 11:23:14'),(27,1,0,0,'2019-11-09 16:22:26'),(30,1,0,0,'2019-11-04 11:03:20'),(31,1,0,0,'2019-10-29 20:31:03'),(33,1,0,0,'2019-10-31 11:32:36'),(37,1,0,0,'2019-10-31 12:57:32'),(40,1,0,0,'2019-11-01 15:02:59'),(41,1,0,0,'2019-10-31 13:36:22'),(44,1,79,0,'2019-11-06 21:58:37'),(45,1,0,0,'2019-10-31 15:08:35'),(46,1,1,0,'2019-10-31 15:38:21'),(50,1,0,0,'2019-10-31 15:33:11'),(51,1,0,0,'2019-10-31 17:15:24'),(52,1,0,0,'2019-10-31 16:12:29'),(54,1,0,0,'2019-10-31 16:37:56'),(57,1,0,0,'2019-11-01 12:04:05'),(58,1,0,0,'2019-10-31 18:02:44'),(60,1,0,0,'2019-11-06 11:52:54'),(61,1,0,0,'2019-10-31 17:53:18'),(63,1,0,0,'2019-10-31 18:56:55'),(64,1,0,0,'2019-10-31 19:12:20'),(66,1,1,0,'2019-10-31 21:18:42'),(67,1,0,0,'2019-11-01 11:12:42'),(68,1,0,0,'2019-11-01 11:23:26'),(69,1,0,0,'2019-11-01 11:38:08'),(71,1,0,0,'2019-11-01 11:54:02'),(72,1,0,0,'2019-11-01 16:10:25'),(74,1,0,0,'2019-11-01 18:08:42'),(75,1,0,0,'2019-11-01 19:08:04'),(77,1,0,0,'2019-11-06 17:00:16'),(78,1,0,0,'2019-11-04 11:27:22'),(79,1,0,0,'2019-11-04 12:06:16'),(80,1,9,0,'2019-11-04 17:33:50'),(81,1,0,0,'2019-11-04 14:52:21'),(82,1,0,0,'2019-11-04 16:21:45'),(83,1,0,0,'2019-11-04 17:11:58'),(84,1,0,0,'2019-11-04 17:43:13'),(86,1,0,0,'2019-11-04 19:30:06'),(88,1,0,0,'2019-11-04 21:31:13'),(89,1,0,0,'2019-11-05 10:52:57'),(90,1,0,0,'2019-11-05 11:24:19'),(93,1,1,0,'2019-11-06 16:18:48'),(94,1,0,0,'2019-11-05 22:22:06'),(95,1,0,0,'2019-11-06 08:34:28'),(97,1,0,0,'2019-11-06 12:04:09'),(98,1,0,0,'2019-11-06 14:40:36'),(101,1,0,0,'2019-11-07 12:02:51'),(103,1,0,0,'2019-11-08 10:50:22'),(106,1,0,0,'2019-11-13 10:43:09'),(107,1,3,1,'2019-11-14 05:13:45'),(108,1,0,0,'2019-11-14 18:12:10'),(110,1,0,0,'2019-11-18 16:08:45'),(115,1,0,0,'2019-11-25 12:28:19'),(120,1,0,0,'2019-11-28 22:48:51'),(121,1,0,0,'2019-11-29 11:05:35'),(122,1,0,0,'2019-11-29 18:59:21'),(123,1,0,0,'2019-12-04 12:26:51'),(125,1,0,0,'2019-12-03 13:04:22'),(126,1,0,0,'2019-12-04 10:44:10'),(128,1,0,0,'2019-12-03 19:45:49'),(134,1,0,0,'2019-12-05 22:09:23'),(138,1,0,0,'2019-12-06 17:20:29'),(139,1,0,0,'2019-12-06 18:38:21'),(140,1,0,0,'2019-12-09 11:22:37'),(142,1,0,0,'2019-12-06 18:10:34'),(144,1,0,0,'2019-12-07 00:00:37'),(145,1,2,0,'2020-05-19 17:41:09'),(146,1,0,0,'2019-12-09 11:27:09'),(148,1,0,0,'2019-12-10 16:35:38'),(150,1,0,0,'2019-12-12 21:35:36'),(151,1,1,0,'2019-12-12 21:57:13'),(152,1,0,0,'2019-12-12 22:18:37'),(153,1,0,0,'2019-12-27 12:35:02'),(156,1,0,0,'2020-01-06 02:43:07'),(158,1,0,0,'2020-01-17 17:56:58'),(160,1,0,0,'2020-02-12 07:24:24'),(165,1,0,0,'2020-02-21 12:18:02'),(166,1,0,0,'2020-02-19 20:19:55'),(175,1,0,0,'2020-03-11 14:35:33'),(176,1,0,1,'2020-03-13 14:38:02'),(183,1,0,0,'2020-03-11 21:58:56'),(188,1,0,0,'2020-03-12 16:09:14'),(189,1,0,0,'2020-03-12 16:22:33'),(190,1,0,0,'2020-03-12 17:31:54'),(192,1,0,0,'2020-03-12 16:27:25'),(193,1,0,0,'2020-03-18 12:14:20'),(194,1,0,0,'2020-03-12 16:55:28'),(195,1,0,0,'2020-03-12 18:40:31'),(196,1,3,0,'2020-03-16 10:54:56'),(197,1,0,0,'2020-03-12 18:26:25'),(198,1,1,0,'2020-03-17 15:03:56'),(199,1,1,0,'2020-03-16 16:44:06'),(201,1,1,0,'2020-03-13 14:11:49'),(203,1,2,1,'2020-03-13 19:04:07'),(204,1,0,0,'2020-03-13 13:25:41'),(205,1,0,0,'2020-03-13 16:56:04'),(209,1,2,1,'2020-03-15 23:01:41'),(210,1,0,0,'2020-05-15 02:45:33'),(211,1,0,0,'2020-03-14 23:45:55'),(212,1,0,0,'2020-03-15 17:33:03'),(213,1,0,0,'2020-03-16 12:39:42'),(214,1,0,0,'2020-03-16 11:16:29'),(217,1,0,0,'2020-03-17 14:19:05'),(218,1,0,0,'2020-03-17 12:22:55'),(219,1,0,0,'2020-03-17 15:03:06'),(222,1,0,0,'2020-03-17 11:51:26'),(223,1,0,0,'2020-03-17 15:09:11'),(224,1,0,0,'2020-03-17 18:58:50'),(226,1,0,0,'2020-03-20 17:49:07'),(227,1,0,0,'2020-04-03 01:16:47'),(229,1,1,0,'2020-04-20 15:37:12'),(230,1,0,0,'2020-03-31 16:43:18'),(231,1,0,0,'2020-03-31 17:10:21'),(232,1,1,0,'2020-03-31 20:45:37'),(233,1,0,0,'2020-03-31 19:34:31'),(234,1,2,1,'2020-04-01 11:02:24'),(235,1,0,0,'2020-04-01 14:15:10'),(236,1,1,0,'2020-04-01 12:44:33'),(237,1,0,0,'2020-04-01 10:46:05'),(238,1,0,1,'2020-04-13 14:35:52'),(239,1,4,1,'2020-04-03 14:02:10'),(241,1,0,1,'2020-04-03 14:29:09'),(242,1,1,0,'2020-04-01 14:41:08'),(243,1,0,0,'2020-04-01 10:51:55'),(244,1,1,1,'2020-04-02 14:16:54'),(247,1,0,0,'2020-04-01 10:56:45'),(250,1,1,0,'2020-04-01 22:25:15'),(254,1,4,1,'2020-04-03 10:46:57'),(257,1,0,0,'2020-04-01 11:56:24'),(258,1,0,0,'2020-04-01 13:56:07'),(266,1,1,0,'2020-04-02 17:56:51'),(272,1,0,1,'2020-04-14 17:29:47'),(273,1,1,1,'2020-04-19 02:57:17'),(275,1,1,1,'2020-04-16 18:13:17'),(283,1,0,0,'2020-04-21 15:28:44'),(284,1,0,0,'2020-04-21 16:00:08'),(288,1,1,0,'2020-06-03 14:03:53'),(290,1,1,0,'2020-04-29 20:40:59'),(291,1,0,0,'2020-05-04 22:36:14'),(292,1,0,0,'2020-04-24 12:06:11'),(294,1,0,0,'2020-04-25 11:44:11'),(297,1,0,0,'2020-04-25 15:39:34'),(302,1,0,0,'2020-04-30 18:19:44'),(307,1,0,0,'2020-05-08 14:16:12'),(309,1,0,0,'2020-05-24 00:15:56'),(310,1,4,0,'2020-07-13 17:53:47'),(312,1,0,0,'2020-05-25 14:35:09'),(316,1,0,0,'2020-05-29 16:18:35'),(320,1,2,0,'2020-07-02 19:55:37'),(333,1,1,0,'2020-06-18 16:11:04'),(334,1,0,0,'2020-06-15 13:31:00'),(338,1,0,1,'2020-06-25 14:24:28'),(341,1,0,0,'2020-06-16 16:56:40'),(345,1,0,0,'2020-06-19 12:42:41'),(423,1,0,0,'2020-07-09 17:17:47'),(436,1,7,1,'2020-08-07 17:06:00'),(458,1,1,0,'2020-07-31 18:00:42'),(465,1,0,0,'2020-07-31 18:54:22'),(473,1,0,0,'2020-07-30 15:44:52');

--
-- Table structure for table `table_story`
--

CREATE TABLE `table_story` (
  `character_id` bigint(20) unsigned NOT NULL COMMENT '캐릭터 ID',
  `story_code` int(11) NOT NULL COMMENT '스토리의 타입 식별 코드',
  `completed_datetime` datetime NOT NULL DEFAULT '1000-01-01 00:00:00' COMMENT '완료한 일시',
  PRIMARY KEY (`character_id`,`story_code`)
) ENGINE=InnoDB DEFAULT CHARSET=utf8 COLLATE=utf8_unicode_ci COMMENT='캐릭터 별 스토리 진행 정보';

--
-- Dumping data for table `table_story`
--

INSERT INTO `table_story` VALUES (1,1030101,'2020-09-22 00:27:09');

--
-- Table structure for table `table_tutorial`
--

CREATE TABLE `table_tutorial` (
  `character_id` bigint(20) unsigned NOT NULL,
  `tutorial_code` int(11) NOT NULL,
  `completed_datetime` datetime NOT NULL DEFAULT '1000-01-01 00:00:00',
  PRIMARY KEY (`character_id`,`tutorial_code`)
) ENGINE=InnoDB DEFAULT CHARSET=utf8 COLLATE=utf8_unicode_ci COMMENT='캐릭터 별 튜토리얼 진행 정보';

--
-- Dumping data for table `table_tutorial`
--

INSERT INTO `table_tutorial` VALUES (1,1000001,'2020-09-19 12:50:47'),(1,1000002,'2020-09-19 12:50:47'),(1,1000003,'2020-09-19 12:50:47'),(1,1000004,'2020-09-19 12:50:47'),(1,1000005,'2020-09-19 12:50:47'),(1,1000006,'2020-09-19 12:50:47'),(1,1000007,'2020-09-19 12:50:47'),(1,1000008,'2020-09-19 12:50:47'),(1,1000009,'2020-09-19 12:50:47'),(1,1000010,'2020-09-19 13:01:30'),(1,1000011,'2020-09-19 13:01:30'),(1,1000012,'2020-09-19 13:01:30'),(1,1000013,'2020-09-19 13:01:30'),(1,1000014,'2020-09-19 13:01:30'),(1,1000015,'2020-09-19 13:01:30'),(1,1000016,'2020-09-19 13:01:30'),(1,1000017,'2020-09-19 13:01:30'),(1,1000018,'2020-09-19 13:01:30'),(1,1000019,'2020-09-19 13:01:30'),(1,1000020,'2020-09-19 13:01:30'),(1,1000021,'2020-09-19 13:01:30'),(1,1000022,'2020-09-19 13:01:30'),(1,1000023,'2020-09-19 13:01:30'),(1,1000024,'2020-09-19 13:01:30'),(1,1000025,'2020-09-19 13:01:30'),(1,1000026,'2020-09-19 13:01:37'),(1,1000027,'2020-09-19 13:01:40'),(1,1000028,'2020-09-19 13:01:40'),(1,1000029,'2020-09-19 13:01:40'),(1,1000030,'2020-09-19 13:01:40'),(1,1000031,'2020-09-19 13:01:47'),(1,1000032,'2020-09-19 13:01:47'),(1,1000033,'2020-09-19 13:01:47'),(1,1000034,'2020-09-19 13:01:47'),(1,1000035,'2020-09-19 13:01:47'),(1,1000036,'2020-09-19 13:01:47'),(1,1000037,'2020-09-19 13:01:47'),(1,1000038,'2020-09-19 13:03:00'),(1,1000039,'2020-09-19 13:03:00'),(1,1000040,'2020-09-19 13:03:00'),(1,1000041,'2020-09-19 13:03:00'),(1,1000042,'2020-09-19 13:03:00'),(1,1000043,'2020-09-19 13:03:00'),(1,1000044,'2020-09-19 13:03:00'),(1,1000045,'2020-09-19 13:03:00'),(1,1000046,'2020-09-19 13:03:00'),(1,1000047,'2020-09-19 13:03:00'),(1,1000048,'2020-09-19 13:03:00'),(1,1000049,'2020-09-19 13:03:00'),(1,1000050,'2020-09-19 13:03:00'),(1,1000051,'2020-09-19 13:03:00'),(1,1000052,'2020-09-19 13:03:00'),(1,1000053,'2020-09-19 13:03:00'),(1,1000054,'2020-09-19 13:03:00'),(1,1000055,'2020-09-19 13:03:00'),(1,1000056,'2020-09-19 13:03:08'),(2,1000001,'2020-09-19 13:10:46'),(2,1000002,'2020-09-19 13:10:46'),(2,1000003,'2020-09-19 13:10:46'),(2,1000004,'2020-09-19 13:10:46'),(2,1000005,'2020-09-19 13:10:46'),(2,1000006,'2020-09-19 13:10:46'),(2,1000007,'2020-09-19 13:10:46'),(2,1000008,'2020-09-19 13:10:46'),(2,1000009,'2020-09-19 13:10:46'),(2,1000010,'2020-09-19 13:12:58'),(2,1000011,'2020-09-19 13:12:58'),(2,1000012,'2020-09-19 13:12:58'),(2,1000013,'2020-09-19 13:12:58'),(2,1000014,'2020-09-19 13:12:58'),(2,1000015,'2020-09-19 13:12:58'),(2,1000016,'2020-09-19 13:12:58'),(2,1000017,'2020-09-19 13:12:58'),(2,1000018,'2020-09-19 13:12:58'),(2,1000019,'2020-09-19 13:12:58'),(2,1000020,'2020-09-19 13:12:58'),(2,1000021,'2020-09-19 13:12:58'),(2,1000022,'2020-09-19 13:12:58'),(2,1000023,'2020-09-19 13:12:58'),(2,1000024,'2020-09-19 13:12:58'),(2,1000025,'2020-09-19 13:12:58'),(2,1000026,'2020-09-19 13:13:37'),(2,1000027,'2020-09-19 13:13:44'),(2,1000028,'2020-09-19 13:13:44'),(2,1000029,'2020-09-19 13:13:44'),(2,1000030,'2020-09-19 13:13:44'),(2,1000031,'2020-09-19 13:13:56'),(2,1000032,'2020-09-19 13:13:56'),(2,1000033,'2020-09-19 13:13:56'),(2,1000034,'2020-09-19 13:13:56'),(2,1000035,'2020-09-19 13:13:56'),(2,1000036,'2020-09-19 13:13:56'),(2,1000037,'2020-09-19 13:13:56'),(2,1000038,'2020-09-19 13:15:12'),(2,1000039,'2020-09-19 13:15:12'),(2,1000040,'2020-09-19 13:15:12'),(2,1000041,'2020-09-19 13:15:12'),(2,1000042,'2020-09-19 13:15:12'),(2,1000043,'2020-09-19 13:15:12'),(2,1000044,'2020-09-19 13:15:12'),(2,1000045,'2020-09-19 13:15:12'),(2,1000046,'2020-09-19 13:15:12'),(2,1000047,'2020-09-19 13:15:12'),(2,1000048,'2020-09-19 13:15:12'),(2,1000049,'2020-09-19 13:15:12'),(2,1000050,'2020-09-19 13:15:12'),(2,1000051,'2020-09-19 13:15:12'),(2,1000052,'2020-09-19 13:15:12'),(2,1000053,'2020-09-19 13:15:12'),(2,1000054,'2020-09-19 13:15:12'),(2,1000055,'2020-09-19 13:15:12'),(2,1000056,'2020-09-19 13:15:20'),(3,1000001,'2020-09-19 14:19:05'),(3,1000002,'2020-09-19 14:19:05'),(3,1000003,'2020-09-19 14:19:05'),(3,1000004,'2020-09-19 14:19:05'),(3,1000005,'2020-09-19 14:19:05'),(3,1000006,'2020-09-19 14:19:05'),(3,1000007,'2020-09-19 14:19:05'),(3,1000008,'2020-09-19 14:19:05'),(3,1000009,'2020-09-19 14:19:05'),(3,1000010,'2020-09-19 14:24:36'),(3,1000011,'2020-09-19 14:24:36'),(3,1000012,'2020-09-19 14:24:36'),(3,1000013,'2020-09-19 14:24:36'),(3,1000014,'2020-09-19 14:24:36'),(3,1000015,'2020-09-19 14:24:36'),(3,1000016,'2020-09-19 14:24:36'),(3,1000017,'2020-09-19 14:24:36'),(3,1000018,'2020-09-19 14:24:36'),(3,1000019,'2020-09-19 14:24:36'),(3,1000020,'2020-09-19 14:24:36'),(3,1000021,'2020-09-19 14:24:36'),(3,1000022,'2020-09-19 14:24:36'),(3,1000023,'2020-09-19 14:24:36'),(3,1000024,'2020-09-19 14:24:36'),(3,1000025,'2020-09-19 14:24:36'),(3,1000026,'2020-09-19 14:24:45'),(3,1000027,'2020-09-19 14:24:49'),(3,1000028,'2020-09-19 14:24:49'),(3,1000029,'2020-09-19 14:24:49'),(3,1000030,'2020-09-19 14:24:49'),(3,1000031,'2020-09-19 14:24:59'),(3,1000032,'2020-09-19 14:24:59'),(3,1000033,'2020-09-19 14:24:59'),(3,1000034,'2020-09-19 14:24:59'),(3,1000035,'2020-09-19 14:24:59'),(3,1000036,'2020-09-19 14:24:59'),(3,1000037,'2020-09-19 14:24:59'),(3,1000038,'2020-09-19 14:27:13'),(3,1000039,'2020-09-19 14:27:13'),(3,1000040,'2020-09-19 14:27:13'),(3,1000041,'2020-09-19 14:27:13'),(3,1000042,'2020-09-19 14:27:13'),(3,1000043,'2020-09-19 14:27:13'),(3,1000044,'2020-09-19 14:27:13'),(3,1000045,'2020-09-19 14:27:13'),(3,1000046,'2020-09-19 14:27:13'),(3,1000047,'2020-09-19 14:27:13'),(3,1000048,'2020-09-19 14:27:13'),(3,1000049,'2020-09-19 14:27:13'),(3,1000050,'2020-09-19 14:27:13'),(3,1000051,'2020-09-19 14:27:13'),(3,1000052,'2020-09-19 14:27:13'),(3,1000053,'2020-09-19 14:27:13'),(3,1000054,'2020-09-19 14:27:13'),(3,1000055,'2020-09-19 14:27:13'),(3,1000056,'2020-09-19 14:27:20'),(4,1000001,'2020-09-19 14:40:00'),(4,1000002,'2020-09-19 14:40:00'),(4,1000003,'2020-09-19 14:40:00'),(4,1000004,'2020-09-19 14:40:00'),(4,1000005,'2020-09-19 14:40:00'),(4,1000006,'2020-09-19 14:40:00'),(4,1000007,'2020-09-19 14:40:00'),(4,1000008,'2020-09-19 14:40:00'),(4,1000009,'2020-09-19 14:40:00'),(4,1000010,'2020-09-19 14:41:49'),(4,1000011,'2020-09-19 14:41:49'),(4,1000012,'2020-09-19 14:41:49'),(4,1000013,'2020-09-19 14:41:49'),(4,1000014,'2020-09-19 14:41:49'),(4,1000015,'2020-09-19 14:41:49'),(4,1000016,'2020-09-19 14:41:49'),(4,1000017,'2020-09-19 14:41:49'),(4,1000018,'2020-09-19 14:41:49'),(4,1000019,'2020-09-19 14:41:49'),(4,1000020,'2020-09-19 14:41:49'),(4,1000021,'2020-09-19 14:41:49'),(4,1000022,'2020-09-19 14:41:49'),(4,1000023,'2020-09-19 14:41:49'),(4,1000024,'2020-09-19 14:41:49'),(4,1000025,'2020-09-19 14:41:49'),(4,1000026,'2020-09-19 14:42:08'),(4,1000027,'2020-09-19 14:42:13'),(4,1000028,'2020-09-19 14:42:13'),(4,1000029,'2020-09-19 14:42:13'),(4,1000030,'2020-09-19 14:42:13'),(4,1000031,'2020-09-19 14:42:26'),(4,1000032,'2020-09-19 14:42:26'),(4,1000033,'2020-09-19 14:42:26'),(4,1000034,'2020-09-19 14:42:26'),(4,1000035,'2020-09-19 14:42:26'),(4,1000036,'2020-09-19 14:42:26'),(4,1000037,'2020-09-19 14:42:26'),(4,1000038,'2020-09-19 16:43:11'),(4,1000039,'2020-09-19 16:43:11'),(4,1000040,'2020-09-19 16:43:11'),(4,1000041,'2020-09-19 16:43:11'),(4,1000042,'2020-09-19 16:43:11'),(4,1000043,'2020-09-19 16:43:11'),(4,1000044,'2020-09-19 16:43:11'),(4,1000045,'2020-09-19 16:43:11'),(4,1000046,'2020-09-19 16:43:11'),(4,1000047,'2020-09-19 16:43:11'),(4,1000048,'2020-09-19 16:43:11'),(4,1000049,'2020-09-19 16:43:11'),(4,1000050,'2020-09-19 16:43:11'),(4,1000051,'2020-09-19 16:43:11'),(4,1000052,'2020-09-19 16:43:11'),(4,1000053,'2020-09-19 16:43:11'),(4,1000054,'2020-09-19 16:43:11'),(4,1000055,'2020-09-19 16:43:11'),(4,1000056,'2020-09-19 16:43:18'),(5,1000001,'2020-09-19 15:36:01'),(5,1000002,'2020-09-19 15:36:01'),(5,1000003,'2020-09-19 15:36:01'),(5,1000004,'2020-09-19 15:36:01'),(5,1000005,'2020-09-19 15:36:01'),(5,1000006,'2020-09-19 15:36:01'),(5,1000007,'2020-09-19 15:36:01'),(5,1000008,'2020-09-19 15:36:01'),(5,1000009,'2020-09-19 15:36:01'),(5,1000010,'2020-09-19 15:36:01'),(5,1000011,'2020-09-19 15:36:01'),(5,1000012,'2020-09-19 15:36:01'),(5,1000013,'2020-09-19 15:36:01'),(5,1000014,'2020-09-19 15:36:01'),(5,1000015,'2020-09-19 15:36:01'),(5,1000016,'2020-09-19 15:36:01'),(5,1000017,'2020-09-19 15:36:01'),(5,1000018,'2020-09-19 15:36:01'),(5,1000019,'2020-09-19 15:36:01'),(5,1000020,'2020-09-19 15:36:01'),(5,1000021,'2020-09-19 15:36:01'),(5,1000022,'2020-09-19 15:36:01'),(5,1000023,'2020-09-19 15:36:01'),(5,1000024,'2020-09-19 15:36:01'),(5,1000025,'2020-09-19 15:36:01'),(5,1000026,'2020-09-19 15:36:01'),(5,1000027,'2020-09-19 15:36:01'),(5,1000028,'2020-09-19 15:36:01'),(5,1000029,'2020-09-19 15:36:01'),(5,1000030,'2020-09-19 15:36:01'),(5,1000031,'2020-09-19 15:36:01'),(5,1000032,'2020-09-19 15:36:01'),(5,1000033,'2020-09-19 15:36:01'),(5,1000034,'2020-09-19 15:36:01'),(5,1000035,'2020-09-19 15:36:01'),(5,1000036,'2020-09-19 15:36:01'),(5,1000037,'2020-09-19 15:36:01'),(5,1000038,'2020-09-19 15:36:01'),(5,1000039,'2020-09-19 15:36:01'),(5,1000040,'2020-09-19 15:36:01'),(5,1000041,'2020-09-19 15:36:01'),(5,1000042,'2020-09-19 15:36:01'),(5,1000043,'2020-09-19 15:36:01'),(5,1000044,'2020-09-19 15:36:01'),(5,1000045,'2020-09-19 15:36:01'),(5,1000046,'2020-09-19 15:36:01'),(5,1000047,'2020-09-19 15:36:01'),(5,1000048,'2020-09-19 15:36:01'),(5,1000049,'2020-09-19 15:36:01'),(5,1000050,'2020-09-19 15:36:01'),(5,1000051,'2020-09-19 15:36:01'),(5,1000052,'2020-09-19 15:36:01'),(5,1000053,'2020-09-19 15:36:01'),(5,1000054,'2020-09-19 15:36:01'),(5,1000055,'2020-09-19 15:36:01'),(5,1000056,'2020-09-19 15:36:01'),(6,1000001,'2020-09-19 20:40:33'),(6,1000002,'2020-09-19 20:40:33'),(6,1000003,'2020-09-19 20:40:33'),(6,1000004,'2020-09-19 20:40:33'),(6,1000005,'2020-09-19 20:40:33'),(6,1000006,'2020-09-19 20:40:33'),(6,1000007,'2020-09-19 20:40:33'),(6,1000008,'2020-09-19 20:40:33'),(6,1000009,'2020-09-19 20:40:33'),(6,1000010,'2020-09-19 20:40:33'),(6,1000011,'2020-09-19 20:40:33'),(6,1000012,'2020-09-19 20:40:33'),(6,1000013,'2020-09-19 20:40:33'),(6,1000014,'2020-09-19 20:40:33'),(6,1000015,'2020-09-19 20:40:33'),(6,1000016,'2020-09-19 20:40:33'),(6,1000017,'2020-09-19 20:40:33'),(6,1000018,'2020-09-19 20:40:33'),(6,1000019,'2020-09-19 20:40:33'),(6,1000020,'2020-09-19 20:40:33'),(6,1000021,'2020-09-19 20:40:33'),(6,1000022,'2020-09-19 20:40:33'),(6,1000023,'2020-09-19 20:40:33'),(6,1000024,'2020-09-19 20:40:33'),(6,1000025,'2020-09-19 20:40:33'),(6,1000026,'2020-09-19 20:40:33'),(6,1000027,'2020-09-19 20:40:33'),(6,1000028,'2020-09-19 20:40:33'),(6,1000029,'2020-09-19 20:40:33'),(6,1000030,'2020-09-19 20:40:33'),(6,1000031,'2020-09-19 20:40:33'),(6,1000032,'2020-09-19 20:40:33'),(6,1000033,'2020-09-19 20:40:33'),(6,1000034,'2020-09-19 20:40:33'),(6,1000035,'2020-09-19 20:40:33'),(6,1000036,'2020-09-19 20:40:33'),(6,1000037,'2020-09-19 20:40:33'),(6,1000038,'2020-09-19 20:40:33'),(6,1000039,'2020-09-19 20:40:33'),(6,1000040,'2020-09-19 20:40:33'),(6,1000041,'2020-09-19 20:40:33'),(6,1000042,'2020-09-19 20:40:33'),(6,1000043,'2020-09-19 20:40:33'),(6,1000044,'2020-09-19 20:40:33'),(6,1000045,'2020-09-19 20:40:33'),(6,1000046,'2020-09-19 20:40:33'),(6,1000047,'2020-09-19 20:40:33'),(6,1000048,'2020-09-19 20:40:33'),(6,1000049,'2020-09-19 20:40:33'),(6,1000050,'2020-09-19 20:40:33'),(6,1000051,'2020-09-19 20:40:33'),(6,1000052,'2020-09-19 20:40:33'),(6,1000053,'2020-09-19 20:40:33'),(6,1000054,'2020-09-19 20:40:33'),(6,1000055,'2020-09-19 20:40:33'),(6,1000056,'2020-09-19 20:40:33'),(7,1000001,'2020-09-20 17:08:21'),(7,1000002,'2020-09-20 17:08:21'),(7,1000003,'2020-09-20 17:08:21'),(7,1000004,'2020-09-20 17:08:21'),(7,1000005,'2020-09-20 17:08:21'),(7,1000006,'2020-09-20 17:08:21'),(7,1000007,'2020-09-20 17:08:21'),(7,1000008,'2020-09-20 17:08:21'),(7,1000009,'2020-09-20 17:08:21'),(7,1000010,'2020-09-20 17:11:44'),(7,1000011,'2020-09-20 17:11:44'),(7,1000012,'2020-09-20 17:11:44'),(7,1000013,'2020-09-20 17:11:44'),(7,1000014,'2020-09-20 17:11:44'),(7,1000015,'2020-09-20 17:11:44'),(7,1000016,'2020-09-20 17:11:44'),(7,1000017,'2020-09-20 17:11:44'),(7,1000018,'2020-09-20 17:11:44'),(7,1000019,'2020-09-20 17:11:44'),(7,1000020,'2020-09-20 17:11:44'),(7,1000021,'2020-09-20 17:11:44'),(7,1000022,'2020-09-20 17:11:44'),(7,1000023,'2020-09-20 17:11:44'),(7,1000024,'2020-09-20 17:11:44'),(7,1000025,'2020-09-20 17:11:44'),(7,1000026,'2020-09-20 17:11:53'),(7,1000027,'2020-09-20 17:11:58'),(7,1000028,'2020-09-20 17:11:58'),(7,1000029,'2020-09-20 17:11:58'),(7,1000030,'2020-09-20 17:11:58'),(7,1000031,'2020-09-20 17:12:10'),(7,1000032,'2020-09-20 17:12:10'),(7,1000033,'2020-09-20 17:12:10'),(7,1000034,'2020-09-20 17:12:10'),(7,1000035,'2020-09-20 17:12:10'),(7,1000036,'2020-09-20 17:12:10'),(7,1000037,'2020-09-20 17:12:10'),(7,1000038,'2020-09-20 17:13:35'),(7,1000039,'2020-09-20 17:13:35'),(7,1000040,'2020-09-20 17:13:35'),(7,1000041,'2020-09-20 17:13:35'),(7,1000042,'2020-09-20 17:13:35'),(7,1000043,'2020-09-20 17:13:35'),(7,1000044,'2020-09-20 17:13:35'),(7,1000045,'2020-09-20 17:13:35'),(7,1000046,'2020-09-20 17:13:35'),(7,1000047,'2020-09-20 17:13:35'),(7,1000048,'2020-09-20 17:13:35'),(7,1000049,'2020-09-20 17:13:35'),(7,1000050,'2020-09-20 17:13:35'),(7,1000051,'2020-09-20 17:13:35'),(7,1000052,'2020-09-20 17:13:35'),(7,1000053,'2020-09-20 17:13:35'),(7,1000054,'2020-09-20 17:13:35'),(7,1000055,'2020-09-20 17:13:35'),(7,1000056,'2020-09-20 17:13:44'),(8,1000001,'2020-09-20 18:17:33'),(8,1000002,'2020-09-20 18:17:33'),(8,1000003,'2020-09-20 18:17:33'),(8,1000004,'2020-09-20 18:17:33'),(8,1000005,'2020-09-20 18:17:33'),(8,1000006,'2020-09-20 18:17:33'),(8,1000007,'2020-09-20 18:17:33'),(8,1000008,'2020-09-20 18:17:33'),(8,1000009,'2020-09-20 18:17:33'),(8,1000010,'2020-09-20 18:22:32'),(8,1000011,'2020-09-20 18:22:32'),(8,1000012,'2020-09-20 18:22:32'),(8,1000013,'2020-09-20 18:22:32'),(8,1000014,'2020-09-20 18:22:32'),(8,1000015,'2020-09-20 18:22:32'),(8,1000016,'2020-09-20 18:22:32'),(8,1000017,'2020-09-20 18:22:32'),(8,1000018,'2020-09-20 18:22:32'),(8,1000019,'2020-09-20 18:22:32'),(8,1000020,'2020-09-20 18:22:32'),(8,1000021,'2020-09-20 18:22:32'),(8,1000022,'2020-09-20 18:22:32'),(8,1000023,'2020-09-20 18:22:32'),(8,1000024,'2020-09-20 18:22:32'),(8,1000025,'2020-09-20 18:22:32'),(8,1000026,'2020-09-20 18:22:42'),(8,1000027,'2020-09-20 18:22:47'),(8,1000028,'2020-09-20 18:22:47'),(8,1000029,'2020-09-20 18:22:47'),(8,1000030,'2020-09-20 18:22:47'),(8,1000031,'2020-09-21 19:17:43'),(8,1000032,'2020-09-21 19:17:43'),(8,1000033,'2020-09-21 19:17:43'),(8,1000034,'2020-09-21 19:17:43'),(8,1000035,'2020-09-21 19:17:43'),(8,1000036,'2020-09-21 19:17:43'),(8,1000037,'2020-09-21 19:17:43'),(8,1000038,'2020-09-21 19:17:43'),(8,1000039,'2020-09-21 19:17:43'),(8,1000040,'2020-09-21 19:17:43'),(8,1000041,'2020-09-21 19:17:43'),(8,1000042,'2020-09-21 19:17:43'),(8,1000043,'2020-09-21 19:17:43'),(8,1000044,'2020-09-21 19:17:43'),(8,1000045,'2020-09-21 19:17:43'),(8,1000046,'2020-09-21 19:17:43'),(8,1000047,'2020-09-21 19:17:43'),(8,1000048,'2020-09-21 19:17:43'),(8,1000049,'2020-09-21 19:17:43'),(8,1000050,'2020-09-21 19:17:43'),(8,1000051,'2020-09-21 19:17:43'),(8,1000052,'2020-09-21 19:17:43'),(8,1000053,'2020-09-21 19:17:43'),(8,1000054,'2020-09-21 19:17:43'),(8,1000055,'2020-09-21 19:17:43'),(8,1000056,'2020-09-21 19:17:43'),(9,1000001,'2020-09-21 10:52:47'),(9,1000002,'2020-09-21 10:52:47'),(9,1000003,'2020-09-21 10:52:47'),(9,1000004,'2020-09-21 10:52:47'),(9,1000005,'2020-09-21 10:52:47'),(9,1000006,'2020-09-21 10:52:47'),(9,1000007,'2020-09-21 10:52:47'),(9,1000008,'2020-09-21 10:52:47'),(9,1000009,'2020-09-21 10:52:47'),(10,1000001,'2020-09-21 12:28:44'),(10,1000002,'2020-09-21 12:28:44'),(10,1000003,'2020-09-21 12:28:44'),(10,1000004,'2020-09-21 12:28:44'),(10,1000005,'2020-09-21 12:28:44'),(10,1000006,'2020-09-21 12:28:44'),(10,1000007,'2020-09-21 12:28:44'),(10,1000008,'2020-09-21 12:28:44'),(10,1000009,'2020-09-21 12:28:44'),(10,1000010,'2020-09-21 12:30:29'),(10,1000011,'2020-09-21 12:30:29'),(10,1000012,'2020-09-21 12:30:29'),(10,1000013,'2020-09-21 12:30:29'),(10,1000014,'2020-09-21 12:30:29'),(10,1000015,'2020-09-21 12:30:29'),(10,1000016,'2020-09-21 12:30:29'),(10,1000017,'2020-09-21 12:30:29'),(10,1000018,'2020-09-21 12:30:29'),(10,1000019,'2020-09-21 12:30:29'),(10,1000020,'2020-09-21 12:30:29'),(10,1000021,'2020-09-21 12:30:29'),(10,1000022,'2020-09-21 12:30:29'),(10,1000023,'2020-09-21 12:30:29'),(10,1000024,'2020-09-21 12:30:29'),(10,1000025,'2020-09-21 12:30:29'),(10,1000026,'2020-09-21 12:30:39'),(10,1000027,'2020-09-21 12:30:44'),(10,1000028,'2020-09-21 12:30:44'),(10,1000029,'2020-09-21 12:30:44'),(10,1000030,'2020-09-21 12:30:44'),(10,1000031,'2020-09-21 12:30:55'),(10,1000032,'2020-09-21 12:30:55'),(10,1000033,'2020-09-21 12:30:55'),(10,1000034,'2020-09-21 12:30:55'),(10,1000035,'2020-09-21 12:30:55'),(10,1000036,'2020-09-21 12:30:55'),(10,1000037,'2020-09-21 12:30:55'),(10,1000038,'2020-09-21 12:33:12'),(10,1000039,'2020-09-21 12:33:12'),(10,1000040,'2020-09-21 12:33:12'),(10,1000041,'2020-09-21 12:33:12'),(10,1000042,'2020-09-21 12:33:12'),(10,1000043,'2020-09-21 12:33:12'),(10,1000044,'2020-09-21 12:33:12'),(10,1000045,'2020-09-21 12:33:12'),(10,1000046,'2020-09-21 12:33:12'),(10,1000047,'2020-09-21 12:33:12'),(10,1000048,'2020-09-21 12:33:12'),(10,1000049,'2020-09-21 12:33:12'),(10,1000050,'2020-09-21 12:33:12'),(10,1000051,'2020-09-21 12:33:12'),(10,1000052,'2020-09-21 12:33:12'),(10,1000053,'2020-09-21 12:33:12'),(10,1000054,'2020-09-21 12:33:12'),(10,1000055,'2020-09-21 12:33:12'),(10,1000056,'2020-09-21 12:33:21'),(11,1000001,'2020-09-21 18:59:47'),(11,1000002,'2020-09-21 18:59:47'),(11,1000003,'2020-09-21 18:59:47'),(11,1000004,'2020-09-21 18:59:47'),(11,1000005,'2020-09-21 18:59:47'),(11,1000006,'2020-09-21 18:59:47'),(11,1000007,'2020-09-21 18:59:47'),(11,1000008,'2020-09-21 18:59:47'),(11,1000009,'2020-09-21 18:59:47'),(11,1000010,'2020-09-21 18:59:47'),(11,1000011,'2020-09-21 18:59:47'),(11,1000012,'2020-09-21 18:59:47'),(11,1000013,'2020-09-21 18:59:47'),(11,1000014,'2020-09-21 18:59:47'),(11,1000015,'2020-09-21 18:59:47'),(11,1000016,'2020-09-21 18:59:47'),(11,1000017,'2020-09-21 18:59:47'),(11,1000018,'2020-09-21 18:59:47'),(11,1000019,'2020-09-21 18:59:47'),(11,1000020,'2020-09-21 18:59:47'),(11,1000021,'2020-09-21 18:59:47'),(11,1000022,'2020-09-21 18:59:47'),(11,1000023,'2020-09-21 18:59:47'),(11,1000024,'2020-09-21 18:59:47'),(11,1000025,'2020-09-21 18:59:47'),(11,1000026,'2020-09-21 18:59:47'),(11,1000027,'2020-09-21 18:59:47'),(11,1000028,'2020-09-21 18:59:47'),(11,1000029,'2020-09-21 18:59:47'),(11,1000030,'2020-09-21 18:59:47'),(11,1000031,'2020-09-21 18:59:47'),(11,1000032,'2020-09-21 18:59:47'),(11,1000033,'2020-09-21 18:59:47'),(11,1000034,'2020-09-21 18:59:47'),(11,1000035,'2020-09-21 18:59:47'),(11,1000036,'2020-09-21 18:59:47'),(11,1000037,'2020-09-21 18:59:47'),(11,1000038,'2020-09-21 18:59:47'),(11,1000039,'2020-09-21 18:59:47'),(11,1000040,'2020-09-21 18:59:47'),(11,1000041,'2020-09-21 18:59:47'),(11,1000042,'2020-09-21 18:59:47'),(11,1000043,'2020-09-21 18:59:47'),(11,1000044,'2020-09-21 18:59:47'),(11,1000045,'2020-09-21 18:59:47'),(11,1000046,'2020-09-21 18:59:47'),(11,1000047,'2020-09-21 18:59:47'),(11,1000048,'2020-09-21 18:59:47'),(11,1000049,'2020-09-21 18:59:47'),(11,1000050,'2020-09-21 18:59:47'),(11,1000051,'2020-09-21 18:59:47'),(11,1000052,'2020-09-21 18:59:47'),(11,1000053,'2020-09-21 18:59:47'),(11,1000054,'2020-09-21 18:59:47'),(11,1000055,'2020-09-21 18:59:47'),(11,1000056,'2020-09-21 18:59:47'),(12,1000001,'2020-09-21 19:03:15'),(12,1000002,'2020-09-21 19:03:15'),(12,1000003,'2020-09-21 19:03:15'),(12,1000004,'2020-09-21 19:03:15'),(12,1000005,'2020-09-21 19:03:15'),(12,1000006,'2020-09-21 19:03:15'),(12,1000007,'2020-09-21 19:03:15'),(12,1000008,'2020-09-21 19:03:15'),(12,1000009,'2020-09-21 19:03:15'),(12,1000010,'2020-09-21 19:03:15'),(12,1000011,'2020-09-21 19:03:15'),(12,1000012,'2020-09-21 19:03:15'),(12,1000013,'2020-09-21 19:03:15'),(12,1000014,'2020-09-21 19:03:15'),(12,1000015,'2020-09-21 19:03:15'),(12,1000016,'2020-09-21 19:03:15'),(12,1000017,'2020-09-21 19:03:15'),(12,1000018,'2020-09-21 19:03:15'),(12,1000019,'2020-09-21 19:03:15'),(12,1000020,'2020-09-21 19:03:15'),(12,1000021,'2020-09-21 19:03:15'),(12,1000022,'2020-09-21 19:03:15'),(12,1000023,'2020-09-21 19:03:15'),(12,1000024,'2020-09-21 19:03:15'),(12,1000025,'2020-09-21 19:03:15'),(12,1000026,'2020-09-21 19:03:15'),(12,1000027,'2020-09-21 19:03:15'),(12,1000028,'2020-09-21 19:03:15'),(12,1000029,'2020-09-21 19:03:15'),(12,1000030,'2020-09-21 19:03:15'),(12,1000031,'2020-09-21 19:03:15'),(12,1000032,'2020-09-21 19:03:15'),(12,1000033,'2020-09-21 19:03:15'),(12,1000034,'2020-09-21 19:03:15'),(12,1000035,'2020-09-21 19:03:15'),(12,1000036,'2020-09-21 19:03:15'),(12,1000037,'2020-09-21 19:03:15'),(12,1000038,'2020-09-21 19:03:15'),(12,1000039,'2020-09-21 19:03:15'),(12,1000040,'2020-09-21 19:03:15'),(12,1000041,'2020-09-21 19:03:15'),(12,1000042,'2020-09-21 19:03:15'),(12,1000043,'2020-09-21 19:03:15'),(12,1000044,'2020-09-21 19:03:15'),(12,1000045,'2020-09-21 19:03:15'),(12,1000046,'2020-09-21 19:03:15'),(12,1000047,'2020-09-21 19:03:15'),(12,1000048,'2020-09-21 19:03:15'),(12,1000049,'2020-09-21 19:03:15'),(12,1000050,'2020-09-21 19:03:15'),(12,1000051,'2020-09-21 19:03:15'),(12,1000052,'2020-09-21 19:03:15'),(12,1000053,'2020-09-21 19:03:15'),(12,1000054,'2020-09-21 19:03:15'),(12,1000055,'2020-09-21 19:03:15'),(12,1000056,'2020-09-21 19:03:15'),(13,1000001,'2020-09-21 19:04:45'),(13,1000002,'2020-09-21 19:04:45'),(13,1000003,'2020-09-21 19:04:45'),(13,1000004,'2020-09-21 19:04:45'),(13,1000005,'2020-09-21 19:04:45'),(13,1000006,'2020-09-21 19:04:45'),(13,1000007,'2020-09-21 19:04:45'),(13,1000008,'2020-09-21 19:04:45'),(13,1000009,'2020-09-21 19:04:45'),(13,1000010,'2020-09-21 19:06:07'),(13,1000011,'2020-09-21 19:06:07'),(13,1000012,'2020-09-21 19:06:07'),(13,1000013,'2020-09-21 19:06:07'),(13,1000014,'2020-09-21 19:06:07'),(13,1000015,'2020-09-21 19:06:07'),(13,1000016,'2020-09-21 19:06:07'),(13,1000017,'2020-09-21 19:06:07'),(13,1000018,'2020-09-21 19:06:07'),(13,1000019,'2020-09-21 19:06:07'),(13,1000020,'2020-09-21 19:06:07'),(13,1000021,'2020-09-21 19:06:07'),(13,1000022,'2020-09-21 19:06:07'),(13,1000023,'2020-09-21 19:06:07'),(13,1000024,'2020-09-21 19:06:07'),(13,1000025,'2020-09-21 19:06:07'),(13,1000026,'2020-09-21 19:06:12'),(13,1000027,'2020-09-21 19:06:16'),(13,1000028,'2020-09-21 19:06:16'),(13,1000029,'2020-09-21 19:06:16'),(13,1000030,'2020-09-21 19:06:16'),(13,1000031,'2020-09-21 19:06:28'),(13,1000032,'2020-09-21 19:06:28'),(13,1000033,'2020-09-21 19:06:28'),(13,1000034,'2020-09-21 19:06:28'),(13,1000035,'2020-09-21 19:06:28'),(13,1000036,'2020-09-21 19:06:28'),(13,1000037,'2020-09-21 19:06:28'),(13,1000038,'2020-09-21 19:07:36'),(13,1000039,'2020-09-21 19:07:36'),(13,1000040,'2020-09-21 19:07:36'),(13,1000041,'2020-09-21 19:07:36'),(13,1000042,'2020-09-21 19:07:36'),(13,1000043,'2020-09-21 19:07:36'),(13,1000044,'2020-09-21 19:07:36'),(13,1000045,'2020-09-21 19:07:36'),(13,1000046,'2020-09-21 19:07:36'),(13,1000047,'2020-09-21 19:07:36'),(13,1000048,'2020-09-21 19:07:36'),(13,1000049,'2020-09-21 19:07:36'),(13,1000050,'2020-09-21 19:07:36'),(13,1000051,'2020-09-21 19:07:36'),(13,1000052,'2020-09-21 19:07:36'),(13,1000053,'2020-09-21 19:07:36'),(13,1000054,'2020-09-21 19:07:36'),(13,1000055,'2020-09-21 19:07:36'),(13,1000056,'2020-09-21 19:07:43'),(14,1000001,'2020-09-21 19:40:57'),(14,1000002,'2020-09-21 19:40:57'),(14,1000003,'2020-09-21 19:40:57'),(14,1000004,'2020-09-21 19:40:57'),(14,1000005,'2020-09-21 19:40:57'),(14,1000006,'2020-09-21 19:40:57'),(14,1000007,'2020-09-21 19:40:57'),(14,1000008,'2020-09-21 19:40:57'),(14,1000009,'2020-09-21 19:40:57'),(14,1000010,'2020-09-21 19:40:57'),(14,1000011,'2020-09-21 19:40:57'),(14,1000012,'2020-09-21 19:40:57'),(14,1000013,'2020-09-21 19:40:57'),(14,1000014,'2020-09-21 19:40:57'),(14,1000015,'2020-09-21 19:40:57'),(14,1000016,'2020-09-21 19:40:57'),(14,1000017,'2020-09-21 19:40:57'),(14,1000018,'2020-09-21 19:40:57'),(14,1000019,'2020-09-21 19:40:57'),(14,1000020,'2020-09-21 19:40:57'),(14,1000021,'2020-09-21 19:40:57'),(14,1000022,'2020-09-21 19:40:57'),(14,1000023,'2020-09-21 19:40:57'),(14,1000024,'2020-09-21 19:40:57'),(14,1000025,'2020-09-21 19:40:57'),(14,1000026,'2020-09-21 19:40:57'),(14,1000027,'2020-09-21 19:40:57'),(14,1000028,'2020-09-21 19:40:57'),(14,1000029,'2020-09-21 19:40:57'),(14,1000030,'2020-09-21 19:40:57'),(14,1000031,'2020-09-21 19:40:57'),(14,1000032,'2020-09-21 19:40:57'),(14,1000033,'2020-09-21 19:40:57'),(14,1000034,'2020-09-21 19:40:57'),(14,1000035,'2020-09-21 19:40:57'),(14,1000036,'2020-09-21 19:40:57'),(14,1000037,'2020-09-21 19:40:57'),(14,1000038,'2020-09-21 19:40:57'),(14,1000039,'2020-09-21 19:40:57'),(14,1000040,'2020-09-21 19:40:57'),(14,1000041,'2020-09-21 19:40:57'),(14,1000042,'2020-09-21 19:40:57'),(14,1000043,'2020-09-21 19:40:57'),(14,1000044,'2020-09-21 19:40:57'),(14,1000045,'2020-09-21 19:40:57'),(14,1000046,'2020-09-21 19:40:57'),(14,1000047,'2020-09-21 19:40:57'),(14,1000048,'2020-09-21 19:40:57'),(14,1000049,'2020-09-21 19:40:57'),(14,1000050,'2020-09-21 19:40:57'),(14,1000051,'2020-09-21 19:40:57'),(14,1000052,'2020-09-21 19:40:57'),(14,1000053,'2020-09-21 19:40:57'),(14,1000054,'2020-09-21 19:40:57'),(14,1000055,'2020-09-21 19:40:57'),(14,1000056,'2020-09-21 19:40:57'),(15,1000001,'2020-09-21 19:56:54'),(15,1000002,'2020-09-21 19:56:54'),(15,1000003,'2020-09-21 19:56:54'),(15,1000004,'2020-09-21 19:56:54'),(15,1000005,'2020-09-21 19:56:54'),(15,1000006,'2020-09-21 19:56:54'),(15,1000007,'2020-09-21 19:56:54'),(15,1000008,'2020-09-21 19:56:54'),(15,1000009,'2020-09-21 19:56:54'),(15,1000010,'2020-09-21 20:25:30'),(15,1000011,'2020-09-21 20:25:30'),(15,1000012,'2020-09-21 20:25:30'),(15,1000013,'2020-09-21 20:25:30'),(15,1000014,'2020-09-21 20:25:30'),(15,1000015,'2020-09-21 20:25:30'),(15,1000016,'2020-09-21 20:25:30'),(15,1000017,'2020-09-21 20:25:30'),(15,1000018,'2020-09-21 20:25:30'),(15,1000019,'2020-09-21 20:25:30'),(15,1000020,'2020-09-21 20:25:30'),(15,1000021,'2020-09-21 20:25:30'),(15,1000022,'2020-09-21 20:25:30'),(15,1000023,'2020-09-21 20:25:30'),(15,1000024,'2020-09-21 20:25:30'),(15,1000025,'2020-09-21 20:25:30'),(15,1000026,'2020-09-21 20:25:38'),(15,1000027,'2020-09-21 20:25:40'),(15,1000028,'2020-09-21 20:25:40'),(15,1000029,'2020-09-21 20:25:40'),(15,1000030,'2020-09-21 20:25:40'),(15,1000031,'2020-09-21 20:25:46'),(15,1000032,'2020-09-21 20:25:46'),(15,1000033,'2020-09-21 20:25:46'),(15,1000034,'2020-09-21 20:25:46'),(15,1000035,'2020-09-21 20:25:46'),(15,1000036,'2020-09-21 20:25:46'),(15,1000037,'2020-09-21 20:25:46'),(15,1000038,'2020-09-21 20:26:50'),(15,1000039,'2020-09-21 20:26:50'),(15,1000040,'2020-09-21 20:26:50'),(15,1000041,'2020-09-21 20:26:50'),(15,1000042,'2020-09-21 20:26:50'),(15,1000043,'2020-09-21 20:26:50'),(15,1000044,'2020-09-21 20:26:50'),(15,1000045,'2020-09-21 20:26:50'),(15,1000046,'2020-09-21 20:26:50'),(15,1000047,'2020-09-21 20:26:50'),(15,1000048,'2020-09-21 20:26:50'),(15,1000049,'2020-09-21 20:26:50'),(15,1000050,'2020-09-21 20:26:50'),(15,1000051,'2020-09-21 20:26:50'),(15,1000052,'2020-09-21 20:26:50'),(15,1000053,'2020-09-21 20:26:50'),(15,1000054,'2020-09-21 20:26:50'),(15,1000055,'2020-09-21 20:26:50'),(15,1000056,'2020-09-21 20:26:55'),(16,1000001,'2020-09-21 20:15:07'),(16,1000002,'2020-09-21 20:15:07'),(16,1000003,'2020-09-21 20:15:07'),(16,1000004,'2020-09-21 20:15:07'),(16,1000005,'2020-09-21 20:15:07'),(16,1000006,'2020-09-21 20:15:07'),(16,1000007,'2020-09-21 20:15:07'),(16,1000008,'2020-09-21 20:15:07'),(16,1000009,'2020-09-21 20:15:07'),(16,1000010,'2020-09-21 20:15:07'),(16,1000011,'2020-09-21 20:15:07'),(16,1000012,'2020-09-21 20:15:07'),(16,1000013,'2020-09-21 20:15:07'),(16,1000014,'2020-09-21 20:15:07'),(16,1000015,'2020-09-21 20:15:07'),(16,1000016,'2020-09-21 20:15:07'),(16,1000017,'2020-09-21 20:15:07'),(16,1000018,'2020-09-21 20:15:07'),(16,1000019,'2020-09-21 20:15:07'),(16,1000020,'2020-09-21 20:15:07'),(16,1000021,'2020-09-21 20:15:07'),(16,1000022,'2020-09-21 20:15:07'),(16,1000023,'2020-09-21 20:15:07'),(16,1000024,'2020-09-21 20:15:07'),(16,1000025,'2020-09-21 20:15:07'),(16,1000026,'2020-09-21 20:15:07'),(16,1000027,'2020-09-21 20:15:07'),(16,1000028,'2020-09-21 20:15:07'),(16,1000029,'2020-09-21 20:15:07'),(16,1000030,'2020-09-21 20:15:07'),(16,1000031,'2020-09-21 20:15:07'),(16,1000032,'2020-09-21 20:15:07'),(16,1000033,'2020-09-21 20:15:07'),(16,1000034,'2020-09-21 20:15:07'),(16,1000035,'2020-09-21 20:15:07'),(16,1000036,'2020-09-21 20:15:07'),(16,1000037,'2020-09-21 20:15:07'),(16,1000038,'2020-09-21 20:15:07'),(16,1000039,'2020-09-21 20:15:07'),(16,1000040,'2020-09-21 20:15:07'),(16,1000041,'2020-09-21 20:15:07'),(16,1000042,'2020-09-21 20:15:07'),(16,1000043,'2020-09-21 20:15:07'),(16,1000044,'2020-09-21 20:15:07'),(16,1000045,'2020-09-21 20:15:07'),(16,1000046,'2020-09-21 20:15:07'),(16,1000047,'2020-09-21 20:15:07'),(16,1000048,'2020-09-21 20:15:07'),(16,1000049,'2020-09-21 20:15:07'),(16,1000050,'2020-09-21 20:15:07'),(16,1000051,'2020-09-21 20:15:07'),(16,1000052,'2020-09-21 20:15:07'),(16,1000053,'2020-09-21 20:15:07'),(16,1000054,'2020-09-21 20:15:07'),(16,1000055,'2020-09-21 20:15:07'),(16,1000056,'2020-09-21 20:15:07'),(17,1000001,'2020-09-21 20:18:39'),(17,1000002,'2020-09-21 20:18:39'),(17,1000003,'2020-09-21 20:18:39'),(17,1000004,'2020-09-21 20:18:39'),(17,1000005,'2020-09-21 20:18:39'),(17,1000006,'2020-09-21 20:18:39'),(17,1000007,'2020-09-21 20:18:39'),(17,1000008,'2020-09-21 20:18:39'),(17,1000009,'2020-09-21 20:18:39'),(17,1000010,'2020-09-21 20:22:06'),(17,1000011,'2020-09-21 20:22:06'),(17,1000012,'2020-09-21 20:22:06'),(17,1000013,'2020-09-21 20:22:06'),(17,1000014,'2020-09-21 20:22:06'),(17,1000015,'2020-09-21 20:22:06'),(17,1000016,'2020-09-21 20:22:06'),(17,1000017,'2020-09-21 20:22:06'),(17,1000018,'2020-09-21 20:22:06'),(17,1000019,'2020-09-21 20:22:06'),(17,1000020,'2020-09-21 20:22:06'),(17,1000021,'2020-09-21 20:22:06'),(17,1000022,'2020-09-21 20:22:06'),(17,1000023,'2020-09-21 20:22:06'),(17,1000024,'2020-09-21 20:22:06'),(17,1000025,'2020-09-21 20:22:06'),(17,1000026,'2020-09-21 20:23:03'),(17,1000027,'2020-09-21 20:23:24'),(17,1000028,'2020-09-21 20:23:24'),(17,1000029,'2020-09-21 20:23:24'),(17,1000030,'2020-09-21 20:23:24'),(17,1000031,'2020-09-21 20:23:43'),(17,1000032,'2020-09-21 20:23:43'),(17,1000033,'2020-09-21 20:23:43'),(17,1000034,'2020-09-21 20:23:43'),(17,1000035,'2020-09-21 20:23:43'),(17,1000036,'2020-09-21 20:23:43'),(17,1000037,'2020-09-21 20:23:43'),(17,1000038,'2020-09-21 20:26:05'),(17,1000039,'2020-09-21 20:26:05'),(17,1000040,'2020-09-21 20:26:05'),(17,1000041,'2020-09-21 20:26:05'),(17,1000042,'2020-09-21 20:26:05'),(17,1000043,'2020-09-21 20:26:05'),(17,1000044,'2020-09-21 20:26:05'),(17,1000045,'2020-09-21 20:26:05'),(17,1000046,'2020-09-21 20:26:05'),(17,1000047,'2020-09-21 20:26:05'),(17,1000048,'2020-09-21 20:26:05'),(17,1000049,'2020-09-21 20:26:05'),(17,1000050,'2020-09-21 20:26:05'),(17,1000051,'2020-09-21 20:26:05'),(17,1000052,'2020-09-21 20:26:05'),(17,1000053,'2020-09-21 20:26:05'),(17,1000054,'2020-09-21 20:26:05'),(17,1000055,'2020-09-21 20:26:05'),(17,1000056,'2020-09-21 20:26:12'),(18,1000001,'2020-09-22 16:52:25'),(18,1000002,'2020-09-22 16:52:25'),(18,1000003,'2020-09-22 16:52:25'),(18,1000004,'2020-09-22 16:52:25'),(18,1000005,'2020-09-22 16:52:25'),(18,1000006,'2020-09-22 16:52:25'),(18,1000007,'2020-09-22 16:52:25'),(18,1000008,'2020-09-22 16:52:25'),(18,1000009,'2020-09-22 16:52:25'),(18,1000010,'2020-09-22 17:01:37'),(18,1000011,'2020-09-22 17:01:37'),(18,1000012,'2020-09-22 17:01:37'),(18,1000013,'2020-09-22 17:01:37'),(18,1000014,'2020-09-22 17:01:37'),(18,1000015,'2020-09-22 17:01:37'),(18,1000016,'2020-09-22 17:01:37'),(18,1000017,'2020-09-22 17:01:37'),(18,1000018,'2020-09-22 17:01:37'),(18,1000019,'2020-09-22 17:01:37'),(18,1000020,'2020-09-22 17:01:37'),(18,1000021,'2020-09-22 17:01:37'),(18,1000022,'2020-09-22 17:01:37'),(18,1000023,'2020-09-22 17:01:37'),(18,1000024,'2020-09-22 17:01:37'),(18,1000025,'2020-09-22 17:01:37'),(18,1000026,'2020-09-22 17:03:25'),(18,1000027,'2020-09-22 17:03:30'),(18,1000028,'2020-09-22 17:03:30'),(18,1000029,'2020-09-22 17:03:30'),(18,1000030,'2020-09-22 17:03:30'),(18,1000031,'2020-09-22 17:03:38'),(18,1000032,'2020-09-22 17:03:38'),(18,1000033,'2020-09-22 17:03:38'),(18,1000034,'2020-09-22 17:03:38'),(18,1000035,'2020-09-22 17:03:38'),(18,1000036,'2020-09-22 17:03:38'),(18,1000037,'2020-09-22 17:03:38'),(18,1000038,'2020-09-22 17:04:45'),(18,1000039,'2020-09-22 17:04:45'),(18,1000040,'2020-09-22 17:04:45'),(18,1000041,'2020-09-22 17:04:45'),(18,1000042,'2020-09-22 17:04:45'),(18,1000043,'2020-09-22 17:04:45'),(18,1000044,'2020-09-22 17:04:45'),(18,1000045,'2020-09-22 17:04:45'),(18,1000046,'2020-09-22 17:04:45'),(18,1000047,'2020-09-22 17:04:45'),(18,1000048,'2020-09-22 17:04:45'),(18,1000049,'2020-09-22 17:04:45'),(18,1000050,'2020-09-22 17:04:45'),(18,1000051,'2020-09-22 17:04:45'),(18,1000052,'2020-09-22 17:04:45'),(18,1000053,'2020-09-22 17:04:45'),(18,1000054,'2020-09-22 17:04:45'),(18,1000055,'2020-09-22 17:04:45'),(18,1000056,'2020-09-22 17:05:07');

--
-- Table structure for table `table_worth`
--

CREATE TABLE `table_worth` (
  `character_id` bigint(20) unsigned NOT NULL COMMENT '소유자 캐릭터의 ID',
  `worth_code` int(11) NOT NULL COMMENT '조력자 캐릭터의 종류 식별 코드',
  `amount` int(11) NOT NULL DEFAULT '0' COMMENT '조력자 캐릭터 조각의 개수',
  `update_datetime` datetime NOT NULL DEFAULT '1000-01-01 00:00:00' COMMENT '갱신일시',
  PRIMARY KEY (`character_id`,`worth_code`)
) ENGINE=InnoDB DEFAULT CHARSET=utf8 COLLATE=utf8_unicode_ci COMMENT='캐릭터 별 재화 보유 정보';

--
-- Dumping data for table `table_worth`
--

INSERT INTO `table_worth` VALUES (1,150000102,108,'2020-09-22 01:01:48'),(1,160000101,1,'2020-09-22 00:58:15'),(1,160000201,2,'2020-09-22 00:39:32'),(1,160000301,2,'2020-09-22 00:33:02'),(1,160000401,2,'2020-09-22 00:42:00'),(1,160001302,1,'2020-09-22 00:27:01'),(1,160001303,1,'2020-09-22 00:27:01'),(1,160003112,5,'2020-09-22 00:55:44'),(1,160003906,3,'2020-09-22 00:58:15'),(1,160003907,1,'2020-09-22 00:42:00'),(1,160003908,2,'2020-09-22 00:39:32'),(1,160003909,1,'2020-09-22 00:28:35'),(1,160003910,3,'2020-09-22 00:39:32'),(1,160003911,2,'2020-09-22 00:58:15'),(1,160003912,2,'2020-09-22 00:42:00'),(1,160003914,2,'2020-09-19 13:01:26'),(1,160003918,6,'2020-09-22 00:42:00'),(1,160003920,2,'2020-09-22 00:58:15'),(1,160004001,1,'2020-09-22 00:39:32'),(1,160004002,1,'2020-09-22 00:42:00'),(1,160004003,1,'2020-09-22 00:33:02'),(2,160000101,1,'2020-09-19 13:16:59'),(2,160000201,2,'2020-09-19 14:27:12'),(2,160000301,2,'2020-09-19 14:29:25'),(2,160003906,1,'2020-09-19 13:12:55'),(2,160003908,3,'2020-09-19 14:29:25'),(2,160003909,1,'2020-09-19 14:27:12'),(2,160003910,1,'2020-09-19 14:27:12'),(2,160003911,1,'2020-09-19 13:15:09'),(2,160003912,1,'2020-09-19 13:16:59'),(2,160003913,2,'2020-09-19 14:29:25'),(2,160003918,3,'2020-09-19 13:16:59'),(2,160003919,2,'2020-09-19 13:15:09'),(2,160003920,2,'2020-09-19 14:29:25'),(2,160004002,1,'2020-09-19 14:27:12'),(3,160000201,1,'2020-09-19 14:27:10'),(3,160000301,1,'2020-09-19 14:28:45'),(3,160000401,1,'2020-09-19 14:24:33'),(3,160003907,2,'2020-09-19 14:27:10'),(3,160003908,1,'2020-09-19 14:28:45'),(3,160003910,2,'2020-09-19 14:27:10'),(3,160003911,1,'2020-09-19 14:28:45'),(3,160003918,2,'2020-09-19 14:28:45'),(3,160003920,2,'2020-09-19 14:28:45'),(3,160004001,1,'2020-09-19 14:27:10'),(4,150000102,55952713,'2020-09-21 20:22:41'),(4,160000101,2,'2020-09-19 16:43:08'),(4,160000201,1,'2020-09-19 16:44:56'),(4,160003906,1,'2020-09-19 16:44:56'),(4,160003907,1,'2020-09-19 16:43:08'),(4,160003909,1,'2020-09-19 14:41:46'),(4,160003910,2,'2020-09-19 16:44:56'),(4,160003911,1,'2020-09-19 16:43:08'),(5,160000303,1,'2020-09-21 12:04:24'),(7,150000102,31,'2020-09-21 20:10:51'),(7,150000103,228,'2020-09-21 20:10:40'),(7,150000104,300,'2020-09-20 23:08:09'),(7,155101001,10,'2020-09-20 18:53:31'),(7,155101002,10,'2020-09-20 23:08:09'),(7,155101006,2,'2020-09-20 17:36:48'),(7,155102005,30,'2020-09-21 19:39:15'),(7,160000101,3,'2020-09-21 20:02:20'),(7,160000102,1,'2020-09-21 20:02:20'),(7,160000201,12,'2020-09-21 20:05:10'),(7,160000301,11,'2020-09-20 23:32:18'),(7,160000401,12,'2020-09-21 19:56:33'),(7,160000601,13,'2020-09-21 19:39:15'),(7,160000602,5,'2020-09-20 18:53:31'),(7,160000603,5,'2020-09-20 23:08:09'),(7,160001301,15,'2020-09-20 17:36:48'),(7,160001302,94,'2020-09-21 20:02:51'),(7,160001303,2,'2020-09-21 20:02:50'),(7,160003112,5,'2020-09-20 18:53:31'),(7,160003906,12,'2020-09-21 20:05:10'),(7,160003907,17,'2020-09-21 19:59:02'),(7,160003908,10,'2020-09-21 19:56:33'),(7,160003909,12,'2020-09-21 20:00:27'),(7,160003910,16,'2020-09-21 20:05:10'),(7,160003911,8,'2020-09-21 20:00:27'),(7,160003912,14,'2020-09-20 23:49:10'),(7,160003913,15,'2020-09-21 19:56:33'),(7,160003914,17,'2020-09-20 23:49:10'),(7,160003918,32,'2020-09-21 20:05:10'),(7,160003919,13,'2020-09-20 23:25:54'),(7,160003920,13,'2020-09-21 20:05:10'),(7,160004001,11,'2020-09-20 23:19:36'),(7,160004002,5,'2020-09-20 23:08:09'),(7,160004003,8,'2020-09-20 23:36:21'),(7,160004004,6,'2020-09-21 19:39:15'),(8,160000201,2,'2020-09-20 18:24:56'),(8,160003906,1,'2020-09-20 18:24:56'),(8,160003908,1,'2020-09-20 18:22:02'),(8,160003910,1,'2020-09-20 18:22:02'),(8,160003913,1,'2020-09-20 18:24:56'),(8,160004004,1,'2020-09-20 18:22:02'),(10,160000301,1,'2020-09-21 12:33:09'),(10,160000401,1,'2020-09-21 12:30:25'),(10,160003908,1,'2020-09-21 12:30:25'),(10,160003909,1,'2020-09-21 12:33:09'),(10,160003910,1,'2020-09-21 12:33:09'),(10,160003913,1,'2020-09-21 12:30:25'),(13,160000201,1,'2020-09-21 19:07:33'),(13,160000301,1,'2020-09-21 19:06:03'),(13,160000401,1,'2020-09-21 19:09:05'),(13,160003906,1,'2020-09-21 19:06:03'),(13,160003907,2,'2020-09-21 19:09:05'),(13,160003911,1,'2020-09-21 19:09:05'),(13,160003912,2,'2020-09-21 19:07:33'),(13,160004002,1,'2020-09-21 19:09:05'),(14,160000201,4,'2020-09-21 19:51:42'),(14,160000301,1,'2020-09-21 19:46:59'),(14,160000401,1,'2020-09-21 19:49:38'),(14,160003906,2,'2020-09-21 19:51:42'),(14,160003907,2,'2020-09-21 19:49:38'),(14,160003909,2,'2020-09-21 19:43:26'),(14,160003910,2,'2020-09-21 19:49:38'),(14,160003911,4,'2020-09-21 19:51:42'),(14,160003914,2,'2020-09-21 19:46:59'),(14,160003919,3,'2020-09-21 19:51:42'),(14,160003920,3,'2020-09-21 19:45:06'),(15,160000101,2,'2020-09-21 20:26:47'),(15,160001302,1,'2020-09-21 20:27:45'),(15,160001303,1,'2020-09-21 20:27:45'),(15,160003907,1,'2020-09-21 20:26:47'),(15,160003908,1,'2020-09-21 20:25:26'),(15,160003910,1,'2020-09-21 20:25:26'),(15,160003913,1,'2020-09-21 20:26:47'),(15,160003920,1,'2020-09-21 20:25:26'),(16,160000201,1,'2020-09-21 20:16:31'),(16,160003908,1,'2020-09-21 20:16:31'),(16,160003910,1,'2020-09-21 20:16:31'),(17,160000101,1,'2020-09-21 20:26:02'),(17,160000301,1,'2020-09-21 20:22:03'),(17,160003907,2,'2020-09-21 20:26:02'),(17,160003911,1,'2020-09-21 20:26:02'),(17,160003912,1,'2020-09-21 20:22:03'),(17,160003914,2,'2020-09-21 20:26:02'),(18,160000301,1,'2020-09-22 17:01:33'),(18,160000401,1,'2020-09-22 17:04:42'),(18,160003907,1,'2020-09-22 17:04:42'),(18,160003909,1,'2020-09-22 17:01:33'),(18,160003910,1,'2020-09-22 17:01:33'),(18,160003911,1,'2020-09-22 17:04:42'),(18,160003918,3,'2020-09-22 17:01:33'),(18,160003920,1,'2020-09-22 17:01:33');

--
-- Dumping events for database 'eod_game'
--

--
-- Dumping routines for database 'eod_game'
--
/*!50003 DROP PROCEDURE IF EXISTS `usp_a_delete_equipment` */;
DELIMITER ;;
CREATE DEFINER=`Administrator`@`211.41.204.39` PROCEDURE `usp_a_delete_equipment`(IN delete_count INT)
BEGIN

	

	DECLARE _row_count INT;

	DECLARE _start_index BIGINT UNSIGNED;

	

	SET SESSION TRANSACTION ISOLATION LEVEL READ UNCOMMITTED;

	

	CREATE TABLE IF NOT EXISTS `eod_game`.`delete_equipment_temp`

	(

		`item_id` BIGINT(20) UNSIGNED,

		PRIMARY KEY (`item_id`)

	);

	

	TRUNCATE TABLE `eod_game`.`delete_equipment_temp`;

	

	INSERT INTO `eod_game`.`delete_equipment_temp`

	(`item_id`)

	SELECT `item_id`

	FROM `eod_game`.`table_equipment_item`

	WHERE (`item_id` > 0) AND (`state` != 0)

      AND (`update_datetime` <= DATE_ADD(NOW(), INTERVAL -3 DAY));

	

	repeat_loop : REPEAT

		

		SET _start_index = (SELECT MIN(`item_id`) FROM `eod_game`.`delete_equipment_temp`);

		

		IF (_start_index IS NULL) THEN

			LEAVE repeat_loop;

		END IF;

	

		DELETE t1 FROM `eod_game`.`table_equipment_item` AS t1

		INNER JOIN 

			(

				SELECT `item_id`

				FROM `eod_game`.`delete_equipment_temp`

				WHERE `item_id` BETWEEN _start_index AND _start_index + delete_count

			) AS t2

			ON t1.`item_id` = t2.`item_id`;

	

		SET _row_count = (SELECT ROW_COUNT());

		

		DELETE FROM `eod_game`.`delete_equipment_temp` 

		WHERE `item_id` BETWEEN _start_index AND _start_index + delete_count;

		

	UNTIL _row_count = 0

	END REPEAT;

	

END ;;
DELIMITER ;
/*!50003 DROP PROCEDURE IF EXISTS `usp_a_delete_post` */;
DELIMITER ;;
CREATE DEFINER=`Administrator`@`211.41.204.39` PROCEDURE `usp_a_delete_post`(IN delete_count INT)
BEGIN

	DECLARE _row_count INT;

	DECLARE _start_index BIGINT UNSIGNED;

	

	SET SESSION TRANSACTION ISOLATION LEVEL READ UNCOMMITTED;

	

	CREATE TABLE IF NOT EXISTS `eod_game`.`delete_post_temp`

	(

		`no` BIGINT(20) UNSIGNED,

		PRIMARY KEY (`no`)

	);

	

	TRUNCATE TABLE `eod_game`.`delete_post_temp`;



	INSERT INTO `eod_game`.`delete_post_temp`

	(`no`)

	SELECT `no`

	FROM `eod_game`.`table_post`

	WHERE `no` > 0 AND `state` != 0;

	

	repeat_loop : REPEAT

		

		SET _start_index = (SELECT MIN(`no`) FROM `eod_game`.`delete_post_temp`);



		IF (_start_index IS NULL) THEN

			LEAVE repeat_loop;

		END IF;

	

		DELETE t1 FROM `eod_game`.`table_post` AS t1

		INNER JOIN

			(

				SELECT `no`

				FROM `eod_game`.`delete_post_temp`

				WHERE `no` BETWEEN _start_index AND _start_index + delete_count

			) AS t2

			ON t1.`no` = t2.`no`;

	

		SET _row_count = (SELECT ROW_COUNT());

		

		DELETE FROM `eod_game`.`delete_post_temp` 

		WHERE `no` BETWEEN _start_index AND _start_index + delete_count;

		

	UNTIL _row_count = 0

	END REPEAT;

    

END ;;
DELIMITER ;

--
-- Current Database: `eod_ranking`
--

CREATE DATABASE /*!32312 IF NOT EXISTS*/ `eod_ranking` /*!40100 DEFAULT CHARACTER SET utf8 COLLATE utf8_unicode_ci */;

USE `eod_ranking`;

--
-- Table structure for table `table_ranking_guild`
--

CREATE TABLE `table_ranking_guild` (
  `guild_id` bigint(20) unsigned NOT NULL,
  `ranking` int(11) unsigned NOT NULL,
  `score` int(11) NOT NULL DEFAULT '0',
  PRIMARY KEY (`guild_id`,`ranking`)
) ENGINE=InnoDB DEFAULT CHARSET=utf8 COLLATE=utf8_unicode_ci;

--
-- Dumping data for table `table_ranking_guild`
--


--
-- Table structure for table `table_ranking_personal`
--

CREATE TABLE `table_ranking_personal` (
  `user_id` bigint(20) unsigned NOT NULL,
  `ranking` int(11) unsigned NOT NULL,
  `score` int(11) NOT NULL DEFAULT '0',
  PRIMARY KEY (`user_id`,`ranking`)
) ENGINE=InnoDB DEFAULT CHARSET=utf8 COLLATE=utf8_unicode_ci;

--
-- Dumping data for table `table_ranking_personal`
--


--
-- Table structure for table `table_ranking_team`
--

CREATE TABLE `table_ranking_team` (
  `team_id` bigint(20) unsigned NOT NULL,
  `ranking` int(11) unsigned NOT NULL,
  `score` int(11) NOT NULL DEFAULT '0',
  PRIMARY KEY (`team_id`,`ranking`)
) ENGINE=InnoDB DEFAULT CHARSET=utf8 COLLATE=utf8_unicode_ci;

--
-- Dumping data for table `table_ranking_team`
--


--
-- Dumping events for database 'eod_ranking'
--

--
-- Dumping routines for database 'eod_ranking'
--


