DROP TABLE IF EXISTS `eod_configuration`.`data_monster_spawn`;
CREATE TABLE IF NOT EXISTS `eod_configuration`.`data_monster_spawn`
(
    `general_type_code` INT(11) NULL,
    `monster_code` INT(11) NULL,
    `level_select_type` VARCHAR(255) NULL,
    `level_select_static_value` INT(11) NULL,
    `level_offset_min` INT(11) NULL,
    `level_offset_max` INT(11) NULL,
    `spawn_min_radius` FLOAT(20, 3) NULL,
    `spawn_max_radius` FLOAT(20, 3) NULL,
    `count` INT(11) NULL
)
ENGINE = InnoDB;

INSERT INTO `eod_configuration`.`data_monster_spawn`
VALUES
    (1, 100201001, 'Creator', 1, 1, 2, 0.000, 3.000, 2),
    (2, 100201001, 'Creator', 1, 0, 0, 1.000, 1.000, 2),
    (3, 100201001, 'Creator', 2, 1, 0, 0.000, 3.000, 2),
    (4, 100201001, 'Creator', 2, 0, 2, 0.000, 3.000, 2),
    (5, 100201001, 'Creator', 0, 0, 0, 0.000, 0.000, 1),
    (11, 100203001, 'Creator', 0, 0, 0, 2.000, 3.000, 2);

-- --------------------------------------------------------------------------------
-- OptionParameter 테이터 테이블 재구성
-- --------------------------------------------------------------------------------
DROP TABLE IF EXISTS `eod_configuration`.`data_option_parameter`;
CREATE TABLE IF NOT EXISTS `eod_configuration`.`data_option_parameter`
(
    `option_division` INT(11) NULL,
    `option_parts` INT(11) NULL,
    `calculate_limit` FLOAT(20, 3) NULL,
    `option_data_type` VARCHAR(255) NULL,
    `option_sort` VARCHAR(255) NULL
)
ENGINE = InnoDB;

INSERT INTO `eod_configuration`.`data_option_parameter`
VALUES
    (1, 0, 50.000, 'Constant', 'CharacterRef'),
    (2, 0, 2000.000, 'Constant', 'CharacterRef'),
    (3, 0, 0.000, 'Constant', 'BaseRef'),
    (4, 0, 0.000, 'Constant', 'BaseRef'),
    (5, 0, 0.000, 'Constant', 'BaseRef'),
    (6, 0, 0.000, 'Constant', 'BaseRef'),
    (7, 0, 0.000, 'Constant', 'BaseRef'),
    (8, 0, 100000000.000, 'Constant', 'CharacterRef'),
    (9, 0, 0.000, 'Constant', 'AbilityRef'),
    (10, 0, 0.000, 'Constant', 'AbilityRef'),
    (11, 0, 0.000, 'Constant', 'AbilityRef'),
    (12, 1, 0.000, 'Constant', 'CharacterRef'),
    (13, 0, 0.000, 'Constant', 'AbilityRef'),
    (14, 0, 0.000, 'Constant', 'AbilityRef'),
    (15, 0, 0.000, 'Constant', 'AbilityRef'),
    (16, 0, 0.000, 'Constant', 'AbilityRef'),
    (17, 0, 0.000, 'Percent', 'AbilityRef'),
    (18, 1, 300.000, 'Percent', 'CharacterRef'),
    (19, 0, 0.000, 'Percent', 'AbilityRef'),
    (20, 0, 0.000, 'Percent', 'AbilityRef'),
    (21, 2, 0.000, 'Constant', 'CharacterRef'),
    (22, 0, 0.000, 'Constant', 'AbilityRef'),
    (23, 0, 0.000, 'Constant', 'AbilityRef'),
    (24, 0, 0.000, 'Percent', 'AbilityRef'),
    (25, 3, 0.000, 'Constant', 'CharacterRef'),
    (26, 0, 0.000, 'Constant', 'CharacterRef'),
    (27, 0, 0.000, 'Constant', 'AbilityRef'),
    (28, 0, 0.000, 'Constant', 'AbilityRef'),
    (29, 0, 0.000, 'Percent', 'AbilityRef'),
    (30, 3, 1000.000, 'Constant', 'CharacterRef'),
    (31, 0, 0.000, 'Constant', 'AbilityRef'),
    (32, 0, 0.000, 'Percent', 'AbilityRef'),
    (33, 1, 100.000, 'Percent', 'CharacterRef'),
    (34, 0, 0.000, 'Percent', 'AbilityRef'),
    (94, 0, 0.000, 'Percent', 'AbilityRef'),
    (35, 0, 0.000, 'Percent', 'AbilityRef'),
    (36, 1, 1000.000, 'Percent', 'CharacterRef'),
    (37, 0, 0.000, 'Percent', 'AbilityRef'),
    (38, 0, 0.000, 'Percent', 'AbilityRef'),
    (39, 1, 100.000, 'Percent', 'CharacterRef'),
    (40, 0, 0.000, 'Percent', 'AbilityRef'),
    (41, 0, 0.000, 'Percent', 'AbilityRef'),
    (42, 2, 100.000, 'Percent', 'CharacterRef'),
    (43, 0, 0.000, 'Percent', 'AbilityRef'),
    (44, 0, 0.000, 'Percent', 'AbilityRef'),
    (45, 3, 10000.000, 'Constant', 'CharacterRef'),
    (46, 0, 0.000, 'Constant', 'AbilityRef'),
    (47, 0, 0.000, 'Percent', 'AbilityRef'),
    (48, 3, 100.000, 'Percent', 'CharacterRef'),
    (49, 0, 0.000, 'Percent', 'AbilityRef'),
    (95, 0, 0.000, 'Percent', 'AbilityRef'),
    (50, 0, 0.000, 'Percent', 'AbilityRef'),
    (51, 1, 100.000, 'Percent', 'CharacterRef'),
    (52, 0, 0.000, 'Percent', 'AbilityRef'),
    (53, 0, 0.000, 'Percent', 'AbilityRef'),
    (54, 2, 100.000, 'Percent', 'CharacterRef'),
    (55, 0, 0.000, 'Percent', 'AbilityRef'),
    (56, 0, 0.000, 'Percent', 'AbilityRef'),
    (57, 3, 80.000, 'Percent', 'CharacterRef'),
    (58, 0, 0.000, 'Percent', 'AbilityRef'),
    (59, 0, 90.000, 'Percent', 'AbilityRef'),
    (60, 3, 200.000, 'Constant', 'CharacterRef'),
    (61, 0, 0.000, 'Constant', 'AbilityRef'),
    (62, 0, 0.000, 'Percent', 'AbilityRef'),
    (63, 0, 0.000, 'Constant', 'CharacterRef'),
    (64, 0, 0.000, 'Constant', 'AbilityRef'),
    (96, 1, 0.000, 'Constant', 'CharacterRef'),
    (97, 0, 0.000, 'Constant', 'AbilityRef'),
    (98, 0, 230.000, 'Constant', 'CharacterRef'),
    (67, 0, 0.000, 'Constant', 'AbilityRef'),
    (68, 0, 0.000, 'Constant', 'AbilityRef'),
    (69, 0, 0.000, 'Constant', 'AbilityRef'),
    (70, 0, 0.000, 'Percent', 'AbilityRef'),
    (101, 0, 0.000, 'Percent', 'AbilityRef'),
    (102, 0, 0.000, 'Percent', 'AbilityRef'),
    (103, 0, 0.000, 'Percent', 'AbilityRef'),
    (201, 0, 50.000, 'Percent', 'AbilityRef'),
    (202, 0, 0.000, 'Percent', 'AbilityRef'),
    (203, 0, 0.000, 'Constant', 'AbilityRef'),
    (204, 0, 0.000, 'Constant', 'AbilityRef'),
    (301, 0, 0.000, 'Percent', 'AbilityRef'),
    (302, 0, 0.000, 'Percent', 'AbilityRef'),
    (303, 0, 0.000, 'Percent', 'AbilityRef'),
    (304, 0, 0.000, 'Percent', 'AbilityRef'),
    (305, 0, 0.000, 'Percent', 'AbilityRef'),
    (306, 0, 0.000, 'Percent', 'AbilityRef'),
    (307, 0, 0.000, 'Percent', 'AbilityRef'),
    (401, 0, 0.000, 'Constant', 'AbilityRef'),
    (402, 0, 0.000, 'Constant', 'AbilityRef'),
    (501, 0, 0.000, 'Constant', 'AbilityRef'),
    (601, 0, 0.000, 'Constant', 'AbilityRef'),
    (1001, 0, 0.000, 'Constant', 'AbilityRef'),
    (1002, 0, 0.000, 'Constant', 'AbilityRef'),
    (1003, 0, 0.000, 'Percent', 'AbilityRef'),
    (1004, 0, 0.000, 'Percent', 'AbilityRef'),
    (1005, 0, 0.000, 'Constant', 'AbilityRef'),
    (1006, 0, 0.000, 'Constant', 'AbilityRef'),
    (1007, 0, 0.000, 'Constant', 'AbilityRef'),
    (1008, 0, 0.000, 'Constant', 'AbilityRef'),
    (1009, 0, 0.000, 'Percent', 'AbilityRef'),
    (1020, 0, 0.000, 'Percent', 'AbilityRef');

-- --------------------------------------------------------------------------------
-- OptionBase 테이터 테이블 재구성
-- --------------------------------------------------------------------------------
DROP TABLE IF EXISTS `eod_configuration`.`data_option_base`;
CREATE TABLE IF NOT EXISTS `eod_configuration`.`data_option_base`
(
    `option_code` INT(11) NULL,
    `data_type` VARCHAR(255) NULL,
    `option_group_code` INT(11) NULL
)
ENGINE = InnoDB;

INSERT INTO `eod_configuration`.`data_option_base`
VALUES
    (13, 'Constant', 0),
    (16, 'Constant', 0),
    (17, 'Percent', 0),
    (19, 'Percent', 0),
    (20, 'Percent', 0),
    (22, 'Constant', 0),
    (23, 'Constant', 0),
    (24, 'Percent', 0),
    (27, 'Constant', 0),
    (28, 'Constant', 0),
    (29, 'Percent', 0),
    (31, 'Constant', 0),
    (32, 'Percent', 0),
    (34, 'Percent', 0),
    (94, 'Percent', 0),
    (35, 'Percent', 0),
    (37, 'Percent', 0),
    (38, 'Percent', 0),
    (40, 'Percent', 0),
    (41, 'Percent', 0),
    (43, 'Percent', 0),
    (44, 'Percent', 0),
    (46, 'Constant', 0),
    (47, 'Percent', 0),
    (49, 'Percent', 0),
    (95, 'Percent', 0),
    (50, 'Percent', 0),
    (52, 'Percent', 0),
    (53, 'Percent', 0),
    (55, 'Percent', 0),
    (56, 'Percent', 0),
    (58, 'Percent', 0),
    (59, 'Percent', 0),
    (61, 'Constant', 0),
    (62, 'Percent', 0),
    (98, 'Constant', 0),
    (63, 'Constant', 0),
    (64, 'Constant', 0),
    (67, 'Constant', 0),
    (68, 'Constant', 0),
    (69, 'Constant', 0),
    (70, 'Percent', 0),
    (101, 'state', 0),
    (102, 'state', 0),
    (103, 'state', 0),
    (201, 'Percent', 0),
    (202, 'Percent', 0),
    (301, 'state', 0),
    (302, 'state', 0),
    (303, 'state', 0),
    (304, 'state', 0),
    (305, 'state', 0),
    (306, 'state', 0),
    (307, 'state', 0),
    (401, 'state', 0),
    (402, 'state', 0),
    (501, 'Constant', 0),
    (601, 'state', 0),
    (1002, 'Constant', 0),
    (1003, 'Percent', 0),
    (1004, 'Percent', 0),
    (1005, 'Constant', 0),
    (1006, 'Constant', 0),
    (1007, 'Constant', 0),
    (1010, 'Constant', 0),
    (1011, 'Constant', 0),
    (1009, 'Percent', 0);

-- --------------------------------------------------------------------------------
-- OptionGroup 테이터 테이블 재구성
-- --------------------------------------------------------------------------------
DROP TABLE IF EXISTS `eod_configuration`.`data_option_group`;
CREATE TABLE IF NOT EXISTS `eod_configuration`.`data_option_group`
(
    `option_group_id` BIGINT(20) NULL,
    `option_division` INT(11) NULL,
    `option_attribute_id` BIGINT(20) NULL,
    `option_numbers` INT(11) NULL,
    `option_target_group` INT(11) NULL,
    `option_target_count` INT(11) NULL,
    `option_target_cons` INT(11) NULL
)
ENGINE = InnoDB;

INSERT INTO `eod_configuration`.`data_option_group`
VALUES
    (1201010, 1003, 1201011, 1, 2, 0, 23),
    (1201010, 62, 1201012, 2, 2, 0, 23),
    (1201020, 1003, 1201021, 1, 2, 0, 23),
    (1201020, 62, 1201022, 2, 2, 0, 23),
    (1201030, 1003, 1201031, 1, 2, 0, 23),
    (1201030, 62, 1201032, 2, 2, 0, 23),
    (1201040, 1003, 1201041, 1, 2, 0, 23),
    (1201040, 62, 1201042, 2, 2, 0, 23),
    (1201050, 1003, 1201051, 1, 2, 0, 23),
    (1201050, 62, 1201052, 2, 2, 0, 23),
    (1201060, 1003, 1201061, 1, 2, 0, 23),
    (1201060, 62, 1201062, 2, 2, 0, 23),
    (1201070, 1003, 1201071, 1, 2, 0, 23),
    (1201070, 62, 1201072, 2, 2, 0, 23),
    (1201080, 1003, 1201081, 1, 2, 0, 23),
    (1201080, 62, 1201082, 2, 2, 0, 23),
    (1201090, 1003, 1201091, 1, 2, 0, 23),
    (1201090, 62, 1201092, 2, 2, 0, 23),
    (1201100, 1003, 1201101, 1, 2, 0, 23),
    (1201100, 62, 1201102, 2, 2, 0, 23),
    (1203010, 24, 1203011, 1, 2, 0, 23),
    (1203010, 1020, 1203012, 2, 4, 0, 23),
    (1203020, 24, 1203021, 1, 2, 0, 23),
    (1203020, 1020, 1203022, 2, 4, 0, 23),
    (1203030, 24, 1203031, 1, 2, 0, 23),
    (1203030, 1020, 1203032, 2, 4, 0, 23),
    (1203040, 24, 1203041, 1, 2, 0, 23),
    (1203040, 1020, 1203042, 2, 4, 0, 23),
    (1203050, 24, 1203051, 1, 2, 0, 23),
    (1203050, 1020, 1203052, 2, 4, 0, 23),
    (1203060, 24, 1203061, 1, 2, 0, 23),
    (1203060, 1020, 1203062, 2, 4, 0, 23),
    (1203070, 24, 1203071, 1, 2, 0, 23),
    (1203070, 1020, 1203072, 2, 4, 0, 23),
    (1203080, 24, 1203081, 1, 2, 0, 23),
    (1203080, 1020, 1203082, 2, 4, 0, 23),
    (1203090, 24, 1203091, 1, 2, 0, 23),
    (1203090, 1020, 1203092, 2, 4, 0, 23),
    (1203100, 24, 1203101, 1, 2, 0, 23),
    (1203200, 1020, 1203102, 2, 4, 0, 23),
    (1204010, 202, 1204011, 1, 1, 0, 10),
    (1204020, 202, 1204021, 1, 1, 0, 10),
    (1204030, 202, 1204031, 1, 1, 0, 10),
    (1204040, 202, 1204041, 1, 1, 0, 10),
    (1204050, 202, 1204051, 1, 1, 0, 10),
    (1204060, 202, 1204061, 1, 1, 0, 10),
    (1204070, 202, 1204071, 1, 1, 0, 10),
    (1204080, 202, 1204081, 1, 1, 0, 10),
    (1204090, 202, 1204091, 1, 1, 0, 10),
    (1204100, 202, 1204101, 1, 1, 0, 10),
    (1205010, 303, 1205011, 1, 2, 0, 23),
    (1205020, 303, 1205021, 1, 2, 0, 23),
    (1205030, 303, 1205031, 1, 2, 0, 23),
    (1205040, 303, 1205041, 1, 2, 0, 23),
    (1205050, 303, 1205051, 1, 2, 0, 23),
    (1205060, 303, 1205061, 1, 2, 0, 23),
    (1205070, 303, 1205071, 1, 2, 0, 23),
    (1205080, 303, 1205081, 1, 2, 0, 23),
    (1205090, 303, 1205091, 1, 2, 0, 23),
    (1205100, 303, 1205101, 1, 2, 0, 23),
    (1207010, 401, 1207011, 1, 1, 0, 10),
    (1207020, 401, 1207021, 1, 1, 0, 10),
    (1207030, 401, 1207031, 1, 1, 0, 10),
    (1207040, 401, 1207041, 1, 1, 0, 10),
    (1207050, 401, 1207051, 1, 1, 0, 10),
    (1207060, 401, 1207061, 1, 1, 0, 10),
    (1207070, 401, 1207071, 1, 1, 0, 10),
    (1207080, 401, 1207081, 1, 1, 0, 10),
    (1207090, 401, 1207091, 1, 1, 0, 10),
    (1207100, 401, 1207101, 1, 1, 0, 10),
    (1208010, 307, 1208011, 1, 2, 0, 23),
    (1208020, 307, 1208021, 1, 2, 0, 23),
    (1208030, 307, 1208031, 1, 2, 0, 23),
    (1208040, 307, 1208041, 1, 2, 0, 23),
    (1208050, 307, 1208051, 1, 2, 0, 23),
    (1208060, 307, 1208061, 1, 2, 0, 23),
    (1208070, 307, 1208071, 1, 2, 0, 23),
    (1208080, 307, 1208081, 1, 2, 0, 23),
    (1208090, 307, 1208091, 1, 2, 0, 23),
    (1208100, 307, 1208101, 1, 2, 0, 23),
    (1209010, 17, 1209011, 1, 1, 0, 10),
    (1209020, 17, 1209021, 1, 1, 0, 10),
    (1209030, 17, 1209031, 1, 1, 0, 10),
    (1209040, 17, 1209041, 1, 1, 0, 10),
    (1209050, 17, 1209051, 1, 1, 0, 10),
    (1209060, 17, 1209061, 1, 1, 0, 10),
    (1209070, 17, 1209071, 1, 1, 0, 10),
    (1209080, 17, 1209081, 1, 1, 0, 10),
    (1209090, 17, 1209091, 1, 1, 0, 10),
    (1209100, 17, 1209101, 1, 1, 0, 10),
    (2202010, 305, 2202011, 1, 2, 0, 23),
    (2202020, 305, 2202021, 1, 2, 0, 23),
    (2202030, 305, 2202031, 1, 2, 0, 23),
    (2202040, 305, 2202041, 1, 2, 0, 23),
    (2202050, 305, 2202051, 1, 2, 0, 23),
    (2202060, 305, 2202061, 1, 2, 0, 23),
    (2202070, 305, 2202071, 1, 2, 0, 23),
    (2202080, 305, 2202081, 1, 2, 0, 23),
    (2202090, 305, 2202091, 1, 2, 0, 23),
    (2202100, 305, 2202101, 1, 2, 0, 23),
    (2204010, 102, 2204011, 1, 2, 0, 23),
    (2204010, 1003, 2204012, 2, 2, 0, 23),
    (2204020, 102, 2204021, 1, 2, 0, 23),
    (2204020, 1003, 2204022, 2, 2, 0, 23),
    (2204030, 102, 2204031, 1, 2, 0, 23),
    (2204030, 1003, 2204032, 2, 2, 0, 23),
    (2204040, 102, 2204041, 1, 2, 0, 23),
    (2204040, 1003, 2204042, 2, 2, 0, 23),
    (2204050, 102, 2204051, 1, 2, 0, 23),
    (2204050, 1003, 2204052, 2, 2, 0, 23),
    (2204060, 102, 2204061, 1, 2, 0, 23),
    (2204060, 1003, 2204062, 2, 2, 0, 23),
    (2204070, 102, 2204071, 1, 2, 0, 23),
    (2204070, 1003, 2204072, 2, 2, 0, 23),
    (2204080, 102, 2204081, 1, 2, 0, 23),
    (2204080, 1003, 2204082, 2, 2, 0, 23),
    (2204090, 102, 2204091, 1, 2, 0, 23),
    (2204090, 1003, 2204092, 2, 2, 0, 23),
    (2204100, 102, 2204101, 1, 2, 0, 23),
    (2204100, 1003, 2204102, 2, 2, 0, 23),
    (2205010, 1020, 2205011, 1, 4, 0, 23),
    (2205020, 1020, 2205021, 1, 4, 0, 23),
    (2205030, 1020, 2205031, 1, 4, 0, 23),
    (2205040, 1020, 2205041, 1, 4, 0, 23),
    (2205050, 1020, 2205051, 1, 4, 0, 23),
    (2205060, 1020, 2205061, 1, 4, 0, 23),
    (2205070, 1020, 2205071, 1, 4, 0, 23),
    (2205080, 1020, 2205081, 1, 4, 0, 23),
    (2205090, 1020, 2205091, 1, 4, 0, 23),
    (2205100, 1020, 2205101, 1, 4, 0, 23),
    (2207010, 62, 2207011, 1, 1, 0, 10),
    (2207020, 62, 2207021, 1, 1, 0, 10),
    (2207030, 62, 2207031, 1, 1, 0, 10),
    (2207040, 62, 2207041, 1, 1, 0, 10),
    (2207050, 62, 2207051, 1, 1, 0, 10),
    (2207060, 62, 2207061, 1, 1, 0, 10),
    (2207070, 62, 2207071, 1, 1, 0, 10),
    (2207080, 62, 2207081, 1, 1, 0, 10),
    (2207090, 62, 2207091, 1, 1, 0, 10),
    (2207100, 62, 2207101, 1, 1, 0, 10),
    (2209010, 17, 2209011, 1, 1, 3, 10),
    (2209010, 35, 2209012, 2, 1, 0, 10),
    (2209020, 17, 2209021, 1, 1, 3, 10),
    (2209020, 35, 2209022, 2, 1, 0, 10),
    (2209030, 17, 2209031, 1, 1, 3, 10),
    (2209030, 35, 2209032, 2, 1, 0, 10),
    (2209040, 17, 2209041, 1, 1, 3, 10),
    (2209040, 35, 2209042, 2, 1, 0, 10),
    (2209050, 17, 2209051, 1, 1, 3, 10),
    (2209050, 35, 2209052, 2, 1, 0, 10),
    (2209060, 17, 2209061, 1, 1, 3, 10),
    (2209060, 35, 2209062, 2, 1, 0, 10),
    (2209070, 17, 2209071, 1, 1, 3, 10),
    (2209070, 35, 2209072, 2, 1, 0, 10),
    (2209080, 17, 2209081, 1, 1, 3, 10),
    (2209080, 35, 2209082, 2, 1, 0, 10),
    (2209090, 17, 2209091, 1, 1, 3, 10),
    (2209090, 35, 2209092, 2, 1, 0, 10),
    (2209100, 17, 2209101, 1, 1, 3, 10),
    (2209100, 35, 2209102, 2, 1, 0, 10),
    (3201010, 307, 3201011, 1, 2, 0, 23),
    (3201020, 307, 3201021, 1, 2, 0, 23),
    (3201030, 307, 3201031, 1, 2, 0, 23),
    (3201040, 307, 3201041, 1, 2, 0, 23),
    (3201050, 307, 3201051, 1, 2, 0, 23),
    (3201060, 307, 3201061, 1, 2, 0, 23),
    (3201070, 307, 3201071, 1, 2, 0, 23),
    (3201080, 307, 3201081, 1, 2, 0, 23),
    (3201090, 307, 3201091, 1, 2, 0, 23),
    (3201100, 307, 3201101, 1, 2, 0, 23),
    (3202010, 1020, 3202011, 1, 4, 0, 23),
    (3202020, 1020, 3202021, 1, 4, 0, 23),
    (3202030, 1020, 3202031, 1, 4, 0, 23),
    (3202040, 1020, 3202041, 1, 4, 0, 23),
    (3202050, 1020, 3202051, 1, 4, 0, 23),
    (3202060, 1020, 3202061, 1, 4, 0, 23),
    (3202070, 1020, 3202071, 1, 4, 0, 23),
    (3202080, 1020, 3202081, 1, 4, 0, 23),
    (3202090, 1020, 3202091, 1, 4, 0, 23),
    (3202100, 1020, 3202101, 1, 4, 0, 23),
    (3203010, 62, 3203011, 1, 2, 0, 23),
    (3203020, 62, 3203021, 1, 2, 0, 23),
    (3203030, 62, 3203031, 1, 2, 0, 23),
    (3203040, 62, 3203041, 1, 2, 0, 23),
    (3203050, 62, 3203051, 1, 2, 0, 23),
    (3203060, 62, 3203061, 1, 2, 0, 23),
    (3203070, 62, 3203071, 1, 2, 0, 23),
    (3203080, 62, 3203081, 1, 2, 0, 23),
    (3203090, 62, 3203091, 1, 2, 0, 23),
    (3203100, 62, 3203101, 1, 2, 0, 23),
    (3204010, 305, 3204011, 1, 2, 0, 23),
    (3204020, 305, 3204021, 1, 2, 0, 23),
    (3204030, 305, 3204031, 1, 2, 0, 23),
    (3204040, 305, 3204041, 1, 2, 0, 23),
    (3204050, 305, 3204051, 1, 2, 0, 23),
    (3204060, 305, 3204061, 1, 2, 0, 23),
    (3204070, 305, 3204071, 1, 2, 0, 23),
    (3204080, 305, 3204081, 1, 2, 0, 23),
    (3204090, 305, 3204091, 1, 2, 0, 23),
    (3204100, 305, 3204101, 1, 2, 0, 23),
    (3205010, 307, 3205011, 1, 2, 0, 23),
    (3205020, 307, 3205021, 1, 2, 0, 23),
    (3205030, 307, 3205031, 1, 2, 0, 23),
    (3205040, 307, 3205041, 1, 2, 0, 23),
    (3205050, 307, 3205051, 1, 2, 0, 23),
    (3205060, 307, 3205061, 1, 2, 0, 23),
    (3205070, 307, 3205071, 1, 2, 0, 23),
    (3205080, 307, 3205081, 1, 2, 0, 23),
    (3205090, 307, 3205091, 1, 2, 0, 23),
    (3205100, 307, 3205101, 1, 2, 0, 23),
    (3206010, 62, 3206011, 1, 2, 0, 23),
    (3206010, 24, 3206012, 2, 2, 0, 23),
    (3206020, 62, 3206021, 1, 2, 0, 23),
    (3206020, 24, 3206022, 2, 2, 0, 23),
    (3206030, 62, 3206031, 1, 2, 0, 23),
    (3206030, 24, 3206032, 2, 2, 0, 23),
    (3206040, 62, 3206041, 1, 2, 0, 23),
    (3206040, 24, 3206042, 2, 2, 0, 23),
    (3206050, 62, 3206051, 1, 2, 0, 23),
    (3206050, 24, 3206052, 2, 2, 0, 23),
    (3206060, 62, 3206061, 1, 2, 0, 23),
    (3206060, 24, 3206062, 2, 2, 0, 23),
    (3206070, 62, 3206071, 1, 2, 0, 23),
    (3206070, 24, 3206072, 2, 2, 0, 23),
    (3206080, 62, 3206081, 1, 2, 0, 23),
    (3206080, 24, 3206082, 2, 2, 0, 23),
    (3206090, 62, 3206091, 1, 2, 0, 23),
    (3206090, 24, 3206092, 2, 2, 0, 23),
    (3206100, 62, 3206101, 1, 2, 0, 23),
    (3206100, 24, 3206102, 2, 2, 0, 23),
    (3207010, 17, 3207011, 1, 1, 0, 10),
    (3207010, 38, 3207012, 2, 1, 0, 10),
    (3207020, 17, 3207021, 1, 1, 0, 10),
    (3207020, 38, 3207022, 2, 1, 0, 10),
    (3207030, 17, 3207031, 1, 1, 0, 10),
    (3207030, 38, 3207032, 2, 1, 0, 10),
    (3207040, 17, 3207041, 1, 1, 0, 10),
    (3207040, 38, 3207042, 2, 1, 0, 10),
    (3207050, 17, 3207051, 1, 1, 0, 10),
    (3207050, 38, 3207052, 2, 1, 0, 10),
    (3207060, 17, 3207061, 1, 1, 0, 10),
    (3207060, 38, 3207062, 2, 1, 0, 10),
    (3207070, 17, 3207071, 1, 1, 0, 10),
    (3207070, 38, 3207072, 2, 1, 0, 10),
    (3207080, 17, 3207081, 1, 1, 0, 10),
    (3207080, 38, 3207082, 2, 1, 0, 10),
    (3207090, 17, 3207091, 1, 1, 0, 10),
    (3207090, 38, 3207092, 2, 1, 0, 10),
    (3207100, 17, 3207101, 1, 1, 0, 10),
    (3207100, 38, 3207102, 2, 1, 0, 10),
    (3209010, 24, 3209011, 1, 1, 0, 10),
    (3209010, 201, 3209012, 2, 1, 0, 10),
    (3209020, 24, 3209021, 1, 1, 0, 10),
    (3209020, 201, 3209022, 2, 1, 0, 10),
    (3209030, 24, 3209031, 1, 1, 0, 10),
    (3209030, 201, 3209032, 2, 1, 0, 10),
    (3209040, 24, 3209041, 1, 1, 0, 10),
    (3209040, 201, 3209042, 2, 1, 0, 10),
    (3209050, 24, 3209051, 1, 1, 0, 10),
    (3209050, 201, 3209052, 2, 1, 0, 10),
    (3209060, 24, 3209061, 1, 1, 0, 10),
    (3209060, 201, 3209062, 2, 1, 0, 10),
    (3209070, 24, 3209071, 1, 1, 0, 10),
    (3209070, 201, 3209072, 2, 1, 0, 10),
    (3209080, 24, 3209081, 1, 1, 0, 10),
    (3209080, 201, 3209082, 2, 1, 0, 10),
    (3209090, 24, 3209091, 1, 1, 0, 10),
    (3209090, 201, 3209092, 2, 1, 0, 10),
    (3209100, 24, 3209101, 1, 1, 0, 10),
    (3209100, 201, 3209102, 2, 1, 0, 10),
    (3211010, 63, 3211011, 1, 1, 0, 10),
    (3211020, 63, 3211021, 1, 1, 0, 10),
    (3211030, 63, 3211031, 1, 1, 0, 10),
    (3211040, 63, 3211041, 1, 1, 0, 10),
    (3211050, 63, 3211051, 1, 1, 0, 10),
    (3211060, 63, 3211061, 1, 1, 0, 10),
    (3211070, 63, 3211071, 1, 1, 0, 10),
    (3211080, 63, 3211081, 1, 1, 0, 10),
    (3211090, 63, 3211091, 1, 1, 0, 10),
    (3211100, 63, 3211101, 1, 1, 0, 10),
    (5100110, 0, 5100111, 1, 0, 0, 0),
    (4202010, 1003, 4202011, 1, 2, 0, 23),
    (4202010, 62, 4202012, 2, 2, 0, 23),
    (4202020, 1003, 4202021, 1, 2, 0, 23),
    (4202020, 62, 4202022, 2, 2, 0, 23),
    (4202030, 1003, 4202031, 1, 2, 0, 23),
    (4202030, 62, 4202032, 2, 2, 0, 23),
    (4202040, 1003, 4202041, 1, 2, 0, 23),
    (4202040, 62, 4202042, 2, 2, 0, 23),
    (4202050, 1003, 4202051, 1, 2, 0, 23),
    (4202050, 62, 4202052, 2, 2, 0, 23),
    (4202060, 1003, 4202061, 1, 2, 0, 23),
    (4202060, 62, 4202062, 2, 2, 0, 23),
    (4202070, 1003, 4202071, 1, 2, 0, 23),
    (4202070, 62, 4202072, 2, 2, 0, 23),
    (4202080, 1003, 4202081, 1, 2, 0, 23),
    (4202080, 62, 4202082, 2, 2, 0, 23),
    (4202090, 1003, 4202091, 1, 2, 0, 23),
    (4202090, 62, 4202092, 2, 2, 0, 23),
    (4202100, 1003, 4202101, 1, 2, 0, 23),
    (4202100, 62, 4202102, 2, 2, 0, 23),
    (4204010, 307, 4204011, 1, 2, 0, 23),
    (4204020, 307, 4204021, 1, 2, 0, 23),
    (4204030, 307, 4204031, 1, 2, 0, 23),
    (4204040, 307, 4204041, 1, 2, 0, 23),
    (4204050, 307, 4204051, 1, 2, 0, 23),
    (4204060, 307, 4204061, 1, 2, 0, 23),
    (4204070, 307, 4204071, 1, 2, 0, 23),
    (4204080, 307, 4204081, 1, 2, 0, 23),
    (4204090, 307, 4204091, 1, 2, 0, 23),
    (4204100, 307, 4204101, 1, 2, 0, 23),
    (4206010, 62, 4206011, 1, 2, 0, 23),
    (4206020, 62, 4206021, 1, 2, 0, 23),
    (4206030, 62, 4206031, 1, 2, 0, 23),
    (4206040, 62, 4206041, 1, 2, 0, 23),
    (4206050, 62, 4206051, 1, 2, 0, 23),
    (4206060, 62, 4206061, 1, 2, 0, 23),
    (4206070, 62, 4206071, 1, 2, 0, 23),
    (4206080, 62, 4206081, 1, 2, 0, 23),
    (4206090, 62, 4206091, 1, 2, 0, 23),
    (4206100, 62, 4206101, 1, 2, 0, 23),
    (4207010, 1020, 4207011, 1, 4, 0, 23),
    (4207020, 1020, 4207021, 1, 4, 0, 23),
    (4207030, 1020, 4207031, 1, 4, 0, 23),
    (4207040, 1020, 4207041, 1, 4, 0, 23),
    (4207050, 1020, 4207051, 1, 4, 0, 23),
    (4207060, 1020, 4207061, 1, 4, 0, 23),
    (4207070, 1020, 4207071, 1, 4, 0, 23),
    (4207080, 1020, 4207081, 1, 4, 0, 23),
    (4207090, 1020, 4207091, 1, 4, 0, 23),
    (4207100, 1020, 4207101, 1, 4, 0, 23),
    (4208010, 201, 4208011, 2, 1, 0, 10),
    (4208020, 201, 4208021, 2, 1, 0, 10),
    (4208030, 201, 4208031, 2, 1, 0, 10),
    (4208040, 201, 4208041, 2, 1, 0, 10),
    (4208050, 201, 4208051, 2, 1, 0, 10),
    (4208060, 201, 4208061, 2, 1, 0, 10),
    (4208070, 201, 4208071, 2, 1, 0, 10),
    (4208080, 201, 4208081, 2, 1, 0, 10),
    (4208090, 201, 4208091, 2, 1, 0, 10),
    (4208100, 201, 4208101, 2, 1, 0, 10),
    (4209010, 202, 4209011, 1, 1, 0, 10),
    (4209020, 202, 4209021, 1, 1, 0, 10),
    (4209030, 202, 4209031, 1, 1, 0, 10),
    (4209040, 202, 4209041, 1, 1, 0, 10),
    (4209050, 202, 4209051, 1, 1, 0, 10),
    (4209060, 202, 4209061, 1, 1, 0, 10),
    (4209070, 202, 4209071, 1, 1, 0, 10),
    (4209080, 202, 4209081, 1, 1, 0, 10),
    (4209090, 202, 4209091, 1, 1, 0, 10),
    (4209100, 202, 4209101, 1, 1, 0, 10),
    (4211010, 306, 4211011, 1, 2, 0, 23),
    (4211020, 306, 4211021, 1, 2, 0, 23),
    (4211030, 306, 4211031, 1, 2, 0, 23),
    (4211040, 306, 4211041, 1, 2, 0, 23),
    (4211050, 306, 4211051, 1, 2, 0, 23),
    (4211060, 306, 4211061, 1, 2, 0, 23),
    (4211070, 306, 4211071, 1, 2, 0, 23),
    (4211080, 306, 4211081, 1, 2, 0, 23),
    (4211090, 306, 4211091, 1, 2, 0, 23),
    (4211100, 306, 4211101, 1, 2, 0, 23),
    (5100210, 0, 5100211, 1, 0, 0, 0),
    (5100310, 0, 5100311, 1, 0, 0, 0),
    (5100410, 0, 5100411, 1, 0, 0, 0),
    (5100510, 0, 5100511, 1, 0, 0, 0),
    (5100610, 0, 5100611, 1, 0, 0, 0),
    (5100710, 0, 5100711, 1, 0, 0, 0),
    (5100720, 0, 5100721, 1, 0, 0, 0),
    (5100810, 0, 5100811, 1, 0, 0, 0),
    (5100820, 0, 5100821, 1, 0, 0, 0),
    (5100910, 0, 5100911, 1, 0, 0, 0),
    (5101010, 0, 5101011, 1, 0, 0, 0),
    (5101110, 0, 5101111, 1, 0, 0, 0),
    (5101120, 0, 5101121, 1, 0, 0, 0),
    (5101130, 0, 5101131, 1, 0, 0, 0),
    (5101210, 0, 5101211, 1, 0, 0, 0),
    (5101220, 0, 5101221, 1, 0, 0, 0),
    (5101230, 0, 5101231, 1, 0, 0, 0),
    (5101240, 0, 5101241, 1, 0, 0, 0),
    (5101250, 0, 5101251, 1, 0, 0, 0),
    (5101310, 0, 5101311, 1, 0, 0, 0),
    (5101410, 0, 5101411, 1, 0, 0, 0),
    (5101510, 0, 5101511, 1, 0, 0, 0),
    (5101610, 0, 5101611, 1, 0, 0, 0),
    (5101710, 0, 5101711, 1, 0, 0, 0),
    (5101810, 0, 5101811, 1, 0, 0, 0),
    (5101910, 0, 5101911, 1, 0, 0, 0),
    (5101920, 0, 5101921, 1, 0, 0, 0),
    (5102010, 0, 5102011, 1, 0, 0, 0),
    (5102110, 0, 5102111, 1, 0, 0, 0),
    (5102120, 0, 5102121, 1, 0, 0, 0),
    (5102210, 0, 5102211, 1, 0, 0, 0),
    (5102220, 0, 5102221, 1, 0, 0, 0),
    (5102230, 0, 5102231, 1, 0, 0, 0),
    (5102240, 0, 5102241, 1, 0, 0, 0),
    (5102250, 0, 5102251, 1, 0, 0, 0),
    (5102310, 0, 5102311, 1, 0, 0, 0),
    (5102320, 0, 5102321, 1, 0, 0, 0),
    (5102330, 0, 5102331, 1, 0, 0, 0),
    (5102340, 0, 5102341, 1, 0, 0, 0),
    (5102410, 0, 5102411, 1, 0, 0, 0),
    (5102510, 0, 5102511, 1, 0, 0, 0),
    (5102610, 0, 5102611, 1, 0, 0, 0),
    (5102710, 0, 5102711, 1, 0, 0, 0),
    (5102810, 0, 5102811, 1, 0, 0, 0),
    (5102820, 0, 5102821, 1, 0, 0, 0),
    (5102910, 0, 5102911, 1, 0, 0, 0),
    (5103010, 0, 5103011, 1, 0, 0, 0),
    (5103110, 0, 5103111, 1, 0, 0, 0),
    (5103120, 0, 5103121, 1, 0, 0, 0),
    (5103130, 0, 5103131, 1, 0, 0, 0),
    (5103210, 0, 5103211, 1, 0, 0, 0),
    (5103220, 0, 5103221, 1, 0, 0, 0),
    (5103230, 0, 5103231, 1, 0, 0, 0),
    (5103310, 0, 5103311, 1, 0, 0, 0),
    (5103320, 0, 5103321, 1, 0, 0, 0),
    (5103330, 0, 5103331, 1, 0, 0, 0),
    (5103410, 0, 5103411, 1, 0, 0, 0),
    (5103420, 0, 5103421, 1, 0, 0, 0),
    (5103430, 0, 5103431, 1, 0, 0, 0),
    (5103510, 0, 5103511, 1, 0, 0, 0),
    (5103520, 0, 5103521, 1, 0, 0, 0),
    (5103530, 0, 5103531, 1, 0, 0, 0),
    (5103540, 0, 5103541, 1, 0, 0, 0),
    (5103550, 0, 5103551, 1, 0, 0, 0),
    (5103610, 0, 5103611, 1, 0, 0, 0),
    (5103710, 0, 5103711, 1, 0, 0, 0),
    (5103810, 0, 5103811, 1, 0, 0, 0),
    (5103820, 0, 5103821, 1, 0, 0, 0),
    (5103910, 0, 5103911, 1, 0, 0, 0),
    (5103920, 0, 5103921, 1, 0, 0, 0),
    (5104010, 0, 5104011, 1, 0, 0, 0),
    (5104020, 0, 5104021, 1, 0, 0, 0),
    (5104110, 0, 5104111, 1, 0, 0, 0),
    (5104210, 0, 5104211, 1, 0, 0, 0),
    (5104310, 0, 5104311, 1, 0, 0, 0),
    (5104410, 0, 5104411, 1, 0, 0, 0),
    (5104420, 0, 5104421, 1, 0, 0, 0),
    (5104430, 0, 5104431, 1, 0, 0, 0),
    (5104440, 0, 5104441, 1, 0, 0, 0),
    (5104510, 0, 5104511, 1, 0, 0, 0),
    (5104520, 0, 5104521, 1, 0, 0, 0),
    (5104530, 0, 5104531, 1, 0, 0, 0),
    (5104540, 0, 5104541, 1, 0, 0, 0),
    (5104610, 0, 5104611, 1, 0, 0, 0),
    (5104620, 0, 5104621, 1, 0, 0, 0),
    (5104630, 0, 5104631, 1, 0, 0, 0),
    (5104640, 0, 5104641, 1, 0, 0, 0),
    (5104710, 0, 5104711, 1, 0, 0, 0),
    (5104720, 0, 5104721, 1, 0, 0, 0),
    (5104730, 0, 5104731, 1, 0, 0, 0),
    (5104740, 0, 5104741, 1, 0, 0, 0),
    (5104810, 0, 5104811, 1, 0, 0, 0),
    (5104820, 0, 5104821, 1, 0, 0, 0),
    (5104830, 0, 5104831, 1, 0, 0, 0),
    (5104840, 0, 5104841, 1, 0, 0, 0),
    (5104850, 0, 5104851, 1, 0, 0, 0),
    (5104910, 0, 5104911, 1, 0, 0, 0),
    (5104920, 0, 5104921, 1, 0, 0, 0),
    (5105010, 0, 5105011, 1, 0, 0, 0),
    (5105120, 0, 5105121, 1, 0, 0, 0),
    (5105210, 0, 5105211, 1, 0, 0, 0),
    (5105310, 0, 5105311, 1, 0, 0, 0),
    (5105320, 0, 5105321, 1, 0, 0, 0),
    (5105310, 0, 5105311, 1, 0, 0, 0),
    (5105320, 0, 5105321, 1, 0, 0, 0),
    (5105410, 0, 5105411, 1, 0, 0, 0),
    (5105420, 0, 5105421, 1, 0, 0, 0),
    (5105510, 0, 5105511, 1, 0, 0, 0),
    (5105520, 0, 5105521, 1, 0, 0, 0),
    (5105610, 0, 5105611, 1, 0, 0, 0),
    (5105620, 0, 5105621, 1, 0, 0, 0),
    (5105710, 0, 5105711, 1, 0, 0, 0),
    (5105720, 0, 5105721, 1, 0, 0, 0),
    (5105730, 0, 5105731, 1, 0, 0, 0),
    (5105740, 0, 5105741, 1, 0, 0, 0),
    (5105810, 0, 5105811, 1, 0, 0, 0),
    (5105820, 0, 5105821, 1, 0, 0, 0),
    (5105830, 0, 5105831, 1, 0, 0, 0),
    (5105910, 0, 5105911, 1, 0, 0, 0),
    (5105920, 0, 5105921, 1, 0, 0, 0),
    (5105930, 0, 5105931, 1, 0, 0, 0),
    (5106010, 0, 5106011, 1, 0, 0, 0),
    (5106020, 0, 5106021, 1, 0, 0, 0),
    (5106030, 0, 5106031, 1, 0, 0, 0),
    (5106040, 0, 5106041, 1, 0, 0, 0),
    (5106110, 0, 5106111, 1, 0, 0, 0),
    (5106120, 0, 5106121, 1, 0, 0, 0),
    (5106130, 0, 5106131, 1, 0, 0, 0),
    (5106140, 0, 5106141, 1, 0, 0, 0),
    (5106150, 0, 5106151, 1, 0, 0, 0),
    (5106210, 0, 5106211, 1, 0, 0, 0),
    (5106220, 0, 5106221, 1, 0, 0, 0),
    (5106310, 0, 5106311, 1, 0, 0, 0),
    (5106320, 0, 5106321, 1, 0, 0, 0),
    (5106410, 0, 5106411, 1, 0, 0, 0),
    (5106420, 0, 5106421, 1, 0, 0, 0),
    (5106510, 0, 5106511, 1, 0, 0, 0),
    (5106520, 0, 5106521, 1, 0, 0, 0),
    (5106610, 0, 5106611, 1, 0, 0, 0),
    (5106620, 0, 5106621, 1, 0, 0, 0),
    (5106710, 0, 5106711, 1, 0, 0, 0),
    (5106720, 0, 5106721, 1, 0, 0, 0),
    (5106810, 0, 5106811, 1, 0, 0, 0),
    (5106910, 0, 5106911, 1, 0, 0, 0),
    (5106920, 0, 5106921, 1, 0, 0, 0),
    (5106930, 0, 5106931, 1, 0, 0, 0),
    (5107010, 0, 5107011, 1, 0, 0, 0),
    (5107020, 0, 5107021, 1, 0, 0, 0),
    (5107030, 0, 5107031, 1, 0, 0, 0),
    (5107110, 0, 5107111, 1, 0, 0, 0),
    (5107120, 0, 5107121, 1, 0, 0, 0),
    (5107130, 0, 5107131, 1, 0, 0, 0),
    (5107210, 0, 5107211, 1, 0, 0, 0),
    (5107220, 0, 5107221, 1, 0, 0, 0),
    (5107230, 0, 5107231, 1, 0, 0, 0),
    (5107310, 0, 5107311, 1, 0, 0, 0),
    (5107320, 0, 5107321, 1, 0, 0, 0),
    (5107330, 0, 5107331, 1, 0, 0, 0),
    (5107340, 0, 5107341, 1, 0, 0, 0),
    (5107350, 0, 5107351, 1, 0, 0, 0),
    (5107410, 0, 5107411, 1, 0, 0, 0),
    (5107420, 0, 5107421, 1, 0, 0, 0),
    (5107430, 0, 5107431, 1, 0, 0, 0),
    (5107440, 0, 5107441, 1, 0, 0, 0),
    (5107510, 0, 5107511, 1, 0, 0, 0),
    (5107520, 0, 5107521, 1, 0, 0, 0),
    (5107610, 0, 5107611, 1, 0, 0, 0),
    (5107620, 0, 5107621, 1, 0, 0, 0),
    (5107710, 0, 5107711, 1, 0, 0, 0),
    (5107720, 0, 5107721, 1, 0, 0, 0),
    (5107810, 0, 5107811, 1, 0, 0, 0),
    (5107820, 0, 5107821, 1, 0, 0, 0),
    (5107910, 0, 5107911, 1, 0, 0, 0),
    (5107920, 0, 5107921, 1, 0, 0, 0),
    (5107930, 0, 5107931, 1, 0, 0, 0),
    (5108010, 0, 5108011, 1, 0, 0, 0),
    (5108020, 0, 5108021, 1, 0, 0, 0),
    (5108030, 0, 5108031, 1, 0, 0, 0),
    (5108110, 0, 5108111, 1, 0, 0, 0),
    (5108120, 0, 5108121, 1, 0, 0, 0),
    (5108130, 0, 5108131, 1, 0, 0, 0),
    (5108210, 0, 5108211, 1, 0, 0, 0),
    (5108220, 0, 5108221, 1, 0, 0, 0),
    (5108230, 0, 5108231, 1, 0, 0, 0),
    (5108310, 0, 5108311, 1, 0, 0, 0),
    (5108320, 0, 5108321, 1, 0, 0, 0),
    (5108330, 0, 5108331, 1, 0, 0, 0),
    (5108410, 0, 5108411, 1, 0, 0, 0),
    (5108420, 0, 5108421, 1, 0, 0, 0),
    (5108430, 0, 5108431, 1, 0, 0, 0),
    (5108510, 0, 5108511, 1, 0, 0, 0),
    (5108520, 0, 5108521, 1, 0, 0, 0),
    (5108530, 0, 5108531, 1, 0, 0, 0),
    (5108540, 0, 5108541, 1, 0, 0, 0),
    (5108610, 0, 5108611, 1, 0, 0, 0),
    (5108620, 0, 5108621, 1, 0, 0, 0),
    (5108630, 0, 5108631, 1, 0, 0, 0),
    (5108640, 0, 5108641, 1, 0, 0, 0),
    (5108650, 0, 5108651, 1, 0, 0, 0),
    (5108710, 0, 5108711, 1, 0, 0, 0),
    (5108720, 0, 5108721, 1, 0, 0, 0),
    (5108810, 0, 5108811, 1, 0, 0, 0),
    (5108820, 0, 5108821, 1, 0, 0, 0),
    (5108910, 0, 5108911, 1, 0, 0, 0),
    (5108920, 0, 5108921, 1, 0, 0, 0),
    (5109010, 0, 5109011, 1, 0, 0, 0),
    (5109020, 0, 5109021, 1, 0, 0, 0),
    (5109110, 0, 5109111, 1, 0, 0, 0),
    (5109120, 0, 5109121, 1, 0, 0, 0),
    (5109130, 0, 5109131, 1, 0, 0, 0),
    (5109210, 0, 5109211, 1, 0, 0, 0),
    (5109220, 0, 5109221, 1, 0, 0, 0),
    (5109230, 0, 5109231, 1, 0, 0, 0),
    (5109240, 0, 5109241, 1, 0, 0, 0),
    (5109250, 0, 5109251, 1, 1, 0, 10),
    (5109310, 0, 5109311, 1, 0, 0, 0),
    (5109320, 0, 5109321, 1, 0, 0, 0),
    (5109330, 0, 5109331, 1, 0, 0, 0),
    (5109340, 0, 5109341, 1, 0, 0, 0),
    (5109350, 0, 5109351, 1, 0, 0, 0),
    (5109410, 0, 5109411, 1, 0, 0, 0),
    (5109420, 0, 5109421, 1, 0, 0, 0),
    (5109510, 0, 5109511, 1, 0, 0, 0),
    (5109520, 0, 5109521, 1, 0, 0, 0),
    (5109530, 0, 5109531, 1, 0, 0, 0),
    (5109610, 0, 5109611, 1, 0, 0, 0),
    (5109710, 0, 5109711, 1, 0, 0, 0),
    (5109720, 0, 5109721, 1, 0, 0, 0),
    (5109730, 0, 5109731, 1, 0, 0, 0),
    (5109810, 0, 5109811, 1, 0, 0, 0),
    (5109820, 0, 5109821, 1, 0, 0, 0),
    (5109830, 0, 5109831, 1, 0, 0, 0),
    (5109910, 0, 5109911, 1, 0, 0, 0),
    (5109920, 0, 5109921, 1, 0, 0, 0),
    (5109930, 0, 5109931, 1, 0, 0, 0),
    (5110010, 0, 5110011, 1, 0, 0, 0),
    (5110020, 0, 5110021, 1, 0, 0, 0),
    (5110030, 0, 5110031, 1, 0, 0, 0),
    (5110110, 0, 5110111, 1, 0, 0, 0),
    (5110120, 0, 5110121, 1, 0, 0, 0),
    (5110130, 0, 5110131, 1, 0, 0, 0),
    (5110140, 0, 5110141, 1, 0, 0, 0),
    (5110210, 0, 5110211, 1, 0, 0, 0),
    (5110220, 0, 5110221, 1, 0, 0, 0),
    (5110230, 0, 5110231, 1, 0, 0, 0),
    (5110310, 0, 5110311, 1, 0, 0, 0),
    (5110320, 0, 5110321, 1, 0, 0, 0),
    (5110330, 0, 5110331, 1, 0, 0, 0),
    (5110410, 0, 5110411, 1, 0, 0, 0),
    (5110420, 0, 5110421, 1, 0, 0, 0),
    (5110510, 0, 5110511, 1, 0, 0, 0),
    (5110520, 0, 5110521, 1, 0, 0, 0),
    (5110530, 0, 5110531, 1, 0, 0, 0),
    (5110610, 0, 5110611, 1, 0, 0, 0),
    (5110620, 0, 5110621, 1, 0, 0, 0),
    (5110630, 0, 5110631, 1, 0, 0, 0),
    (5110640, 0, 5110641, 1, 0, 0, 0),
    (5110650, 0, 5110651, 1, 0, 0, 0),
    (5110710, 0, 5110711, 1, 0, 0, 0),
    (5110720, 0, 5110721, 1, 0, 0, 0),
    (5110810, 0, 5110811, 1, 0, 0, 0),
    (5110820, 0, 5110821, 1, 0, 0, 0),
    (5110910, 0, 5110911, 1, 0, 0, 0),
    (5110920, 0, 5110921, 1, 0, 0, 0),
    (5111010, 0, 5111011, 1, 0, 0, 0),
    (5111020, 0, 5111021, 1, 0, 0, 0),
    (5111110, 0, 5111111, 1, 0, 0, 0),
    (5111120, 0, 5111121, 1, 0, 0, 0),
    (5111130, 0, 5111131, 1, 0, 0, 0);

-- --------------------------------------------------------------------------------
-- OptionAttribute 테이터 테이블 재구성
-- --------------------------------------------------------------------------------
DROP TABLE IF EXISTS `eod_configuration`.`data_option_attribute`;
CREATE TABLE IF NOT EXISTS `eod_configuration`.`data_option_attribute`
(
    `option_attribute_id` BIGINT(20) NULL,
    `option_division` INT(11) NULL,
    `option_condition` BIGINT(20) NULL,
    `option_overlab` INT(11) NULL,
    `ignore_option_group` BIGINT(20) NULL,
    `remove_option_group` BIGINT(20) NULL,
    `option_apply_rate` INT(11) NULL,
    `opt_delay` FLOAT(20, 3) NULL,
    `opt_timer` FLOAT(20, 3) NULL,
    `option_adjust_type` INT(11) NULL,
    `option_value_type` INT(11) NULL,
    `option_value_min` FLOAT(20, 3) NULL,
    `option_value_max` FLOAT(20, 3) NULL,
    `appply_hit_times` INT(11) NULL
)
ENGINE = InnoDB;

INSERT INTO `eod_configuration`.`data_option_attribute`
VALUES
    (1201011, 1003, 0, 1003, 0, 0, 100, 5.000, 5.000, 1, 2, 8.000, 15.000, 5),
    (1201012, 62, 1201011, 0, 0, 0, 100, 0.200, 5.000, 1, 2, -25.000, -25.000, 0),
    (1201021, 1003, 0, 1003, 0, 0, 100, 1.000, 5.000, 1, 2, 9.000, 15.000, 5),
    (1201022, 62, 1201021, 0, 0, 0, 100, 0.200, 5.000, 1, 2, -25.000, -25.000, 0),
    (1201031, 1003, 0, 1003, 0, 0, 100, 1.000, 5.000, 1, 2, 10.000, 15.000, 5),
    (1201032, 62, 1201031, 0, 0, 0, 100, 0.200, 5.000, 1, 2, -25.000, -25.000, 0),
    (1201041, 1003, 0, 1003, 0, 0, 100, 1.000, 5.000, 1, 2, 11.000, 15.000, 5),
    (1201042, 62, 1201041, 0, 0, 0, 100, 0.200, 5.000, 1, 2, -25.000, -25.000, 0),
    (1201051, 1003, 0, 1003, 0, 0, 100, 1.000, 5.000, 1, 2, 12.000, 15.000, 5),
    (1201052, 62, 1201051, 0, 0, 0, 100, 0.200, 5.000, 1, 2, -25.000, -25.000, 0),
    (1201061, 1003, 0, 1003, 0, 0, 100, 1.000, 5.000, 1, 2, 13.000, 15.000, 5),
    (1201062, 62, 1201061, 0, 0, 0, 100, 0.200, 5.000, 1, 2, -25.000, -25.000, 0),
    (1201071, 1003, 0, 1003, 0, 0, 100, 1.000, 5.000, 1, 2, 14.000, 15.000, 5),
    (1201072, 62, 1201071, 0, 0, 0, 100, 0.200, 5.000, 1, 2, -25.000, -25.000, 0),
    (1201081, 1003, 0, 1003, 0, 0, 100, 1.000, 5.000, 1, 2, 15.000, 15.000, 5),
    (1201082, 62, 1201081, 0, 0, 0, 100, 0.200, 5.000, 1, 2, -25.000, -25.000, 0),
    (1201091, 1003, 0, 1003, 0, 0, 100, 1.000, 5.000, 1, 2, 16.000, 16.000, 5),
    (1201092, 62, 1201091, 0, 0, 0, 100, 0.200, 5.000, 1, 2, -25.000, -25.000, 0),
    (1201101, 1003, 0, 1003, 0, 0, 100, 1.000, 5.000, 1, 2, 17.000, 17.000, 5),
    (1201102, 62, 1201101, 0, 0, 0, 100, 0.200, 5.000, 1, 2, -25.000, -25.000, 0),
    (1203011, 24, 0, 0, 0, 0, 100, 0.200, 5.000, 1, 2, -5.000, -5.000, 0),
    (1203021, 24, 0, 0, 0, 0, 100, 0.200, 5.000, 1, 2, -10.000, -10.000, 0),
    (1203031, 24, 0, 0, 0, 0, 100, 0.200, 5.000, 1, 2, -15.000, -15.000, 0),
    (1203041, 24, 0, 0, 0, 0, 100, 0.200, 5.000, 1, 2, -20.000, -20.000, 0),
    (1203051, 24, 0, 0, 0, 0, 100, 0.200, 5.000, 1, 2, -25.000, -25.000, 0),
    (1203061, 24, 0, 0, 0, 0, 100, 0.200, 5.000, 1, 2, -30.000, -30.000, 0),
    (1203071, 24, 0, 0, 0, 0, 100, 0.200, 5.000, 1, 2, -35.000, -35.000, 0),
    (1203081, 24, 0, 0, 0, 0, 100, 0.200, 5.000, 1, 2, -40.000, -40.000, 0),
    (1203091, 24, 0, 0, 0, 0, 100, 0.200, 5.000, 1, 2, -45.000, -45.000, 0),
    (1203101, 24, 0, 0, 0, 0, 100, 0.200, 5.000, 1, 2, -50.000, -50.000, 0),
    (1203012, 1020, 0, 0, 0, 0, 100, 0.200, -1.000, 0, 2, 55.000, 55.000, 0),
    (1203022, 1020, 0, 0, 0, 0, 100, 0.200, -1.000, 0, 2, 60.000, 60.000, 0),
    (1203032, 1020, 0, 0, 0, 0, 100, 0.200, -1.000, 0, 2, 65.000, 65.000, 0),
    (1203042, 1020, 0, 0, 0, 0, 100, 0.200, -1.000, 0, 2, 70.000, 70.000, 0),
    (1203052, 1020, 0, 0, 0, 0, 100, 0.200, -1.000, 0, 2, 75.000, 75.000, 0),
    (1203062, 1020, 0, 0, 0, 0, 100, 0.200, -1.000, 0, 2, 80.000, 80.000, 0),
    (1203072, 1020, 0, 0, 0, 0, 100, 0.200, -1.000, 0, 2, 85.000, 85.000, 0),
    (1203082, 1020, 0, 0, 0, 0, 100, 0.200, -1.000, 0, 2, 90.000, 90.000, 0),
    (1203092, 1020, 0, 0, 0, 0, 100, 0.200, -1.000, 0, 2, 95.000, 95.000, 0),
    (1203102, 1020, 0, 0, 0, 0, 100, 0.200, -1.000, 0, 2, 100.000, 100.000, 0),
    (1204011, 202, 0, 0, 0, 0, 100, 0.000, 0.100, 0, 2, 15.000, 15.000, 0),
    (1204021, 202, 0, 0, 0, 0, 100, 0.000, 0.100, 0, 2, 17.000, 17.000, 0),
    (1204031, 202, 0, 0, 0, 0, 100, 0.000, 0.100, 0, 2, 19.000, 19.000, 0),
    (1204041, 202, 0, 0, 0, 0, 100, 0.000, 0.100, 0, 2, 21.000, 21.000, 0),
    (1204051, 202, 0, 0, 0, 0, 100, 0.000, 0.100, 0, 2, 23.000, 23.000, 0),
    (1204061, 202, 0, 0, 0, 0, 100, 0.000, 0.100, 0, 2, 25.000, 25.000, 0),
    (1204071, 202, 0, 0, 0, 0, 100, 0.000, 0.100, 0, 2, 27.000, 27.000, 0),
    (1204081, 202, 0, 0, 0, 0, 100, 0.000, 0.100, 0, 2, 29.000, 29.000, 0),
    (1204091, 202, 0, 0, 0, 0, 100, 0.000, 0.100, 0, 2, 31.000, 31.000, 0),
    (1204101, 202, 0, 0, 0, 0, 100, 0.000, 0.100, 0, 2, 33.000, 33.000, 0),
    (1205011, 303, 0, 303, 0, 0, 100, 0.000, 2.000, 0, 0, 0.000, 0.000, 0),
    (1205021, 303, 0, 303, 0, 0, 100, 0.000, 2.000, 0, 0, 0.000, 0.000, 0),
    (1205031, 303, 0, 303, 0, 0, 100, 0.000, 2.000, 0, 0, 0.000, 0.000, 0),
    (1205041, 303, 0, 303, 0, 0, 100, 0.000, 2.000, 0, 0, 0.000, 0.000, 0),
    (1205051, 303, 0, 303, 0, 0, 100, 0.000, 2.000, 0, 0, 0.000, 0.000, 0),
    (1205061, 303, 0, 303, 0, 0, 100, 0.000, 2.000, 0, 0, 0.000, 0.000, 0),
    (1205071, 303, 0, 303, 0, 0, 100, 0.000, 2.000, 0, 0, 0.000, 0.000, 0),
    (1205081, 303, 0, 303, 0, 0, 100, 0.000, 2.000, 0, 0, 0.000, 0.000, 0),
    (1205091, 303, 0, 303, 0, 0, 100, 0.000, 2.000, 0, 0, 0.000, 0.000, 0),
    (1205101, 303, 0, 303, 0, 0, 100, 0.000, 2.000, 0, 0, 0.000, 0.000, 0),
    (1207011, 401, 0, 0, 0, 0, 100, 0.000, 3.000, 0, 0, 0.000, 0.000, 0),
    (1207021, 401, 0, 0, 0, 0, 100, 0.000, 3.000, 0, 0, 0.000, 0.000, 0),
    (1207031, 401, 0, 0, 0, 0, 100, 0.000, 3.000, 0, 0, 0.000, 0.000, 0),
    (1207041, 401, 0, 0, 0, 0, 100, 0.000, 3.000, 0, 0, 0.000, 0.000, 0),
    (1207051, 401, 0, 0, 0, 0, 100, 0.000, 3.000, 0, 0, 0.000, 0.000, 0),
    (1207061, 401, 0, 0, 0, 0, 100, 0.000, 3.000, 0, 0, 0.000, 0.000, 0),
    (1207071, 401, 0, 0, 0, 0, 100, 0.000, 3.000, 0, 0, 0.000, 0.000, 0),
    (1207081, 401, 0, 0, 0, 0, 100, 0.000, 3.000, 0, 0, 0.000, 0.000, 0),
    (1207091, 401, 0, 0, 0, 0, 100, 0.000, 3.000, 0, 0, 0.000, 0.000, 0),
    (1207101, 401, 0, 0, 0, 0, 100, 0.000, 3.000, 0, 0, 0.000, 0.000, 0),
    (1208011, 307, 0, 307, 0, 0, 100, 0.000, 0.500, 0, 0, 0.000, 0.000, 0),
    (1208021, 307, 0, 307, 0, 0, 100, 0.000, 0.600, 0, 0, 0.000, 0.000, 0),
    (1208031, 307, 0, 307, 0, 0, 100, 0.000, 0.700, 0, 0, 0.000, 0.000, 0),
    (1208041, 307, 0, 307, 0, 0, 100, 0.000, 0.800, 0, 0, 0.000, 0.000, 0),
    (1208051, 307, 0, 307, 0, 0, 100, 0.000, 0.900, 0, 0, 0.000, 0.000, 0),
    (1208061, 307, 0, 307, 0, 0, 100, 0.000, 1.000, 0, 0, 0.000, 0.000, 0),
    (1208071, 307, 0, 307, 0, 0, 100, 0.000, 1.100, 0, 0, 0.000, 0.000, 0),
    (1208081, 307, 0, 307, 0, 0, 100, 0.000, 1.200, 0, 0, 0.000, 0.000, 0),
    (1208091, 307, 0, 307, 0, 0, 100, 0.000, 1.300, 0, 0, 0.000, 0.000, 0),
    (1208101, 307, 0, 307, 0, 0, 100, 0.000, 1.400, 0, 0, 0.000, 0.000, 0),
    (1209011, 17, 0, 0, 0, 0, 100, 0.000, 7.000, 1, 2, 60.000, 60.000, 0),
    (1209021, 17, 0, 0, 0, 0, 100, 0.000, 7.000, 1, 2, 70.000, 70.000, 0),
    (1209031, 17, 0, 0, 0, 0, 100, 0.000, 7.000, 1, 2, 80.000, 80.000, 0),
    (1209041, 17, 0, 0, 0, 0, 100, 0.000, 7.000, 1, 2, 90.000, 90.000, 0),
    (1209051, 17, 0, 0, 0, 0, 100, 0.000, 7.000, 1, 2, 100.000, 100.000, 0),
    (1209061, 17, 0, 0, 0, 0, 100, 0.000, 7.000, 1, 2, 110.000, 110.000, 0),
    (1209071, 17, 0, 0, 0, 0, 100, 0.000, 7.000, 1, 2, 120.000, 120.000, 0),
    (1209081, 17, 0, 0, 0, 0, 100, 0.000, 7.000, 1, 2, 130.000, 130.000, 0),
    (1209091, 17, 0, 0, 0, 0, 100, 0.000, 7.000, 1, 2, 140.000, 140.000, 0),
    (1209101, 17, 0, 0, 0, 0, 100, 0.000, 7.000, 1, 2, 150.000, 150.000, 0),
    (2202011, 305, 0, 305, 0, 0, 7, 0.000, 2.000, 0, 0, 0.000, 0.000, 0),
    (2202021, 305, 0, 305, 0, 0, 7, 0.000, 2.000, 0, 0, 0.000, 0.000, 0),
    (2202031, 305, 0, 305, 0, 0, 7, 0.000, 2.000, 0, 0, 0.000, 0.000, 0),
    (2202041, 305, 0, 305, 0, 0, 7, 0.000, 2.000, 0, 0, 0.000, 0.000, 0),
    (2202051, 305, 0, 305, 0, 0, 7, 0.000, 2.000, 0, 0, 0.000, 0.000, 0),
    (2202061, 305, 0, 305, 0, 0, 7, 0.000, 2.000, 0, 0, 0.000, 0.000, 0),
    (2202071, 305, 0, 305, 0, 0, 7, 0.000, 2.000, 0, 0, 0.000, 0.000, 0),
    (2202081, 305, 0, 305, 0, 0, 7, 0.000, 2.000, 0, 0, 0.000, 0.000, 0),
    (2202091, 305, 0, 305, 0, 0, 7, 0.000, 2.000, 0, 0, 0.000, 0.000, 0),
    (2202101, 305, 0, 305, 0, 0, 7, 0.000, 2.000, 0, 0, 0.000, 0.000, 0),
    (2204011, 102, 0, 102, 0, 0, 100, 0.000, 3.000, 0, 0, 0.000, 0.000, 0),
    (2204012, 1003, 2204011, 0, 0, 0, 100, 0.000, 3.000, 1, 2, 15.000, 15.000, 2),
    (2204021, 102, 0, 102, 0, 0, 100, 0.000, 3.000, 0, 0, 0.000, 0.000, 0),
    (2204022, 1003, 2204021, 0, 0, 0, 100, 0.000, 3.000, 1, 2, 16.000, 16.000, 2),
    (2204031, 102, 0, 102, 0, 0, 100, 0.000, 3.000, 0, 0, 0.000, 0.000, 0),
    (2204032, 1003, 2204031, 0, 0, 0, 100, 0.000, 3.000, 1, 2, 17.000, 17.000, 2),
    (2204041, 102, 0, 102, 0, 0, 100, 0.000, 3.000, 0, 0, 0.000, 0.000, 0),
    (2204042, 1003, 2204041, 0, 0, 0, 100, 0.000, 3.000, 1, 2, 18.000, 18.000, 2),
    (2204051, 102, 0, 102, 0, 0, 100, 0.000, 3.000, 0, 0, 0.000, 0.000, 0),
    (2204052, 1003, 2204051, 0, 0, 0, 100, 0.000, 3.000, 1, 2, 19.000, 19.000, 2),
    (2204061, 102, 0, 102, 0, 0, 100, 0.000, 3.000, 0, 0, 0.000, 0.000, 0),
    (2204062, 1003, 2204061, 0, 0, 0, 100, 0.000, 3.000, 1, 2, 20.000, 20.000, 2),
    (2204071, 102, 0, 102, 0, 0, 100, 0.000, 3.000, 0, 0, 0.000, 0.000, 0),
    (2204072, 1003, 2204071, 0, 0, 0, 100, 0.000, 3.000, 1, 2, 21.000, 21.000, 2),
    (2204081, 102, 0, 102, 0, 0, 100, 0.000, 3.000, 0, 0, 0.000, 0.000, 0),
    (2204082, 1003, 2204071, 0, 0, 0, 100, 0.000, 3.000, 1, 2, 22.000, 22.000, 2),
    (2204091, 102, 0, 102, 0, 0, 100, 0.000, 3.000, 0, 0, 0.000, 0.000, 0),
    (2204092, 1003, 2204071, 0, 0, 0, 100, 0.000, 3.000, 1, 2, 23.000, 23.000, 2),
    (2204101, 102, 0, 102, 0, 0, 100, 0.000, 3.000, 0, 0, 0.000, 0.000, 0),
    (2204102, 1003, 2204071, 0, 0, 0, 100, 0.000, 3.000, 1, 2, 24.000, 24.000, 2),
    (2205011, 1020, 0, 0, 0, 0, 100, 0.200, -1.000, 0, 2, 55.000, 55.000, 0),
    (2205021, 1020, 0, 0, 0, 0, 100, 0.200, -1.000, 0, 2, 60.000, 60.000, 0),
    (2205031, 1020, 0, 0, 0, 0, 100, 0.200, -1.000, 0, 2, 65.000, 65.000, 0),
    (2205041, 1020, 0, 0, 0, 0, 100, 0.200, -1.000, 0, 2, 70.000, 70.000, 0),
    (2205051, 1020, 0, 0, 0, 0, 100, 0.200, -1.000, 0, 2, 75.000, 75.000, 0),
    (2205061, 1020, 0, 0, 0, 0, 100, 0.200, -1.000, 0, 2, 80.000, 80.000, 0),
    (2205071, 1020, 0, 0, 0, 0, 100, 0.200, -1.000, 0, 2, 85.000, 85.000, 0),
    (2205081, 1020, 0, 0, 0, 0, 100, 0.200, -1.000, 0, 2, 90.000, 90.000, 0),
    (2205091, 1020, 0, 0, 0, 0, 100, 0.200, -1.000, 0, 2, 95.000, 95.000, 0),
    (2205101, 1020, 0, 0, 0, 0, 100, 0.200, -1.000, 0, 2, 100.000, 100.000, 0),
    (2207011, 62, 0, 0, 0, 0, 100, 0.000, 3.000, 1, 2, 4.000, 4.000, 0),
    (2207021, 62, 0, 0, 0, 0, 100, 0.000, 3.000, 1, 2, 5.000, 5.000, 0),
    (2207031, 62, 0, 0, 0, 0, 100, 0.000, 3.000, 1, 2, 6.000, 6.000, 0),
    (2207041, 62, 0, 0, 0, 0, 100, 0.000, 3.000, 1, 2, 7.000, 7.000, 0),
    (2207051, 62, 0, 0, 0, 0, 100, 0.000, 3.000, 1, 2, 8.000, 8.000, 0),
    (2207061, 62, 0, 0, 0, 0, 100, 0.000, 3.000, 1, 2, 9.000, 9.000, 0),
    (2207071, 62, 0, 0, 0, 0, 100, 0.000, 3.000, 1, 2, 10.000, 10.000, 0),
    (2207081, 62, 0, 0, 0, 0, 100, 0.000, 3.000, 1, 2, 11.000, 11.000, 0),
    (2207091, 62, 0, 0, 0, 0, 100, 0.000, 3.000, 1, 2, 12.000, 12.000, 0),
    (2207101, 62, 0, 0, 0, 0, 100, 0.000, 3.000, 1, 2, 13.000, 13.000, 0),
    (2209011, 17, 0, 0, 0, 0, 100, 0.000, 10.000, 1, 2, 20.000, 20.000, 0),
    (2209012, 94, 0, 0, 0, 0, 100, 0.000, 10.000, 1, 2, 2.000, 2.000, 0),
    (2209021, 17, 0, 0, 0, 0, 100, 0.000, 10.000, 1, 2, 25.000, 25.000, 0),
    (2209022, 94, 0, 0, 0, 0, 100, 0.000, 10.000, 1, 2, 4.000, 4.000, 0),
    (2209031, 17, 0, 0, 0, 0, 100, 0.000, 10.000, 1, 2, 30.000, 30.000, 0),
    (2209032, 94, 0, 0, 0, 0, 100, 0.000, 10.000, 1, 2, 6.000, 6.000, 0),
    (2209041, 17, 0, 0, 0, 0, 100, 0.000, 10.000, 1, 2, 35.000, 35.000, 0),
    (2209042, 94, 0, 0, 0, 0, 100, 0.000, 10.000, 1, 2, 8.000, 8.000, 0),
    (2209051, 17, 0, 0, 0, 0, 100, 0.000, 10.000, 1, 2, 40.000, 40.000, 0),
    (2209052, 94, 0, 0, 0, 0, 100, 0.000, 10.000, 1, 2, 10.000, 10.000, 0),
    (2209061, 17, 0, 0, 0, 0, 100, 0.000, 10.000, 1, 2, 45.000, 45.000, 0),
    (2209062, 94, 0, 0, 0, 0, 100, 0.000, 10.000, 1, 2, 12.000, 12.000, 0),
    (2209071, 17, 0, 0, 0, 0, 100, 0.000, 10.000, 1, 2, 50.000, 50.000, 0),
    (2209072, 94, 0, 0, 0, 0, 100, 0.000, 10.000, 1, 2, 14.000, 14.000, 0),
    (2209081, 17, 0, 0, 0, 0, 100, 0.000, 10.000, 1, 2, 55.000, 55.000, 0),
    (2209082, 94, 0, 0, 0, 0, 100, 0.000, 10.000, 1, 2, 16.000, 16.000, 0),
    (2209091, 17, 0, 0, 0, 0, 100, 0.000, 10.000, 1, 2, 60.000, 60.000, 0),
    (2209092, 94, 0, 0, 0, 0, 100, 0.000, 10.000, 1, 2, 18.000, 18.000, 0),
    (2209101, 17, 0, 0, 0, 0, 100, 0.000, 10.000, 1, 2, 65.000, 65.000, 0),
    (2209102, 94, 0, 0, 0, 0, 100, 0.000, 10.000, 1, 2, 20.000, 20.000, 0),
    (3201011, 307, 0, 307, 0, 0, 100, 0.000, 0.500, 0, 0, 0.000, 0.000, 0),
    (3201021, 307, 0, 307, 0, 0, 100, 0.000, 0.600, 0, 0, 0.000, 0.000, 0),
    (3201031, 307, 0, 307, 0, 0, 100, 0.000, 0.700, 0, 0, 0.000, 0.000, 0),
    (3201041, 307, 0, 307, 0, 0, 100, 0.000, 0.800, 0, 0, 0.000, 0.000, 0),
    (3201051, 307, 0, 307, 0, 0, 100, 0.000, 0.900, 0, 0, 0.000, 0.000, 0),
    (3201061, 307, 0, 307, 0, 0, 100, 0.000, 1.000, 0, 0, 0.000, 0.000, 0),
    (3201071, 307, 0, 307, 0, 0, 100, 0.000, 1.100, 0, 0, 0.000, 0.000, 0),
    (3201081, 307, 0, 307, 0, 0, 100, 0.000, 1.200, 0, 0, 0.000, 0.000, 0),
    (3201091, 307, 0, 307, 0, 0, 100, 0.000, 1.300, 0, 0, 0.000, 0.000, 0),
    (3201101, 307, 0, 307, 0, 0, 100, 0.000, 1.400, 0, 0, 0.000, 0.000, 0),
    (3202011, 1020, 0, 0, 0, 0, 100, 0.200, -1.000, 0, 2, 55.000, 55.000, 0),
    (3202021, 1020, 0, 0, 0, 0, 100, 0.200, -1.000, 0, 2, 60.000, 60.000, 0),
    (3202031, 1020, 0, 0, 0, 0, 100, 0.200, -1.000, 0, 2, 65.000, 65.000, 0),
    (3202041, 1020, 0, 0, 0, 0, 100, 0.200, -1.000, 0, 2, 70.000, 70.000, 0),
    (3202051, 1020, 0, 0, 0, 0, 100, 0.200, -1.000, 0, 2, 75.000, 75.000, 0),
    (3202061, 1020, 0, 0, 0, 0, 100, 0.200, -1.000, 0, 2, 80.000, 80.000, 0),
    (3202071, 1020, 0, 0, 0, 0, 100, 0.200, -1.000, 0, 2, 85.000, 85.000, 0),
    (3202081, 1020, 0, 0, 0, 0, 100, 0.200, -1.000, 0, 2, 90.000, 90.000, 0),
    (3202091, 1020, 0, 0, 0, 0, 100, 0.200, -1.000, 0, 2, 95.000, 95.000, 0),
    (3202101, 1020, 0, 0, 0, 0, 100, 0.200, -1.000, 0, 2, 100.000, 100.000, 0),
    (3203011, 62, 0, 0, 0, 0, 100, 0.000, 3.000, 1, 2, -4.000, -4.000, 0),
    (3203021, 62, 0, 0, 0, 0, 100, 0.000, 3.000, 1, 2, -8.000, -8.000, 0),
    (3203031, 62, 0, 0, 0, 0, 100, 0.000, 3.000, 1, 2, -12.000, -12.000, 0),
    (3203041, 62, 0, 0, 0, 0, 100, 0.000, 3.000, 1, 2, -16.000, -16.000, 0),
    (3203051, 62, 0, 0, 0, 0, 100, 0.000, 3.000, 1, 2, -20.000, -20.000, 0),
    (3203061, 62, 0, 0, 0, 0, 100, 0.000, 3.000, 1, 2, -24.000, -24.000, 0),
    (3203071, 62, 0, 0, 0, 0, 100, 0.000, 3.000, 1, 2, -28.000, -28.000, 0),
    (3203081, 62, 0, 0, 0, 0, 100, 0.000, 3.000, 1, 2, -32.000, -32.000, 0),
    (3203091, 62, 0, 0, 0, 0, 100, 0.000, 3.000, 1, 2, -36.000, -36.000, 0),
    (3203101, 62, 0, 0, 0, 0, 100, 0.000, 3.000, 1, 2, -40.000, -40.000, 0),
    (3204011, 305, 0, 305, 0, 0, 100, 0.000, 2.000, 0, 0, 0.000, 0.000, 0),
    (3204021, 305, 0, 305, 0, 0, 100, 0.000, 2.000, 0, 0, 0.000, 0.000, 0),
    (3204031, 305, 0, 305, 0, 0, 100, 0.000, 2.000, 0, 0, 0.000, 0.000, 0),
    (3204041, 305, 0, 305, 0, 0, 100, 0.000, 2.000, 0, 0, 0.000, 0.000, 0),
    (3204051, 305, 0, 305, 0, 0, 100, 0.000, 2.000, 0, 0, 0.000, 0.000, 0),
    (3204061, 305, 0, 305, 0, 0, 100, 0.000, 2.000, 0, 0, 0.000, 0.000, 0),
    (3204071, 305, 0, 305, 0, 0, 100, 0.000, 2.000, 0, 0, 0.000, 0.000, 0),
    (3204081, 305, 0, 305, 0, 0, 100, 0.000, 2.000, 0, 0, 0.000, 0.000, 0),
    (3204091, 305, 0, 305, 0, 0, 100, 0.000, 2.000, 0, 0, 0.000, 0.000, 0),
    (3204101, 305, 0, 305, 0, 0, 100, 0.000, 2.000, 0, 0, 0.000, 0.000, 0),
    (3205011, 307, 0, 307, 0, 0, 100, 0.000, 0.900, 0, 0, 0.000, 0.000, 0),
    (3205021, 307, 0, 307, 0, 0, 100, 0.000, 1.000, 0, 0, 0.000, 0.000, 0),
    (3205031, 307, 0, 307, 0, 0, 100, 0.000, 1.100, 0, 0, 0.000, 0.000, 0),
    (3205041, 307, 0, 307, 0, 0, 100, 0.000, 1.200, 0, 0, 0.000, 0.000, 0),
    (3205051, 307, 0, 307, 0, 0, 100, 0.000, 1.300, 0, 0, 0.000, 0.000, 0),
    (3205061, 307, 0, 307, 0, 0, 100, 0.000, 1.400, 0, 0, 0.000, 0.000, 0),
    (3205071, 307, 0, 307, 0, 0, 100, 0.000, 1.500, 0, 0, 0.000, 0.000, 0),
    (3205081, 307, 0, 307, 0, 0, 100, 0.000, 1.600, 0, 0, 0.000, 0.000, 0),
    (3205091, 307, 0, 307, 0, 0, 100, 0.000, 1.700, 0, 0, 0.000, 0.000, 0),
    (3205101, 307, 0, 307, 0, 0, 100, 0.000, 1.800, 0, 0, 0.000, 0.000, 0),
    (3206011, 62, 0, 62, 0, 0, 100, 0.000, 2.000, 1, 2, -20.000, -20.000, 0),
    (3206012, 24, 0, 0, 0, 0, 100, 0.000, 3.000, 1, 2, -2.000, -2.000, 0),
    (3206021, 62, 0, 62, 0, 0, 100, 0.000, 2.000, 1, 2, -20.000, -20.000, 0),
    (3206022, 24, 0, 0, 0, 0, 100, 0.000, 3.000, 1, 2, -4.000, -4.000, 0),
    (3206031, 62, 0, 62, 0, 0, 100, 0.000, 2.000, 1, 2, -20.000, -20.000, 0),
    (3206032, 24, 0, 0, 0, 0, 100, 0.000, 3.000, 1, 2, -6.000, -6.000, 0),
    (3206041, 62, 0, 62, 0, 0, 100, 0.000, 2.000, 1, 2, -20.000, -20.000, 0),
    (3206042, 24, 0, 0, 0, 0, 100, 0.000, 3.000, 1, 2, -8.000, -8.000, 0),
    (3206051, 62, 0, 62, 0, 0, 100, 0.000, 2.000, 1, 2, -20.000, -20.000, 0),
    (3206052, 24, 0, 0, 0, 0, 100, 0.000, 3.000, 1, 2, -10.000, -10.000, 0),
    (3206061, 62, 0, 62, 0, 0, 100, 0.000, 2.000, 1, 2, -20.000, -20.000, 0),
    (3206062, 24, 0, 0, 0, 0, 100, 0.000, 3.000, 1, 2, -12.000, -12.000, 0),
    (3206071, 62, 0, 62, 0, 0, 100, 0.000, 2.000, 1, 2, -20.000, -20.000, 0),
    (3206072, 24, 0, 0, 0, 0, 100, 0.000, 3.000, 1, 2, -14.000, -14.000, 0),
    (3206081, 62, 0, 62, 0, 0, 100, 0.000, 2.000, 1, 2, -20.000, -20.000, 0),
    (3206082, 24, 0, 0, 0, 0, 100, 0.000, 3.000, 1, 2, -16.000, -16.000, 0),
    (3206091, 62, 0, 62, 0, 0, 100, 0.000, 2.000, 1, 2, -30.000, -30.000, 0),
    (3206092, 24, 0, 0, 0, 0, 100, 0.000, 3.000, 1, 2, -18.000, -18.000, 0),
    (3206101, 62, 0, 62, 0, 0, 100, 0.000, 2.000, 1, 2, -30.000, -30.000, 0),
    (3206102, 24, 0, 0, 0, 0, 100, 0.000, 3.000, 1, 2, -20.000, -20.000, 0),
    (3207011, 17, 0, 0, 0, 0, 100, 0.000, 10.000, 1, 2, 2.000, 2.000, 0),
    (3207012, 38, 0, 0, 0, 0, 100, 0.000, 10.000, 1, 2, 15.000, 15.000, 0),
    (3207021, 17, 0, 0, 0, 0, 100, 0.000, 10.000, 1, 2, 4.000, 4.000, 0),
    (3207022, 38, 0, 0, 0, 0, 100, 0.000, 10.000, 1, 2, 20.000, 20.000, 0),
    (3207031, 17, 0, 0, 0, 0, 100, 0.000, 10.000, 1, 2, 6.000, 6.000, 0),
    (3207032, 38, 0, 0, 0, 0, 100, 0.000, 10.000, 1, 2, 25.000, 25.000, 0),
    (3207041, 17, 0, 0, 0, 0, 100, 0.000, 10.000, 1, 2, 8.000, 8.000, 0),
    (3207042, 38, 0, 0, 0, 0, 100, 0.000, 10.000, 1, 2, 30.000, 30.000, 0),
    (3207051, 17, 0, 0, 0, 0, 100, 0.000, 10.000, 1, 2, 10.000, 10.000, 0),
    (3207052, 38, 0, 0, 0, 0, 100, 0.000, 10.000, 1, 2, 35.000, 35.000, 0),
    (3207061, 17, 0, 0, 0, 0, 100, 0.000, 10.000, 1, 2, 12.000, 12.000, 0),
    (3207062, 38, 0, 0, 0, 0, 100, 0.000, 10.000, 1, 2, 40.000, 40.000, 0),
    (3207071, 17, 0, 0, 0, 0, 100, 0.000, 10.000, 1, 2, 14.000, 14.000, 0),
    (3207072, 38, 0, 0, 0, 0, 100, 0.000, 10.000, 1, 2, 45.000, 45.000, 0),
    (3207081, 17, 0, 0, 0, 0, 100, 0.000, 10.000, 1, 2, 16.000, 16.000, 0),
    (3207082, 38, 0, 0, 0, 0, 100, 0.000, 10.000, 1, 2, 50.000, 50.000, 0),
    (3207091, 17, 0, 0, 0, 0, 100, 0.000, 10.000, 1, 2, 18.000, 18.000, 0),
    (3207092, 38, 0, 0, 0, 0, 100, 0.000, 10.000, 1, 2, 55.000, 55.000, 0),
    (3207101, 17, 0, 0, 0, 0, 100, 0.000, 10.000, 1, 2, 20.000, 20.000, 0),
    (3207102, 38, 0, 0, 0, 0, 100, 0.000, 10.000, 1, 2, 60.000, 60.000, 0),
    (3209011, 24, 0, 0, 0, 0, 100, 0.000, 10.000, 1, 2, 4.000, 4.000, 0),
    (3209012, 201, 0, 0, 0, 0, 100, 0.000, 10.000, 1, 2, 2.000, 2.000, 0),
    (3209021, 24, 0, 0, 0, 0, 100, 0.000, 10.000, 1, 2, 6.000, 6.000, 0),
    (3209022, 201, 0, 0, 0, 0, 100, 0.000, 10.000, 1, 2, 4.000, 4.000, 0),
    (3209031, 24, 0, 0, 0, 0, 100, 0.000, 10.000, 1, 2, 8.000, 8.000, 0),
    (3209032, 201, 0, 0, 0, 0, 100, 0.000, 10.000, 1, 2, 6.000, 6.000, 0),
    (3209041, 24, 0, 0, 0, 0, 100, 0.000, 10.000, 1, 2, 10.000, 10.000, 0),
    (3209042, 201, 0, 0, 0, 0, 100, 0.000, 10.000, 1, 2, 8.000, 8.000, 0),
    (3209051, 24, 0, 0, 0, 0, 100, 0.000, 10.000, 1, 2, 12.000, 12.000, 0),
    (3209052, 201, 0, 0, 0, 0, 100, 0.000, 10.000, 1, 2, 10.000, 10.000, 0),
    (3209061, 24, 0, 0, 0, 0, 100, 0.000, 10.000, 1, 2, 14.000, 14.000, 0),
    (3209062, 201, 0, 0, 0, 0, 100, 0.000, 10.000, 1, 2, 12.000, 12.000, 0),
    (3209071, 24, 0, 0, 0, 0, 100, 0.000, 10.000, 1, 2, 16.000, 16.000, 0),
    (3209072, 201, 0, 0, 0, 0, 100, 0.000, 10.000, 1, 2, 14.000, 14.000, 0),
    (3209081, 24, 0, 0, 0, 0, 100, 0.000, 10.000, 1, 2, 18.000, 18.000, 0),
    (3209082, 201, 0, 0, 0, 0, 100, 0.000, 10.000, 1, 2, 16.000, 16.000, 0),
    (3209091, 24, 0, 0, 0, 0, 100, 0.000, 10.000, 1, 2, 20.000, 20.000, 0),
    (3209092, 201, 0, 0, 0, 0, 100, 0.000, 10.000, 1, 2, 18.000, 18.000, 0),
    (3209101, 24, 0, 0, 0, 0, 100, 0.000, 10.000, 1, 2, 22.000, 22.000, 0),
    (3209102, 201, 0, 0, 0, 0, 100, 0.000, 10.000, 1, 2, 20.000, 20.000, 0),
    (3211011, 63, 0, 0, 0, 0, 100, 0.000, 5.000, 1, 1, 2.000, 2.000, 0),
    (3211021, 63, 0, 0, 0, 0, 100, 0.000, 5.000, 1, 1, 4.000, 4.000, 0),
    (3211031, 63, 0, 0, 0, 0, 100, 0.000, 5.000, 1, 1, 6.000, 6.000, 0),
    (3211041, 63, 0, 0, 0, 0, 100, 0.000, 5.000, 1, 1, 8.000, 8.000, 0),
    (3211051, 63, 0, 0, 0, 0, 100, 0.000, 5.000, 1, 1, 10.000, 10.000, 0),
    (3211061, 63, 0, 0, 0, 0, 100, 0.000, 5.000, 1, 1, 12.000, 12.000, 0),
    (3211071, 63, 0, 0, 0, 0, 100, 0.000, 5.000, 1, 1, 14.000, 14.000, 0),
    (3211081, 63, 0, 0, 0, 0, 100, 0.000, 5.000, 1, 1, 16.000, 16.000, 0),
    (3211091, 63, 0, 0, 0, 0, 100, 0.000, 5.000, 1, 1, 18.000, 18.000, 0),
    (3211101, 63, 0, 0, 0, 0, 100, 0.000, 5.000, 1, 1, 20.000, 20.000, 0),
    (5109251, 201, 0, 0, 0, 0, 100, 0.000, 10.000, 1, 2, 17.000, 17.000, 0),
    (4202011, 1003, 0, 1003, 0, 0, 100, 0.000, 3.000, 1, 2, 16.000, 16.000, 2),
    (4202012, 62, 4202011, 0, 0, 0, 100, 0.200, 5.000, -1, 2, 15.000, 15.000, 0),
    (4202021, 1003, 0, 1003, 0, 0, 100, 0.000, 5.000, 1, 2, 17.000, 17.000, 2),
    (4202022, 62, 4202021, 0, 0, 0, 100, 0.200, 5.000, -1, 2, 15.000, 15.000, 0),
    (4202031, 1003, 0, 1003, 0, 0, 100, 0.000, 5.000, 1, 2, 18.000, 18.000, 2),
    (4202032, 62, 4202031, 0, 0, 0, 100, 0.200, 5.000, -1, 2, 15.000, 15.000, 0),
    (4202041, 1003, 0, 1003, 0, 0, 100, 0.000, 5.000, 1, 2, 19.000, 19.000, 2),
    (4202042, 62, 4202041, 0, 0, 0, 100, 0.200, 5.000, -1, 2, 15.000, 15.000, 0),
    (4202051, 1003, 0, 1003, 0, 0, 100, 0.000, 5.000, 1, 2, 20.000, 20.000, 2),
    (4202052, 62, 4202051, 0, 0, 0, 100, 0.200, 5.000, -1, 2, 15.000, 15.000, 0),
    (4202061, 1003, 0, 1003, 0, 0, 100, 0.000, 5.000, 1, 2, 21.000, 21.000, 2),
    (4202062, 62, 4202061, 0, 0, 0, 100, 0.200, 5.000, -1, 2, 15.000, 15.000, 0),
    (4202071, 1003, 0, 1003, 0, 0, 100, 0.000, 5.000, 1, 2, 22.000, 22.000, 2),
    (4202072, 62, 4202071, 0, 0, 0, 100, 0.200, 5.000, -1, 2, 15.000, 15.000, 0),
    (4202081, 1003, 0, 1003, 0, 0, 100, 0.000, 5.000, 1, 2, 23.000, 23.000, 2),
    (4202082, 62, 4202071, 0, 0, 0, 100, 0.200, 5.000, -1, 2, 15.000, 15.000, 0),
    (4202091, 1003, 0, 1003, 0, 0, 100, 0.000, 5.000, 1, 2, 24.000, 24.000, 2),
    (4202092, 62, 4202071, 0, 0, 0, 100, 0.200, 5.000, -1, 2, 15.000, 15.000, 0),
    (4202101, 1003, 0, 1003, 0, 0, 100, 0.000, 5.000, 1, 2, 25.000, 25.000, 2),
    (4202102, 62, 4202071, 0, 0, 0, 100, 0.200, 5.000, -1, 2, 15.000, 15.000, 0),
    (4204011, 307, 0, 307, 0, 0, 100, 0.000, 0.900, 0, 0, 0.000, 0.000, 0),
    (4204021, 307, 0, 307, 0, 0, 100, 0.000, 1.000, 0, 0, 0.000, 0.000, 0),
    (4204031, 307, 0, 307, 0, 0, 100, 0.000, 1.100, 0, 0, 0.000, 0.000, 0),
    (4204041, 307, 0, 307, 0, 0, 100, 0.000, 1.200, 0, 0, 0.000, 0.000, 0),
    (4204051, 307, 0, 307, 0, 0, 100, 0.000, 1.300, 0, 0, 0.000, 0.000, 0),
    (4204061, 307, 0, 307, 0, 0, 100, 0.000, 1.400, 0, 0, 0.000, 0.000, 0),
    (4204071, 307, 0, 307, 0, 0, 100, 0.000, 1.500, 0, 0, 0.000, 0.000, 0),
    (4204081, 307, 0, 307, 0, 0, 100, 0.000, 1.600, 0, 0, 0.000, 0.000, 0),
    (4204091, 307, 0, 307, 0, 0, 100, 0.000, 1.700, 0, 0, 0.000, 0.000, 0),
    (4204101, 307, 0, 307, 0, 0, 100, 0.000, 1.800, 0, 0, 0.000, 0.000, 0),
    (4206011, 62, 0, 0, 0, 0, 100, 0.000, 3.000, -1, 2, 14.000, 14.000, 0),
    (4206021, 62, 0, 0, 0, 0, 100, 0.000, 3.000, -1, 2, 18.000, 18.000, 0),
    (4206031, 62, 0, 0, 0, 0, 100, 0.000, 3.000, -1, 2, 22.000, 22.000, 0),
    (4206041, 62, 0, 0, 0, 0, 100, 0.000, 3.000, -1, 2, 26.000, 26.000, 0),
    (4206051, 62, 0, 0, 0, 0, 100, 0.000, 3.000, -1, 2, 30.000, 30.000, 0),
    (4206061, 62, 0, 0, 0, 0, 100, 0.000, 3.000, -1, 2, 34.000, 34.000, 0),
    (4206071, 62, 0, 0, 0, 0, 100, 0.000, 3.000, -1, 2, 38.000, 38.000, 0),
    (4206081, 62, 0, 0, 0, 0, 100, 0.000, 3.000, -1, 2, 42.000, 42.000, 0),
    (4206091, 62, 0, 0, 0, 0, 100, 0.000, 3.000, -1, 2, 46.000, 46.000, 0),
    (4206101, 62, 0, 0, 0, 0, 100, 0.000, 3.000, -1, 2, 50.000, 50.000, 0),
    (4207011, 1020, 0, 0, 0, 0, 100, 0.200, -1.000, 0, 2, 55.000, 55.000, 0),
    (4207021, 1020, 0, 0, 0, 0, 100, 0.200, -1.000, 0, 2, 60.000, 60.000, 0),
    (4207031, 1020, 0, 0, 0, 0, 100, 0.200, -1.000, 0, 2, 65.000, 65.000, 0),
    (4207041, 1020, 0, 0, 0, 0, 100, 0.200, -1.000, 0, 2, 70.000, 70.000, 0),
    (4207051, 1020, 0, 0, 0, 0, 100, 0.200, -1.000, 0, 2, 75.000, 75.000, 0),
    (4207061, 1020, 0, 0, 0, 0, 100, 0.200, -1.000, 0, 2, 80.000, 80.000, 0),
    (4207071, 1020, 0, 0, 0, 0, 100, 0.200, -1.000, 0, 2, 85.000, 85.000, 0),
    (4207081, 1020, 0, 0, 0, 0, 100, 0.200, -1.000, 0, 2, 90.000, 90.000, 0),
    (4207091, 1020, 0, 0, 0, 0, 100, 0.200, -1.000, 0, 2, 95.000, 95.000, 0),
    (4207101, 1020, 0, 0, 0, 0, 100, 0.200, -1.000, 0, 2, 100.000, 100.000, 0),
    (4208011, 201, 0, 0, 0, 0, 100, 0.000, 5.000, 1, 2, 5.000, 5.000, 0),
    (4208021, 201, 0, 0, 0, 0, 100, 0.000, 5.000, 1, 2, 7.000, 7.000, 0),
    (4208031, 201, 0, 0, 0, 0, 100, 0.000, 5.000, 1, 2, 9.000, 9.000, 0),
    (4208041, 201, 0, 0, 0, 0, 100, 0.000, 5.000, 1, 2, 11.000, 11.000, 0),
    (4208051, 201, 0, 0, 0, 0, 100, 0.000, 5.000, 1, 2, 13.000, 13.000, 0),
    (4208061, 201, 0, 0, 0, 0, 100, 0.000, 5.000, 1, 2, 15.000, 15.000, 0),
    (4208071, 201, 0, 0, 0, 0, 100, 0.000, 5.000, 1, 2, 17.000, 17.000, 0),
    (4208081, 201, 0, 0, 0, 0, 100, 0.000, 5.000, 1, 2, 19.000, 19.000, 0),
    (4208091, 201, 0, 0, 0, 0, 100, 0.000, 5.000, 1, 2, 21.000, 21.000, 0),
    (4208101, 201, 0, 0, 0, 0, 100, 0.000, 5.000, 1, 2, 23.000, 23.000, 0),
    (4209011, 202, 0, 0, 0, 0, 100, 0.000, 0.500, 0, 2, 2.000, 2.000, 0),
    (4209021, 202, 0, 0, 0, 0, 100, 0.000, 0.500, 0, 2, 2.200, 2.200, 0),
    (4209031, 202, 0, 0, 0, 0, 100, 0.000, 0.500, 0, 2, 2.400, 2.400, 0),
    (4209041, 202, 0, 0, 0, 0, 100, 0.000, 0.500, 0, 2, 2.600, 2.600, 0),
    (4209051, 202, 0, 0, 0, 0, 100, 0.000, 0.500, 0, 2, 2.800, 2.800, 0),
    (4209061, 202, 0, 0, 0, 0, 100, 0.000, 0.500, 0, 2, 3.000, 3.000, 0),
    (4209071, 202, 0, 0, 0, 0, 100, 0.000, 0.500, 0, 2, 3.200, 3.200, 0),
    (4209081, 202, 0, 0, 0, 0, 100, 0.000, 0.500, 0, 2, 3.400, 3.400, 0),
    (4209091, 202, 0, 0, 0, 0, 100, 0.000, 0.500, 0, 2, 3.600, 3.600, 0),
    (4209101, 202, 0, 0, 0, 0, 100, 0.000, 0.500, 0, 2, 4.000, 4.000, 0),
    (4211011, 306, 0, 306, 0, 0, 100, 0.000, 1.000, 0, 0, 0.000, 0.000, 0),
    (4211021, 306, 0, 306, 0, 0, 100, 0.000, 1.300, 0, 0, 0.000, 0.000, 0),
    (4211031, 306, 0, 306, 0, 0, 100, 0.000, 1.600, 0, 0, 0.000, 0.000, 0),
    (4211041, 306, 0, 306, 0, 0, 100, 0.000, 1.900, 0, 0, 0.000, 0.000, 0),
    (4211051, 306, 0, 306, 0, 0, 100, 0.000, 2.200, 0, 0, 0.000, 0.000, 0),
    (4211061, 306, 0, 306, 0, 0, 100, 0.000, 2.500, 0, 0, 0.000, 0.000, 0),
    (4211071, 306, 0, 306, 0, 0, 100, 0.000, 2.800, 0, 0, 0.000, 0.000, 0),
    (4211081, 306, 0, 306, 0, 0, 100, 0.000, 3.100, 0, 0, 0.000, 0.000, 0),
    (4211091, 306, 0, 306, 0, 0, 100, 0.000, 3.300, 0, 0, 0.000, 0.000, 0),
    (4211101, 306, 0, 306, 0, 0, 100, 0.000, 3.600, 0, 0, 0.000, 0.000, 0);

-- --------------------------------------------------------------------------------
-- ImmuneOptionGroup 테이터 테이블 재구성
-- --------------------------------------------------------------------------------
DROP TABLE IF EXISTS `eod_configuration`.`data_immune_option_group`;
CREATE TABLE IF NOT EXISTS `eod_configuration`.`data_immune_option_group`
(
    `immune_option_group` BIGINT(20) NULL,
    `option_division` INT(11) NULL,
    `tec_desc` TEXT NULL
)
ENGINE = InnoDB;

INSERT INTO `eod_configuration`.`data_immune_option_group`
VALUES
    (91171110033, 101, 'Noen_Data'),
    (91171110033, 102, 'Noen_Data'),
    (91171110033, 103, 'Noen_Data'),
    (91171110033, 301, 'Noen_Data'),
    (91171110033, 302, 'Noen_Data'),
    (91171110033, 303, 'Noen_Data'),
    (91171110033, 304, 'Noen_Data'),
    (91171110033, 305, 'Noen_Data'),
    (91171110033, 306, 'Noen_Data'),
    (91171110033, 307, 'Noen_Data');

-- --------------------------------------------------------------------------------
-- RemoveOptionGroup 테이터 테이블 재구성
-- --------------------------------------------------------------------------------
DROP TABLE IF EXISTS `eod_configuration`.`data_remove_option_group`;
CREATE TABLE IF NOT EXISTS `eod_configuration`.`data_remove_option_group`
(
    `remove_option_group` BIGINT(20) NULL,
    `option_division` INT(11) NULL,
    `tec_desc` TEXT NULL
)
ENGINE = InnoDB;

INSERT INTO `eod_configuration`.`data_remove_option_group`
VALUES
    (91171110033, 101, 'Noen_Data'),
    (91171110033, 102, 'Noen_Data'),
    (91171110033, 103, 'Noen_Data'),
    (91171110033, 301, 'Noen_Data'),
    (91171110033, 302, 'Noen_Data'),
    (91171110033, 303, 'Noen_Data'),
    (91171110033, 304, 'Noen_Data'),
    (91171110033, 305, 'Noen_Data'),
    (91171110033, 306, 'Noen_Data'),
    (91171110033, 307, 'Noen_Data');

-- --------------------------------------------------------------------------------
-- OptionItemRandom 테이터 테이블 재구성
-- --------------------------------------------------------------------------------
DROP TABLE IF EXISTS `eod_configuration`.`data_option_item_random`;
CREATE TABLE IF NOT EXISTS `eod_configuration`.`data_option_item_random`
(
    `option_random_group_id` BIGINT(20) NULL,
    `option_division` INT(11) NULL,
    `option_rank` INT(11) NULL,
    `option_adjust_type` INT(11) NULL,
    `option_data_type` INT(11) NULL,
    `option_value_min` FLOAT(20, 3) NULL,
    `option_value_max` FLOAT(20, 3) NULL,
    `interval` FLOAT(20, 3) NULL,
    `option_rate` INT(11) NULL
)
ENGINE = InnoDB;

INSERT INTO `eod_configuration`.`data_option_item_random`
VALUES
    (90150301001, 20, 1, 1, 1, 1.000, 4.000, 0.500, 1000),
    (90150301001, 28, 2, 1, 0, 125.000, 250.000, 25.000, 1500),
    (90150301001, 29, 3, 1, 1, 3.000, 6.000, 0.500, 1750),
    (90150301001, 41, 4, 1, 1, 2.000, 5.000, 0.500, 1500),
    (90150301001, 47, 5, 1, 1, 5.000, 10.000, 0.500, 1750),
    (90150301001, 53, 6, 1, 1, 3.000, 6.000, 0.500, 1500),
    (90150301001, 59, 7, 1, 1, 1.500, 3.000, 0.100, 1000),
    (90150401001, 20, 1, 1, 1, 2.000, 5.000, 0.500, 1000),
    (90150401001, 28, 2, 1, 0, 250.000, 500.000, 25.000, 1500),
    (90150401001, 29, 3, 1, 1, 4.000, 7.000, 0.500, 1750),
    (90150401001, 41, 4, 1, 1, 4.000, 7.000, 0.500, 1500),
    (90150401001, 47, 5, 1, 1, 7.000, 13.000, 0.500, 1750),
    (90150401001, 53, 6, 1, 1, 4.000, 7.000, 0.500, 1500),
    (90150401001, 59, 7, 1, 1, 2.000, 3.500, 0.100, 1000),
    (90150501001, 20, 1, 1, 1, 3.000, 6.000, 0.500, 1000),
    (90150501001, 28, 2, 1, 0, 500.000, 1000.000, 50.000, 1500),
    (90150501001, 29, 3, 1, 1, 5.000, 8.000, 0.500, 1750),
    (90150501001, 41, 4, 1, 1, 6.000, 9.000, 0.500, 1500),
    (90150501001, 47, 5, 1, 1, 9.000, 15.000, 0.500, 1750),
    (90150501001, 53, 6, 1, 1, 5.000, 8.000, 0.500, 1500),
    (90150501001, 59, 7, 1, 1, 2.500, 4.000, 0.100, 1000),
    (90150601001, 20, 1, 1, 1, 4.000, 7.000, 0.500, 1000),
    (90150601001, 28, 2, 1, 0, 1000.000, 2000.000, 50.000, 1500),
    (90150601001, 29, 3, 1, 1, 6.000, 9.000, 0.500, 1750),
    (90150601001, 41, 4, 1, 1, 8.000, 11.000, 0.500, 1500),
    (90150601001, 47, 5, 1, 1, 11.000, 19.000, 0.500, 1750),
    (90150601001, 53, 6, 1, 1, 6.000, 9.000, 0.500, 1500),
    (90150601001, 59, 7, 1, 1, 3.000, 4.500, 0.100, 1000),
    (90150701001, 20, 1, 1, 1, 5.000, 8.000, 0.500, 1000),
    (90150701001, 28, 2, 1, 0, 2000.000, 4000.000, 100.000, 1500),
    (90150701001, 29, 3, 1, 1, 7.000, 10.000, 0.500, 1750),
    (90150701001, 41, 4, 1, 1, 10.000, 13.000, 0.500, 1500),
    (90150701001, 47, 5, 1, 1, 14.000, 23.000, 0.500, 1750),
    (90150701001, 53, 6, 1, 1, 7.000, 10.000, 0.500, 1500),
    (90150701001, 59, 7, 1, 1, 3.500, 5.000, 0.100, 1000),
    (90150302001, 20, 1, 1, 1, 1.000, 4.000, 0.500, 1000),
    (90150302001, 38, 2, 1, 1, 1.000, 4.000, 0.500, 1500),
    (90150302001, 95, 3, 1, 1, 1.000, 3.000, 0.100, 1750),
    (90150302001, 53, 4, 1, 1, 3.000, 6.000, 0.500, 1500),
    (90150302001, 56, 5, 1, 1, 1.000, 3.000, 0.500, 1750),
    (90150302001, 59, 6, 1, 1, 1.500, 3.000, 0.100, 1500),
    (90150302001, 201, 7, 1, 1, 2.000, 4.000, 0.500, 1000),
    (90150402001, 20, 1, 1, 1, 2.000, 5.000, 0.500, 1000),
    (90150402001, 38, 2, 1, 1, 2.000, 6.000, 0.500, 1500),
    (90150402001, 95, 3, 1, 1, 1.500, 3.500, 0.100, 1750),
    (90150402001, 53, 4, 1, 1, 4.000, 7.000, 0.500, 1500),
    (90150402001, 56, 5, 1, 1, 2.000, 4.000, 0.500, 1750),
    (90150402001, 59, 6, 1, 1, 2.000, 3.500, 0.100, 1500),
    (90150402001, 201, 7, 1, 1, 3.000, 6.000, 0.500, 1000),
    (90150502001, 20, 1, 1, 1, 3.000, 6.000, 0.500, 1000),
    (90150502001, 38, 2, 1, 1, 3.000, 8.000, 0.500, 1500),
    (90150502001, 95, 3, 1, 1, 2.000, 4.000, 0.100, 1750),
    (90150502001, 53, 4, 1, 1, 5.000, 8.000, 0.500, 1500),
    (90150502001, 56, 5, 1, 1, 3.000, 5.000, 0.500, 1750),
    (90150502001, 59, 6, 1, 1, 2.500, 4.000, 0.100, 1500),
    (90150502001, 201, 7, 1, 1, 5.000, 7.000, 0.500, 1000),
    (90150602001, 20, 1, 1, 1, 4.000, 7.000, 0.500, 1000),
    (90150602001, 38, 2, 1, 1, 4.000, 10.000, 0.500, 1500),
    (90150602001, 95, 3, 1, 1, 2.500, 4.500, 0.100, 1750),
    (90150602001, 53, 4, 1, 1, 6.000, 9.000, 0.500, 1500),
    (90150602001, 56, 5, 1, 1, 4.000, 6.000, 0.500, 1750),
    (90150602001, 59, 6, 1, 1, 3.000, 4.500, 0.100, 1500),
    (90150602001, 201, 7, 1, 1, 7.000, 10.000, 0.500, 1000),
    (90150702001, 20, 1, 1, 1, 5.000, 8.000, 0.500, 1000),
    (90150702001, 38, 2, 1, 1, 5.000, 12.000, 0.500, 1500),
    (90150702001, 95, 3, 1, 1, 3.000, 5.000, 0.100, 1750),
    (90150702001, 53, 4, 1, 1, 7.000, 10.000, 0.500, 1500),
    (90150702001, 56, 5, 1, 1, 5.000, 7.000, 0.500, 1750),
    (90150702001, 59, 6, 1, 1, 3.500, 5.000, 0.100, 1500),
    (90150702001, 201, 7, 1, 1, 9.000, 12.000, 0.500, 1000),
    (90151301001, 16, 1, 1, 0, 50.000, 150.000, 10.000, 1000),
    (90151301001, 17, 2, 1, 1, 2.000, 6.000, 0.500, 1250),
    (90151301001, 20, 3, 1, 1, 3.000, 8.000, 0.500, 1500),
    (90151301001, 94, 4, 1, 1, 1.000, 3.000, 0.200, 1250),
    (90151301001, 53, 5, 1, 1, 3.000, 6.000, 0.500, 1500),
    (90151301001, 59, 6, 1, 1, 1.500, 3.000, 0.100, 1500),
    (90151301001, 201, 7, 1, 1, 2.000, 4.000, 0.500, 1000),
    (90151301001, 202, 8, 1, 1, 0.100, 0.300, 0.100, 1000),
    (90151401001, 16, 1, 1, 0, 80.000, 220.000, 10.000, 1000),
    (90151401001, 17, 2, 1, 1, 3.000, 8.000, 0.500, 1250),
    (90151401001, 20, 3, 1, 1, 3.500, 8.500, 0.500, 1500),
    (90151401001, 94, 4, 1, 1, 2.000, 4.000, 0.200, 1250),
    (90151401001, 53, 5, 1, 1, 4.000, 7.000, 0.500, 1500),
    (90151401001, 59, 6, 1, 1, 2.000, 3.500, 0.100, 1500),
    (90151401001, 201, 7, 1, 1, 3.000, 6.000, 0.500, 1000),
    (90151401001, 202, 8, 1, 1, 0.100, 0.500, 0.100, 1000),
    (90151501001, 16, 1, 1, 0, 140.000, 320.000, 10.000, 1000),
    (90151501001, 17, 2, 1, 1, 5.000, 10.000, 0.500, 1250),
    (90151501001, 20, 3, 1, 1, 4.000, 9.000, 0.500, 1500),
    (90151501001, 94, 4, 1, 1, 3.000, 5.000, 0.200, 1250),
    (90151501001, 53, 5, 1, 1, 5.000, 8.000, 0.500, 1500),
    (90151501001, 59, 6, 1, 1, 2.500, 4.000, 0.100, 1500),
    (90151501001, 201, 7, 1, 1, 5.000, 7.000, 0.500, 1000),
    (90151501001, 202, 8, 1, 1, 0.100, 0.600, 0.100, 1000),
    (90151601001, 16, 1, 1, 0, 200.000, 420.000, 10.000, 1000),
    (90151601001, 17, 2, 1, 1, 7.000, 13.000, 0.500, 1250),
    (90151601001, 20, 3, 1, 1, 4.500, 9.500, 0.500, 1500),
    (90151601001, 94, 4, 1, 1, 4.000, 6.000, 0.200, 1250),
    (90151601001, 53, 5, 1, 1, 6.000, 9.000, 0.500, 1500),
    (90151601001, 59, 6, 1, 1, 3.000, 4.500, 0.100, 1500),
    (90151601001, 201, 7, 1, 1, 7.000, 10.000, 0.500, 1000),
    (90151601001, 202, 8, 1, 1, 0.100, 0.800, 0.100, 1000),
    (90151701001, 16, 1, 1, 0, 320.000, 590.000, 10.000, 1000),
    (90151701001, 17, 2, 1, 1, 9.000, 16.000, 0.500, 1250),
    (90151701001, 20, 3, 1, 1, 5.000, 10.000, 0.500, 1500),
    (90151701001, 94, 4, 1, 1, 5.000, 7.000, 0.200, 1250),
    (90151701001, 53, 5, 1, 1, 7.000, 10.000, 0.500, 1500),
    (90151701001, 59, 6, 1, 1, 3.500, 5.000, 0.100, 1500),
    (90151701001, 201, 7, 1, 1, 9.000, 12.000, 0.500, 1000),
    (90151701001, 202, 8, 1, 1, 0.100, 1.000, 0.100, 1000),
    (90151302001, 24, 1, 1, 1, 2.000, 5.000, 0.500, 1250),
    (90151302001, 29, 2, 1, 1, 3.000, 6.000, 0.500, 1500),
    (90151302001, 94, 3, 1, 1, 1.000, 4.000, 0.200, 1500),
    (90151302001, 56, 4, 1, 1, 1.000, 3.000, 0.500, 1750),
    (90151402001, 24, 1, 1, 1, 3.000, 7.000, 0.500, 1250),
    (90151402001, 29, 2, 1, 1, 4.000, 7.000, 0.500, 1500),
    (90151402001, 94, 3, 1, 1, 1.500, 4.500, 0.200, 1500),
    (90151402001, 56, 4, 1, 1, 2.000, 4.000, 0.500, 1750),
    (90151502001, 24, 1, 1, 1, 4.000, 9.000, 0.500, 1250),
    (90151502001, 29, 2, 1, 1, 5.000, 8.000, 0.500, 1500),
    (90151502001, 94, 3, 1, 1, 2.000, 5.000, 0.200, 1500),
    (90151502001, 56, 4, 1, 1, 3.000, 5.000, 0.500, 1750),
    (90151602001, 24, 1, 1, 1, 5.000, 11.000, 0.500, 1250),
    (90151602001, 29, 2, 1, 1, 6.000, 9.000, 0.500, 1500),
    (90151602001, 94, 3, 1, 1, 2.500, 5.500, 0.200, 1500),
    (90151602001, 56, 4, 1, 1, 4.000, 6.000, 0.500, 1750),
    (90151702001, 24, 1, 1, 1, 6.000, 13.000, 0.500, 1250),
    (90151702001, 29, 2, 1, 1, 7.000, 10.000, 0.500, 1500),
    (90151702001, 94, 3, 1, 1, 3.000, 6.000, 0.200, 1500),
    (90151702001, 56, 4, 1, 1, 5.000, 7.000, 0.500, 1750),
    (90151303001, 24, 1, 1, 1, 2.000, 6.000, 0.500, 1250),
    (90151303001, 29, 2, 1, 1, 3.000, 6.000, 0.500, 1500),
    (90151303001, 38, 3, 1, 1, 1.000, 4.000, 0.500, 1500),
    (90151303001, 44, 4, 1, 1, 2.000, 4.000, 0.500, 1750),
    (90151403001, 24, 1, 1, 1, 3.000, 8.000, 0.500, 1250),
    (90151403001, 29, 2, 1, 1, 4.000, 7.000, 0.500, 1500),
    (90151403001, 38, 3, 1, 1, 2.000, 6.000, 0.500, 1500),
    (90151403001, 44, 4, 1, 1, 3.000, 6.000, 0.500, 1750),
    (90151503001, 24, 1, 1, 1, 4.000, 10.000, 0.500, 1250),
    (90151503001, 29, 2, 1, 1, 5.000, 8.000, 0.500, 1500),
    (90151503001, 38, 3, 1, 1, 3.000, 8.000, 0.500, 1500),
    (90151503001, 44, 4, 1, 1, 5.000, 7.000, 0.500, 1750),
    (90151603001, 24, 1, 1, 1, 5.000, 13.000, 0.500, 1250),
    (90151603001, 29, 2, 1, 1, 6.000, 9.000, 0.500, 1500),
    (90151603001, 38, 3, 1, 1, 4.000, 10.000, 0.500, 1500),
    (90151603001, 44, 4, 1, 1, 7.000, 9.000, 0.500, 1750),
    (90151703001, 24, 1, 1, 1, 6.000, 16.000, 0.500, 1250),
    (90151703001, 29, 2, 1, 1, 7.000, 10.000, 0.500, 1500),
    (90151703001, 38, 3, 1, 1, 5.000, 12.000, 0.500, 1500),
    (90151703001, 44, 4, 1, 1, 9.000, 11.000, 0.500, 1750),
    (90151305001, 20, 1, 1, 1, 1.000, 4.000, 0.500, 1250),
    (90151305001, 32, 2, 1, 1, 5.000, 8.000, 0.500, 1500),
    (90151305001, 53, 3, 1, 1, 3.000, 6.000, 0.500, 1500),
    (90151305001, 59, 4, 1, 1, 1.500, 3.000, 0.100, 1750),
    (90151405001, 20, 1, 1, 1, 2.000, 5.000, 0.500, 1250),
    (90151405001, 32, 2, 1, 1, 7.000, 10.000, 0.500, 1500),
    (90151405001, 53, 3, 1, 1, 4.000, 7.000, 0.500, 1500),
    (90151405001, 59, 4, 1, 1, 2.000, 3.500, 0.100, 1750),
    (90151505001, 20, 1, 1, 1, 3.000, 6.000, 0.500, 1250),
    (90151505001, 32, 2, 1, 1, 9.000, 13.000, 0.500, 1500),
    (90151505001, 53, 3, 1, 1, 5.000, 8.000, 0.500, 1500),
    (90151505001, 59, 4, 1, 1, 2.500, 4.000, 0.100, 1750),
    (90151605001, 20, 1, 1, 1, 4.000, 7.000, 0.500, 1250),
    (90151605001, 32, 2, 1, 1, 11.000, 16.000, 0.500, 1500),
    (90151605001, 53, 3, 1, 1, 6.000, 9.000, 0.500, 1500),
    (90151605001, 59, 4, 1, 1, 3.000, 4.500, 0.100, 1750),
    (90151705001, 20, 1, 1, 1, 5.000, 8.000, 0.500, 1250),
    (90151705001, 32, 2, 1, 1, 14.000, 19.000, 0.500, 1500),
    (90151705001, 53, 3, 1, 1, 7.000, 10.000, 0.500, 1500),
    (90151705001, 59, 4, 1, 1, 3.500, 5.000, 0.100, 1750),
    (90151306001, 24, 1, 1, 1, 2.000, 6.000, 0.500, 1250),
    (90151306001, 29, 2, 1, 1, 3.000, 6.000, 0.500, 1500),
    (90151306001, 38, 3, 1, 1, 1.000, 4.000, 0.500, 1500),
    (90151306001, 56, 4, 1, 1, 1.000, 3.000, 0.500, 1750),
    (90151406001, 24, 1, 1, 1, 3.000, 8.000, 0.500, 1250),
    (90151406001, 29, 2, 1, 1, 4.000, 7.000, 0.500, 1500),
    (90151406001, 38, 3, 1, 1, 2.000, 6.000, 0.500, 1500),
    (90151406001, 56, 4, 1, 1, 2.000, 4.000, 0.500, 1750),
    (90151506001, 24, 1, 1, 1, 4.000, 10.000, 0.500, 1250),
    (90151506001, 29, 2, 1, 1, 5.000, 8.000, 0.500, 1500),
    (90151506001, 38, 3, 1, 1, 3.000, 8.000, 0.500, 1500),
    (90151506001, 56, 4, 1, 1, 3.000, 5.000, 0.500, 1750),
    (90151606001, 24, 1, 1, 1, 5.000, 13.000, 0.500, 1250),
    (90151606001, 29, 2, 1, 1, 6.000, 9.000, 0.500, 1500),
    (90151606001, 38, 3, 1, 1, 4.000, 10.000, 0.500, 1500),
    (90151606001, 56, 4, 1, 1, 4.000, 6.000, 0.500, 1750),
    (90151706001, 24, 1, 1, 1, 6.000, 16.000, 0.500, 1250),
    (90151706001, 29, 2, 1, 1, 7.000, 10.000, 0.500, 1500),
    (90151706001, 38, 3, 1, 1, 5.000, 12.000, 0.500, 1500),
    (90151706001, 56, 4, 1, 1, 5.000, 7.000, 0.500, 1750),
    (90151307001, 47, 1, 1, 1, 5.000, 10.000, 0.500, 1250),
    (90151307001, 95, 2, 1, 1, 1.000, 4.000, 0.200, 1500),
    (90151307001, 56, 3, 1, 1, 1.000, 3.000, 0.500, 1500),
    (90151307001, 62, 4, 1, 1, 3.000, 5.000, 0.500, 1750),
    (90151407001, 47, 1, 1, 1, 7.000, 13.000, 0.500, 1250),
    (90151407001, 95, 2, 1, 1, 1.500, 4.500, 0.200, 1500),
    (90151407001, 56, 3, 1, 1, 2.000, 4.000, 0.500, 1500),
    (90151407001, 62, 4, 1, 1, 5.000, 7.000, 0.500, 1750),
    (90151507001, 47, 1, 1, 1, 9.000, 15.000, 0.500, 1250),
    (90151507001, 95, 2, 1, 1, 2.000, 5.000, 0.200, 1500),
    (90151507001, 56, 3, 1, 1, 3.000, 5.000, 0.500, 1500),
    (90151507001, 62, 4, 1, 1, 6.000, 9.000, 0.500, 1750),
    (90151607001, 47, 1, 1, 1, 11.000, 19.000, 0.500, 1250),
    (90151607001, 95, 2, 1, 1, 2.500, 5.500, 0.200, 1500),
    (90151607001, 56, 3, 1, 1, 4.000, 6.000, 0.500, 1500),
    (90151607001, 62, 4, 1, 1, 8.000, 11.000, 0.500, 1750),
    (90151707001, 47, 1, 1, 1, 14.000, 23.000, 0.500, 1250),
    (90151707001, 95, 2, 1, 1, 3.000, 6.000, 0.200, 1500),
    (90151707001, 56, 3, 1, 1, 5.000, 7.000, 0.500, 1500),
    (90151707001, 62, 4, 1, 1, 10.000, 14.000, 0.500, 1750);

-- --------------------------------------------------------------------------------
-- FixedOptionGroup 테이터 테이블 재구성
-- --------------------------------------------------------------------------------
DROP TABLE IF EXISTS `eod_configuration`.`data_fixed_option_group`;
CREATE TABLE IF NOT EXISTS `eod_configuration`.`data_fixed_option_group`
(
    `fixed_option_group_id` BIGINT(20) NULL,
    `option_division` INT(11) NULL,
    `option_rank` INT(11) NULL,
    `option_adjust_type` INT(11) NULL,
    `option_data_type` INT(11) NULL,
    `option_value_min` FLOAT(20, 3) NULL,
    `option_value_max` FLOAT(20, 3) NULL,
    `interval` FLOAT(20, 3) NULL,
    `option_rate` INT(11) NULL
)
ENGINE = InnoDB;

INSERT INTO `eod_configuration`.`data_fixed_option_group`
VALUES
    (99151101001, 17, 1, 1, 1, 3.000, 3.000, 0.000, 10000),
    (99151201001, 17, 1, 1, 1, 5.000, 5.000, 0.000, 10000),
    (99151301001, 17, 1, 1, 1, 7.000, 7.000, 0.000, 10000),
    (99151401001, 17, 1, 1, 1, 9.000, 9.000, 0.000, 10000),
    (99151501001, 17, 1, 1, 1, 11.000, 11.000, 0.000, 10000),
    (99151601001, 17, 1, 1, 1, 13.000, 13.000, 0.000, 10000),
    (99151701001, 17, 1, 1, 1, 15.000, 15.000, 0.000, 10000),
    (99151101002, 38, 1, 1, 1, 5.000, 5.000, 0.000, 10000),
    (99151201002, 38, 1, 1, 1, 7.000, 7.000, 0.000, 10000),
    (99151301002, 38, 1, 1, 1, 9.000, 9.000, 0.000, 10000),
    (99151401002, 38, 1, 1, 1, 11.000, 11.000, 0.000, 10000),
    (99151501002, 38, 1, 1, 1, 13.000, 13.000, 0.000, 10000),
    (99151601002, 38, 1, 1, 1, 15.000, 15.000, 0.000, 10000),
    (99151701002, 38, 1, 1, 1, 17.000, 17.000, 0.000, 10000),
    (99151101003, 94, 1, 1, 1, 2.000, 2.000, 0.000, 10000),
    (99151201003, 94, 1, 1, 1, 3.000, 3.000, 0.000, 10000),
    (99151301003, 94, 1, 1, 1, 4.000, 4.000, 0.000, 10000),
    (99151401003, 94, 1, 1, 1, 5.000, 5.000, 0.000, 10000),
    (99151501003, 94, 1, 1, 1, 6.000, 6.000, 0.000, 10000),
    (99151601003, 94, 1, 1, 1, 7.000, 7.000, 0.000, 10000),
    (99151701003, 94, 1, 1, 1, 8.000, 8.000, 0.000, 10000),
    (99151101004, 59, 1, 1, 1, 5.000, 5.000, 0.000, 10000),
    (99151201004, 59, 1, 1, 1, 6.500, 6.500, 0.000, 10000),
    (99151301004, 59, 1, 1, 1, 8.000, 8.000, 0.000, 10000),
    (99151401004, 59, 1, 1, 1, 9.500, 9.500, 0.000, 10000),
    (99151501004, 59, 1, 1, 1, 11.000, 11.000, 0.000, 10000),
    (99151601004, 59, 1, 1, 1, 12.500, 12.500, 0.000, 10000),
    (99151701004, 59, 1, 1, 1, 14.000, 14.000, 0.000, 10000),
    (99151101005, 202, 1, 1, 1, 1.300, 1.300, 0.000, 10000),
    (99151201005, 202, 1, 1, 1, 1.500, 1.500, 0.000, 10000),
    (99151301005, 202, 1, 1, 1, 1.700, 1.700, 0.000, 10000),
    (99151401005, 202, 1, 1, 1, 1.900, 1.900, 0.000, 10000),
    (99151501005, 202, 1, 1, 1, 2.100, 2.100, 0.000, 10000),
    (99151601005, 202, 1, 1, 1, 2.300, 2.300, 0.000, 10000),
    (99151701005, 202, 1, 1, 1, 2.500, 2.500, 0.000, 10000),
    (99151101006, 63, 1, 1, 0, 5.000, 5.000, 0.000, 10000),
    (99151201006, 63, 1, 1, 0, 7.000, 7.000, 0.000, 10000),
    (99151301006, 63, 1, 1, 0, 9.000, 9.000, 0.000, 10000),
    (99151401006, 63, 1, 1, 0, 11.000, 11.000, 0.000, 10000),
    (99151501006, 63, 1, 1, 0, 13.000, 13.000, 0.000, 10000),
    (99151601006, 63, 1, 1, 0, 15.000, 15.000, 0.000, 10000),
    (99151701006, 63, 1, 1, 0, 17.000, 17.000, 0.000, 10000),
    (99151102001, 59, 1, 1, 1, 1.000, 1.000, 0.000, 10000),
    (99151202001, 59, 1, 1, 1, 1.700, 1.700, 0.000, 10000),
    (99151302001, 59, 1, 1, 1, 2.400, 2.400, 0.000, 10000),
    (99151402001, 59, 1, 1, 1, 3.100, 3.100, 0.000, 10000),
    (99151502001, 59, 1, 1, 1, 3.800, 3.800, 0.000, 10000),
    (99151602001, 59, 1, 1, 1, 4.500, 4.500, 0.000, 10000),
    (99151702001, 59, 1, 1, 1, 5.200, 5.200, 0.000, 10000),
    (99151102002, 20, 1, 1, 1, 5.000, 5.000, 0.000, 10000),
    (99151202002, 20, 1, 1, 1, 6.500, 6.500, 0.000, 10000),
    (99151302002, 20, 1, 1, 1, 8.000, 8.000, 0.000, 10000),
    (99151402002, 20, 1, 1, 1, 9.500, 9.500, 0.000, 10000),
    (99151502002, 20, 1, 1, 1, 11.000, 11.000, 0.000, 10000),
    (99151602002, 20, 1, 1, 1, 13.500, 13.500, 0.000, 10000),
    (99151702002, 20, 1, 1, 1, 15.000, 15.000, 0.000, 10000),
    (99151102003, 63, 1, 1, 0, 3.000, 3.000, 0.000, 10000),
    (99151202003, 63, 1, 1, 0, 4.500, 4.500, 0.000, 10000),
    (99151302003, 63, 1, 1, 0, 6.000, 6.000, 0.000, 10000),
    (99151402003, 63, 1, 1, 0, 7.500, 7.500, 0.000, 10000),
    (99151502003, 63, 1, 1, 0, 9.000, 9.000, 0.000, 10000),
    (99151602003, 63, 1, 1, 0, 10.500, 10.500, 0.000, 10000),
    (99151702003, 63, 1, 1, 0, 12.000, 12.000, 0.000, 10000),
    (99151102004, 24, 1, 1, 1, 2.000, 2.000, 0.000, 10000),
    (99151202004, 24, 1, 1, 1, 3.000, 3.000, 0.000, 10000),
    (99151302004, 24, 1, 1, 1, 5.000, 5.000, 0.000, 10000),
    (99151402004, 24, 1, 1, 1, 7.000, 7.000, 0.000, 10000),
    (99151502004, 24, 1, 1, 1, 9.000, 9.000, 0.000, 10000),
    (99151602004, 24, 1, 1, 1, 11.000, 11.000, 0.000, 10000),
    (99151702004, 24, 1, 1, 1, 13.000, 13.000, 0.000, 10000),
    (99151102005, 24, 1, 1, 1, 5.000, 5.000, 0.000, 10000),
    (99151202005, 24, 1, 1, 1, 7.500, 7.500, 0.000, 10000),
    (99151302005, 24, 1, 1, 1, 10.000, 10.000, 0.000, 10000),
    (99151402005, 24, 1, 1, 1, 12.500, 12.500, 0.000, 10000),
    (99151502005, 24, 1, 1, 1, 15.000, 15.000, 0.000, 10000),
    (99151602005, 24, 1, 1, 1, 17.500, 17.500, 0.000, 10000),
    (99151702005, 24, 1, 1, 1, 20.000, 20.000, 0.000, 10000),
    (99151103001, 24, 1, 1, 1, 2.000, 2.000, 0.000, 10000),
    (99151203001, 24, 1, 1, 1, 4.000, 4.000, 0.000, 10000),
    (99151303001, 24, 1, 1, 1, 6.000, 6.000, 0.000, 10000),
    (99151403001, 24, 1, 1, 1, 8.000, 8.000, 0.000, 10000),
    (99151503001, 24, 1, 1, 1, 10.000, 10.000, 0.000, 10000),
    (99151603001, 24, 1, 1, 1, 12.000, 12.000, 0.000, 10000),
    (99151703001, 24, 1, 1, 1, 14.000, 14.000, 0.000, 10000),
    (99151103002, 38, 1, 1, 1, 10.000, 10.000, 0.000, 10000),
    (99151203002, 38, 1, 1, 1, 12.000, 12.000, 0.000, 10000),
    (99151303002, 38, 1, 1, 1, 14.000, 14.000, 0.000, 10000),
    (99151403002, 38, 1, 1, 1, 16.000, 16.000, 0.000, 10000),
    (99151503002, 38, 1, 1, 1, 18.000, 18.000, 0.000, 10000),
    (99151603002, 38, 1, 1, 1, 20.000, 20.000, 0.000, 10000),
    (99151703002, 38, 1, 1, 1, 22.000, 22.000, 0.000, 10000),
    (99151103003, 63, 1, 1, 0, 3.000, 3.000, 0.000, 10000),
    (99151203003, 63, 1, 1, 0, 4.500, 4.500, 0.000, 10000),
    (99151303003, 63, 1, 1, 0, 6.000, 6.000, 0.000, 10000),
    (99151403003, 63, 1, 1, 0, 7.500, 7.500, 0.000, 10000),
    (99151503003, 63, 1, 1, 0, 9.000, 9.000, 0.000, 10000),
    (99151603003, 63, 1, 1, 0, 10.500, 10.500, 0.000, 10000),
    (99151703003, 63, 1, 1, 0, 12.000, 12.000, 0.000, 10000),
    (99151103004, 29, 1, 1, 1, 2.000, 2.000, 0.000, 10000),
    (99151203004, 29, 1, 1, 1, 4.000, 4.000, 0.000, 10000),
    (99151303004, 29, 1, 1, 1, 6.000, 6.000, 0.000, 10000),
    (99151403004, 29, 1, 1, 1, 8.000, 8.000, 0.000, 10000),
    (99151503004, 29, 1, 1, 1, 10.000, 10.000, 0.000, 10000),
    (99151603004, 29, 1, 1, 1, 12.000, 12.000, 0.000, 10000),
    (99151703004, 29, 1, 1, 1, 14.000, 14.000, 0.000, 10000),
    (99151103005, 59, 1, 1, 1, 1.000, 1.000, 0.000, 10000),
    (99151203005, 59, 1, 1, 1, 1.700, 1.700, 0.000, 10000),
    (99151303005, 59, 1, 1, 1, 2.400, 2.400, 0.000, 10000),
    (99151403005, 59, 1, 1, 1, 3.100, 3.100, 0.000, 10000),
    (99151503005, 59, 1, 1, 1, 3.800, 3.800, 0.000, 10000),
    (99151603005, 59, 1, 1, 1, 4.500, 4.500, 0.000, 10000),
    (99151703005, 59, 1, 1, 1, 5.200, 5.200, 0.000, 10000),
    (99151105001, 95, 1, 1, 1, 1.400, 1.400, 0.000, 10000),
    (99151205001, 95, 1, 1, 1, 1.500, 1.500, 0.000, 10000),
    (99151305001, 95, 1, 1, 1, 1.600, 1.600, 0.000, 10000),
    (99151405001, 95, 1, 1, 1, 1.700, 1.700, 0.000, 10000),
    (99151505001, 95, 1, 1, 1, 1.800, 1.800, 0.000, 10000),
    (99151605001, 95, 1, 1, 1, 1.900, 1.900, 0.000, 10000),
    (99151705001, 95, 1, 1, 1, 2.000, 2.000, 0.000, 10000),
    (99151105002, 17, 1, 1, 1, 2.000, 2.000, 0.000, 10000),
    (99151205002, 17, 1, 1, 1, 4.000, 4.000, 0.000, 10000),
    (99151305002, 17, 1, 1, 1, 6.000, 6.000, 0.000, 10000),
    (99151405002, 17, 1, 1, 1, 8.000, 8.000, 0.000, 10000),
    (99151505002, 17, 1, 1, 1, 10.000, 10.000, 0.000, 10000),
    (99151605002, 17, 1, 1, 1, 12.000, 12.000, 0.000, 10000),
    (99151705002, 17, 1, 1, 1, 14.000, 14.000, 0.000, 10000),
    (99151105003, 63, 1, 1, 0, 3.000, 3.000, 0.000, 10000),
    (99151205003, 63, 1, 1, 0, 4.500, 4.500, 0.000, 10000),
    (99151305003, 63, 1, 1, 0, 6.000, 6.000, 0.000, 10000),
    (99151405003, 63, 1, 1, 0, 7.500, 7.500, 0.000, 10000),
    (99151505003, 63, 1, 1, 0, 9.000, 9.000, 0.000, 10000),
    (99151605003, 63, 1, 1, 0, 10.500, 10.500, 0.000, 10000),
    (99151705003, 63, 1, 1, 0, 12.000, 12.000, 0.000, 10000),
    (99151105004, 24, 1, 1, 1, 2.000, 2.000, 0.000, 10000),
    (99151205004, 24, 1, 1, 1, 3.000, 3.000, 0.000, 10000),
    (99151305004, 24, 1, 1, 1, 5.000, 5.000, 0.000, 10000),
    (99151405004, 24, 1, 1, 1, 7.000, 7.000, 0.000, 10000),
    (99151505004, 24, 1, 1, 1, 9.000, 9.000, 0.000, 10000),
    (99151605004, 24, 1, 1, 1, 11.000, 11.000, 0.000, 10000),
    (99151705004, 24, 1, 1, 1, 13.000, 13.000, 0.000, 10000),
    (99151105005, 59, 1, 1, 1, 1.000, 1.000, 0.000, 10000),
    (99151205005, 59, 1, 1, 1, 1.700, 1.700, 0.000, 10000),
    (99151305005, 59, 1, 1, 1, 2.400, 2.400, 0.000, 10000),
    (99151405005, 59, 1, 1, 1, 3.100, 3.100, 0.000, 10000),
    (99151505005, 59, 1, 1, 1, 3.800, 3.800, 0.000, 10000),
    (99151605005, 59, 1, 1, 1, 4.500, 4.500, 0.000, 10000),
    (99151705005, 59, 1, 1, 1, 5.200, 5.200, 0.000, 10000),
    (99151106001, 95, 1, 1, 1, 3.800, 3.800, 0.000, 10000),
    (99151206001, 95, 1, 1, 1, 4.000, 4.000, 0.000, 10000),
    (99151306001, 95, 1, 1, 1, 4.200, 4.200, 0.000, 10000),
    (99151406001, 95, 1, 1, 1, 4.400, 4.400, 0.000, 10000),
    (99151506001, 95, 1, 1, 1, 4.600, 4.600, 0.000, 10000),
    (99151606001, 95, 1, 1, 1, 4.800, 4.800, 0.000, 10000),
    (99151706001, 95, 1, 1, 1, 5.000, 5.000, 0.000, 10000),
    (99151106002, 94, 1, 1, 1, 2.000, 2.000, 0.000, 10000),
    (99151206002, 94, 1, 1, 1, 2.500, 2.500, 0.000, 10000),
    (99151306002, 94, 1, 1, 1, 3.000, 3.000, 0.000, 10000),
    (99151406002, 94, 1, 1, 1, 4.500, 4.500, 0.000, 10000),
    (99151506002, 94, 1, 1, 1, 5.000, 5.000, 0.000, 10000),
    (99151606002, 94, 1, 1, 1, 5.500, 5.500, 0.000, 10000),
    (99151706002, 94, 1, 1, 1, 6.000, 6.000, 0.000, 10000),
    (99151106003, 63, 1, 1, 0, 1.000, 1.000, 0.000, 10000),
    (99151206003, 63, 1, 1, 0, 2.000, 2.000, 0.000, 10000),
    (99151306003, 63, 1, 1, 0, 3.000, 3.000, 0.000, 10000),
    (99151406003, 63, 1, 1, 0, 4.000, 4.000, 0.000, 10000),
    (99151506003, 63, 1, 1, 0, 5.000, 5.000, 0.000, 10000),
    (99151606003, 63, 1, 1, 0, 6.000, 6.000, 0.000, 10000),
    (99151706003, 63, 1, 1, 0, 7.000, 7.000, 0.000, 10000),
    (99151106004, 29, 1, 1, 1, 3.000, 3.000, 0.000, 10000),
    (99151206004, 29, 1, 1, 1, 5.000, 5.000, 0.000, 10000),
    (99151306004, 29, 1, 1, 1, 7.000, 7.000, 0.000, 10000),
    (99151406004, 29, 1, 1, 1, 9.000, 9.000, 0.000, 10000),
    (99151506004, 29, 1, 1, 1, 11.000, 11.000, 0.000, 10000),
    (99151606004, 29, 1, 1, 1, 13.000, 13.000, 0.000, 10000),
    (99151706004, 29, 1, 1, 1, 15.000, 15.000, 0.000, 10000),
    (99151106005, 62, 1, 1, 1, 3.000, 3.000, 0.000, 10000),
    (99151206005, 62, 1, 1, 1, 4.500, 4.500, 0.000, 10000),
    (99151306005, 62, 1, 1, 1, 6.200, 6.200, 0.000, 10000),
    (99151406005, 62, 1, 1, 1, 8.100, 8.100, 0.000, 10000),
    (99151506005, 62, 1, 1, 1, 10.300, 10.300, 0.000, 10000),
    (99151606005, 62, 1, 1, 1, 12.800, 12.800, 0.000, 10000),
    (99151706005, 62, 1, 1, 1, 15.700, 15.700, 0.000, 10000),
    (99151107001, 44, 1, 1, 1, 4.000, 4.000, 0.000, 10000),
    (99151207001, 44, 1, 1, 1, 5.000, 5.000, 0.000, 10000),
    (99151307001, 44, 1, 1, 1, 6.000, 6.000, 0.000, 10000),
    (99151407001, 44, 1, 1, 1, 7.000, 7.000, 0.000, 10000),
    (99151507001, 44, 1, 1, 1, 8.000, 8.000, 0.000, 10000),
    (99151607001, 44, 1, 1, 1, 9.000, 9.000, 0.000, 10000),
    (99151707001, 44, 1, 1, 1, 10.000, 10.000, 0.000, 10000),
    (99151107002, 1009, 1, 1, 1, 5.200, 5.200, 0.000, 10000),
    (99151207002, 1009, 1, 1, 1, 6.000, 6.000, 0.000, 10000),
    (99151307002, 1009, 1, 1, 1, 6.800, 6.800, 0.000, 10000),
    (99151407002, 1009, 1, 1, 1, 7.600, 7.600, 0.000, 10000),
    (99151507002, 1009, 1, 1, 1, 8.400, 8.400, 0.000, 10000),
    (99151607002, 1009, 1, 1, 1, 9.200, 9.200, 0.000, 10000),
    (99151707002, 1009, 1, 1, 1, 10.000, 10.000, 0.000, 10000),
    (99151107003, 63, 1, 1, 0, 5.000, 5.000, 0.000, 10000),
    (99151207003, 63, 1, 1, 0, 6.000, 6.000, 0.000, 10000),
    (99151307003, 63, 1, 1, 0, 7.000, 7.000, 0.000, 10000),
    (99151407003, 63, 1, 1, 0, 8.000, 8.000, 0.000, 10000),
    (99151507003, 63, 1, 1, 0, 9.000, 9.000, 0.000, 10000),
    (99151607003, 63, 1, 1, 0, 10.000, 10.000, 0.000, 10000),
    (99151707003, 63, 1, 1, 0, 11.000, 11.000, 0.000, 10000),
    (99151107004, 29, 1, 1, 1, 7.000, 7.000, 0.000, 10000),
    (99151207004, 29, 1, 1, 1, 9.000, 9.000, 0.000, 10000),
    (99151307004, 29, 1, 1, 1, 11.000, 11.000, 0.000, 10000),
    (99151407004, 29, 1, 1, 1, 13.000, 13.000, 0.000, 10000),
    (99151507004, 29, 1, 1, 1, 15.000, 15.000, 0.000, 10000),
    (99151607004, 29, 1, 1, 1, 17.000, 17.000, 0.000, 10000),
    (99151707004, 29, 1, 1, 1, 21.000, 21.000, 0.000, 10000),
    (99151107005, 24, 1, 1, 1, 3.000, 3.000, 0.000, 10000),
    (99151207005, 24, 1, 1, 1, 4.500, 4.500, 0.000, 10000),
    (99151307005, 24, 1, 1, 1, 6.000, 6.000, 0.000, 10000),
    (99151407005, 24, 1, 1, 1, 7.500, 7.500, 0.000, 10000),
    (99151507005, 24, 1, 1, 1, 9.000, 9.000, 0.000, 10000),
    (99151607005, 24, 1, 1, 1, 10.500, 10.500, 0.000, 10000),
    (99151707005, 24, 1, 1, 1, 12.000, 12.000, 0.000, 10000);

-- --------------------------------------------------------------------------------
-- RuneOptionGroup 테이터 테이블 재구성
-- --------------------------------------------------------------------------------
DROP TABLE IF EXISTS `eod_configuration`.`data_rune_option_group`;
CREATE TABLE IF NOT EXISTS `eod_configuration`.`data_rune_option_group`
(
    `rune_option_group_id` BIGINT(20) NULL,
    `option_division` INT(11) NULL,
    `equip_type` VARCHAR(255) NULL,
    `option_adjust_type` INT(11) NULL,
    `option_data_type` VARCHAR(255) NULL,
    `option_value_min` FLOAT(20, 3) NULL,
    `option_value_max` FLOAT(20, 3) NULL,
    `interval` FLOAT(20, 3) NULL,
    `option_rate` INT(11) NULL
)
ENGINE = InnoDB;

INSERT INTO `eod_configuration`.`data_rune_option_group`
VALUES
    (2001001, 17, 'Weapon', 1, 'Percent', 2.000, 2.000, 0.000, 10000),
    (2001001, 62, 'Body', 1, 'Percent', 3.800, 3.800, 0.000, 10000),
    (2001001, 94, 'Head', 1, 'Percent', 1.500, 1.500, 0.000, 10000),
    (2001001, 94, 'Glove', 1, 'Percent', 1.500, 1.500, 0.000, 10000),
    (2001001, 53, 'Pants', 1, 'Percent', 7.000, 7.000, 0.000, 10000),
    (2001001, 53, 'Shoes', 1, 'Percent', 7.000, 7.000, 0.000, 10000),
    (2001002, 17, 'Weapon', 1, 'Percent', 3.000, 3.000, 0.000, 10000),
    (2001002, 62, 'Body', 1, 'Percent', 5.500, 5.500, 0.000, 10000),
    (2001002, 94, 'Head', 1, 'Percent', 1.000, 1.000, 0.000, 10000),
    (2001002, 94, 'Glove', 1, 'Percent', 1.000, 1.000, 0.000, 10000),
    (2001002, 53, 'Pants', 1, 'Percent', 7.500, 7.500, 0.000, 10000),
    (2001002, 53, 'Shoes', 1, 'Percent', 7.500, 7.500, 0.000, 10000),
    (2001003, 17, 'Weapon', 1, 'Percent', 4.000, 4.000, 0.000, 10000),
    (2001003, 62, 'Body', 1, 'Percent', 7.200, 7.200, 0.000, 10000),
    (2001003, 94, 'Head', 1, 'Percent', 1.200, 1.200, 0.000, 10000),
    (2001003, 94, 'Glove', 1, 'Percent', 1.200, 1.200, 0.000, 10000),
    (2001003, 53, 'Pants', 1, 'Percent', 8.000, 8.000, 0.000, 10000),
    (2001003, 53, 'Shoes', 1, 'Percent', 8.000, 8.000, 0.000, 10000),
    (2001004, 17, 'Weapon', 1, 'Percent', 5.000, 5.000, 0.000, 10000),
    (2001004, 62, 'Body', 1, 'Percent', 8.900, 8.900, 0.000, 10000),
    (2001004, 94, 'Head', 1, 'Percent', 1.400, 1.400, 0.000, 10000),
    (2001004, 94, 'Glove', 1, 'Percent', 1.400, 1.400, 0.000, 10000),
    (2001004, 53, 'Pants', 1, 'Percent', 8.500, 8.500, 0.000, 10000),
    (2001004, 53, 'Shoes', 1, 'Percent', 8.500, 8.500, 0.000, 10000),
    (2001005, 17, 'Weapon', 1, 'Percent', 6.000, 6.000, 0.000, 10000),
    (2001005, 62, 'Body', 1, 'Percent', 10.600, 10.600, 0.000, 10000),
    (2001005, 94, 'Head', 1, 'Percent', 1.600, 1.600, 0.000, 10000),
    (2001005, 94, 'Glove', 1, 'Percent', 1.600, 1.600, 0.000, 10000),
    (2001005, 53, 'Pants', 1, 'Percent', 9.000, 9.000, 0.000, 10000),
    (2001005, 53, 'Shoes', 1, 'Percent', 9.000, 9.000, 0.000, 10000),
    (2001006, 17, 'Weapon', 1, 'Percent', 7.000, 7.000, 0.000, 10000),
    (2001006, 62, 'Body', 1, 'Percent', 12.300, 12.300, 0.000, 10000),
    (2001006, 94, 'Head', 1, 'Percent', 1.800, 1.800, 0.000, 10000),
    (2001006, 94, 'Glove', 1, 'Percent', 1.800, 1.800, 0.000, 10000),
    (2001006, 53, 'Pants', 1, 'Percent', 9.500, 9.500, 0.000, 10000),
    (2001006, 53, 'Shoes', 1, 'Percent', 9.500, 9.500, 0.000, 10000),
    (2001007, 17, 'Weapon', 1, 'Percent', 8.000, 8.000, 0.000, 10000),
    (2001007, 62, 'Body', 1, 'Percent', 14.000, 14.000, 0.000, 10000),
    (2001007, 94, 'Head', 1, 'Percent', 2.000, 2.000, 0.000, 10000),
    (2001007, 94, 'Glove', 1, 'Percent', 2.000, 2.000, 0.000, 10000),
    (2001007, 53, 'Pants', 1, 'Percent', 10.000, 10.000, 0.000, 10000),
    (2001007, 53, 'Shoes', 1, 'Percent', 10.000, 10.000, 0.000, 10000),
    (2002001, 44, 'Weapon', 1, 'Percent', 2.500, 2.500, 0.000, 10000),
    (2002001, 24, 'Body', 1, 'Percent', 2.900, 2.900, 0.000, 10000),
    (2002001, 56, 'Head', 1, 'Percent', 1.500, 1.500, 0.000, 10000),
    (2002001, 24, 'Glove', 1, 'Percent', 4.000, 4.000, 0.000, 10000),
    (2002001, 56, 'Pants', 1, 'Percent', 1.500, 1.500, 0.000, 10000),
    (2002001, 44, 'Shoes', 1, 'Percent', 2.500, 2.500, 0.000, 10000),
    (2002002, 44, 'Weapon', 1, 'Percent', 3.000, 3.000, 0.000, 10000),
    (2002002, 24, 'Body', 1, 'Percent', 3.700, 3.700, 0.000, 10000),
    (2002002, 56, 'Head', 1, 'Percent', 2.000, 2.000, 0.000, 10000),
    (2002002, 24, 'Glove', 1, 'Percent', 5.000, 5.000, 0.000, 10000),
    (2002002, 56, 'Pants', 1, 'Percent', 2.000, 2.000, 0.000, 10000),
    (2002002, 44, 'Shoes', 1, 'Percent', 3.000, 3.000, 0.000, 10000),
    (2002003, 44, 'Weapon', 1, 'Percent', 3.500, 3.500, 0.000, 10000),
    (2002003, 24, 'Body', 1, 'Percent', 4.500, 4.500, 0.000, 10000),
    (2002003, 56, 'Head', 1, 'Percent', 2.500, 2.500, 0.000, 10000),
    (2002003, 24, 'Glove', 1, 'Percent', 6.000, 6.000, 0.000, 10000),
    (2002003, 56, 'Pants', 1, 'Percent', 2.500, 2.500, 0.000, 10000),
    (2002003, 44, 'Shoes', 1, 'Percent', 3.500, 3.500, 0.000, 10000),
    (2002004, 44, 'Weapon', 1, 'Percent', 4.000, 4.000, 0.000, 10000),
    (2002004, 24, 'Body', 1, 'Percent', 6.300, 6.300, 0.000, 10000),
    (2002004, 56, 'Head', 1, 'Percent', 3.000, 3.000, 0.000, 10000),
    (2002004, 24, 'Glove', 1, 'Percent', 7.000, 7.000, 0.000, 10000),
    (2002004, 56, 'Pants', 1, 'Percent', 3.000, 3.000, 0.000, 10000),
    (2002004, 44, 'Shoes', 1, 'Percent', 4.000, 4.000, 0.000, 10000),
    (2002005, 44, 'Weapon', 1, 'Percent', 4.500, 4.500, 0.000, 10000),
    (2002005, 24, 'Body', 1, 'Percent', 7.100, 7.100, 0.000, 10000),
    (2002005, 56, 'Head', 1, 'Percent', 3.500, 3.500, 0.000, 10000),
    (2002005, 24, 'Glove', 1, 'Percent', 8.000, 8.000, 0.000, 10000),
    (2002005, 56, 'Pants', 1, 'Percent', 3.500, 3.500, 0.000, 10000),
    (2002005, 44, 'Shoes', 1, 'Percent', 4.500, 4.500, 0.000, 10000),
    (2002006, 44, 'Weapon', 1, 'Percent', 5.000, 5.000, 0.000, 10000),
    (2002006, 24, 'Body', 1, 'Percent', 8.900, 8.900, 0.000, 10000),
    (2002006, 56, 'Head', 1, 'Percent', 4.000, 4.000, 0.000, 10000),
    (2002006, 24, 'Glove', 1, 'Percent', 9.000, 9.000, 0.000, 10000),
    (2002006, 56, 'Pants', 1, 'Percent', 4.000, 4.000, 0.000, 10000),
    (2002006, 44, 'Shoes', 1, 'Percent', 5.000, 5.000, 0.000, 10000),
    (2002007, 44, 'Weapon', 1, 'Percent', 5.500, 5.500, 0.000, 10000),
    (2002007, 24, 'Body', 1, 'Percent', 9.700, 9.700, 0.000, 10000),
    (2002007, 56, 'Head', 1, 'Percent', 4.500, 4.500, 0.000, 10000),
    (2002007, 24, 'Glove', 1, 'Percent', 10.000, 10.000, 0.000, 10000),
    (2002007, 56, 'Pants', 1, 'Percent', 4.500, 4.500, 0.000, 10000),
    (2002007, 44, 'Shoes', 1, 'Percent', 5.500, 5.500, 0.000, 10000),
    (2003001, 63, 'Weapon', 1, 'Constant', 4.000, 4.000, 0.000, 10000),
    (2003001, 32, 'Body', 1, 'Percent', 3.000, 3.000, 0.000, 10000),
    (2003001, 29, 'Head', 1, 'Percent', 3.000, 3.000, 0.000, 10000),
    (2003001, 29, 'Glove', 1, 'Percent', 3.000, 3.000, 0.000, 10000),
    (2003001, 38, 'Pants', 1, 'Percent', 4.500, 4.500, 0.000, 10000),
    (2003001, 32, 'Shoes', 1, 'Percent', 3.000, 3.000, 0.000, 10000),
    (2003002, 63, 'Weapon', 1, 'Constant', 5.000, 5.000, 0.000, 10000),
    (2003002, 32, 'Body', 1, 'Percent', 5.000, 5.000, 0.000, 10000),
    (2003002, 29, 'Head', 1, 'Percent', 3.800, 3.800, 0.000, 10000),
    (2003002, 29, 'Glove', 1, 'Percent', 3.800, 3.800, 0.000, 10000),
    (2003002, 38, 'Pants', 1, 'Percent', 5.500, 5.500, 0.000, 10000),
    (2003002, 32, 'Shoes', 1, 'Percent', 5.000, 5.000, 0.000, 10000),
    (2003003, 63, 'Weapon', 1, 'Constant', 6.000, 6.000, 0.000, 10000),
    (2003003, 32, 'Body', 1, 'Percent', 7.000, 7.000, 0.000, 10000),
    (2003003, 29, 'Head', 1, 'Percent', 4.600, 4.600, 0.000, 10000),
    (2003003, 29, 'Glove', 1, 'Percent', 4.600, 4.600, 0.000, 10000),
    (2003003, 38, 'Pants', 1, 'Percent', 6.500, 6.500, 0.000, 10000),
    (2003003, 32, 'Shoes', 1, 'Percent', 7.000, 7.000, 0.000, 10000),
    (2003004, 63, 'Weapon', 1, 'Constant', 7.000, 7.000, 0.000, 10000),
    (2003004, 32, 'Body', 1, 'Percent', 9.000, 9.000, 0.000, 10000),
    (2003004, 29, 'Head', 1, 'Percent', 5.400, 5.400, 0.000, 10000),
    (2003004, 29, 'Glove', 1, 'Percent', 5.400, 5.400, 0.000, 10000),
    (2003004, 38, 'Pants', 1, 'Percent', 7.500, 7.500, 0.000, 10000),
    (2003004, 32, 'Shoes', 1, 'Percent', 9.000, 9.000, 0.000, 10000),
    (2003005, 63, 'Weapon', 1, 'Constant', 8.000, 8.000, 0.000, 10000),
    (2003005, 32, 'Body', 1, 'Percent', 11.000, 11.000, 0.000, 10000),
    (2003005, 29, 'Head', 1, 'Percent', 6.200, 6.200, 0.000, 10000),
    (2003005, 29, 'Glove', 1, 'Percent', 6.200, 6.200, 0.000, 10000),
    (2003005, 38, 'Pants', 1, 'Percent', 8.500, 8.500, 0.000, 10000),
    (2003005, 32, 'Shoes', 1, 'Percent', 11.000, 11.000, 0.000, 10000),
    (2003006, 63, 'Weapon', 1, 'Constant', 9.000, 9.000, 0.000, 10000),
    (2003006, 32, 'Body', 1, 'Percent', 13.000, 13.000, 0.000, 10000),
    (2003006, 29, 'Head', 1, 'Percent', 7.000, 7.000, 0.000, 10000),
    (2003006, 29, 'Glove', 1, 'Percent', 7.000, 7.000, 0.000, 10000),
    (2003006, 38, 'Pants', 1, 'Percent', 9.500, 9.500, 0.000, 10000),
    (2003006, 32, 'Shoes', 1, 'Percent', 13.000, 13.000, 0.000, 10000),
    (2003007, 63, 'Weapon', 1, 'Constant', 10.000, 10.000, 0.000, 10000),
    (2003007, 32, 'Body', 1, 'Percent', 15.000, 15.000, 0.000, 10000),
    (2003007, 29, 'Head', 1, 'Percent', 7.800, 7.800, 0.000, 10000),
    (2003007, 29, 'Glove', 1, 'Percent', 7.800, 7.800, 0.000, 10000),
    (2003007, 38, 'Pants', 1, 'Percent', 10.500, 10.500, 0.000, 10000),
    (2003007, 32, 'Shoes', 1, 'Percent', 15.000, 15.000, 0.000, 10000),
    (2004001, 20, 'Weapon', 1, 'Percent', 2.000, 2.000, 0.000, 10000),
    (2004001, 59, 'Body', 1, 'Percent', 3.200, 3.200, 0.000, 10000),
    (2004001, 59, 'Head', 1, 'Percent', 3.200, 3.200, 0.000, 10000),
    (2004001, 20, 'Glove', 1, 'Percent', 2.000, 2.000, 0.000, 10000),
    (2004001, 95, 'Pants', 1, 'Percent', 0.300, 0.300, 0.000, 10000),
    (2004001, 95, 'Shoes', 1, 'Percent', 0.300, 0.300, 0.000, 10000),
    (2004002, 20, 'Weapon', 1, 'Percent', 2.500, 2.500, 0.000, 10000),
    (2004002, 59, 'Body', 1, 'Percent', 1.500, 1.500, 0.000, 10000),
    (2004002, 59, 'Head', 1, 'Percent', 1.500, 1.500, 0.000, 10000),
    (2004002, 20, 'Glove', 1, 'Percent', 2.500, 2.500, 0.000, 10000),
    (2004002, 95, 'Pants', 1, 'Percent', 0.500, 0.500, 0.000, 10000),
    (2004002, 95, 'Shoes', 1, 'Percent', 0.500, 0.500, 0.000, 10000),
    (2004003, 20, 'Weapon', 1, 'Percent', 3.000, 3.000, 0.000, 10000),
    (2004003, 59, 'Body', 1, 'Percent', 2.000, 2.000, 0.000, 10000),
    (2004003, 59, 'Head', 1, 'Percent', 2.000, 2.000, 0.000, 10000),
    (2004003, 20, 'Glove', 1, 'Percent', 3.000, 3.000, 0.000, 10000),
    (2004003, 95, 'Pants', 1, 'Percent', 0.700, 0.700, 0.000, 10000),
    (2004003, 95, 'Shoes', 1, 'Percent', 0.700, 0.700, 0.000, 10000),
    (2004004, 20, 'Weapon', 1, 'Percent', 3.500, 3.500, 0.000, 10000),
    (2004004, 59, 'Body', 1, 'Percent', 2.500, 2.500, 0.000, 10000),
    (2004004, 59, 'Head', 1, 'Percent', 2.500, 2.500, 0.000, 10000),
    (2004004, 20, 'Glove', 1, 'Percent', 3.500, 3.500, 0.000, 10000),
    (2004004, 95, 'Pants', 1, 'Percent', 0.900, 0.900, 0.000, 10000),
    (2004004, 95, 'Shoes', 1, 'Percent', 0.900, 0.900, 0.000, 10000),
    (2004005, 20, 'Weapon', 1, 'Percent', 4.000, 4.000, 0.000, 10000),
    (2004005, 59, 'Body', 1, 'Percent', 3.000, 3.000, 0.000, 10000),
    (2004005, 59, 'Head', 1, 'Percent', 3.000, 3.000, 0.000, 10000),
    (2004005, 20, 'Glove', 1, 'Percent', 4.000, 4.000, 0.000, 10000),
    (2004005, 95, 'Pants', 1, 'Percent', 1.100, 1.100, 0.000, 10000),
    (2004005, 95, 'Shoes', 1, 'Percent', 1.100, 1.100, 0.000, 10000),
    (2004006, 20, 'Weapon', 1, 'Percent', 4.500, 4.500, 0.000, 10000),
    (2004006, 59, 'Body', 1, 'Percent', 3.500, 3.500, 0.000, 10000),
    (2004006, 59, 'Head', 1, 'Percent', 3.500, 3.500, 0.000, 10000),
    (2004006, 20, 'Glove', 1, 'Percent', 4.500, 4.500, 0.000, 10000),
    (2004006, 95, 'Pants', 1, 'Percent', 1.300, 1.300, 0.000, 10000),
    (2004006, 95, 'Shoes', 1, 'Percent', 1.300, 1.300, 0.000, 10000),
    (2004007, 20, 'Weapon', 1, 'Percent', 5.000, 5.000, 0.000, 10000),
    (2004007, 59, 'Body', 1, 'Percent', 4.000, 4.000, 0.000, 10000),
    (2004007, 59, 'Head', 1, 'Percent', 4.000, 4.000, 0.000, 10000),
    (2004007, 20, 'Glove', 1, 'Percent', 5.000, 5.000, 0.000, 10000),
    (2004007, 95, 'Pants', 1, 'Percent', 1.500, 1.500, 0.000, 10000),
    (2004007, 95, 'Shoes', 1, 'Percent', 1.500, 1.500, 0.000, 10000);

-- --------------------------------------------------------------------------------
-- RandomOptionChange 테이터 테이블 재구성
-- --------------------------------------------------------------------------------
DROP TABLE IF EXISTS `eod_configuration`.`data_random_option_change`;
CREATE TABLE IF NOT EXISTS `eod_configuration`.`data_random_option_change`
(
    `random_option_change_code` INT(11) NULL,
    `option_random_group_id` BIGINT(20) NULL,
    `equip_type` VARCHAR(255) NULL,
    `item_division` INT(11) NULL,
    `item_grade` INT(11) NULL,
    `grade` VARCHAR(255) NULL,
    `gem_need_item1` INT(11) NULL,
    `gem_item_count1` INT(11) NULL,
    `charge_cost` INT(11) NULL,
    `rune_need_item1` INT(11) NULL,
    `rune_item_count1` INT(11) NULL,
    `rune_need_item2` INT(11) NULL,
    `rune_item_count2` INT(11) NULL,
    `rune_need_item3` INT(11) NULL,
    `rune_item_count3` INT(11) NULL
)
ENGINE = InnoDB;

INSERT INTO `eod_configuration`.`data_random_option_change`
VALUES
    (1003, 90151301001, 'Weapon', 1, 3, 'Rare', 160001002, 100, 750, 160000101, 1, 0, 0, 0, 0),
    (1004, 90151401001, 'Weapon', 1, 4, 'Unique', 160001002, 100, 1000, 160000101, 1, 160000102, 1, 0, 0),
    (1005, 90151501001, 'Weapon', 1, 5, 'Heroic', 160001002, 100, 1250, 160000102, 2, 0, 0, 0, 0),
    (1006, 90151601001, 'Weapon', 1, 6, 'Legendary', 160001002, 100, 1500, 160000102, 1, 160000103, 1, 0, 0),
    (1007, 90151701001, 'Weapon', 1, 7, 'Immortal', 160001002, 100, 1750, 160000103, 2, 0, 0, 0, 0),
    (2003, 90151303001, 'Head', 2, 3, 'Rare', 160001002, 100, 750, 160000201, 1, 0, 0, 0, 0),
    (2004, 90151403001, 'Head', 2, 4, 'Unique', 160001002, 100, 1000, 160000201, 1, 160000202, 1, 0, 0),
    (2005, 90151503001, 'Head', 2, 5, 'Heroic', 160001002, 100, 1250, 160000202, 2, 0, 0, 0, 0),
    (2006, 90151603001, 'Head', 2, 6, 'Legendary', 160001002, 100, 1500, 160000202, 1, 160000203, 1, 0, 0),
    (2007, 90151703001, 'Head', 2, 7, 'Immortal', 160001002, 100, 1750, 160000203, 2, 0, 0, 0, 0),
    (3003, 90151302001, 'Body', 3, 3, 'Rare', 160001002, 100, 750, 160000201, 1, 0, 0, 0, 0),
    (3004, 90151402001, 'Body', 3, 4, 'Unique', 160001002, 100, 1000, 160000201, 1, 160000202, 1, 0, 0),
    (3005, 90151502001, 'Body', 3, 5, 'Heroic', 160001002, 100, 1250, 160000202, 2, 0, 0, 0, 0),
    (3006, 90151602001, 'Body', 3, 6, 'Legendary', 160001002, 100, 1500, 160000202, 1, 160000203, 1, 0, 0),
    (3007, 90151702001, 'Body', 3, 7, 'Immortal', 160001002, 100, 1750, 160000203, 2, 0, 0, 0, 0),
    (4003, 90151306001, 'Pants', 4, 3, 'Rare', 160001002, 100, 750, 160000201, 1, 0, 0, 0, 0),
    (4004, 90151406001, 'Pants', 4, 4, 'Unique', 160001002, 100, 1000, 160000201, 1, 160000202, 1, 0, 0),
    (4005, 90151506001, 'Pants', 4, 5, 'Heroic', 160001002, 100, 1250, 160000202, 2, 0, 0, 0, 0),
    (4006, 90151606001, 'Pants', 4, 6, 'Legendary', 160001002, 100, 1500, 160000202, 1, 160000203, 1, 0, 0),
    (4007, 90151706001, 'Pants', 4, 7, 'Immortal', 160001002, 100, 1750, 160000203, 2, 0, 0, 0, 0),
    (5003, 90151305001, 'Glove', 5, 3, 'Rare', 160001002, 100, 750, 160000301, 1, 0, 0, 0, 0),
    (5004, 90151405001, 'Glove', 5, 4, 'Unique', 160001002, 100, 1000, 160000301, 1, 160000302, 1, 0, 0),
    (5005, 90151505001, 'Glove', 5, 5, 'Heroic', 160001002, 100, 1250, 160000302, 2, 0, 0, 0, 0),
    (5006, 90151605001, 'Glove', 5, 6, 'Legendary', 160001002, 100, 1500, 160000302, 1, 160000303, 1, 0, 0),
    (5007, 90151705001, 'Glove', 5, 7, 'Immortal', 160001002, 100, 1750, 160000303, 2, 0, 0, 0, 0),
    (6003, 90151307001, 'Shoes', 6, 3, 'Rare', 160001002, 100, 750, 160000301, 1, 0, 0, 0, 0),
    (6004, 90151407001, 'Shoes', 6, 4, 'Unique', 160001002, 100, 1000, 160000301, 1, 160000302, 1, 0, 0),
    (6005, 90151507001, 'Shoes', 6, 5, 'Heroic', 160001002, 100, 1250, 160000302, 2, 0, 0, 0, 0),
    (6006, 90151607001, 'Shoes', 6, 6, 'Legendary', 160001002, 100, 1500, 160000302, 1, 160000303, 1, 0, 0),
    (6007, 90151707001, 'Shoes', 6, 7, 'Immortal', 160001002, 100, 1750, 160000303, 2, 0, 0, 0, 0),
    (7003, 90150301001, 'Necklace', 7, 3, 'Rare', 160001002, 100, 750, 160000401, 1, 0, 0, 0, 0),
    (7004, 90150401001, 'Necklace', 7, 4, 'Unique', 160001002, 100, 1000, 160000401, 1, 160000402, 1, 0, 0),
    (7005, 90150501001, 'Necklace', 7, 5, 'Heroic', 160001002, 100, 1250, 160000402, 2, 0, 0, 0, 0),
    (7006, 90150601001, 'Necklace', 7, 6, 'Legendary', 160001002, 100, 1500, 160000402, 1, 160000403, 1, 0, 0),
    (7007, 90150701001, 'Necklace', 7, 7, 'Immortal', 160001002, 100, 1750, 160000403, 2, 0, 0, 0, 0),
    (8003, 90150302001, 'Ring', 8, 3, 'Rare', 160001002, 100, 750, 160000401, 1, 0, 0, 0, 0),
    (8004, 90150402001, 'Ring', 8, 4, 'Unique', 160001002, 100, 1000, 160000401, 1, 160000402, 1, 0, 0),
    (8005, 90150502001, 'Ring', 8, 5, 'Heroic', 160001002, 100, 1250, 160000402, 2, 0, 0, 0, 0),
    (8006, 90150602001, 'Ring', 8, 6, 'Legendary', 160001002, 100, 1500, 160000402, 1, 160000403, 1, 0, 0),
    (8007, 90150702001, 'Ring', 8, 7, 'Immortal', 160001002, 100, 1750, 160000403, 2, 0, 0, 0, 0);

-- --------------------------------------------------------------------------------
-- Character 테이터 테이블 재구성
-- --------------------------------------------------------------------------------
DROP TABLE IF EXISTS `eod_configuration`.`data_character`;
CREATE TABLE IF NOT EXISTS `eod_configuration`.`data_character`
(
    `general_type_code` INT(11) NULL,
    `class_type` VARCHAR(255) NULL,
    `class_type_number` INT(11) NULL,
    `slot_open` INT(11) NULL,
    `slot_open_level` INT(11) NULL,
    `create_level` INT(11) NULL
)
ENGINE = InnoDB;

INSERT INTO `eod_configuration`.`data_character`
VALUES
    (100100001, 'Berserker', 0, 1, 50, 1),
    (100100002, 'DemonHunter', 1, 1, 50, 1),
    (100100003, 'Archon', 2, 1, 50, 1),
    (100100004, 'Knight', 3, 0, 0, 50),
    (100201001, 'None', 99, -1, 0, 0),
    (100301001, 'None', 99, -1, 0, 0),
    (100201002, 'None', 99, -1, 0, 0),
    (100301002, 'None', 99, -1, 0, 0),
    (100201003, 'None', 99, -1, 0, 0),
    (100301003, 'None', 99, -1, 0, 0),
    (100201004, 'None', 99, -1, 0, 0),
    (100301004, 'None', 99, -1, 0, 0),
    (100201005, 'None', 99, -1, 0, 0),
    (100301005, 'None', 99, -1, 0, 0),
    (100500001, 'None', 99, -1, 0, 0),
    (100202001, 'None', 99, -1, 0, 0),
    (100302001, 'None', 99, -1, 0, 0),
    (100202002, 'None', 99, -1, 0, 0),
    (100302002, 'None', 99, -1, 0, 0),
    (100202003, 'None', 99, -1, 0, 0),
    (100302003, 'None', 99, -1, 0, 0),
    (100202004, 'None', 99, -1, 0, 0),
    (100302004, 'None', 99, -1, 0, 0),
    (100202005, 'None', 99, -1, 0, 0),
    (100302005, 'None', 99, -1, 0, 0),
    (100402005, 'None', 99, -1, 0, 0),
    (100502006, 'None', 99, -1, 0, 0),
    (100203001, 'None', 99, -1, 0, 0),
    (100303001, 'None', 99, -1, 0, 0),
    (100203002, 'None', 99, -1, 0, 0),
    (100303002, 'None', 99, -1, 0, 0),
    (100203003, 'None', 99, -1, 0, 0),
    (100203004, 'None', 99, -1, 0, 0),
    (100203005, 'None', 99, -1, 0, 0),
    (100303005, 'None', 99, -1, 0, 0),
    (100303003, 'None', 99, -1, 0, 0),
    (100303004, 'None', 99, -1, 0, 0),
    (100403001, 'None', 99, -1, 0, 0),
    (100503001, 'None', 99, -1, 0, 0),
    (100204001, 'None', 99, -1, 0, 0),
    (100304001, 'None', 99, -1, 0, 0),
    (100204002, 'None', 99, -1, 0, 0),
    (100304002, 'None', 99, -1, 0, 0),
    (100204003, 'None', 99, -1, 0, 0),
    (100204004, 'None', 99, -1, 0, 0),
    (100204005, 'None', 99, -1, 0, 0),
    (100304005, 'None', 99, -1, 0, 0),
    (100304003, 'None', 99, -1, 0, 0),
    (100304004, 'None', 99, -1, 0, 0),
    (100404001, 'None', 99, -1, 0, 0),
    (100504001, 'None', 99, -1, 0, 0),
    (100504002, 'None', 99, -1, 0, 0),
    (101000001, 'None', 99, -1, 0, 0),
    (100205001, 'None', 99, -1, 0, 0),
    (100305001, 'None', 99, -1, 0, 0),
    (100205002, 'None', 99, -1, 0, 0),
    (100305002, 'None', 99, -1, 0, 0),
    (100205003, 'None', 99, -1, 0, 0),
    (100305003, 'None', 99, -1, 0, 0),
    (100205004, 'None', 99, -1, 0, 0),
    (100305004, 'None', 99, -1, 0, 0),
    (100205005, 'None', 99, -1, 0, 0),
    (100305005, 'None', 99, -1, 0, 0),
    (100405001, 'None', 99, -1, 0, 0),
    (100505001, 'None', 99, -1, 0, 0),
    (100206001, 'None', 99, -1, 0, 0),
    (100306001, 'None', 99, -1, 0, 0),
    (100206002, 'None', 99, -1, 0, 0),
    (100306002, 'None', 99, -1, 0, 0),
    (100206003, 'None', 99, -1, 0, 0),
    (100306003, 'None', 99, -1, 0, 0),
    (100206004, 'None', 99, -1, 0, 0),
    (100306004, 'None', 99, -1, 0, 0),
    (100206005, 'None', 99, -1, 0, 0),
    (100306005, 'None', 99, -1, 0, 0),
    (100406001, 'None', 99, -1, 0, 0),
    (100506001, 'None', 99, -1, 0, 0),
    (100207001, 'None', 99, -1, 0, 0),
    (100307001, 'None', 99, -1, 0, 0),
    (100207002, 'None', 99, -1, 0, 0),
    (100307002, 'None', 99, -1, 0, 0),
    (100207003, 'None', 99, -1, 0, 0),
    (100307003, 'None', 99, -1, 0, 0),
    (100207004, 'None', 99, -1, 0, 0),
    (100307004, 'None', 99, -1, 0, 0),
    (100207005, 'None', 99, -1, 0, 0),
    (100307005, 'None', 99, -1, 0, 0),
    (100407001, 'None', 99, -1, 0, 0),
    (100507001, 'None', 99, -1, 0, 0),
    (100208001, 'None', 99, -1, 0, 0),
    (100208002, 'None', 99, -1, 0, 0),
    (100208003, 'None', 99, -1, 0, 0),
    (100208004, 'None', 99, -1, 0, 0),
    (100208005, 'None', 99, -1, 0, 0),
    (100408001, 'None', 99, -1, 0, 0),
    (100508001, 'None', 99, -1, 0, 0),
    (110000001, 'DogNpc', 99, -1, 0, 0),
    (100201006, 'None', 99, -1, 0, 0),
    (100301006, 'None', 99, -1, 0, 0),
    (100203006, 'None', 99, -1, 0, 0),
    (100303006, 'None', 99, -1, 0, 0),
    (100204006, 'None', 99, -1, 0, 0),
    (100304006, 'None', 99, -1, 0, 0),
    (100205006, 'None', 99, -1, 0, 0),
    (100305006, 'None', 99, -1, 0, 0),
    (100206006, 'None', 99, -1, 0, 0),
    (100306006, 'None', 99, -1, 0, 0),
    (100207006, 'None', 99, -1, 0, 0),
    (100307006, 'None', 99, -1, 0, 0),
    (100208006, 'None', 99, -1, 0, 0),
    (100308006, 'None', 99, -1, 0, 0),
    (100308001, 'None', 99, -1, 0, 0),
    (100308002, 'None', 99, -1, 0, 0),
    (100308003, 'None', 99, -1, 0, 0),
    (100308004, 'None', 99, -1, 0, 0),
    (100308005, 'None', 99, -1, 0, 0),
    (100806001, 'None', 99, -1, 0, 0),
    (100802001, 'None', 99, -1, 0, 0),
    (100807001, 'None', 99, -1, 0, 0),
    (100809001, 'None', 99, -1, 0, 0),
    (100809002, 'None', 99, -1, 0, 0),
    (100809003, 'None', 99, -1, 0, 0),
    (100701001, 'None', 99, -1, 0, 0),
    (100701002, 'None', 99, -1, 0, 0),
    (100701003, 'None', 99, -1, 0, 0),
    (100701004, 'None', 99, -1, 0, 0),
    (100701005, 'None', 99, -1, 0, 0),
    (100701006, 'None', 99, -1, 0, 0),
    (100702001, 'None', 99, -1, 0, 0),
    (100702002, 'None', 99, -1, 0, 0),
    (100702003, 'None', 99, -1, 0, 0),
    (100702004, 'None', 99, -1, 0, 0),
    (100702005, 'None', 99, -1, 0, 0),
    (100702006, 'None', 99, -1, 0, 0),
    (100703001, 'None', 99, -1, 0, 0),
    (100703002, 'None', 99, -1, 0, 0),
    (100703003, 'None', 99, -1, 0, 0),
    (100703004, 'None', 99, -1, 0, 0),
    (100703005, 'None', 99, -1, 0, 0),
    (100703006, 'None', 99, -1, 0, 0),
    (100209001, 'None', 99, -1, 0, 0),
    (100209007, 'None', 99, -1, 0, 0),
    (100309001, 'None', 99, -1, 0, 0),
    (100209002, 'None', 99, -1, 0, 0),
    (100309002, 'None', 99, -1, 0, 0),
    (100209003, 'None', 99, -1, 0, 0),
    (100309003, 'None', 99, -1, 0, 0),
    (100209004, 'None', 99, -1, 0, 0),
    (100309004, 'None', 99, -1, 0, 0),
    (100209005, 'None', 99, -1, 0, 0),
    (100309005, 'None', 99, -1, 0, 0),
    (100209006, 'None', 99, -1, 0, 0),
    (100309006, 'None', 99, -1, 0, 0),
    (100409001, 'None', 99, -1, 0, 0),
    (100509001, 'None', 99, -1, 0, 0),
    (101201001, 'None', 99, -1, 0, 0),
    (101301001, 'None', 99, -1, 0, 0),
    (101201002, 'None', 99, -1, 0, 0),
    (101301002, 'None', 99, -1, 0, 0),
    (101201003, 'None', 99, -1, 0, 0),
    (101301003, 'None', 99, -1, 0, 0),
    (101201004, 'None', 99, -1, 0, 0),
    (101301004, 'None', 99, -1, 0, 0),
    (101201005, 'None', 99, -1, 0, 0),
    (101301005, 'None', 99, -1, 0, 0),
    (101401005, 'None', 99, -1, 0, 0),
    (101501006, 'None', 99, -1, 0, 0),
    (104000001, 'None', 99, -1, 0, 0),
    (104000002, 'None', 99, -1, 0, 0),
    (104000003, 'None', 99, -1, 0, 0),
    (104000004, 'None', 99, -1, 0, 0),
    (104000005, 'None', 99, -1, 0, 0),
    (104000006, 'None', 99, -1, 0, 0),
    (104000007, 'None', 99, -1, 0, 0),
    (104000008, 'None', 99, -1, 0, 0);

-- --------------------------------------------------------------------------------
-- PlayerBaseStatus 테이터 테이블 재구성
-- --------------------------------------------------------------------------------
DROP TABLE IF EXISTS `eod_configuration`.`data_player_base_status`;
CREATE TABLE IF NOT EXISTS `eod_configuration`.`data_player_base_status`
(
    `general_type_code` INT(11) NULL,
    `class_type` INT(11) NULL,
    `level` INT(11) NULL,
    `hp` FLOAT(20, 3) NULL,
    `stm` FLOAT(20, 3) NULL,
    `matrix_use_stm` INT(11) NULL,
    `matrix_maintain_time` INT(11) NULL,
    `matrix_slow_pecent` FLOAT(20, 3) NULL,
    `matrix_cool_time` INT(11) NULL,
    `hp_regeneration_per5_sec` FLOAT(20, 3) NULL,
    `stm_chrg` FLOAT(20, 3) NULL,
    `attk_pow_min` FLOAT(20, 3) NULL,
    `attk_pow_max` FLOAT(20, 3) NULL,
    `attk_spd` FLOAT(20, 3) NULL,
    `crt_rt` FLOAT(20, 3) NULL,
    `ctr_pow` FLOAT(20, 3) NULL,
    `crt_pow_decr` FLOAT(20, 3) NULL,
    `dmg_decr` FLOAT(20, 3) NULL,
    `dfs_pow` FLOAT(20, 3) NULL,
    `avd_rt` FLOAT(20, 3) NULL,
    `accr` FLOAT(20, 3) NULL,
    `st_reg` FLOAT(20, 3) NULL,
    `cool_decr` FLOAT(20, 3) NULL,
    `mv_spd` FLOAT(20, 3) NULL,
    `dv_frc` FLOAT(20, 3) NULL
)
ENGINE = InnoDB;

INSERT INTO `eod_configuration`.`data_player_base_status`
VALUES
    (100100001, 1, 1, 2934.000, 10000.000, 2500, 3, 10.000, 30, 86.000, 121.125, 68.700, 91.300, 100.000, 2.533, 194.104, 1.936, 3.400, 713.000, 1.010, 100.870, 2.730, 0.180, 8.000, 100.000),
    (100100001, 1, 2, 3146.000, 10070.000, 2500, 6, 10.000, 30, 89.000, 122.000, 70.300, 93.000, 100.000, 2.535, 194.408, 2.112, 3.600, 762.000, 1.010, 100.940, 2.760, 0.200, 8.000, 100.000),
    (100100001, 1, 3, 3373.000, 10160.820, 2500, 3, 10.000, 30, 91.000, 125.000, 71.800, 94.700, 100.000, 2.537, 194.712, 2.288, 3.800, 815.000, 1.010, 101.010, 2.790, 0.220, 8.000, 100.000),
    (100100001, 1, 4, 3613.000, 10261.600, 2500, 3, 10.000, 30, 94.000, 129.000, 73.300, 96.400, 100.000, 2.540, 195.016, 2.464, 4.000, 872.000, 1.010, 101.080, 2.820, 0.240, 8.000, 100.000),
    (100100001, 1, 5, 3866.000, 10369.460, 2500, 3, 10.000, 30, 97.000, 133.000, 90.200, 118.600, 100.000, 2.543, 195.320, 2.640, 4.200, 933.000, 1.260, 101.150, 2.850, 0.260, 8.000, 100.000),
    (100100001, 1, 6, 4134.000, 10482.910, 2450, 3, 10.000, 30, 100.000, 137.000, 91.900, 120.500, 100.000, 2.545, 195.624, 2.816, 4.400, 998.000, 1.260, 101.220, 2.880, 0.280, 8.000, 100.000),
    (100100001, 1, 7, 4414.000, 10601.010, 2450, 3, 10.000, 30, 102.000, 142.000, 93.500, 122.400, 100.000, 2.547, 195.928, 2.992, 4.600, 1067.000, 1.260, 101.290, 2.910, 0.300, 8.000, 100.000),
    (100100001, 1, 8, 4708.000, 10723.130, 2450, 3, 10.000, 30, 105.000, 146.000, 95.200, 124.200, 100.000, 2.550, 196.232, 3.168, 4.800, 1141.000, 1.260, 101.360, 2.940, 0.320, 8.000, 100.000),
    (100100001, 1, 9, 5017.000, 10848.800, 2450, 3, 10.000, 30, 108.000, 151.000, 96.800, 126.100, 100.000, 2.553, 196.536, 3.344, 5.000, 1220.000, 1.260, 101.430, 2.970, 0.340, 8.000, 100.000),
    (100100001, 1, 10, 6674.000, 10977.660, 2450, 3, 10.000, 30, 139.000, 156.000, 114.400, 149.300, 100.000, 2.555, 196.840, 3.520, 5.200, 1305.000, 1.520, 101.500, 3.000, 0.360, 8.000, 100.000),
    (100100001, 1, 11, 7093.000, 11109.420, 2400, 3, 10.000, 30, 143.000, 162.000, 116.200, 151.300, 100.000, 2.557, 197.144, 3.696, 5.400, 1383.000, 1.520, 101.570, 3.030, 0.380, 8.000, 100.000),
    (100100001, 1, 12, 7530.000, 11243.850, 2400, 3, 10.000, 30, 147.000, 168.000, 118.000, 153.300, 100.000, 2.560, 197.448, 3.872, 5.600, 1465.000, 1.520, 101.640, 3.060, 0.400, 8.000, 100.000),
    (100100001, 1, 13, 7983.000, 11380.750, 2400, 3, 10.000, 30, 150.000, 174.000, 119.700, 155.300, 100.000, 2.562, 197.752, 4.048, 5.800, 1552.000, 1.520, 101.710, 3.090, 0.420, 8.000, 100.000),
    (100100001, 1, 14, 8455.000, 11519.950, 2400, 3, 10.000, 30, 154.000, 180.000, 121.500, 157.300, 100.000, 2.565, 198.056, 4.224, 6.000, 1645.000, 1.520, 101.780, 3.120, 0.440, 8.000, 100.000),
    (100100001, 1, 15, 8942.000, 11661.310, 2400, 3, 10.000, 30, 158.000, 186.000, 139.800, 181.400, 100.000, 2.568, 198.360, 4.400, 6.200, 1743.000, 1.770, 101.850, 3.150, 0.460, 8.000, 100.000),
    (100100001, 1, 16, 9447.000, 11804.710, 2350, 3, 10.000, 30, 162.000, 193.000, 141.700, 183.600, 100.000, 2.570, 198.664, 4.576, 6.400, 1847.000, 1.770, 101.920, 3.180, 0.480, 8.000, 100.000),
    (100100001, 1, 17, 9969.000, 11950.030, 2350, 3, 10.000, 30, 166.000, 200.000, 143.600, 185.800, 100.000, 2.572, 198.968, 4.752, 6.600, 1957.000, 1.780, 101.990, 3.210, 0.500, 8.000, 100.000),
    (100100001, 1, 18, 10508.000, 12097.180, 2350, 3, 10.000, 30, 170.000, 207.000, 145.500, 188.000, 100.000, 2.575, 199.272, 4.928, 6.800, 2074.000, 1.780, 102.060, 3.240, 0.520, 8.000, 100.000),
    (100100001, 1, 19, 11065.000, 12246.080, 2350, 3, 10.000, 30, 175.000, 215.000, 147.400, 190.100, 100.000, 2.578, 199.576, 5.104, 7.000, 2198.000, 1.780, 102.130, 3.270, 0.540, 8.000, 100.000),
    (100100001, 1, 20, 13968.000, 12396.640, 2350, 3, 10.000, 30, 215.000, 222.000, 166.400, 215.200, 100.000, 2.580, 199.880, 5.280, 7.200, 2329.000, 2.030, 102.200, 3.300, 0.560, 8.000, 100.000),
    (100100001, 1, 21, 17623.000, 12548.790, 2300, 3, 10.000, 30, 247.000, 230.000, 218.000, 291.800, 100.000, 3.583, 215.460, 5.456, 7.520, 2445.000, 2.230, 102.280, 3.730, 0.864, 8.000, 100.000),
    (100100001, 1, 22, 19004.000, 12702.470, 2300, 3, 10.000, 30, 254.000, 268.000, 220.800, 295.300, 100.000, 3.586, 215.840, 5.632, 7.840, 2567.000, 2.230, 102.360, 3.760, 0.888, 8.000, 100.000),
    (100100001, 1, 23, 20444.000, 12857.630, 2300, 3, 10.000, 30, 260.000, 280.000, 223.600, 298.800, 100.000, 3.589, 216.220, 5.808, 8.160, 2695.000, 2.240, 102.440, 3.790, 0.912, 8.000, 100.000),
    (100100001, 1, 24, 21939.000, 13014.200, 2300, 3, 10.000, 30, 267.000, 293.000, 226.400, 302.300, 100.000, 3.592, 216.600, 5.984, 8.480, 2829.000, 2.240, 102.520, 3.820, 0.936, 8.000, 100.000),
    (100100001, 1, 25, 23494.000, 13172.130, 2300, 3, 10.000, 30, 274.000, 306.000, 253.100, 338.600, 100.000, 3.595, 216.980, 6.160, 8.800, 2970.000, 2.520, 102.600, 3.850, 0.960, 8.000, 100.000),
    (100100001, 1, 26, 25107.000, 13331.390, 2250, 3, 10.000, 30, 280.000, 320.000, 256.100, 342.400, 100.000, 3.598, 217.360, 6.336, 9.120, 3118.000, 2.520, 102.680, 3.880, 0.984, 8.000, 100.000),
    (100100001, 1, 27, 26778.000, 13491.930, 2250, 3, 10.000, 30, 287.000, 334.000, 259.100, 346.100, 100.000, 3.601, 217.740, 6.512, 9.440, 3273.000, 2.520, 102.760, 3.910, 1.008, 8.000, 100.000),
    (100100001, 1, 28, 28506.000, 13653.710, 2250, 3, 10.000, 30, 294.000, 348.000, 262.100, 349.900, 100.000, 3.604, 218.120, 6.688, 9.760, 3436.000, 2.520, 102.840, 3.940, 1.032, 8.000, 100.000),
    (100100001, 1, 29, 30291.000, 13816.700, 2250, 3, 10.000, 30, 301.000, 363.000, 265.100, 353.700, 100.000, 3.607, 218.500, 6.864, 10.080, 3607.000, 2.520, 102.920, 3.970, 1.056, 8.000, 100.000),
    (100100001, 1, 30, 37492.000, 13980.850, 2250, 3, 10.000, 30, 360.000, 379.000, 293.100, 391.800, 100.000, 3.610, 218.880, 7.040, 10.400, 3787.000, 2.810, 103.000, 4.000, 1.080, 8.000, 100.000),
    (100100001, 1, 31, 39710.000, 14146.140, 2200, 3, 10.000, 30, 368.000, 395.000, 296.300, 395.800, 100.000, 3.613, 219.260, 7.216, 10.720, 3938.000, 2.810, 103.080, 4.030, 1.104, 8.000, 100.000),
    (100100001, 1, 32, 41997.000, 14312.530, 2200, 3, 10.000, 30, 377.000, 411.000, 299.600, 399.900, 100.000, 3.616, 219.640, 7.392, 11.040, 4095.000, 2.810, 103.160, 4.060, 1.128, 8.000, 100.000),
    (100100001, 1, 33, 44349.000, 14480.000, 2200, 3, 10.000, 30, 385.000, 428.000, 302.800, 404.000, 100.000, 3.619, 220.020, 7.568, 11.360, 4258.000, 2.810, 103.240, 4.090, 1.152, 8.000, 100.000),
    (100100001, 1, 34, 46771.000, 14648.520, 2200, 3, 10.000, 30, 394.000, 445.000, 306.000, 408.000, 100.000, 3.622, 220.400, 7.744, 11.680, 4428.000, 2.810, 103.320, 4.120, 1.176, 8.000, 100.000),
    (100100001, 1, 35, 49258.000, 14818.070, 2200, 3, 10.000, 30, 403.000, 462.000, 335.200, 447.800, 100.000, 3.625, 220.780, 7.920, 12.000, 4605.000, 3.090, 103.400, 4.150, 1.200, 8.000, 100.000),
    (100100001, 1, 36, 51814.000, 14988.610, 2150, 3, 10.000, 30, 412.000, 480.000, 338.700, 452.200, 100.000, 3.628, 221.160, 8.096, 12.320, 4789.000, 3.100, 103.480, 4.180, 1.224, 8.000, 100.000),
    (100100001, 1, 37, 54438.000, 15160.130, 2150, 3, 10.000, 30, 421.000, 499.000, 342.100, 456.500, 100.000, 3.631, 221.540, 8.272, 12.640, 4980.000, 3.100, 103.560, 4.210, 1.248, 8.000, 100.000),
    (100100001, 1, 38, 57129.000, 15332.610, 2150, 3, 10.000, 30, 430.000, 518.000, 345.600, 460.900, 100.000, 3.634, 221.920, 8.448, 12.960, 5179.000, 3.100, 103.640, 4.240, 1.272, 8.000, 100.000),
    (100100001, 1, 39, 59887.000, 15506.030, 2150, 3, 10.000, 30, 439.000, 537.000, 349.000, 465.300, 100.000, 3.637, 222.300, 8.624, 13.280, 5386.000, 3.100, 103.720, 4.270, 1.296, 8.000, 100.000),
    (100100001, 1, 40, 71673.000, 15680.360, 2150, 3, 10.000, 30, 512.000, 557.000, 379.500, 506.800, 100.000, 3.640, 222.680, 8.800, 13.600, 5601.000, 3.380, 103.800, 4.300, 1.320, 8.000, 100.000),
    (100100001, 1, 41, 74978.000, 15855.580, 2100, 3, 10.000, 30, 523.000, 577.000, 383.200, 511.500, 100.000, 3.643, 223.060, 8.976, 13.920, 5769.000, 3.390, 103.880, 4.330, 1.344, 8.000, 100.000),
    (100100001, 1, 42, 78362.000, 16031.690, 2100, 3, 10.000, 30, 534.000, 597.000, 386.800, 516.100, 100.000, 3.646, 223.440, 9.152, 14.240, 5942.000, 3.390, 103.960, 4.360, 1.368, 8.000, 100.000),
    (100100001, 1, 43, 81823.000, 16208.650, 2100, 3, 10.000, 30, 544.000, 618.000, 390.500, 520.700, 100.000, 3.649, 223.820, 9.328, 14.560, 6120.000, 3.390, 104.040, 4.390, 1.392, 8.000, 100.000),
    (100100001, 1, 44, 85360.000, 16386.460, 2100, 3, 10.000, 30, 555.000, 640.000, 394.100, 525.400, 100.000, 3.652, 224.200, 9.504, 14.880, 6303.000, 3.390, 104.120, 4.420, 1.416, 8.000, 100.000),
    (100100001, 1, 45, 88975.000, 16565.100, 2100, 3, 10.000, 30, 567.000, 662.000, 425.900, 568.700, 100.000, 3.655, 224.580, 9.680, 15.200, 6492.000, 3.680, 104.200, 4.450, 1.440, 8.000, 100.000),
    (100100001, 1, 46, 92666.000, 16744.550, 2000, 3, 10.000, 30, 578.000, 684.000, 429.700, 573.600, 100.000, 3.658, 224.960, 9.856, 15.520, 6686.000, 3.680, 104.280, 4.480, 1.464, 8.000, 100.000),
    (100100001, 1, 47, 96436.000, 16924.800, 2000, 3, 10.000, 30, 589.000, 707.000, 433.600, 578.600, 100.000, 3.661, 225.340, 10.032, 15.840, 6886.000, 3.680, 104.360, 4.510, 1.488, 8.000, 100.000),
    (100100001, 1, 48, 100281.000, 17105.840, 2000, 3, 10.000, 30, 600.000, 730.000, 437.500, 583.500, 100.000, 3.664, 225.720, 10.208, 16.160, 7092.000, 3.680, 104.440, 4.540, 1.512, 8.000, 100.000),
    (100100001, 1, 49, 104205.000, 17287.650, 2000, 3, 10.000, 30, 612.000, 754.000, 441.300, 588.400, 100.000, 3.667, 226.100, 10.384, 16.480, 7304.000, 3.680, 104.520, 4.570, 1.536, 8.000, 100.000),
    (100100001, 1, 50, 121729.000, 17470.220, 2000, 3, 10.000, 30, 702.000, 778.000, 474.300, 633.500, 100.000, 3.670, 226.480, 10.560, 16.800, 7523.000, 3.970, 104.600, 4.600, 1.560, 8.000, 100.000),
    (100100002, 2, 1, 2054.000, 10000.000, 2500, 3, 10.000, 30, 56.000, 121.125, 23.100, 45.200, 100.000, 4.100, 248.640, 2.424, 1.080, 463.000, 1.710, 102.460, 4.450, 1.730, 8.000, 100.000),
    (100100002, 2, 2, 2202.000, 10070.000, 2500, 7, 10.000, 30, 57.000, 124.500, 24.300, 46.500, 100.000, 4.200, 249.280, 2.608, 1.160, 495.000, 1.710, 102.620, 4.600, 1.860, 8.000, 100.000),
    (100100002, 2, 3, 2361.000, 10160.820, 2500, 3, 10.000, 30, 59.000, 128.125, 25.400, 47.800, 100.000, 4.300, 249.920, 2.792, 1.240, 530.000, 1.710, 102.780, 4.750, 1.990, 8.000, 100.000),
    (100100002, 2, 4, 2529.000, 10261.600, 2500, 3, 10.000, 30, 61.000, 132.000, 26.600, 49.100, 100.000, 4.400, 250.560, 2.976, 1.320, 567.000, 1.710, 102.940, 4.900, 2.120, 8.000, 100.000),
    (100100002, 2, 5, 2706.000, 10369.460, 2500, 3, 10.000, 30, 63.000, 136.125, 32.700, 60.400, 100.000, 4.500, 251.200, 3.160, 1.400, 606.000, 2.140, 103.100, 5.050, 2.250, 8.000, 100.000),
    (100100002, 2, 6, 2894.000, 10482.910, 2450, 3, 10.000, 30, 65.000, 140.500, 33.900, 61.800, 100.000, 4.600, 251.840, 3.344, 1.480, 649.000, 2.140, 103.260, 5.200, 2.380, 8.000, 100.000),
    (100100002, 2, 7, 3090.000, 10601.010, 2450, 3, 10.000, 30, 66.000, 145.125, 35.100, 63.100, 100.000, 4.700, 252.480, 3.528, 1.560, 694.000, 2.150, 103.420, 5.350, 2.510, 8.000, 100.000),
    (100100002, 2, 8, 3296.000, 10723.130, 2450, 3, 10.000, 30, 68.000, 150.000, 36.300, 64.500, 100.000, 4.800, 253.120, 3.712, 1.640, 742.000, 2.150, 103.580, 5.500, 2.640, 8.000, 100.000),
    (100100002, 2, 9, 3512.000, 10848.800, 2450, 3, 10.000, 30, 70.000, 155.125, 37.400, 65.900, 100.000, 4.900, 253.760, 3.896, 1.720, 793.000, 2.150, 103.740, 5.650, 2.770, 8.000, 100.000),
    (100100002, 2, 10, 4672.000, 10977.660, 2450, 3, 10.000, 30, 90.000, 160.500, 43.800, 77.600, 100.000, 5.000, 254.400, 4.080, 1.800, 848.000, 2.580, 103.900, 5.800, 2.900, 8.000, 100.000),
    (100100002, 2, 11, 4965.000, 11109.420, 2400, 3, 10.000, 30, 93.000, 166.125, 45.000, 79.000, 100.000, 5.100, 255.040, 4.264, 1.880, 899.000, 2.580, 104.060, 5.950, 3.030, 8.000, 100.000),
    (100100002, 2, 12, 5271.000, 11243.850, 2400, 3, 10.000, 30, 95.000, 172.000, 46.200, 80.400, 100.000, 5.200, 255.680, 4.448, 1.960, 952.000, 2.580, 104.220, 6.100, 3.160, 8.000, 100.000),
    (100100002, 2, 13, 5588.000, 11380.750, 2400, 3, 10.000, 30, 98.000, 178.125, 47.400, 81.800, 100.000, 5.300, 256.320, 4.632, 2.040, 1009.000, 2.580, 104.380, 6.250, 3.290, 8.000, 100.000),
    (100100002, 2, 14, 5919.000, 11519.950, 2400, 3, 10.000, 30, 100.000, 184.500, 48.600, 83.300, 100.000, 5.400, 256.960, 4.816, 2.120, 1069.000, 2.580, 104.540, 6.400, 3.420, 8.000, 100.000),
    (100100002, 2, 15, 6259.000, 11661.310, 2400, 3, 10.000, 30, 103.000, 191.125, 55.200, 95.300, 100.000, 5.500, 257.600, 5.000, 2.200, 1133.000, 3.020, 104.700, 6.550, 3.550, 8.000, 100.000),
    (100100002, 2, 16, 6613.000, 11804.710, 2350, 3, 10.000, 30, 105.000, 198.000, 56.400, 96.800, 100.000, 5.600, 258.240, 5.184, 2.280, 1201.000, 3.020, 104.860, 6.700, 3.680, 8.000, 100.000),
    (100100002, 2, 17, 6978.000, 11950.030, 2350, 3, 10.000, 30, 108.000, 205.125, 57.700, 98.300, 100.000, 5.700, 258.880, 5.368, 2.360, 1272.000, 3.020, 105.020, 6.850, 3.810, 8.000, 100.000),
    (100100002, 2, 18, 7356.000, 12097.180, 2350, 3, 10.000, 30, 111.000, 212.500, 58.900, 99.800, 100.000, 5.800, 259.520, 5.552, 2.440, 1348.000, 3.020, 105.180, 7.000, 3.940, 8.000, 100.000),
    (100100002, 2, 19, 7746.000, 12246.080, 2350, 3, 10.000, 30, 113.000, 220.125, 60.200, 101.300, 100.000, 5.900, 260.160, 5.736, 2.520, 1429.000, 3.020, 105.340, 7.150, 4.070, 8.000, 100.000),
    (100100002, 2, 20, 9778.000, 12396.640, 2350, 3, 10.000, 30, 139.000, 228.000, 66.900, 113.800, 100.000, 6.000, 260.800, 5.920, 2.600, 1514.000, 3.450, 105.500, 7.300, 4.200, 8.000, 100.000),
    (100100002, 2, 21, 12336.000, 12548.790, 2300, 3, 10.000, 30, 160.000, 265.336, 115.500, 186.400, 100.000, 6.100, 277.600, 6.640, 2.700, 1589.000, 3.800, 105.730, 9.140, 5.232, 8.000, 100.000),
    (100100002, 2, 22, 13303.000, 12702.470, 2300, 3, 10.000, 30, 165.000, 277.504, 117.300, 188.700, 100.000, 6.200, 278.400, 6.880, 2.800, 1669.000, 3.800, 105.960, 9.380, 5.424, 8.000, 100.000),
    (100100002, 2, 23, 14311.000, 12857.630, 2300, 3, 10.000, 30, 169.000, 290.104, 119.000, 191.000, 100.000, 6.300, 279.200, 7.120, 2.900, 1752.000, 3.800, 106.190, 9.620, 5.616, 8.000, 100.000),
    (100100002, 2, 24, 15357.000, 13014.200, 2300, 3, 10.000, 30, 173.000, 303.136, 120.700, 193.300, 100.000, 6.400, 280.000, 7.360, 3.000, 1839.000, 3.800, 106.420, 9.860, 5.808, 8.000, 100.000),
    (100100002, 2, 25, 16446.000, 13172.130, 2300, 3, 10.000, 30, 178.000, 316.600, 133.900, 215.600, 100.000, 6.500, 280.800, 7.600, 3.100, 1931.000, 4.280, 106.650, 10.100, 6.000, 8.000, 100.000),
    (100100002, 2, 26, 17575.000, 13331.390, 2250, 3, 10.000, 30, 182.000, 330.496, 135.700, 218.000, 100.000, 6.600, 281.600, 7.840, 3.200, 2027.000, 4.280, 106.880, 10.340, 6.192, 8.000, 100.000),
    (100100002, 2, 27, 18745.000, 13491.930, 2250, 3, 10.000, 30, 187.000, 344.824, 137.600, 220.500, 100.000, 6.700, 282.400, 8.080, 3.300, 2127.000, 4.280, 107.110, 10.580, 6.384, 8.000, 100.000),
    (100100002, 2, 28, 19954.000, 13653.710, 2250, 3, 10.000, 30, 191.000, 359.584, 139.400, 222.900, 100.000, 6.800, 283.200, 8.320, 3.400, 2233.000, 4.290, 107.340, 10.820, 6.576, 8.000, 100.000),
    (100100002, 2, 29, 21204.000, 13816.700, 2250, 3, 10.000, 30, 196.000, 374.776, 141.200, 225.400, 100.000, 6.900, 284.000, 8.560, 3.500, 2345.000, 4.290, 107.570, 11.060, 6.768, 8.000, 100.000),
    (100100002, 2, 30, 26244.000, 13980.850, 2250, 3, 10.000, 30, 234.000, 390.400, 154.900, 248.500, 100.000, 7.000, 284.800, 8.800, 3.600, 2462.000, 4.770, 107.800, 11.300, 6.960, 8.000, 100.000),
    (100100002, 2, 31, 27797.000, 14146.140, 2200, 3, 10.000, 30, 239.000, 406.456, 156.800, 251.100, 100.000, 7.100, 285.600, 9.040, 3.700, 2560.000, 4.770, 108.030, 11.540, 7.152, 8.000, 100.000),
    (100100002, 2, 32, 29398.000, 14312.530, 2200, 3, 10.000, 30, 245.000, 422.944, 158.700, 253.700, 100.000, 7.200, 286.400, 9.280, 3.800, 2662.000, 4.770, 108.260, 11.780, 7.344, 8.000, 100.000),
    (100100002, 2, 33, 31044.000, 14480.000, 2200, 3, 10.000, 30, 250.000, 439.864, 160.600, 256.300, 100.000, 7.300, 287.200, 9.520, 3.900, 2768.000, 4.780, 108.490, 12.020, 7.536, 8.000, 100.000),
    (100100002, 2, 34, 32740.000, 14648.520, 2200, 3, 10.000, 30, 256.000, 457.216, 162.500, 258.900, 100.000, 7.400, 288.000, 9.760, 4.000, 2878.000, 4.780, 108.720, 12.260, 7.728, 8.000, 100.000),
    (100100002, 2, 35, 34481.000, 14818.070, 2200, 3, 10.000, 30, 262.000, 475.000, 176.700, 283.000, 100.000, 7.500, 288.800, 10.000, 4.100, 2993.000, 5.260, 108.950, 12.500, 7.920, 8.000, 100.000),
    (100100002, 2, 36, 36270.000, 14988.610, 2150, 3, 10.000, 30, 267.000, 493.216, 178.700, 285.700, 100.000, 7.600, 289.600, 10.240, 4.200, 3113.000, 5.260, 109.180, 12.740, 8.112, 8.000, 100.000),
    (100100002, 2, 37, 38107.000, 15160.130, 2150, 3, 10.000, 30, 273.000, 511.864, 180.700, 288.500, 100.000, 7.700, 290.400, 10.480, 4.300, 3237.000, 5.260, 109.410, 12.980, 8.304, 8.000, 100.000),
    (100100002, 2, 38, 39990.000, 15332.610, 2150, 3, 10.000, 30, 279.000, 530.944, 182.700, 291.200, 100.000, 7.800, 291.200, 10.720, 4.400, 3366.000, 5.270, 109.640, 13.220, 8.496, 8.000, 100.000),
    (100100002, 2, 39, 41921.000, 15506.030, 2150, 3, 10.000, 30, 285.000, 550.456, 184.700, 294.000, 100.000, 7.900, 292.000, 10.960, 4.500, 3501.000, 5.270, 109.870, 13.460, 8.688, 8.000, 100.000),
    (100100002, 2, 40, 50171.000, 15680.360, 2150, 3, 10.000, 30, 333.000, 570.400, 199.400, 319.000, 100.000, 8.000, 292.800, 11.200, 4.600, 3641.000, 5.750, 110.100, 13.700, 8.880, 8.000, 100.000),
    (100100002, 2, 41, 52485.000, 15855.580, 2100, 3, 10.000, 30, 340.000, 590.776, 201.500, 321.900, 100.000, 8.100, 293.600, 11.440, 4.700, 3750.000, 5.760, 110.330, 13.940, 9.072, 8.000, 100.000),
    (100100002, 2, 42, 54853.000, 16031.690, 2100, 3, 10.000, 30, 347.000, 611.584, 203.600, 324.800, 100.000, 8.200, 294.400, 11.680, 4.800, 3862.000, 5.760, 110.560, 14.180, 9.264, 8.000, 100.000),
    (100100002, 2, 43, 57276.000, 16208.650, 2100, 3, 10.000, 30, 354.000, 632.824, 205.700, 327.700, 100.000, 8.300, 295.200, 11.920, 4.900, 3978.000, 5.760, 110.790, 14.420, 9.456, 8.000, 100.000),
    (100100002, 2, 44, 59752.000, 16386.460, 2100, 3, 10.000, 30, 361.000, 654.496, 207.800, 330.600, 100.000, 8.400, 296.000, 12.160, 5.000, 4097.000, 5.770, 111.020, 14.660, 9.648, 8.000, 100.000),
    (100100002, 2, 45, 62283.000, 16565.100, 2100, 3, 10.000, 30, 368.000, 676.600, 223.000, 356.500, 100.000, 8.500, 296.800, 12.400, 5.100, 4220.000, 6.250, 111.250, 14.900, 9.840, 8.000, 100.000),
    (100100002, 2, 46, 64866.000, 16744.550, 2000, 3, 10.000, 30, 375.000, 699.136, 225.200, 359.500, 100.000, 8.600, 297.600, 12.640, 5.200, 4346.000, 6.250, 111.480, 15.140, 10.032, 8.000, 100.000),
    (100100002, 2, 47, 67505.000, 16924.800, 2000, 3, 10.000, 30, 383.000, 722.104, 227.300, 362.600, 100.000, 8.700, 298.400, 12.880, 5.300, 4476.000, 6.260, 111.710, 15.380, 10.224, 8.000, 100.000),
    (100100002, 2, 48, 70197.000, 17105.840, 2000, 3, 10.000, 30, 390.000, 745.504, 229.500, 365.600, 100.000, 8.800, 299.200, 13.120, 5.400, 4610.000, 6.260, 111.940, 15.620, 10.416, 8.000, 100.000),
    (100100002, 2, 49, 72944.000, 17287.650, 2000, 3, 10.000, 30, 398.000, 769.336, 231.700, 368.700, 100.000, 8.900, 300.000, 13.360, 5.500, 4748.000, 6.260, 112.170, 15.860, 10.608, 8.000, 100.000),
    (100100002, 2, 50, 85210.000, 17470.220, 2000, 3, 10.000, 30, 456.000, 793.600, 247.400, 395.500, 100.000, 9.000, 300.800, 13.600, 5.600, 4890.000, 6.750, 112.400, 16.100, 10.800, 8.000, 100.000),
    (100100003, 3, 1, 1995.000, 10000.000, 2500, 3, 10.000, 30, 69.000, 216.640, 22.500, 44.000, 100.000, 1.533, 204.320, 3.976, 2.760, 357.000, 1.060, 101.190, 6.820, 0.648, 8.000, 100.000),
    (100100003, 3, 2, 2139.000, 10070.000, 2500, 7, 10.000, 30, 71.000, 234.560, 34.400, 45.200, 100.000, 1.535, 204.640, 4.272, 2.920, 381.000, 1.060, 101.280, 7.140, 0.696, 8.000, 100.000),
    (100100003, 3, 3, 2294.000, 10160.820, 2500, 3, 10.000, 30, 73.000, 253.760, 35.600, 46.500, 100.000, 1.538, 204.960, 4.568, 3.080, 408.000, 1.060, 101.370, 7.460, 0.744, 8.000, 100.000),
    (100100003, 3, 4, 2457.000, 10261.600, 2500, 3, 10.000, 30, 75.000, 274.240, 36.800, 47.700, 100.000, 1.540, 205.280, 4.864, 3.240, 436.000, 1.060, 101.460, 7.780, 0.792, 8.000, 100.000),
    (100100003, 3, 5, 2629.000, 10369.460, 2500, 3, 10.000, 30, 77.000, 296.000, 45.200, 58.600, 100.000, 1.543, 205.600, 5.160, 3.400, 467.000, 1.320, 101.550, 8.100, 0.840, 8.000, 100.000),
    (100100003, 3, 6, 2811.000, 10482.910, 2450, 3, 10.000, 30, 80.000, 319.040, 46.400, 59.900, 100.000, 1.545, 205.920, 5.456, 3.560, 499.000, 1.320, 101.640, 8.420, 0.888, 8.000, 100.000),
    (100100003, 3, 7, 3002.000, 10601.010, 2450, 3, 10.000, 30, 82.000, 343.360, 47.600, 61.200, 100.000, 1.548, 206.240, 5.752, 3.720, 534.000, 1.320, 101.730, 8.740, 0.936, 8.000, 100.000),
    (100100003, 3, 8, 3201.000, 10723.130, 2450, 3, 10.000, 30, 84.000, 368.960, 48.800, 62.400, 100.000, 1.550, 206.560, 6.048, 3.880, 571.000, 1.330, 101.820, 9.060, 0.984, 8.000, 100.000),
    (100100003, 3, 9, 3412.000, 10848.800, 2450, 3, 10.000, 30, 86.000, 395.840, 50.000, 63.700, 100.000, 1.553, 206.880, 6.344, 4.040, 610.000, 1.330, 101.910, 9.380, 1.032, 8.000, 100.000),
    (100100003, 3, 10, 4538.000, 10977.660, 2450, 3, 10.000, 30, 111.000, 424.000, 58.700, 74.900, 100.000, 1.555, 207.200, 6.640, 4.200, 653.000, 1.590, 102.000, 9.700, 1.080, 8.000, 100.000),
    (100100003, 3, 11, 4823.000, 11109.420, 2400, 3, 10.000, 30, 114.000, 453.440, 59.900, 76.300, 100.000, 1.558, 207.520, 6.936, 4.360, 692.000, 1.590, 102.090, 10.020, 1.128, 8.000, 100.000),
    (100100003, 3, 12, 5120.000, 11243.850, 2400, 3, 10.000, 30, 117.000, 484.160, 61.200, 77.600, 100.000, 1.560, 207.840, 7.232, 4.520, 733.000, 1.590, 102.180, 10.340, 1.176, 8.000, 100.000),
    (100100003, 3, 13, 5428.000, 11380.750, 2400, 3, 10.000, 30, 120.000, 516.160, 62.400, 78.900, 100.000, 1.562, 208.160, 7.528, 4.680, 776.000, 1.590, 102.270, 10.660, 1.224, 8.000, 100.000),
    (100100003, 3, 14, 5749.000, 11519.950, 2400, 3, 10.000, 30, 123.000, 549.440, 63.700, 80.300, 100.000, 1.565, 208.480, 7.824, 4.840, 823.000, 1.600, 102.360, 10.980, 1.272, 8.000, 100.000),
    (100100003, 3, 15, 6081.000, 11661.310, 2400, 3, 10.000, 30, 127.000, 584.000, 72.600, 91.800, 100.000, 1.567, 208.800, 8.120, 5.000, 872.000, 1.860, 102.450, 11.300, 1.320, 8.000, 100.000),
    (100100003, 3, 16, 6424.000, 11804.710, 2350, 3, 10.000, 30, 130.000, 619.840, 73.900, 93.100, 100.000, 1.570, 209.120, 8.416, 5.160, 924.000, 1.860, 102.540, 11.620, 1.368, 8.000, 100.000),
    (100100003, 3, 17, 6779.000, 11950.030, 2350, 3, 10.000, 30, 133.000, 656.960, 75.100, 94.500, 100.000, 1.572, 209.440, 8.712, 5.320, 979.000, 1.860, 102.630, 11.940, 1.416, 8.000, 100.000),
    (100100003, 3, 18, 7145.000, 12097.180, 2350, 3, 10.000, 30, 136.000, 695.360, 76.400, 95.900, 100.000, 1.575, 209.760, 9.008, 5.480, 1037.000, 1.870, 102.720, 12.260, 1.464, 8.000, 100.000),
    (100100003, 3, 19, 7524.000, 12246.080, 2350, 3, 10.000, 30, 140.000, 735.040, 77.700, 97.300, 100.000, 1.577, 210.080, 9.304, 5.640, 1099.000, 1.870, 102.810, 12.580, 1.512, 8.000, 100.000),
    (100100003, 3, 20, 9498.000, 12396.640, 2350, 3, 10.000, 30, 172.000, 776.000, 86.800, 109.100, 100.000, 1.580, 210.400, 9.600, 5.800, 1165.000, 2.130, 102.900, 12.900, 1.560, 8.000, 100.000),
    (100100003, 3, 21, 11984.000, 12548.790, 2300, 3, 10.000, 30, 198.000, 974.800, 110.600, 177.800, 100.000, 2.583, 226.800, 9.968, 6.060, 1223.000, 2.340, 103.010, 14.650, 2.430, 8.000, 100.000),
    (100100003, 3, 22, 12923.000, 12702.470, 2300, 3, 10.000, 30, 203.000, 1040.800, 112.100, 179.800, 100.000, 2.586, 227.200, 10.336, 6.320, 1284.000, 2.350, 103.120, 15.100, 2.520, 8.000, 100.000),
    (100100003, 3, 23, 13902.000, 12857.630, 2300, 3, 10.000, 30, 208.000, 1109.200, 113.700, 181.700, 100.000, 2.589, 227.600, 10.704, 6.580, 1348.000, 2.350, 103.230, 15.550, 2.610, 8.000, 100.000),
    (100100003, 3, 24, 14919.000, 13014.200, 2300, 3, 10.000, 30, 213.000, 1180.000, 115.200, 183.600, 100.000, 2.592, 228.000, 11.072, 6.840, 1415.000, 2.350, 103.340, 16.000, 2.700, 8.000, 100.000),
    (100100003, 3, 25, 15976.000, 13172.130, 2300, 3, 10.000, 30, 219.000, 1253.200, 127.400, 204.300, 100.000, 2.595, 228.400, 11.440, 7.100, 1485.000, 2.640, 103.450, 16.450, 2.790, 8.000, 100.000),
    (100100003, 3, 26, 17073.000, 13331.390, 2250, 3, 10.000, 30, 224.000, 1328.800, 129.000, 206.300, 100.000, 2.598, 228.800, 11.808, 7.360, 1559.000, 2.650, 103.560, 16.900, 2.880, 8.000, 100.000),
    (100100003, 3, 27, 18209.000, 13491.930, 2250, 3, 10.000, 30, 230.000, 1406.800, 130.600, 208.300, 100.000, 2.601, 229.200, 12.176, 7.620, 1637.000, 2.650, 103.670, 17.350, 2.970, 8.000, 100.000),
    (100100003, 3, 28, 19384.000, 13653.710, 2250, 3, 10.000, 30, 235.000, 1487.200, 132.200, 210.400, 100.000, 2.604, 229.600, 12.544, 7.880, 1718.000, 2.650, 103.780, 17.800, 3.060, 8.000, 100.000),
    (100100003, 3, 29, 20598.000, 13816.700, 2250, 3, 10.000, 30, 241.000, 1570.000, 133.800, 212.400, 100.000, 2.607, 230.000, 12.912, 8.140, 1804.000, 2.650, 103.890, 18.250, 3.150, 8.000, 100.000),
    (100100003, 3, 30, 25495.000, 13980.850, 2250, 3, 10.000, 30, 288.000, 1655.200, 146.400, 233.700, 100.000, 2.610, 230.400, 13.280, 8.400, 1894.000, 2.950, 104.000, 18.700, 3.240, 8.000, 100.000),
    (100100003, 3, 31, 27003.000, 14146.140, 2200, 3, 10.000, 30, 295.000, 1742.800, 148.100, 235.800, 100.000, 2.613, 230.800, 13.648, 8.660, 1969.000, 2.950, 104.110, 19.150, 3.330, 8.000, 100.000),
    (100100003, 3, 32, 28558.000, 14312.530, 2200, 3, 10.000, 30, 301.000, 1832.800, 149.700, 238.000, 100.000, 2.616, 231.200, 14.016, 8.920, 2048.000, 2.950, 104.220, 19.600, 3.420, 8.000, 100.000),
    (100100003, 3, 33, 30157.000, 14480.000, 2200, 3, 10.000, 30, 308.000, 1925.200, 151.300, 240.100, 100.000, 2.619, 231.600, 14.384, 9.180, 2129.000, 2.950, 104.330, 20.050, 3.510, 8.000, 100.000),
    (100100003, 3, 34, 31804.000, 14648.520, 2200, 3, 10.000, 30, 315.000, 2020.000, 153.000, 242.200, 100.000, 2.622, 232.000, 14.752, 9.440, 2214.000, 2.950, 104.440, 20.500, 3.600, 8.000, 100.000),
    (100100003, 3, 35, 33495.000, 14818.070, 2200, 3, 10.000, 30, 322.000, 2117.200, 166.000, 264.200, 100.000, 2.625, 232.400, 15.120, 9.700, 2303.000, 3.250, 104.550, 20.950, 3.690, 8.000, 100.000),
    (100100003, 3, 36, 35234.000, 14988.610, 2150, 3, 10.000, 30, 329.000, 2216.800, 167.700, 266.500, 100.000, 2.628, 232.800, 15.488, 9.960, 2395.000, 3.250, 104.660, 21.400, 3.780, 8.000, 100.000),
    (100100003, 3, 37, 37018.000, 15160.130, 2150, 3, 10.000, 30, 336.000, 2318.800, 169.400, 268.700, 100.000, 2.631, 233.200, 15.856, 10.220, 2490.000, 3.250, 104.770, 21.850, 3.870, 8.000, 100.000),
    (100100003, 3, 38, 38848.000, 15332.610, 2150, 3, 10.000, 30, 344.000, 2423.200, 171.100, 270.900, 100.000, 2.634, 233.600, 16.224, 10.480, 2590.000, 3.250, 104.880, 22.300, 3.960, 8.000, 100.000),
    (100100003, 3, 39, 40723.000, 15506.030, 2150, 3, 10.000, 30, 351.000, 2530.000, 172.800, 273.200, 100.000, 2.637, 234.000, 16.592, 10.740, 2693.000, 3.260, 104.990, 22.750, 4.050, 8.000, 100.000),
    (100100003, 3, 40, 48738.000, 15680.360, 2150, 3, 10.000, 30, 410.000, 2639.200, 186.200, 295.800, 100.000, 2.640, 234.400, 16.960, 11.000, 2801.000, 3.550, 105.100, 23.200, 4.140, 8.000, 100.000),
    (100100003, 3, 41, 50985.000, 15855.580, 2100, 3, 10.000, 30, 418.000, 2750.800, 187.900, 298.100, 100.000, 2.643, 234.800, 17.328, 11.260, 2885.000, 3.560, 105.210, 23.650, 4.230, 8.000, 100.000),
    (100100003, 3, 42, 53286.000, 16031.690, 2100, 3, 10.000, 30, 427.000, 2864.800, 189.700, 300.500, 100.000, 2.646, 235.200, 17.696, 11.520, 2971.000, 3.560, 105.320, 24.100, 4.320, 8.000, 100.000),
    (100100003, 3, 43, 55640.000, 16208.650, 2100, 3, 10.000, 30, 435.000, 2981.200, 191.500, 302.800, 100.000, 2.649, 235.600, 18.064, 11.780, 3060.000, 3.560, 105.430, 24.550, 4.410, 8.000, 100.000),
    (100100003, 3, 44, 58045.000, 16386.460, 2100, 3, 10.000, 30, 444.000, 3100.000, 193.200, 305.200, 100.000, 2.652, 236.000, 18.432, 12.040, 3152.000, 3.560, 105.540, 25.000, 4.500, 8.000, 100.000),
    (100100003, 3, 45, 60503.000, 16565.100, 2100, 3, 10.000, 30, 453.000, 3221.200, 207.000, 328.400, 100.000, 2.655, 236.400, 18.800, 12.300, 3246.000, 3.860, 105.650, 25.450, 4.590, 8.000, 100.000),
    (100100003, 3, 46, 63013.000, 16744.550, 2000, 3, 10.000, 30, 462.000, 3344.800, 208.800, 330.900, 100.000, 2.658, 236.800, 19.168, 12.560, 3343.000, 3.860, 105.760, 25.900, 4.680, 8.000, 100.000),
    (100100003, 3, 47, 65576.000, 16924.800, 2000, 3, 10.000, 30, 471.000, 3470.800, 210.600, 333.300, 100.000, 2.661, 237.200, 19.536, 12.820, 3443.000, 3.860, 105.870, 26.350, 4.770, 8.000, 100.000),
    (100100003, 3, 48, 68191.000, 17105.840, 2000, 3, 10.000, 30, 480.000, 3599.200, 212.500, 335.800, 100.000, 2.664, 237.600, 19.904, 13.080, 3546.000, 3.870, 105.980, 26.800, 4.860, 8.000, 100.000),
    (100100003, 3, 49, 70859.000, 17287.650, 2000, 3, 10.000, 30, 489.000, 3730.000, 214.300, 338.300, 100.000, 2.667, 238.000, 20.272, 13.340, 3652.000, 3.870, 106.090, 27.250, 4.950, 8.000, 100.000),
    (100100003, 3, 50, 82776.000, 17470.220, 2000, 3, 10.000, 30, 561.000, 3863.200, 228.400, 362.200, 100.000, 2.670, 238.400, 20.640, 13.600, 3762.000, 4.170, 106.200, 27.700, 5.040, 8.000, 100.000),
    (100100004, 4, 1, 2494.000, 10000.000, 2500, 3, 10.000, 30, 60.000, 102.956, 33.500, 33.500, 100.000, 4.080, 248.640, 1.368, 2.600, 606.000, 1.310, 102.250, 2.980, 0.582, 8.000, 100.000),
    (100100004, 4, 2, 2674.000, 10070.000, 2500, 6, 10.000, 30, 62.000, 103.700, 34.700, 35.300, 100.000, 4.085, 249.280, 1.456, 2.800, 648.000, 1.310, 102.400, 3.010, 0.624, 8.000, 100.000),
    (100100004, 4, 3, 2867.000, 10160.820, 2500, 3, 10.000, 30, 64.000, 106.250, 35.900, 36.600, 100.000, 4.090, 249.920, 1.544, 3.000, 693.000, 1.310, 102.550, 3.040, 0.666, 8.000, 100.000),
    (100100004, 4, 4, 3071.000, 10261.600, 2500, 3, 10.000, 30, 66.000, 109.650, 37.100, 37.800, 100.000, 4.095, 250.560, 1.632, 3.200, 741.000, 1.310, 102.700, 3.070, 0.708, 8.000, 100.000),
    (100100004, 4, 5, 3286.000, 10369.460, 2500, 3, 10.000, 30, 68.000, 113.050, 45.600, 46.400, 100.000, 4.100, 251.200, 1.720, 3.400, 793.000, 1.640, 102.850, 3.100, 0.750, 8.000, 100.000),
    (100100004, 4, 6, 3514.000, 10482.910, 2450, 3, 10.000, 30, 70.000, 116.450, 46.800, 47.700, 100.000, 4.105, 251.840, 1.808, 3.600, 848.000, 1.640, 103.000, 3.130, 0.792, 8.000, 100.000),
    (100100004, 4, 7, 3752.000, 10601.010, 2450, 3, 10.000, 30, 72.000, 120.700, 48.000, 48.900, 100.000, 4.110, 252.480, 1.896, 3.800, 907.000, 1.640, 103.150, 3.160, 0.834, 8.000, 100.000),
    (100100004, 4, 8, 4002.000, 10723.130, 2450, 3, 10.000, 30, 74.000, 124.100, 49.200, 50.200, 100.000, 4.115, 253.120, 1.984, 4.000, 970.000, 1.640, 103.300, 3.190, 0.876, 8.000, 100.000),
    (100100004, 4, 9, 4264.000, 10848.800, 2450, 3, 10.000, 30, 76.000, 128.350, 50.400, 51.500, 100.000, 4.120, 253.760, 2.072, 4.200, 1037.000, 1.640, 103.450, 3.220, 0.918, 8.000, 100.000),
    (100100004, 4, 10, 5673.000, 10977.660, 2450, 3, 10.000, 30, 97.000, 132.600, 59.100, 60.400, 100.000, 4.125, 254.400, 2.160, 4.400, 1109.000, 1.970, 103.600, 3.250, 0.960, 8.000, 100.000),
    (100100004, 4, 11, 6029.000, 11109.420, 2400, 3, 10.000, 30, 100.000, 137.700, 60.400, 61.700, 100.000, 4.130, 255.040, 2.248, 4.600, 1176.000, 1.970, 103.750, 3.280, 1.002, 8.000, 100.000),
    (100100004, 4, 12, 6401.000, 11243.850, 2400, 3, 10.000, 30, 102.000, 142.800, 61.600, 63.000, 100.000, 4.135, 255.680, 2.336, 4.800, 1245.000, 1.970, 103.900, 3.310, 1.044, 8.000, 100.000),
    (100100004, 4, 13, 6786.000, 11380.750, 2400, 3, 10.000, 30, 105.000, 147.900, 62.900, 64.300, 100.000, 4.140, 256.320, 2.424, 5.000, 1319.000, 1.970, 104.050, 3.340, 1.086, 8.000, 100.000),
    (100100004, 4, 14, 7187.000, 11519.950, 2400, 3, 10.000, 30, 108.000, 153.000, 64.100, 65.600, 100.000, 4.145, 256.960, 2.512, 5.200, 1398.000, 1.980, 104.200, 3.370, 1.128, 8.000, 100.000),
    (100100004, 4, 15, 7601.000, 11661.310, 2400, 3, 10.000, 30, 111.000, 158.100, 73.000, 74.800, 100.000, 4.150, 257.600, 2.600, 5.400, 1482.000, 2.310, 104.350, 3.400, 1.170, 8.000, 100.000),
    (100100004, 4, 16, 8030.000, 11804.710, 2350, 3, 10.000, 30, 113.000, 164.050, 74.300, 76.200, 100.000, 4.155, 258.240, 2.688, 5.600, 1570.000, 2.310, 104.500, 3.430, 1.212, 8.000, 100.000),
    (100100004, 4, 17, 8474.000, 11950.030, 2350, 3, 10.000, 30, 116.000, 170.000, 75.600, 77.500, 100.000, 4.160, 258.880, 2.776, 5.800, 1663.000, 2.310, 104.650, 3.460, 1.254, 8.000, 100.000),
    (100100004, 4, 18, 8932.000, 12097.180, 2350, 3, 10.000, 30, 119.000, 175.950, 76.900, 78.900, 100.000, 4.165, 259.520, 2.864, 6.000, 1763.000, 2.310, 104.800, 3.490, 1.296, 8.000, 100.000),
    (100100004, 4, 19, 9405.000, 12246.080, 2350, 3, 10.000, 30, 122.000, 182.750, 78.200, 80.200, 100.000, 4.170, 260.160, 2.952, 6.200, 1868.000, 2.310, 104.950, 3.520, 1.338, 8.000, 100.000),
    (100100004, 4, 20, 11873.000, 12396.640, 2350, 3, 10.000, 30, 150.000, 188.700, 87.400, 89.700, 100.000, 4.175, 260.800, 3.040, 6.400, 1980.000, 2.640, 105.100, 3.550, 1.380, 8.000, 100.000),
    (100100004, 4, 21, 14980.000, 12548.790, 2300, 3, 10.000, 30, 173.000, 195.500, 134.000, 156.600, 100.000, 5.182, 277.600, 3.168, 6.640, 2078.000, 2.900, 105.310, 3.960, 1.912, 8.000, 100.000),
    (100100004, 4, 22, 16153.000, 12702.470, 2300, 3, 10.000, 30, 177.000, 227.800, 135.800, 158.500, 100.000, 5.190, 278.400, 3.296, 6.880, 2182.000, 2.900, 105.520, 4.020, 1.984, 8.000, 100.000),
    (100100004, 4, 23, 17377.000, 12857.630, 2300, 3, 10.000, 30, 182.000, 238.000, 137.500, 160.400, 100.000, 5.198, 279.200, 3.424, 7.120, 2291.000, 2.910, 105.730, 4.080, 2.056, 8.000, 100.000),
    (100100004, 4, 24, 18648.000, 13014.200, 2300, 3, 10.000, 30, 187.000, 249.050, 139.300, 162.300, 100.000, 5.205, 280.000, 3.552, 7.360, 2405.000, 2.910, 105.940, 4.140, 2.128, 8.000, 100.000),
    (100100004, 4, 25, 19970.000, 13172.130, 2300, 3, 10.000, 30, 191.000, 260.100, 154.600, 180.500, 100.000, 5.213, 280.800, 3.680, 7.600, 2525.000, 3.270, 106.150, 4.200, 2.200, 8.000, 100.000),
    (100100004, 4, 26, 21341.000, 13331.390, 2250, 3, 10.000, 30, 196.000, 272.000, 156.400, 182.500, 100.000, 5.220, 281.600, 3.808, 7.840, 2650.000, 3.270, 106.360, 4.260, 2.272, 8.000, 100.000),
    (100100004, 4, 27, 22761.000, 13491.930, 2250, 3, 10.000, 30, 201.000, 283.900, 158.200, 184.500, 100.000, 5.227, 282.400, 3.936, 8.080, 2782.000, 3.280, 106.570, 4.320, 2.344, 8.000, 100.000),
    (100100004, 4, 28, 24230.000, 13653.710, 2250, 3, 10.000, 30, 206.000, 295.800, 160.100, 186.500, 100.000, 5.235, 283.200, 4.064, 8.320, 2921.000, 3.280, 106.780, 4.380, 2.416, 8.000, 100.000),
    (100100004, 4, 29, 25747.000, 13816.700, 2250, 3, 10.000, 30, 211.000, 308.550, 161.900, 188.500, 100.000, 5.242, 284.000, 4.192, 8.560, 3066.000, 3.280, 106.990, 4.440, 2.488, 8.000, 100.000),
    (100100004, 4, 30, 31868.000, 13980.850, 2250, 3, 10.000, 30, 252.000, 322.150, 177.700, 207.300, 100.000, 5.250, 284.800, 4.320, 8.800, 3219.000, 3.650, 107.200, 4.500, 2.560, 8.000, 100.000),
    (100100004, 4, 31, 33754.000, 14146.140, 2200, 3, 10.000, 30, 258.000, 335.750, 179.700, 209.400, 100.000, 5.258, 285.600, 4.448, 9.040, 3347.000, 3.650, 107.410, 4.560, 2.632, 8.000, 100.000),
    (100100004, 4, 32, 35697.000, 14312.530, 2200, 3, 10.000, 30, 264.000, 349.350, 181.600, 211.500, 100.000, 5.265, 286.400, 4.576, 9.280, 3481.000, 3.650, 107.620, 4.620, 2.704, 8.000, 100.000),
    (100100004, 4, 33, 37697.000, 14480.000, 2200, 3, 10.000, 30, 270.000, 363.800, 183.500, 213.600, 100.000, 5.273, 287.200, 4.704, 9.520, 3619.000, 3.650, 107.830, 4.680, 2.776, 8.000, 100.000),
    (100100004, 4, 34, 39755.000, 14648.520, 2200, 3, 10.000, 30, 276.000, 378.250, 185.400, 215.700, 100.000, 5.280, 288.000, 4.832, 9.760, 3764.000, 3.650, 108.040, 4.740, 2.848, 8.000, 100.000),
    (100100004, 4, 35, 41869.000, 14818.070, 2200, 3, 10.000, 30, 282.000, 392.700, 201.800, 235.100, 100.000, 5.287, 288.800, 4.960, 10.000, 3914.000, 4.020, 108.250, 4.800, 2.920, 8.000, 100.000),
    (100100004, 4, 36, 44042.000, 14988.610, 2150, 3, 10.000, 30, 288.000, 408.000, 203.800, 237.300, 100.000, 5.295, 289.600, 5.088, 10.240, 4071.000, 4.020, 108.460, 4.860, 2.992, 8.000, 100.000),
    (100100004, 4, 37, 46272.000, 15160.130, 2150, 3, 10.000, 30, 294.000, 424.150, 205.800, 239.500, 100.000, 5.302, 290.400, 5.216, 10.480, 4233.000, 4.030, 108.670, 4.920, 3.064, 8.000, 100.000),
    (100100004, 4, 38, 48560.000, 15332.610, 2150, 3, 10.000, 30, 301.000, 440.300, 207.800, 241.800, 100.000, 5.310, 291.200, 5.344, 10.720, 4402.000, 4.030, 108.880, 4.980, 3.136, 8.000, 100.000),
    (100100004, 4, 39, 50904.000, 15506.030, 2150, 3, 10.000, 30, 307.000, 456.450, 209.800, 244.000, 100.000, 5.318, 292.000, 5.472, 10.960, 4578.000, 4.030, 109.090, 5.040, 3.208, 8.000, 100.000),
    (100100004, 4, 40, 60922.000, 15680.360, 2150, 3, 10.000, 30, 358.000, 473.450, 226.700, 264.000, 100.000, 5.325, 292.800, 5.600, 11.200, 4761.000, 4.400, 109.300, 5.100, 3.280, 8.000, 100.000),
    (100100004, 4, 41, 63731.000, 15855.580, 2100, 3, 10.000, 30, 366.000, 490.450, 228.800, 266.300, 100.000, 5.332, 293.600, 5.728, 11.440, 4904.000, 4.400, 109.510, 5.160, 3.352, 8.000, 100.000),
    (100100004, 4, 42, 66608.000, 16031.690, 2100, 3, 10.000, 30, 373.000, 507.450, 230.900, 268.600, 100.000, 5.340, 294.400, 5.856, 11.680, 5051.000, 4.400, 109.720, 5.220, 3.424, 8.000, 100.000),
    (100100004, 4, 43, 69550.000, 16208.650, 2100, 3, 10.000, 30, 381.000, 525.300, 233.000, 271.000, 100.000, 5.347, 295.200, 5.984, 11.920, 5202.000, 4.410, 109.930, 5.280, 3.496, 8.000, 100.000),
    (100100004, 4, 44, 72556.000, 16386.460, 2100, 3, 10.000, 30, 389.000, 544.000, 235.100, 273.300, 100.000, 5.355, 296.000, 6.112, 12.160, 5358.000, 4.410, 110.140, 5.340, 3.568, 8.000, 100.000),
    (100100004, 4, 45, 75629.000, 16565.100, 2100, 3, 10.000, 30, 396.000, 562.700, 252.500, 294.000, 100.000, 5.363, 296.800, 6.240, 12.400, 5518.000, 4.780, 110.350, 5.400, 3.640, 8.000, 100.000),
    (100100004, 4, 46, 78766.000, 16744.550, 2000, 3, 10.000, 30, 404.000, 581.400, 254.600, 296.400, 100.000, 5.370, 297.600, 6.368, 12.640, 5683.000, 4.780, 110.560, 5.460, 3.712, 8.000, 100.000),
    (100100004, 4, 47, 81971.000, 16924.800, 2000, 3, 10.000, 30, 412.000, 600.950, 256.800, 298.800, 100.000, 5.378, 298.400, 6.496, 12.880, 5853.000, 4.780, 110.770, 5.520, 3.784, 8.000, 100.000),
    (100100004, 4, 48, 85239.000, 17105.840, 2000, 3, 10.000, 30, 420.000, 620.500, 259.000, 301.200, 100.000, 5.385, 299.200, 6.624, 13.120, 6028.000, 4.790, 110.980, 5.580, 3.856, 8.000, 100.000),
    (100100004, 4, 49, 88574.000, 17287.650, 2000, 3, 10.000, 30, 428.000, 640.900, 261.200, 303.600, 100.000, 5.392, 300.000, 6.752, 13.360, 6208.000, 4.790, 111.190, 5.640, 3.928, 8.000, 100.000),
    (100100004, 4, 50, 103470.000, 17470.220, 2000, 3, 10.000, 30, 491.000, 661.300, 279.100, 324.900, 100.000, 5.400, 300.800, 6.880, 13.600, 6395.000, 5.160, 111.400, 5.700, 4.000, 8.000, 100.000);

-- --------------------------------------------------------------------------------
-- PlayerLevelExperience 테이터 테이블 재구성
-- --------------------------------------------------------------------------------
DROP TABLE IF EXISTS `eod_configuration`.`data_player_level_experience`;
CREATE TABLE IF NOT EXISTS `eod_configuration`.`data_player_level_experience`
(
    `level` INT(11) NULL,
    `need_experience` BIGINT(20) NULL,
    `need_experience_to_next_level` BIGINT(20) NULL,
    `skill_point` INT(11) NULL,
    `key_save` INT(11) NULL,
    `key_regen_time` INT(11) NULL,
    `key_gift` INT(11) NULL
)
ENGINE = InnoDB;

INSERT INTO `eod_configuration`.`data_player_level_experience`
VALUES
    (1, 0, 107, 0, 50, 600, 2),
    (2, 107, 132, 1, 51, 600, 2),
    (3, 239, 178, 1, 52, 600, 2),
    (4, 417, 247, 1, 53, 600, 2),
    (5, 664, 341, 3, 54, 600, 2),
    (6, 1005, 460, 1, 55, 600, 2),
    (7, 1465, 606, 1, 56, 600, 2),
    (8, 2071, 779, 1, 57, 600, 2),
    (9, 2850, 979, 1, 58, 600, 2),
    (10, 3829, 1209, 4, 59, 600, 2),
    (11, 5038, 1468, 1, 60, 600, 2),
    (12, 6506, 1756, 1, 61, 600, 2),
    (13, 8262, 2075, 1, 62, 600, 2),
    (14, 10337, 2425, 1, 63, 600, 2),
    (15, 12762, 2807, 3, 64, 600, 2),
    (16, 15569, 3220, 1, 65, 600, 2),
    (17, 18789, 3665, 1, 66, 600, 2),
    (18, 22454, 4142, 1, 67, 600, 2),
    (19, 26596, 4653, 1, 68, 600, 2),
    (20, 31249, 5761, 4, 69, 600, 2),
    (21, 37010, 6413, 1, 70, 600, 3),
    (22, 43423, 7105, 1, 71, 600, 3),
    (23, 50528, 7836, 1, 72, 600, 3),
    (24, 58364, 8608, 1, 73, 600, 3),
    (25, 66972, 9421, 3, 74, 600, 3),
    (26, 76393, 10275, 1, 75, 600, 3),
    (27, 86668, 11171, 1, 76, 600, 3),
    (28, 97839, 12108, 1, 77, 600, 3),
    (29, 109947, 13088, 1, 78, 600, 3),
    (30, 123035, 18120, 4, 79, 600, 3),
    (31, 141155, 19500, 1, 80, 600, 3),
    (32, 160655, 20937, 1, 81, 600, 3),
    (33, 181592, 22430, 1, 82, 600, 3),
    (34, 204022, 23982, 1, 83, 600, 3),
    (35, 228004, 45776, 3, 84, 600, 3),
    (36, 273780, 56345, 1, 85, 600, 3),
    (37, 330125, 69388, 1, 86, 600, 3),
    (38, 399513, 85491, 1, 87, 600, 3),
    (39, 485004, 105383, 1, 88, 600, 3),
    (40, 590387, 129964, 4, 89, 600, 3),
    (41, 720351, 138233, 1, 90, 600, 4),
    (42, 858584, 146811, 1, 91, 600, 4),
    (43, 1005395, 155700, 1, 92, 600, 4),
    (44, 1161095, 164905, 1, 93, 600, 4),
    (45, 1326000, 226040, 3, 94, 600, 4),
    (46, 1552040, 239065, 1, 95, 600, 4),
    (47, 1791105, 306125, 1, 96, 600, 4),
    (48, 2097230, 323343, 1, 97, 600, 4),
    (49, 2420573, 503406, 1, 98, 600, 4),
    (50, 2923979, 4642829, 4, 99, 600, 4);

-- --------------------------------------------------------------------------------
-- CharacterGuardianLevel 테이터 테이블 재구성
-- --------------------------------------------------------------------------------
DROP TABLE IF EXISTS `eod_configuration`.`data_character_guardian_level`;
CREATE TABLE IF NOT EXISTS `eod_configuration`.`data_character_guardian_level`
(
    `guardianlevel` INT(11) NULL,
    `g_accumulation_exp` INT(11) NULL,
    `g_need_next_exp` INT(11) NULL,
    `g_skill_dision` INT(11) NULL,
    `g_reward_skill_point` INT(11) NULL,
    `add_hp` FLOAT(20, 3) NULL,
    `add_def` FLOAT(20, 3) NULL
)
ENGINE = InnoDB;

INSERT INTO `eod_configuration`.`data_character_guardian_level`
VALUES
    (1, 0, 1366, 1, 1, 0.000, 0.000),
    (2, 1366, 1388, 2, 1, 0.000, 0.000),
    (3, 2754, 1413, 3, 1, 0.000, 0.000),
    (4, 4167, 1440, 1, 1, 0.000, 0.000),
    (5, 5607, 1470, 2, 2, 0.000, 0.000),
    (6, 7077, 1500, 3, 1, 0.000, 0.000),
    (7, 8577, 1532, 1, 1, 0.000, 0.000),
    (8, 10109, 1565, 2, 1, 0.000, 0.000),
    (9, 11674, 1600, 3, 1, 0.000, 0.000),
    (10, 13274, 1635, 1, 2, 0.000, 0.000),
    (11, 14909, 1671, 2, 1, 0.000, 0.000),
    (12, 16580, 1708, 3, 1, 0.000, 0.000),
    (13, 18288, 1746, 1, 1, 0.000, 0.000),
    (14, 20034, 1784, 2, 1, 0.000, 0.000),
    (15, 21818, 1823, 3, 2, 0.000, 0.000),
    (16, 23641, 1986, 1, 1, 0.000, 0.000),
    (17, 25627, 2111, 2, 1, 0.000, 0.000),
    (18, 27738, 2236, 3, 1, 0.000, 0.000),
    (19, 29974, 2361, 1, 1, 0.000, 0.000),
    (20, 32335, 2486, 2, 2, 0.000, 0.000),
    (21, 34821, 2612, 3, 1, 0.000, 0.000),
    (22, 37433, 2738, 1, 1, 0.000, 0.000),
    (23, 40171, 2863, 2, 1, 0.000, 0.000),
    (24, 43034, 2989, 3, 1, 0.000, 0.000),
    (25, 46023, 3115, 1, 2, 0.000, 113.000),
    (26, 49138, 3241, 2, 1, 0.000, 113.000),
    (27, 52379, 3367, 3, 1, 0.000, 113.000),
    (28, 55746, 3494, 1, 1, 0.000, 113.000),
    (29, 59240, 3620, 2, 1, 0.000, 113.000),
    (30, 62860, 3746, 3, 2, 0.000, 113.000),
    (31, 66606, 3873, 1, 1, 0.000, 113.000),
    (32, 70479, 4000, 2, 1, 0.000, 113.000),
    (33, 74479, 4127, 3, 1, 0.000, 113.000),
    (34, 78606, 4254, 1, 1, 0.000, 113.000),
    (35, 82860, 4381, 2, 2, 0.000, 113.000),
    (36, 87241, 4508, 3, 1, 0.000, 113.000),
    (37, 91749, 4635, 1, 1, 0.000, 113.000),
    (38, 96384, 4762, 2, 1, 0.000, 113.000),
    (39, 101146, 4890, 3, 1, 0.000, 113.000),
    (40, 106036, 5018, 1, 2, 0.000, 113.000),
    (41, 111054, 5145, 2, 1, 0.000, 113.000),
    (42, 116199, 5273, 3, 1, 0.000, 113.000),
    (43, 121472, 5401, 1, 1, 0.000, 113.000),
    (44, 126873, 5529, 2, 1, 0.000, 113.000),
    (45, 132402, 5657, 3, 2, 0.000, 113.000),
    (46, 138059, 5786, 1, 1, 0.000, 113.000),
    (47, 143845, 5914, 2, 1, 0.000, 113.000),
    (48, 149759, 6043, 3, 1, 0.000, 113.000),
    (49, 155802, 6171, 1, 1, 0.000, 113.000),
    (50, 161973, 6300, 2, 2, 2000.000, 113.000),
    (51, 168273, 6429, 3, 1, 2000.000, 113.000),
    (52, 174702, 6558, 1, 1, 2000.000, 113.000),
    (53, 181260, 6687, 2, 1, 2000.000, 113.000),
    (54, 187947, 6816, 3, 1, 2000.000, 113.000),
    (55, 194763, 6945, 1, 2, 2000.000, 113.000),
    (56, 201708, 7075, 2, 1, 2000.000, 113.000),
    (57, 208783, 7204, 3, 1, 2000.000, 113.000),
    (58, 215987, 7334, 1, 1, 2000.000, 113.000),
    (59, 223321, 7464, 2, 1, 2000.000, 113.000),
    (60, 230785, 7594, 3, 2, 2000.000, 113.000),
    (61, 238379, 7724, 1, 1, 2000.000, 113.000),
    (62, 246103, 7854, 2, 1, 2000.000, 113.000),
    (63, 253957, 7984, 3, 1, 2000.000, 113.000),
    (64, 261941, 8114, 1, 1, 2000.000, 113.000),
    (65, 270055, 8245, 2, 2, 2000.000, 113.000),
    (66, 278300, 8375, 3, 1, 2000.000, 113.000),
    (67, 286675, 8506, 1, 1, 2000.000, 113.000),
    (68, 295181, 8637, 2, 1, 2000.000, 113.000),
    (69, 303818, 8767, 3, 1, 2000.000, 113.000),
    (70, 312585, 8898, 1, 2, 2000.000, 113.000),
    (71, 321483, 9030, 2, 1, 2000.000, 113.000),
    (72, 330513, 9161, 3, 1, 2000.000, 113.000),
    (73, 339674, 9292, 1, 1, 2000.000, 113.000),
    (74, 348966, 9423, 2, 1, 2000.000, 113.000),
    (75, 358389, 9555, 3, 2, 2000.000, 225.000),
    (76, 367944, 9687, 1, 1, 2000.000, 225.000),
    (77, 377631, 9818, 2, 1, 2000.000, 225.000),
    (78, 387449, 9950, 3, 1, 2000.000, 225.000),
    (79, 397399, 10082, 1, 1, 2000.000, 225.000),
    (80, 407481, 10214, 2, 2, 2000.000, 225.000),
    (81, 417695, 10347, 3, 1, 2000.000, 225.000),
    (82, 428042, 10479, 1, 1, 2000.000, 225.000),
    (83, 438521, 10611, 2, 1, 2000.000, 225.000),
    (84, 449132, 10744, 3, 1, 2000.000, 225.000),
    (85, 459876, 10877, 1, 2, 2000.000, 225.000),
    (86, 470753, 11009, 2, 1, 2000.000, 225.000),
    (87, 481762, 11142, 3, 1, 2000.000, 225.000),
    (88, 492904, 11275, 1, 1, 2000.000, 225.000),
    (89, 504179, 11408, 2, 1, 2000.000, 225.000),
    (90, 515587, 11542, 3, 2, 2000.000, 225.000),
    (91, 527129, 11675, 1, 1, 2000.000, 225.000),
    (92, 538804, 11808, 2, 1, 2000.000, 225.000),
    (93, 550612, 11942, 3, 1, 2000.000, 225.000),
    (94, 562554, 12076, 1, 1, 2000.000, 225.000),
    (95, 574630, 12209, 2, 2, 2000.000, 225.000),
    (96, 586839, 12343, 3, 1, 2000.000, 225.000),
    (97, 599182, 12477, 1, 1, 2000.000, 225.000),
    (98, 611659, 12611, 2, 1, 2000.000, 225.000),
    (99, 624270, 12746, 3, 1, 2000.000, 225.000),
    (100, 637016, 12880, 1, 2, 3000.000, 225.000),
    (101, 649896, 13014, 2, 1, 3000.000, 225.000),
    (102, 662910, 13149, 3, 1, 3000.000, 225.000),
    (103, 676059, 13284, 1, 1, 3000.000, 225.000),
    (104, 689343, 13419, 2, 1, 3000.000, 225.000),
    (105, 702762, 13553, 3, 2, 3000.000, 225.000),
    (106, 716315, 13688, 1, 1, 3000.000, 225.000),
    (107, 730003, 13824, 2, 1, 3000.000, 225.000),
    (108, 743827, 13959, 3, 1, 3000.000, 225.000),
    (109, 757786, 14094, 1, 1, 3000.000, 225.000),
    (110, 771880, 14230, 2, 2, 3000.000, 225.000),
    (111, 786110, 14365, 3, 1, 3000.000, 225.000),
    (112, 800475, 14501, 1, 1, 3000.000, 225.000),
    (113, 814976, 14637, 2, 1, 3000.000, 225.000),
    (114, 829613, 14773, 3, 1, 3000.000, 225.000),
    (115, 844386, 14909, 1, 2, 3000.000, 225.000),
    (116, 859295, 15045, 2, 1, 3000.000, 225.000),
    (117, 874340, 15181, 3, 1, 3000.000, 225.000),
    (118, 889521, 15317, 1, 1, 3000.000, 225.000),
    (119, 904838, 15454, 2, 1, 3000.000, 225.000),
    (120, 920292, 15590, 3, 2, 3000.000, 225.000),
    (121, 935882, 15727, 1, 1, 3000.000, 225.000),
    (122, 951609, 15864, 2, 1, 3000.000, 225.000),
    (123, 967473, 16001, 3, 1, 3000.000, 225.000),
    (124, 983474, 16138, 1, 1, 3000.000, 225.000),
    (125, 999612, 16275, 2, 2, 3000.000, 375.000),
    (126, 1015887, 16412, 3, 1, 3000.000, 375.000),
    (127, 1032299, 16550, 1, 1, 3000.000, 375.000),
    (128, 1048849, 16687, 2, 1, 3000.000, 375.000),
    (129, 1065536, 16825, 3, 1, 3000.000, 375.000),
    (130, 1082361, 16962, 1, 2, 3000.000, 375.000),
    (131, 1099323, 17100, 2, 1, 3000.000, 375.000),
    (132, 1116423, 17238, 3, 1, 3000.000, 375.000),
    (133, 1133661, 17376, 1, 1, 3000.000, 375.000),
    (134, 1151037, 17514, 2, 1, 3000.000, 375.000),
    (135, 1168551, 17653, 3, 2, 3000.000, 375.000),
    (136, 1186204, 17791, 1, 1, 3000.000, 375.000),
    (137, 1203995, 17929, 2, 1, 3000.000, 375.000),
    (138, 1221924, 18068, 3, 1, 3000.000, 375.000),
    (139, 1239992, 18207, 1, 1, 3000.000, 375.000),
    (140, 1258199, 18346, 2, 2, 3000.000, 375.000),
    (141, 1276545, 18485, 3, 1, 3000.000, 375.000),
    (142, 1295030, 18624, 1, 1, 3000.000, 375.000),
    (143, 1313654, 18763, 2, 1, 3000.000, 375.000),
    (144, 1332417, 18902, 3, 1, 3000.000, 375.000),
    (145, 1351319, 19041, 1, 2, 3000.000, 375.000),
    (146, 1370360, 19181, 2, 1, 3000.000, 375.000),
    (147, 1389541, 19321, 3, 1, 3000.000, 375.000),
    (148, 1408862, 19460, 1, 1, 3000.000, 375.000),
    (149, 1428322, 19600, 2, 1, 3000.000, 375.000),
    (150, 1447922, 19740, 3, 2, 4000.000, 375.000),
    (151, 1467662, 19880, 1, 1, 4000.000, 375.000),
    (152, 1487542, 20020, 2, 1, 4000.000, 375.000),
    (153, 1507562, 20161, 3, 1, 4000.000, 375.000),
    (154, 1527723, 20301, 1, 1, 4000.000, 375.000),
    (155, 1548024, 20441, 2, 2, 4000.000, 375.000),
    (156, 1568465, 20582, 3, 1, 4000.000, 375.000),
    (157, 1589047, 20723, 1, 1, 4000.000, 375.000),
    (158, 1609770, 20864, 2, 1, 4000.000, 375.000),
    (159, 1630634, 21005, 3, 1, 4000.000, 375.000),
    (160, 1651639, 21146, 1, 2, 4000.000, 375.000),
    (161, 1672785, 21287, 2, 1, 4000.000, 375.000),
    (162, 1694072, 21428, 3, 1, 4000.000, 375.000),
    (163, 1715500, 21569, 1, 1, 4000.000, 375.000),
    (164, 1737069, 21711, 2, 1, 4000.000, 375.000),
    (165, 1758780, 21853, 3, 2, 4000.000, 375.000),
    (166, 1780633, 21994, 1, 1, 4000.000, 375.000),
    (167, 1802627, 22136, 2, 1, 4000.000, 375.000),
    (168, 1824763, 22278, 3, 1, 4000.000, 375.000),
    (169, 1847041, 22420, 1, 1, 4000.000, 375.000),
    (170, 1869461, 22562, 2, 2, 4000.000, 375.000),
    (171, 1892023, 22705, 3, 1, 4000.000, 375.000),
    (172, 1914728, 22847, 1, 1, 4000.000, 375.000),
    (173, 1937575, 22990, 2, 1, 4000.000, 375.000),
    (174, 1960565, 23132, 3, 1, 4000.000, 375.000),
    (175, 1983697, 23275, 1, 2, 4000.000, 563.000),
    (176, 2006972, 23418, 2, 1, 4000.000, 563.000),
    (177, 2030390, 23561, 3, 1, 4000.000, 563.000),
    (178, 2053951, 23704, 1, 1, 4000.000, 563.000),
    (179, 2077655, 23847, 2, 1, 4000.000, 563.000),
    (180, 2101502, 23990, 3, 2, 4000.000, 563.000),
    (181, 2125492, 24134, 1, 1, 4000.000, 563.000),
    (182, 2149626, 24277, 2, 1, 4000.000, 563.000),
    (183, 2173903, 24421, 3, 1, 4000.000, 563.000),
    (184, 2198324, 24565, 1, 1, 4000.000, 563.000),
    (185, 2222889, 24709, 2, 2, 4000.000, 563.000),
    (186, 2247598, 24853, 3, 1, 4000.000, 563.000),
    (187, 2272451, 24997, 1, 1, 4000.000, 563.000),
    (188, 2297448, 25141, 2, 1, 4000.000, 563.000),
    (189, 2322589, 25285, 3, 1, 4000.000, 563.000),
    (190, 2347874, 25430, 1, 2, 4000.000, 563.000),
    (191, 2373304, 25574, 2, 1, 4000.000, 563.000),
    (192, 2398878, 25719, 3, 1, 4000.000, 563.000),
    (193, 2424597, 25864, 1, 1, 4000.000, 563.000),
    (194, 2450461, 26008, 2, 1, 4000.000, 563.000),
    (195, 2476469, 26153, 3, 2, 4000.000, 563.000),
    (196, 2502622, 26299, 1, 1, 4000.000, 563.000),
    (197, 2528921, 26444, 2, 1, 4000.000, 563.000),
    (198, 2555365, 26589, 3, 1, 4000.000, 563.000),
    (199, 2581954, 26734, 1, 1, 4000.000, 563.000),
    (200, 2608688, 26880, 2, 2, 5000.000, 563.000),
    (201, 2635568, 27026, 3, 1, 5000.000, 563.000),
    (202, 2662594, 27171, 1, 1, 5000.000, 563.000),
    (203, 2689765, 27317, 2, 1, 5000.000, 563.000),
    (204, 2717082, 27463, 3, 1, 5000.000, 563.000),
    (205, 2744545, 27609, 1, 2, 5000.000, 563.000),
    (206, 2772154, 27756, 2, 1, 5000.000, 563.000),
    (207, 2799910, 27902, 3, 1, 5000.000, 563.000),
    (208, 2827812, 28048, 1, 1, 5000.000, 563.000),
    (209, 2855860, 28195, 2, 1, 5000.000, 563.000),
    (210, 2884055, 28342, 3, 2, 5000.000, 563.000),
    (211, 2912397, 28488, 1, 1, 5000.000, 563.000),
    (212, 2940885, 28635, 2, 1, 5000.000, 563.000),
    (213, 2969520, 28782, 3, 1, 5000.000, 563.000),
    (214, 2998302, 28929, 1, 1, 5000.000, 563.000),
    (215, 3027231, 29077, 2, 2, 5000.000, 563.000),
    (216, 3056308, 29224, 3, 1, 5000.000, 563.000),
    (217, 3085532, 29371, 1, 1, 5000.000, 563.000),
    (218, 3114903, 29519, 2, 1, 5000.000, 563.000),
    (219, 3144422, 29667, 3, 1, 5000.000, 563.000),
    (220, 3174089, 29814, 1, 2, 5000.000, 563.000),
    (221, 3203903, 29962, 2, 1, 5000.000, 563.000),
    (222, 3233865, 30110, 3, 1, 5000.000, 563.000),
    (223, 3263975, 30258, 1, 1, 5000.000, 563.000),
    (224, 3294233, 30407, 2, 1, 5000.000, 563.000),
    (225, 3324640, 30555, 3, 2, 5000.000, 788.000),
    (226, 3355195, 30703, 1, 1, 5000.000, 788.000),
    (227, 3385898, 30852, 2, 1, 5000.000, 788.000),
    (228, 3416750, 31001, 3, 1, 5000.000, 788.000),
    (229, 3447751, 31150, 1, 1, 5000.000, 788.000),
    (230, 3478901, 31298, 2, 2, 5000.000, 788.000),
    (231, 3510199, 31447, 3, 1, 5000.000, 788.000),
    (232, 3541646, 31597, 1, 1, 5000.000, 788.000),
    (233, 3573243, 31746, 2, 1, 5000.000, 788.000),
    (234, 3604989, 31895, 3, 1, 5000.000, 788.000),
    (235, 3636884, 32045, 1, 2, 5000.000, 788.000),
    (236, 3668929, 32194, 2, 1, 5000.000, 788.000),
    (237, 3701123, 32344, 3, 1, 5000.000, 788.000),
    (238, 3733467, 32494, 1, 1, 5000.000, 788.000),
    (239, 3765961, 32644, 2, 1, 5000.000, 788.000),
    (240, 3798605, 32794, 3, 2, 5000.000, 788.000),
    (241, 3831399, 32944, 1, 1, 5000.000, 788.000),
    (242, 3864343, 33094, 2, 1, 5000.000, 788.000),
    (243, 3897437, 33244, 3, 1, 5000.000, 788.000),
    (244, 3930681, 33395, 1, 1, 5000.000, 788.000),
    (245, 3964076, 33545, 2, 2, 5000.000, 788.000),
    (246, 3997621, 33696, 3, 1, 5000.000, 788.000),
    (247, 4031317, 33847, 1, 1, 5000.000, 788.000),
    (248, 4065164, 33998, 2, 1, 5000.000, 788.000),
    (249, 4099162, 34149, 3, 1, 5000.000, 788.000),
    (250, 4133311, 34300, 1, 2, 6000.000, 788.000),
    (251, 4167611, 34451, 2, 1, 6000.000, 788.000),
    (252, 4202062, 34603, 3, 1, 6000.000, 788.000),
    (253, 4236665, 34754, 1, 1, 6000.000, 788.000),
    (254, 4271419, 34906, 2, 1, 6000.000, 788.000),
    (255, 4306325, 35057, 3, 2, 6000.000, 788.000),
    (256, 4341382, 35209, 1, 1, 6000.000, 788.000),
    (257, 4376591, 35361, 2, 1, 6000.000, 788.000),
    (258, 4411952, 35513, 3, 1, 6000.000, 788.000),
    (259, 4447465, 35665, 1, 1, 6000.000, 788.000),
    (260, 4483130, 35818, 2, 2, 6000.000, 788.000),
    (261, 4518948, 35970, 3, 1, 6000.000, 788.000),
    (262, 4554918, 36122, 1, 1, 6000.000, 788.000),
    (263, 4591040, 36275, 2, 1, 6000.000, 788.000),
    (264, 4627315, 36428, 3, 1, 6000.000, 788.000),
    (265, 4663743, 36581, 1, 2, 6000.000, 788.000),
    (266, 4700324, 36734, 2, 1, 6000.000, 788.000),
    (267, 4737058, 36887, 3, 1, 6000.000, 788.000),
    (268, 4773945, 37040, 1, 1, 6000.000, 788.000),
    (269, 4810985, 37193, 2, 1, 6000.000, 788.000),
    (270, 4848178, 37346, 3, 2, 6000.000, 788.000),
    (271, 4885524, 37500, 1, 1, 6000.000, 788.000),
    (272, 4923024, 37654, 2, 1, 6000.000, 788.000),
    (273, 4960678, 37807, 3, 1, 6000.000, 788.000),
    (274, 4998485, 37961, 1, 1, 6000.000, 788.000),
    (275, 5036446, 38115, 2, 2, 6000.000, 1050.000),
    (276, 5074561, 38269, 3, 1, 6000.000, 1050.000),
    (277, 5112830, 38423, 1, 1, 6000.000, 1050.000),
    (278, 5151253, 38578, 2, 1, 6000.000, 1050.000),
    (279, 5189831, 38732, 3, 1, 6000.000, 1050.000),
    (280, 5228563, 38886, 1, 2, 6000.000, 1050.000),
    (281, 5267449, 39041, 2, 1, 6000.000, 1050.000),
    (282, 5306490, 39196, 3, 1, 6000.000, 1050.000),
    (283, 5345686, 39351, 1, 1, 6000.000, 1050.000),
    (284, 5385037, 39506, 2, 1, 6000.000, 1050.000),
    (285, 5424543, 39661, 3, 2, 6000.000, 1050.000),
    (286, 5464204, 39816, 1, 1, 6000.000, 1050.000),
    (287, 5504020, 39971, 2, 1, 6000.000, 1050.000),
    (288, 5543991, 40126, 3, 1, 6000.000, 1050.000),
    (289, 5584117, 40282, 1, 1, 6000.000, 1050.000),
    (290, 5624399, 40438, 2, 2, 6000.000, 1050.000),
    (291, 5664837, 40593, 3, 1, 6000.000, 1050.000),
    (292, 5705430, 40749, 1, 1, 6000.000, 1050.000),
    (293, 5746179, 40905, 2, 1, 6000.000, 1050.000),
    (294, 5787084, 41061, 3, 1, 6000.000, 1050.000),
    (295, 5828145, 41217, 1, 2, 6000.000, 1050.000),
    (296, 5869362, 41374, 2, 1, 6000.000, 1050.000),
    (297, 5910736, 41530, 3, 1, 6000.000, 1050.000),
    (298, 5952266, 41687, 1, 1, 6000.000, 1050.000),
    (299, 5993953, 41843, 2, 1, 6000.000, 1050.000),
    (300, 6035796, 42000, 3, 2, 7000.000, 1050.000),
    (301, 6077796, 42157, 1, 1, 7000.000, 1050.000),
    (302, 6119953, 42314, 2, 1, 7000.000, 1050.000),
    (303, 6162267, 42471, 3, 1, 7000.000, 1050.000),
    (304, 6204738, 42628, 1, 1, 7000.000, 1050.000),
    (305, 6247366, 42785, 2, 2, 7000.000, 1050.000),
    (306, 6290151, 42943, 3, 1, 7000.000, 1050.000),
    (307, 6333094, 43100, 1, 1, 7000.000, 1050.000),
    (308, 6376194, 43258, 2, 1, 7000.000, 1050.000),
    (309, 6419452, 43416, 3, 1, 7000.000, 1050.000),
    (310, 6462868, 43574, 1, 2, 7000.000, 1050.000),
    (311, 6506442, 43732, 2, 1, 7000.000, 1050.000),
    (312, 6550174, 43890, 3, 1, 7000.000, 1050.000),
    (313, 6594064, 44048, 1, 1, 7000.000, 1050.000),
    (314, 6638112, 44206, 2, 1, 7000.000, 1050.000),
    (315, 6682318, 44365, 3, 2, 7000.000, 1050.000),
    (316, 6726683, 44523, 1, 1, 7000.000, 1050.000),
    (317, 6771206, 44682, 2, 1, 7000.000, 1050.000),
    (318, 6815888, 44841, 3, 1, 7000.000, 1050.000),
    (319, 6860729, 44999, 1, 1, 7000.000, 1050.000),
    (320, 6905728, 45158, 2, 2, 7000.000, 1050.000),
    (321, 6950886, 45318, 3, 1, 7000.000, 1050.000),
    (322, 6996204, 45477, 1, 1, 7000.000, 1050.000),
    (323, 7041681, 45636, 2, 1, 7000.000, 1050.000),
    (324, 7087317, 45795, 3, 1, 7000.000, 1050.000),
    (325, 7133112, 45955, 1, 2, 7000.000, 1350.000),
    (326, 7179067, 46115, 2, 1, 7000.000, 1350.000),
    (327, 7225182, 46274, 3, 1, 7000.000, 1350.000),
    (328, 7271456, 46434, 1, 1, 7000.000, 1350.000),
    (329, 7317890, 46594, 2, 1, 7000.000, 1350.000),
    (330, 7364484, 46754, 3, 2, 7000.000, 1350.000),
    (331, 7411238, 46915, 1, 1, 7000.000, 1350.000),
    (332, 7458153, 47075, 2, 1, 7000.000, 1350.000),
    (333, 7505228, 47235, 3, 1, 7000.000, 1350.000),
    (334, 7552463, 47396, 1, 1, 7000.000, 1350.000),
    (335, 7599859, 47557, 2, 2, 7000.000, 1350.000),
    (336, 7647416, 47717, 3, 1, 7000.000, 1350.000),
    (337, 7695133, 47878, 1, 1, 7000.000, 1350.000),
    (338, 7743011, 48039, 2, 1, 7000.000, 1350.000),
    (339, 7791050, 48200, 3, 1, 7000.000, 1350.000),
    (340, 7839250, 48362, 1, 2, 7000.000, 1350.000),
    (341, 7887612, 48523, 2, 1, 7000.000, 1350.000),
    (342, 7936135, 48684, 3, 1, 7000.000, 1350.000),
    (343, 7984819, 48846, 1, 1, 7000.000, 1350.000),
    (344, 8033665, 49008, 2, 1, 7000.000, 1350.000),
    (345, 8082673, 49169, 3, 2, 7000.000, 1350.000),
    (346, 8131842, 49331, 1, 1, 7000.000, 1350.000),
    (347, 8181173, 49493, 2, 1, 7000.000, 1350.000),
    (348, 8230666, 49655, 3, 1, 7000.000, 1350.000),
    (349, 8280321, 49818, 1, 1, 7000.000, 1350.000),
    (350, 8330139, 49980, 2, 2, 8000.000, 1350.000),
    (351, 8380119, 50142, 3, 1, 8000.000, 1350.000),
    (352, 8430261, 50305, 1, 1, 8000.000, 1350.000),
    (353, 8480566, 50468, 2, 1, 8000.000, 1350.000),
    (354, 8531034, 50631, 3, 1, 8000.000, 1350.000),
    (355, 8581665, 50793, 1, 2, 8000.000, 1350.000),
    (356, 8632458, 50956, 2, 1, 8000.000, 1350.000),
    (357, 8683414, 51120, 3, 1, 8000.000, 1350.000),
    (358, 8734534, 51283, 1, 1, 8000.000, 1350.000),
    (359, 8785817, 51446, 2, 1, 8000.000, 1350.000),
    (360, 8837263, 51610, 3, 2, 8000.000, 1350.000),
    (361, 8888873, 51773, 1, 1, 8000.000, 1350.000),
    (362, 8940646, 51937, 2, 1, 8000.000, 1350.000),
    (363, 8992583, 52101, 3, 1, 8000.000, 1350.000),
    (364, 9044684, 52265, 1, 1, 8000.000, 1350.000),
    (365, 9096949, 52429, 2, 2, 8000.000, 1350.000),
    (366, 9149378, 52593, 3, 1, 8000.000, 1350.000),
    (367, 9201971, 52757, 1, 1, 8000.000, 1350.000),
    (368, 9254728, 52921, 2, 1, 8000.000, 1350.000),
    (369, 9307649, 53086, 3, 1, 8000.000, 1350.000),
    (370, 9360735, 53250, 1, 2, 8000.000, 1350.000),
    (371, 9413985, 53415, 2, 1, 8000.000, 1350.000),
    (372, 9467400, 53580, 3, 1, 8000.000, 1350.000),
    (373, 9520980, 53745, 1, 1, 8000.000, 1350.000),
    (374, 9574725, 53910, 2, 1, 8000.000, 1350.000),
    (375, 9628635, 54075, 3, 2, 8000.000, 1688.000),
    (376, 9682710, 54240, 1, 1, 8000.000, 1688.000),
    (377, 9736950, 54406, 2, 1, 8000.000, 1688.000),
    (378, 9791356, 54571, 3, 1, 8000.000, 1688.000),
    (379, 9845927, 54737, 1, 1, 8000.000, 1688.000),
    (380, 9900664, 54902, 2, 2, 8000.000, 1688.000),
    (381, 9955566, 55068, 3, 1, 8000.000, 1688.000),
    (382, 10010634, 55234, 1, 1, 8000.000, 1688.000),
    (383, 10065868, 55400, 2, 1, 8000.000, 1688.000),
    (384, 10121268, 55566, 3, 1, 8000.000, 1688.000),
    (385, 10176834, 55733, 1, 2, 8000.000, 1688.000),
    (386, 10232567, 55899, 2, 1, 8000.000, 1688.000),
    (387, 10288466, 56065, 3, 1, 8000.000, 1688.000),
    (388, 10344531, 56232, 1, 1, 8000.000, 1688.000),
    (389, 10400763, 56399, 2, 1, 8000.000, 1688.000),
    (390, 10457162, 56566, 3, 2, 8000.000, 1688.000),
    (391, 10513728, 56733, 1, 1, 8000.000, 1688.000),
    (392, 10570461, 56900, 2, 1, 8000.000, 1688.000),
    (393, 10627361, 57067, 3, 1, 8000.000, 1688.000),
    (394, 10684428, 57234, 1, 1, 8000.000, 1688.000),
    (395, 10741662, 57401, 2, 2, 8000.000, 1688.000),
    (396, 10799063, 57569, 3, 1, 8000.000, 1688.000),
    (397, 10856632, 57737, 1, 1, 8000.000, 1688.000),
    (398, 10914369, 57904, 2, 1, 8000.000, 1688.000),
    (399, 10972273, 58072, 3, 1, 8000.000, 1688.000),
    (400, 11030345, 58240, 1, 2, 9000.000, 1688.000),
    (401, 11088585, 58408, 2, 1, 9000.000, 1688.000),
    (402, 11146993, 58576, 3, 1, 9000.000, 1688.000),
    (403, 11205569, 58745, 1, 1, 9000.000, 1688.000),
    (404, 11264314, 58913, 2, 1, 9000.000, 1688.000),
    (405, 11323227, 59081, 3, 2, 9000.000, 1688.000),
    (406, 11382308, 59250, 1, 1, 9000.000, 1688.000),
    (407, 11441558, 59419, 2, 1, 9000.000, 1688.000),
    (408, 11500977, 59588, 3, 1, 9000.000, 1688.000),
    (409, 11560565, 59757, 1, 1, 9000.000, 1688.000),
    (410, 11620322, 59926, 2, 2, 9000.000, 1688.000),
    (411, 11680248, 60095, 3, 1, 9000.000, 1688.000),
    (412, 11740343, 60264, 1, 1, 9000.000, 1688.000),
    (413, 11800607, 60433, 2, 1, 9000.000, 1688.000),
    (414, 11861040, 60603, 3, 1, 9000.000, 1688.000),
    (415, 11921643, 60773, 1, 2, 9000.000, 1688.000),
    (416, 11982416, 60942, 2, 1, 9000.000, 1688.000),
    (417, 12043358, 61112, 3, 1, 9000.000, 1688.000),
    (418, 12104470, 61282, 1, 1, 9000.000, 1688.000),
    (419, 12165752, 61452, 2, 1, 9000.000, 1688.000),
    (420, 12227204, 61622, 3, 2, 9000.000, 1688.000),
    (421, 12288826, 61793, 1, 1, 9000.000, 1688.000),
    (422, 12350619, 61963, 2, 1, 9000.000, 1688.000),
    (423, 12412582, 62134, 3, 1, 9000.000, 1688.000),
    (424, 12474716, 62304, 1, 1, 9000.000, 1688.000),
    (425, 12537020, 62475, 2, 2, 9000.000, 2063.000),
    (426, 12599495, 62646, 3, 1, 9000.000, 2063.000),
    (427, 12662141, 62817, 1, 1, 9000.000, 2063.000),
    (428, 12724958, 62988, 2, 1, 9000.000, 2063.000),
    (429, 12787946, 63159, 3, 1, 9000.000, 2063.000),
    (430, 12851105, 63330, 1, 2, 9000.000, 2063.000),
    (431, 12914435, 63502, 2, 1, 9000.000, 2063.000),
    (432, 12977937, 63673, 3, 1, 9000.000, 2063.000),
    (433, 13041610, 63845, 1, 1, 9000.000, 2063.000),
    (434, 13105455, 64017, 2, 1, 9000.000, 2063.000),
    (435, 13169472, 64189, 3, 2, 9000.000, 2063.000),
    (436, 13233661, 64361, 1, 1, 9000.000, 2063.000),
    (437, 13298022, 64533, 2, 1, 9000.000, 2063.000),
    (438, 13362555, 64705, 3, 1, 9000.000, 2063.000),
    (439, 13427260, 64877, 1, 1, 9000.000, 2063.000),
    (440, 13492137, 65050, 2, 2, 9000.000, 2063.000),
    (441, 13557187, 65222, 3, 1, 9000.000, 2063.000),
    (442, 13622409, 65395, 1, 1, 9000.000, 2063.000),
    (443, 13687804, 65568, 2, 1, 9000.000, 2063.000),
    (444, 13753372, 65740, 3, 1, 9000.000, 2063.000),
    (445, 13819112, 65913, 1, 2, 9000.000, 2063.000),
    (446, 13885025, 66087, 2, 1, 9000.000, 2063.000),
    (447, 13951112, 66260, 3, 1, 9000.000, 2063.000),
    (448, 14017372, 66433, 1, 1, 9000.000, 2063.000),
    (449, 14083805, 66606, 2, 1, 9000.000, 2063.000),
    (450, 14150411, 66780, 3, 2, 10000.000, 2063.000),
    (451, 14217191, 66954, 1, 1, 10000.000, 2063.000),
    (452, 14284145, 67127, 2, 1, 10000.000, 2063.000),
    (453, 14351272, 67301, 3, 1, 10000.000, 2063.000),
    (454, 14418573, 67475, 1, 1, 10000.000, 2063.000),
    (455, 14486048, 67649, 2, 2, 10000.000, 2063.000),
    (456, 14553697, 67824, 3, 1, 10000.000, 2063.000),
    (457, 14621521, 67998, 1, 1, 10000.000, 2063.000),
    (458, 14689519, 68172, 2, 1, 10000.000, 2063.000),
    (459, 14757691, 68347, 3, 1, 10000.000, 2063.000),
    (460, 14826038, 68522, 1, 2, 10000.000, 2063.000),
    (461, 14894560, 68696, 2, 1, 10000.000, 2063.000),
    (462, 14963256, 68871, 3, 1, 10000.000, 2063.000),
    (463, 15032127, 69046, 1, 1, 10000.000, 2063.000),
    (464, 15101173, 69221, 2, 1, 10000.000, 2063.000),
    (465, 15170394, 69397, 3, 2, 10000.000, 2063.000),
    (466, 15239791, 69572, 1, 1, 10000.000, 2063.000),
    (467, 15309363, 69747, 2, 1, 10000.000, 2063.000),
    (468, 15379110, 69923, 3, 1, 10000.000, 2063.000),
    (469, 15449033, 70099, 1, 1, 10000.000, 2063.000),
    (470, 15519132, 70274, 2, 2, 10000.000, 2063.000),
    (471, 15589406, 70450, 3, 1, 10000.000, 2063.000),
    (472, 15659856, 70626, 1, 1, 10000.000, 2063.000),
    (473, 15730482, 70802, 2, 1, 10000.000, 2063.000),
    (474, 15801284, 70979, 3, 1, 10000.000, 2063.000),
    (475, 15872263, 71155, 1, 2, 10000.000, 2475.000),
    (476, 15943418, 71331, 2, 1, 10000.000, 2475.000),
    (477, 16014749, 71508, 3, 1, 10000.000, 2475.000),
    (478, 16086257, 71685, 1, 1, 10000.000, 2475.000),
    (479, 16157942, 71862, 2, 1, 10000.000, 2475.000),
    (480, 16229804, 72038, 3, 2, 10000.000, 2475.000),
    (481, 16301842, 72215, 1, 1, 10000.000, 2475.000),
    (482, 16374057, 72393, 2, 1, 10000.000, 2475.000),
    (483, 16446450, 72570, 3, 1, 10000.000, 2475.000),
    (484, 16519020, 72747, 1, 1, 10000.000, 2475.000),
    (485, 16591767, 72925, 2, 2, 10000.000, 2475.000),
    (486, 16664692, 73102, 3, 1, 10000.000, 2475.000),
    (487, 16737794, 73280, 1, 1, 10000.000, 2475.000),
    (488, 16811074, 73458, 2, 1, 10000.000, 2475.000),
    (489, 16884532, 73636, 3, 1, 10000.000, 2475.000),
    (490, 16958168, 73814, 1, 2, 10000.000, 2475.000),
    (491, 17031982, 73992, 2, 1, 10000.000, 2475.000),
    (492, 17105974, 74170, 3, 1, 10000.000, 2475.000),
    (493, 17180144, 74348, 1, 1, 10000.000, 2475.000),
    (494, 17254492, 74527, 2, 1, 10000.000, 2475.000),
    (495, 17329019, 74705, 3, 2, 10000.000, 2475.000),
    (496, 17403724, 74884, 1, 1, 10000.000, 2475.000),
    (497, 17478608, 75063, 2, 1, 10000.000, 2475.000),
    (498, 17553671, 75242, 3, 1, 10000.000, 2475.000),
    (499, 17628913, 75421, 1, 1, 10000.000, 2475.000),
    (500, 17704334, 75600, 2, 2, 11000.000, 2475.000),
    (501, 17779934, 75779, 3, 1, 11000.000, 2475.000),
    (502, 17855713, 75959, 1, 1, 11000.000, 2475.000),
    (503, 17931672, 76138, 2, 1, 11000.000, 2475.000),
    (504, 18007810, 76318, 3, 1, 11000.000, 2475.000),
    (505, 18084128, 76497, 1, 2, 11000.000, 2475.000),
    (506, 18160625, 76677, 2, 1, 11000.000, 2475.000),
    (507, 18237302, 76857, 3, 1, 11000.000, 2475.000),
    (508, 18314159, 77037, 1, 1, 11000.000, 2475.000),
    (509, 18391196, 77217, 2, 1, 11000.000, 2475.000),
    (510, 18468413, 77398, 3, 2, 11000.000, 2475.000),
    (511, 18545811, 77578, 1, 1, 11000.000, 2475.000),
    (512, 18623389, 77758, 2, 1, 11000.000, 2475.000),
    (513, 18701147, 77939, 3, 1, 11000.000, 2475.000),
    (514, 18779086, 78120, 1, 1, 11000.000, 2475.000),
    (515, 18857206, 78301, 2, 2, 11000.000, 2475.000),
    (516, 18935507, 78482, 3, 1, 11000.000, 2475.000),
    (517, 19013989, 78663, 1, 1, 11000.000, 2475.000),
    (518, 19092652, 78844, 2, 1, 11000.000, 2475.000),
    (519, 19171496, 79025, 3, 1, 11000.000, 2475.000),
    (520, 19250521, 79206, 1, 2, 11000.000, 2475.000),
    (521, 19329727, 79388, 2, 1, 11000.000, 2475.000),
    (522, 19409115, 79570, 3, 1, 11000.000, 2475.000),
    (523, 19488685, 79751, 1, 1, 11000.000, 2475.000),
    (524, 19568436, 79933, 2, 1, 11000.000, 2475.000),
    (525, 19648369, 80115, 3, 2, 11000.000, 2925.000),
    (526, 19728484, 80297, 1, 1, 11000.000, 2925.000),
    (527, 19808781, 80479, 2, 1, 11000.000, 2925.000),
    (528, 19889260, 80662, 3, 1, 11000.000, 2925.000),
    (529, 19969922, 80844, 1, 1, 11000.000, 2925.000),
    (530, 20050766, 81026, 2, 2, 11000.000, 2925.000),
    (531, 20131792, 81209, 3, 1, 11000.000, 2925.000),
    (532, 20213001, 81392, 1, 1, 11000.000, 2925.000),
    (533, 20294393, 81575, 2, 1, 11000.000, 2925.000),
    (534, 20375968, 81758, 3, 1, 11000.000, 2925.000),
    (535, 20457726, 81941, 1, 2, 11000.000, 2925.000),
    (536, 20539667, 82124, 2, 1, 11000.000, 2925.000),
    (537, 20621791, 82307, 3, 1, 11000.000, 2925.000),
    (538, 20704098, 82490, 1, 1, 11000.000, 2925.000),
    (539, 20786588, 82674, 2, 1, 11000.000, 2925.000),
    (540, 20869262, 82858, 3, 2, 11000.000, 2925.000),
    (541, 20952120, 83041, 1, 1, 11000.000, 2925.000),
    (542, 21035161, 83225, 2, 1, 11000.000, 2925.000),
    (543, 21118386, 83409, 3, 1, 11000.000, 2925.000),
    (544, 21201795, 83593, 1, 1, 11000.000, 2925.000),
    (545, 21285388, 83777, 2, 2, 11000.000, 2925.000),
    (546, 21369165, 83962, 3, 1, 11000.000, 2925.000),
    (547, 21453127, 84146, 1, 1, 11000.000, 2925.000),
    (548, 21537273, 84331, 2, 1, 11000.000, 2925.000),
    (549, 21621604, 84515, 3, 1, 11000.000, 2925.000),
    (550, 21706119, 84700, 1, 2, 12000.000, 2925.000),
    (551, 21790819, 84885, 2, 1, 12000.000, 2925.000),
    (552, 21875704, 85070, 3, 1, 12000.000, 2925.000),
    (553, 21960774, 85255, 1, 1, 12000.000, 2925.000),
    (554, 22046029, 85440, 2, 1, 12000.000, 2925.000),
    (555, 22131469, 85625, 3, 2, 12000.000, 2925.000),
    (556, 22217094, 85811, 1, 1, 12000.000, 2925.000),
    (557, 22302905, 85996, 2, 1, 12000.000, 2925.000),
    (558, 22388901, 86182, 3, 1, 12000.000, 2925.000),
    (559, 22475083, 86368, 1, 1, 12000.000, 2925.000),
    (560, 22561451, 86554, 2, 2, 12000.000, 2925.000),
    (561, 22648005, 86740, 3, 1, 12000.000, 2925.000),
    (562, 22734745, 86926, 1, 1, 12000.000, 2925.000),
    (563, 22821671, 87112, 2, 1, 12000.000, 2925.000),
    (564, 22908783, 87298, 3, 1, 12000.000, 2925.000),
    (565, 22996081, 87485, 1, 2, 12000.000, 2925.000),
    (566, 23083566, 87671, 2, 1, 12000.000, 2925.000),
    (567, 23171237, 87858, 3, 1, 12000.000, 2925.000),
    (568, 23259095, 88045, 1, 1, 12000.000, 2925.000),
    (569, 23347140, 88231, 2, 1, 12000.000, 2925.000),
    (570, 23435371, 88418, 3, 2, 12000.000, 2925.000),
    (571, 23523789, 88606, 1, 1, 12000.000, 2925.000),
    (572, 23612395, 88793, 2, 1, 12000.000, 2925.000),
    (573, 23701188, 88980, 3, 1, 12000.000, 2925.000),
    (574, 23790168, 89167, 1, 1, 12000.000, 2925.000),
    (575, 23879335, 89355, 2, 2, 12000.000, 3413.000),
    (576, 23968690, 89543, 3, 1, 12000.000, 3413.000),
    (577, 24058233, 89730, 1, 1, 12000.000, 3413.000),
    (578, 24147963, 89918, 2, 1, 12000.000, 3413.000),
    (579, 24237881, 90106, 3, 1, 12000.000, 3413.000),
    (580, 24327987, 90294, 1, 2, 12000.000, 3413.000),
    (581, 24418281, 90483, 2, 1, 12000.000, 3413.000),
    (582, 24508764, 90671, 3, 1, 12000.000, 3413.000),
    (583, 24599435, 90859, 1, 1, 12000.000, 3413.000),
    (584, 24690294, 91048, 2, 1, 12000.000, 3413.000),
    (585, 24781342, 91237, 3, 2, 12000.000, 3413.000),
    (586, 24872579, 91425, 1, 1, 12000.000, 3413.000),
    (587, 24964004, 91614, 2, 1, 12000.000, 3413.000),
    (588, 25055618, 91803, 3, 1, 12000.000, 3413.000),
    (589, 25147421, 91992, 1, 1, 12000.000, 3413.000),
    (590, 25239413, 92182, 2, 2, 12000.000, 3413.000),
    (591, 25331595, 92371, 3, 1, 12000.000, 3413.000),
    (592, 25423966, 92560, 1, 1, 12000.000, 3413.000),
    (593, 25516526, 92750, 2, 1, 12000.000, 3413.000),
    (594, 25609276, 92940, 3, 1, 12000.000, 3413.000),
    (595, 25702216, 93129, 1, 2, 12000.000, 3413.000),
    (596, 25795345, 93319, 2, 1, 12000.000, 3413.000),
    (597, 25888664, 93509, 3, 1, 12000.000, 3413.000),
    (598, 25982173, 93699, 1, 1, 12000.000, 3413.000),
    (599, 26075872, 93890, 2, 1, 12000.000, 3413.000),
    (600, 26169762, 94080, 3, 2, 13000.000, 3413.000),
    (601, 26263842, 94270, 1, 1, 13000.000, 3413.000),
    (602, 26358112, 94461, 2, 1, 13000.000, 3413.000),
    (603, 26452573, 94652, 3, 1, 13000.000, 3413.000),
    (604, 26547225, 94843, 1, 1, 13000.000, 3413.000),
    (605, 26642068, 95033, 2, 2, 13000.000, 3413.000),
    (606, 26737101, 95224, 3, 1, 13000.000, 3413.000),
    (607, 26832325, 95416, 1, 1, 13000.000, 3413.000),
    (608, 26927741, 95607, 2, 1, 13000.000, 3413.000),
    (609, 27023348, 95798, 3, 1, 13000.000, 3413.000),
    (610, 27119146, 95990, 1, 2, 13000.000, 3413.000),
    (611, 27215136, 96181, 2, 1, 13000.000, 3413.000),
    (612, 27311317, 96373, 3, 1, 13000.000, 3413.000),
    (613, 27407690, 96565, 1, 1, 13000.000, 3413.000),
    (614, 27504255, 96757, 2, 1, 13000.000, 3413.000),
    (615, 27601012, 96949, 3, 2, 13000.000, 3413.000),
    (616, 27697961, 97141, 1, 1, 13000.000, 3413.000),
    (617, 27795102, 97333, 2, 1, 13000.000, 3413.000),
    (618, 27892435, 97525, 3, 1, 13000.000, 3413.000),
    (619, 27989960, 97718, 1, 1, 13000.000, 3413.000),
    (620, 28087678, 97910, 2, 2, 13000.000, 3413.000),
    (621, 28185588, 98103, 3, 1, 13000.000, 3413.000),
    (622, 28283691, 98296, 1, 1, 13000.000, 3413.000),
    (623, 28381987, 98489, 2, 1, 13000.000, 3413.000),
    (624, 28480476, 98682, 3, 1, 13000.000, 3413.000),
    (625, 28579158, 98875, 1, 2, 13000.000, 3938.000),
    (626, 28678033, 99068, 2, 1, 13000.000, 3938.000),
    (627, 28777101, 99262, 3, 1, 13000.000, 3938.000),
    (628, 28876363, 99455, 1, 1, 13000.000, 3938.000),
    (629, 28975818, 99649, 2, 1, 13000.000, 3938.000),
    (630, 29075467, 99842, 3, 2, 13000.000, 3938.000),
    (631, 29175309, 100036, 1, 1, 13000.000, 3938.000),
    (632, 29275345, 100230, 2, 1, 13000.000, 3938.000),
    (633, 29375575, 100424, 3, 1, 13000.000, 3938.000),
    (634, 29475999, 100618, 1, 1, 13000.000, 3938.000),
    (635, 29576617, 100813, 2, 2, 13000.000, 3938.000),
    (636, 29677430, 101007, 3, 1, 13000.000, 3938.000),
    (637, 29778437, 101201, 1, 1, 13000.000, 3938.000),
    (638, 29879638, 101396, 2, 1, 13000.000, 3938.000),
    (639, 29981034, 101591, 3, 1, 13000.000, 3938.000),
    (640, 30082625, 101786, 1, 2, 13000.000, 3938.000),
    (641, 30184411, 101981, 2, 1, 13000.000, 3938.000),
    (642, 30286392, 102176, 3, 1, 13000.000, 3938.000),
    (643, 30388568, 102371, 1, 1, 13000.000, 3938.000),
    (644, 30490939, 102566, 2, 1, 13000.000, 3938.000),
    (645, 30593505, 102761, 3, 2, 13000.000, 3938.000),
    (646, 30696266, 102957, 1, 1, 13000.000, 3938.000),
    (647, 30799223, 103153, 2, 1, 13000.000, 3938.000),
    (648, 30902376, 103348, 3, 1, 13000.000, 3938.000),
    (649, 31005724, 103544, 1, 1, 13000.000, 3938.000),
    (650, 31109268, 103740, 2, 2, 14000.000, 3938.000),
    (651, 31213008, 103936, 3, 1, 14000.000, 3938.000),
    (652, 31316944, 104132, 1, 1, 14000.000, 3938.000),
    (653, 31421076, 104329, 2, 1, 14000.000, 3938.000),
    (654, 31525405, 104525, 3, 1, 14000.000, 3938.000),
    (655, 31629930, 104721, 1, 2, 14000.000, 3938.000),
    (656, 31734651, 104918, 2, 1, 14000.000, 3938.000),
    (657, 31839569, 105115, 3, 1, 14000.000, 3938.000),
    (658, 31944684, 105312, 1, 1, 14000.000, 3938.000),
    (659, 32049996, 105509, 2, 1, 14000.000, 3938.000),
    (660, 32155505, 105706, 3, 2, 14000.000, 3938.000),
    (661, 32261211, 105903, 1, 1, 14000.000, 3938.000),
    (662, 32367114, 106100, 2, 1, 14000.000, 3938.000),
    (663, 32473214, 106297, 3, 1, 14000.000, 3938.000),
    (664, 32579511, 106495, 1, 1, 14000.000, 3938.000),
    (665, 32686006, 106693, 2, 2, 14000.000, 3938.000),
    (666, 32792699, 106890, 3, 1, 14000.000, 3938.000),
    (667, 32899589, 107088, 1, 1, 14000.000, 3938.000),
    (668, 33006677, 107286, 2, 1, 14000.000, 3938.000),
    (669, 33113963, 107484, 3, 1, 14000.000, 3938.000),
    (670, 33221447, 107682, 1, 2, 14000.000, 3938.000),
    (671, 33329129, 107881, 2, 1, 14000.000, 3938.000),
    (672, 33437010, 108079, 3, 1, 14000.000, 3938.000),
    (673, 33545089, 108278, 1, 1, 14000.000, 3938.000),
    (674, 33653367, 108476, 2, 1, 14000.000, 3938.000),
    (675, 33761843, 108675, 3, 2, 14000.000, 4500.000),
    (676, 33870518, 108874, 1, 1, 14000.000, 4500.000),
    (677, 33979392, 109073, 2, 1, 14000.000, 4500.000),
    (678, 34088465, 109272, 3, 1, 14000.000, 4500.000),
    (679, 34197737, 109471, 1, 1, 14000.000, 4500.000),
    (680, 34307208, 109670, 2, 2, 14000.000, 4500.000),
    (681, 34416878, 109870, 3, 1, 14000.000, 4500.000),
    (682, 34526748, 110069, 1, 1, 14000.000, 4500.000),
    (683, 34636817, 110269, 2, 1, 14000.000, 4500.000),
    (684, 34747086, 110469, 3, 1, 14000.000, 4500.000),
    (685, 34857555, 110669, 1, 2, 14000.000, 4500.000),
    (686, 34968224, 110869, 2, 1, 14000.000, 4500.000),
    (687, 35079093, 111069, 3, 1, 14000.000, 4500.000),
    (688, 35190162, 111269, 1, 1, 14000.000, 4500.000),
    (689, 35301431, 111469, 2, 1, 14000.000, 4500.000),
    (690, 35412900, 111670, 3, 2, 14000.000, 4500.000),
    (691, 35524570, 111870, 1, 1, 14000.000, 4500.000),
    (692, 35636440, 112071, 2, 1, 14000.000, 4500.000),
    (693, 35748511, 112272, 3, 1, 14000.000, 4500.000),
    (694, 35860783, 112472, 1, 1, 14000.000, 4500.000),
    (695, 35973255, 112673, 2, 2, 14000.000, 4500.000),
    (696, 36085928, 112875, 3, 1, 14000.000, 4500.000),
    (697, 36198803, 113076, 1, 1, 14000.000, 4500.000),
    (698, 36311879, 113277, 2, 1, 14000.000, 4500.000),
    (699, 36425156, 113478, 3, 1, 14000.000, 4500.000),
    (700, 36538634, 113680, 1, 2, 15000.000, 4500.000),
    (701, 36652314, 113882, 2, 1, 15000.000, 4500.000),
    (702, 36766196, 114083, 3, 1, 15000.000, 4500.000),
    (703, 36880279, 114285, 1, 1, 15000.000, 4500.000),
    (704, 36994564, 114487, 2, 1, 15000.000, 4500.000),
    (705, 37109051, 114689, 3, 2, 15000.000, 4500.000),
    (706, 37223740, 114892, 1, 1, 15000.000, 4500.000),
    (707, 37338632, 115094, 2, 1, 15000.000, 4500.000),
    (708, 37453726, 115296, 3, 1, 15000.000, 4500.000),
    (709, 37569022, 115499, 1, 1, 15000.000, 4500.000),
    (710, 37684521, 115702, 2, 2, 15000.000, 4500.000),
    (711, 37800223, 115904, 3, 1, 15000.000, 4500.000),
    (712, 37916127, 116107, 1, 1, 15000.000, 4500.000),
    (713, 38032234, 116310, 2, 1, 15000.000, 4500.000),
    (714, 38148544, 116513, 3, 1, 15000.000, 4500.000),
    (715, 38265057, 116717, 1, 2, 15000.000, 4500.000),
    (716, 38381774, 116920, 2, 1, 15000.000, 4500.000),
    (717, 38498694, 117123, 3, 1, 15000.000, 4500.000),
    (718, 38615817, 117327, 1, 1, 15000.000, 4500.000),
    (719, 38733144, 117531, 2, 1, 15000.000, 4500.000),
    (720, 38850675, 117734, 3, 2, 15000.000, 4500.000),
    (721, 38968409, 117938, 1, 1, 15000.000, 4500.000),
    (722, 39086347, 118142, 2, 1, 15000.000, 4500.000),
    (723, 39204489, 118346, 3, 1, 15000.000, 4500.000),
    (724, 39322835, 118551, 1, 1, 15000.000, 4500.000),
    (725, 39441386, 118755, 2, 2, 15000.000, 5100.000),
    (726, 39560141, 118959, 3, 1, 15000.000, 5100.000),
    (727, 39679100, 119164, 1, 1, 15000.000, 5100.000),
    (728, 39798264, 119369, 2, 1, 15000.000, 5100.000),
    (729, 39917633, 119574, 3, 1, 15000.000, 5100.000),
    (730, 40037207, 119778, 1, 2, 15000.000, 5100.000),
    (731, 40156985, 119983, 2, 1, 15000.000, 5100.000),
    (732, 40276968, 120189, 3, 1, 15000.000, 5100.000),
    (733, 40397157, 120394, 1, 1, 15000.000, 5100.000),
    (734, 40517551, 120599, 2, 1, 15000.000, 5100.000),
    (735, 40638150, 120805, 3, 2, 15000.000, 5100.000),
    (736, 40758955, 121010, 1, 1, 15000.000, 5100.000),
    (737, 40879965, 121216, 2, 1, 15000.000, 5100.000),
    (738, 41001181, 121422, 3, 1, 15000.000, 5100.000),
    (739, 41122603, 121628, 1, 1, 15000.000, 5100.000),
    (740, 41244231, 121834, 2, 2, 15000.000, 5100.000),
    (741, 41366065, 122040, 3, 1, 15000.000, 5100.000),
    (742, 41488105, 122246, 1, 1, 15000.000, 5100.000),
    (743, 41610351, 122452, 2, 1, 15000.000, 5100.000),
    (744, 41732803, 122659, 3, 1, 15000.000, 5100.000),
    (745, 41855462, 122865, 1, 2, 15000.000, 5100.000),
    (746, 41978327, 123072, 2, 1, 15000.000, 5100.000),
    (747, 42101399, 123279, 3, 1, 15000.000, 5100.000),
    (748, 42224678, 123486, 1, 1, 15000.000, 5100.000),
    (749, 42348164, 123693, 2, 1, 15000.000, 5100.000),
    (750, 42471857, 123900, 3, 2, 16000.000, 5100.000),
    (751, 42595757, 124107, 1, 1, 16000.000, 5100.000),
    (752, 42719864, 124315, 2, 1, 16000.000, 5100.000),
    (753, 42844179, 124522, 3, 1, 16000.000, 5100.000),
    (754, 42968701, 124730, 1, 1, 16000.000, 5100.000),
    (755, 43093431, 124937, 2, 2, 16000.000, 5100.000),
    (756, 43218368, 125145, 3, 1, 16000.000, 5100.000),
    (757, 43343513, 125353, 1, 1, 16000.000, 5100.000),
    (758, 43468866, 125561, 2, 1, 16000.000, 5100.000),
    (759, 43594427, 125769, 3, 1, 16000.000, 5100.000),
    (760, 43720196, 125978, 1, 2, 16000.000, 5100.000),
    (761, 43846174, 126186, 2, 1, 16000.000, 5100.000),
    (762, 43972360, 126394, 3, 1, 16000.000, 5100.000),
    (763, 44098754, 126603, 1, 1, 16000.000, 5100.000),
    (764, 44225357, 126812, 2, 1, 16000.000, 5100.000),
    (765, 44352169, 127021, 3, 2, 16000.000, 5100.000),
    (766, 44479190, 127230, 1, 1, 16000.000, 5100.000),
    (767, 44606420, 127439, 2, 1, 16000.000, 5100.000),
    (768, 44733859, 127648, 3, 1, 16000.000, 5100.000),
    (769, 44861507, 127857, 1, 1, 16000.000, 5100.000),
    (770, 44989364, 128066, 2, 2, 16000.000, 5100.000),
    (771, 45117430, 128276, 3, 1, 16000.000, 5100.000),
    (772, 45245706, 128486, 1, 1, 16000.000, 5100.000),
    (773, 45374192, 128695, 2, 1, 16000.000, 5100.000),
    (774, 45502887, 128905, 3, 1, 16000.000, 5100.000),
    (775, 45631792, 129115, 1, 2, 16000.000, 5738.000),
    (776, 45760907, 129325, 2, 1, 16000.000, 5738.000),
    (777, 45890232, 129535, 3, 1, 16000.000, 5738.000),
    (778, 46019767, 129746, 1, 1, 16000.000, 5738.000),
    (779, 46149513, 129956, 2, 1, 16000.000, 5738.000),
    (780, 46279469, 130166, 3, 2, 16000.000, 5738.000),
    (781, 46409635, 130377, 1, 1, 16000.000, 5738.000),
    (782, 46540012, 130588, 2, 1, 16000.000, 5738.000),
    (783, 46670600, 130799, 3, 1, 16000.000, 5738.000),
    (784, 46801399, 131010, 1, 1, 16000.000, 5738.000),
    (785, 46932409, 131221, 2, 2, 16000.000, 5738.000),
    (786, 47063630, 131432, 3, 1, 16000.000, 5738.000),
    (787, 47195062, 131643, 1, 1, 16000.000, 5738.000),
    (788, 47326705, 131854, 2, 1, 16000.000, 5738.000),
    (789, 47458559, 132066, 3, 1, 16000.000, 5738.000),
    (790, 47590625, 132278, 1, 2, 16000.000, 5738.000),
    (791, 47722903, 132489, 2, 1, 16000.000, 5738.000),
    (792, 47855392, 132701, 3, 1, 16000.000, 5738.000),
    (793, 47988093, 132913, 1, 1, 16000.000, 5738.000),
    (794, 48121006, 133125, 2, 1, 16000.000, 5738.000),
    (795, 48254131, 133337, 3, 2, 16000.000, 5738.000),
    (796, 48387468, 133550, 1, 1, 16000.000, 5738.000),
    (797, 48521018, 133762, 2, 1, 16000.000, 5738.000),
    (798, 48654780, 133975, 3, 1, 16000.000, 5738.000),
    (799, 48788755, 134187, 1, 1, 16000.000, 5738.000),
    (800, 48922942, 134400, 2, 2, 17000.000, 5738.000),
    (801, 49057342, 134613, 3, 1, 17000.000, 5738.000),
    (802, 49191955, 134826, 1, 1, 17000.000, 5738.000),
    (803, 49326781, 135039, 2, 1, 17000.000, 5738.000),
    (804, 49461820, 135252, 3, 1, 17000.000, 5738.000),
    (805, 49597072, 135465, 1, 2, 17000.000, 5738.000),
    (806, 49732537, 135679, 2, 1, 17000.000, 5738.000),
    (807, 49868216, 135892, 3, 1, 17000.000, 5738.000),
    (808, 50004108, 136106, 1, 1, 17000.000, 5738.000),
    (809, 50140214, 136320, 2, 1, 17000.000, 5738.000),
    (810, 50276534, 136534, 3, 2, 17000.000, 5738.000),
    (811, 50413068, 136748, 1, 1, 17000.000, 5738.000),
    (812, 50549816, 136962, 2, 1, 17000.000, 5738.000),
    (813, 50686778, 137176, 3, 1, 17000.000, 5738.000),
    (814, 50823954, 137390, 1, 1, 17000.000, 5738.000),
    (815, 50961344, 137605, 2, 2, 17000.000, 5738.000),
    (816, 51098949, 137819, 3, 1, 17000.000, 5738.000),
    (817, 51236768, 138034, 1, 1, 17000.000, 5738.000),
    (818, 51374802, 138249, 2, 1, 17000.000, 5738.000),
    (819, 51513051, 138463, 3, 1, 17000.000, 5738.000),
    (820, 51651514, 138678, 1, 2, 17000.000, 5738.000),
    (821, 51790192, 138894, 2, 1, 17000.000, 5738.000),
    (822, 51929086, 139109, 3, 1, 17000.000, 5738.000),
    (823, 52068195, 139324, 1, 1, 17000.000, 5738.000),
    (824, 52207519, 139539, 2, 1, 17000.000, 5738.000),
    (825, 52347058, 139755, 3, 2, 17000.000, 6413.000),
    (826, 52486813, 139971, 1, 1, 17000.000, 6413.000),
    (827, 52626784, 140186, 2, 1, 17000.000, 6413.000),
    (828, 52766970, 140402, 3, 1, 17000.000, 6413.000),
    (829, 52907372, 140618, 1, 1, 17000.000, 6413.000),
    (830, 53047990, 140834, 2, 2, 17000.000, 6413.000),
    (831, 53188824, 141051, 3, 1, 17000.000, 6413.000),
    (832, 53329875, 141267, 1, 1, 17000.000, 6413.000),
    (833, 53471142, 141483, 2, 1, 17000.000, 6413.000),
    (834, 53612625, 141700, 3, 1, 17000.000, 6413.000),
    (835, 53754325, 141917, 1, 2, 17000.000, 6413.000),
    (836, 53896242, 142133, 2, 1, 17000.000, 6413.000),
    (837, 54038375, 142350, 3, 1, 17000.000, 6413.000),
    (838, 54180725, 142567, 1, 1, 17000.000, 6413.000),
    (839, 54323292, 142784, 2, 1, 17000.000, 6413.000),
    (840, 54466076, 143002, 3, 2, 17000.000, 6413.000),
    (841, 54609078, 143219, 1, 1, 17000.000, 6413.000),
    (842, 54752297, 143436, 2, 1, 17000.000, 6413.000),
    (843, 54895733, 143654, 3, 1, 17000.000, 6413.000),
    (844, 55039387, 143872, 1, 1, 17000.000, 6413.000),
    (845, 55183259, 144089, 2, 2, 17000.000, 6413.000),
    (846, 55327348, 144307, 3, 1, 17000.000, 6413.000),
    (847, 55471655, 144525, 1, 1, 17000.000, 6413.000),
    (848, 55616180, 144743, 2, 1, 17000.000, 6413.000),
    (849, 55760923, 144962, 3, 1, 17000.000, 6413.000),
    (850, 55905885, 145180, 1, 2, 18000.000, 6413.000),
    (851, 56051065, 145398, 2, 1, 18000.000, 6413.000),
    (852, 56196463, 145617, 3, 1, 18000.000, 6413.000),
    (853, 56342080, 145836, 1, 1, 18000.000, 6413.000),
    (854, 56487916, 146055, 2, 1, 18000.000, 6413.000),
    (855, 56633971, 146273, 3, 2, 18000.000, 6413.000),
    (856, 56780244, 146492, 1, 1, 18000.000, 6413.000),
    (857, 56926736, 146712, 2, 1, 18000.000, 6413.000),
    (858, 57073448, 146931, 3, 1, 18000.000, 6413.000),
    (859, 57220379, 147150, 1, 1, 18000.000, 6413.000),
    (860, 57367529, 147370, 2, 2, 18000.000, 6413.000),
    (861, 57514899, 147589, 3, 1, 18000.000, 6413.000),
    (862, 57662488, 147809, 1, 1, 18000.000, 6413.000),
    (863, 57810297, 148029, 2, 1, 18000.000, 6413.000),
    (864, 57958326, 148249, 3, 1, 18000.000, 6413.000),
    (865, 58106575, 148469, 1, 2, 18000.000, 6413.000),
    (866, 58255044, 148689, 2, 1, 18000.000, 6413.000),
    (867, 58403733, 148909, 3, 1, 18000.000, 6413.000),
    (868, 58552642, 149129, 1, 1, 18000.000, 6413.000),
    (869, 58701771, 149350, 2, 1, 18000.000, 6413.000),
    (870, 58851121, 149570, 3, 2, 18000.000, 6413.000),
    (871, 59000691, 149791, 1, 1, 18000.000, 6413.000),
    (872, 59150482, 150012, 2, 1, 18000.000, 6413.000),
    (873, 59300494, 150233, 3, 1, 18000.000, 6413.000),
    (874, 59450727, 150454, 1, 1, 18000.000, 6413.000),
    (875, 59601181, 150675, 2, 2, 18000.000, 7125.000),
    (876, 59751856, 150896, 3, 1, 18000.000, 7125.000),
    (877, 59902752, 151118, 1, 1, 18000.000, 7125.000),
    (878, 60053870, 151339, 2, 1, 18000.000, 7125.000),
    (879, 60205209, 151561, 3, 1, 18000.000, 7125.000),
    (880, 60356770, 151782, 1, 2, 18000.000, 7125.000),
    (881, 60508552, 152004, 2, 1, 18000.000, 7125.000),
    (882, 60660556, 152226, 3, 1, 18000.000, 7125.000),
    (883, 60812782, 152448, 1, 1, 18000.000, 7125.000),
    (884, 60965230, 152670, 2, 1, 18000.000, 7125.000),
    (885, 61117900, 152893, 3, 2, 18000.000, 7125.000),
    (886, 61270793, 153115, 1, 1, 18000.000, 7125.000),
    (887, 61423908, 153337, 2, 1, 18000.000, 7125.000),
    (888, 61577245, 153560, 3, 1, 18000.000, 7125.000),
    (889, 61730805, 153783, 1, 1, 18000.000, 7125.000),
    (890, 61884588, 154006, 2, 2, 18000.000, 7125.000),
    (891, 62038594, 154229, 3, 1, 18000.000, 7125.000),
    (892, 62192823, 154452, 1, 1, 18000.000, 7125.000),
    (893, 62347275, 154675, 2, 1, 18000.000, 7125.000),
    (894, 62501950, 154898, 3, 1, 18000.000, 7125.000),
    (895, 62656848, 155121, 1, 2, 18000.000, 7125.000),
    (896, 62811969, 155345, 2, 1, 18000.000, 7125.000),
    (897, 62967314, 155569, 3, 1, 18000.000, 7125.000),
    (898, 63122883, 155792, 1, 1, 18000.000, 7125.000),
    (899, 63278675, 156016, 2, 1, 18000.000, 7125.000),
    (900, 63434691, 156240, 3, 2, 19000.000, 7125.000),
    (901, 63590931, 156464, 1, 1, 19000.000, 7125.000),
    (902, 63747395, 156688, 2, 1, 19000.000, 7125.000),
    (903, 63904083, 156913, 3, 1, 19000.000, 7125.000),
    (904, 64060996, 157137, 1, 1, 19000.000, 7125.000),
    (905, 64218133, 157361, 2, 2, 19000.000, 7125.000),
    (906, 64375494, 157586, 3, 1, 19000.000, 7125.000),
    (907, 64533080, 157811, 1, 1, 19000.000, 7125.000),
    (908, 64690891, 158036, 2, 1, 19000.000, 7125.000),
    (909, 64848927, 158261, 3, 1, 19000.000, 7125.000),
    (910, 65007188, 158486, 1, 2, 19000.000, 7125.000),
    (911, 65165674, 158711, 2, 1, 19000.000, 7125.000),
    (912, 65324385, 158936, 3, 1, 19000.000, 7125.000),
    (913, 65483321, 159161, 1, 1, 19000.000, 7125.000),
    (914, 65642482, 159387, 2, 1, 19000.000, 7125.000),
    (915, 65801869, 159613, 3, 2, 19000.000, 7125.000),
    (916, 65961482, 159838, 1, 1, 19000.000, 7125.000),
    (917, 66121320, 160064, 2, 1, 19000.000, 7125.000),
    (918, 66281384, 160290, 3, 1, 19000.000, 7125.000),
    (919, 66441674, 160516, 1, 1, 19000.000, 7125.000),
    (920, 66602190, 160742, 2, 2, 19000.000, 7125.000),
    (921, 66762932, 160969, 3, 1, 19000.000, 7125.000),
    (922, 66923901, 161195, 1, 1, 19000.000, 7125.000),
    (923, 67085096, 161422, 2, 1, 19000.000, 7125.000),
    (924, 67246518, 161648, 3, 1, 19000.000, 7125.000),
    (925, 67408166, 161875, 1, 2, 19000.000, 7875.000),
    (926, 67570041, 162102, 2, 1, 19000.000, 7875.000),
    (927, 67732143, 162329, 3, 1, 19000.000, 7875.000),
    (928, 67894472, 162556, 1, 1, 19000.000, 7875.000),
    (929, 68057028, 162783, 2, 1, 19000.000, 7875.000),
    (930, 68219811, 163010, 3, 2, 19000.000, 7875.000),
    (931, 68382821, 163238, 1, 1, 19000.000, 7875.000),
    (932, 68546059, 163465, 2, 1, 19000.000, 7875.000),
    (933, 68709524, 163693, 3, 1, 19000.000, 7875.000),
    (934, 68873217, 163921, 1, 1, 19000.000, 7875.000),
    (935, 69037138, 164149, 2, 2, 19000.000, 7875.000),
    (936, 69201287, 164377, 3, 1, 19000.000, 7875.000),
    (937, 69365664, 164605, 1, 1, 19000.000, 7875.000),
    (938, 69530269, 164833, 2, 1, 19000.000, 7875.000),
    (939, 69695102, 165061, 3, 1, 19000.000, 7875.000),
    (940, 69860163, 165290, 1, 2, 19000.000, 7875.000),
    (941, 70025453, 165518, 2, 1, 19000.000, 7875.000),
    (942, 70190971, 165747, 3, 1, 19000.000, 7875.000),
    (943, 70356718, 165976, 1, 1, 19000.000, 7875.000),
    (944, 70522694, 166204, 2, 1, 19000.000, 7875.000),
    (945, 70688898, 166433, 3, 2, 19000.000, 7875.000),
    (946, 70855331, 166663, 1, 1, 19000.000, 7875.000),
    (947, 71021994, 166892, 2, 1, 19000.000, 7875.000),
    (948, 71188886, 167121, 3, 1, 19000.000, 7875.000),
    (949, 71356007, 167350, 1, 1, 19000.000, 7875.000),
    (950, 71523357, 167580, 2, 2, 20000.000, 7875.000),
    (951, 71690937, 167810, 3, 1, 20000.000, 7875.000),
    (952, 71858747, 168039, 1, 1, 20000.000, 7875.000),
    (953, 72026786, 168269, 2, 1, 20000.000, 7875.000),
    (954, 72195055, 168499, 3, 1, 20000.000, 7875.000),
    (955, 72363554, 168729, 1, 2, 20000.000, 7875.000),
    (956, 72532283, 168960, 2, 1, 20000.000, 7875.000),
    (957, 72701243, 169190, 3, 1, 20000.000, 7875.000),
    (958, 72870433, 169420, 1, 1, 20000.000, 7875.000),
    (959, 73039853, 169651, 2, 1, 20000.000, 7875.000),
    (960, 73209504, 169882, 3, 2, 20000.000, 7875.000),
    (961, 73379386, 170112, 1, 1, 20000.000, 7875.000),
    (962, 73549498, 170343, 2, 1, 20000.000, 7875.000),
    (963, 73719841, 170574, 3, 1, 20000.000, 7875.000),
    (964, 73890415, 170805, 1, 1, 20000.000, 7875.000),
    (965, 74061220, 171037, 2, 2, 20000.000, 7875.000),
    (966, 74232257, 171268, 3, 1, 20000.000, 7875.000),
    (967, 74403525, 171499, 1, 1, 20000.000, 7875.000),
    (968, 74575024, 171731, 2, 1, 20000.000, 7875.000),
    (969, 74746755, 171963, 3, 1, 20000.000, 7875.000),
    (970, 74918718, 172194, 1, 2, 20000.000, 7875.000),
    (971, 75090912, 172426, 2, 1, 20000.000, 7875.000),
    (972, 75263338, 172658, 3, 1, 20000.000, 7875.000),
    (973, 75435996, 172890, 1, 1, 20000.000, 7875.000),
    (974, 75608886, 173123, 2, 1, 20000.000, 7875.000),
    (975, 75782009, 173355, 3, 2, 20000.000, 8663.000),
    (976, 75955364, 173587, 1, 1, 20000.000, 8663.000),
    (977, 76128951, 173820, 2, 1, 20000.000, 8663.000),
    (978, 76302771, 174053, 3, 1, 20000.000, 8663.000),
    (979, 76476824, 174286, 1, 1, 20000.000, 8663.000),
    (980, 76651110, 174518, 2, 2, 20000.000, 8663.000),
    (981, 76825628, 174751, 3, 1, 20000.000, 8663.000),
    (982, 77000379, 174985, 1, 1, 20000.000, 8663.000),
    (983, 77175364, 175218, 2, 1, 20000.000, 8663.000),
    (984, 77350582, 175451, 3, 1, 20000.000, 8663.000),
    (985, 77526033, 175685, 1, 2, 20000.000, 8663.000),
    (986, 77701718, 175918, 2, 1, 20000.000, 8663.000),
    (987, 77877636, 176152, 3, 1, 20000.000, 8663.000),
    (988, 78053788, 176386, 1, 1, 20000.000, 8663.000),
    (989, 78230174, 176620, 2, 1, 20000.000, 8663.000),
    (990, 78406794, 176854, 3, 2, 20000.000, 8663.000),
    (991, 78583648, 177088, 1, 1, 20000.000, 8663.000),
    (992, 78760736, 177322, 2, 1, 20000.000, 8663.000),
    (993, 78938058, 177556, 3, 1, 20000.000, 8663.000),
    (994, 79115614, 177791, 1, 1, 20000.000, 8663.000),
    (995, 79293405, 178025, 2, 2, 20000.000, 8663.000),
    (996, 79471430, 178260, 3, 1, 20000.000, 8663.000),
    (997, 79649690, 178495, 1, 1, 20000.000, 8663.000),
    (998, 79828185, 178730, 2, 1, 20000.000, 8663.000),
    (999, 80006915, 178965, 3, 1, 20000.000, 8663.000),
    (1000, 80185880, 179200, 1, 2, 21000.000, 8663.000),
    (1001, 80365080, 179435, 2, 1, 21000.000, 8663.000),
    (1002, 80544515, 179671, 3, 1, 21000.000, 8663.000),
    (1003, 80724186, 179906, 1, 1, 21000.000, 8663.000),
    (1004, 80904092, 180142, 2, 1, 21000.000, 8663.000),
    (1005, 81084234, 180377, 3, 2, 21000.000, 8663.000),
    (1006, 81264611, 180613, 1, 1, 21000.000, 8663.000),
    (1007, 81445224, 180849, 2, 1, 21000.000, 8663.000),
    (1008, 81626073, 181085, 3, 1, 21000.000, 8663.000),
    (1009, 81807158, 181321, 1, 1, 21000.000, 8663.000),
    (1010, 81988479, 181558, 2, 2, 21000.000, 8663.000),
    (1011, 82170037, 181794, 3, 1, 21000.000, 8663.000),
    (1012, 82351831, 182030, 1, 1, 21000.000, 8663.000),
    (1013, 82533861, 182267, 2, 1, 21000.000, 8663.000),
    (1014, 82716128, 182504, 3, 1, 21000.000, 8663.000),
    (1015, 82898632, 182741, 1, 2, 21000.000, 8663.000),
    (1016, 83081373, 182978, 2, 1, 21000.000, 8663.000),
    (1017, 83264351, 183215, 3, 1, 21000.000, 8663.000),
    (1018, 83447566, 183452, 1, 1, 21000.000, 8663.000),
    (1019, 83631018, 183689, 2, 1, 21000.000, 8663.000),
    (1020, 83814707, 183926, 3, 2, 21000.000, 8663.000),
    (1021, 83998633, 184164, 1, 1, 21000.000, 8663.000),
    (1022, 84182797, 184402, 2, 1, 21000.000, 8663.000),
    (1023, 84367199, 184639, 3, 1, 21000.000, 8663.000),
    (1024, 84551838, 184877, 1, 1, 21000.000, 8663.000),
    (1025, 84736715, 185115, 2, 2, 21000.000, 9488.000),
    (1026, 84921830, 185353, 3, 1, 21000.000, 9488.000),
    (1027, 85107183, 185591, 1, 1, 21000.000, 9488.000),
    (1028, 85292774, 185830, 2, 1, 21000.000, 9488.000),
    (1029, 85478604, 186068, 3, 1, 21000.000, 9488.000),
    (1030, 85664672, 186306, 1, 2, 21000.000, 9488.000),
    (1031, 85850978, 186545, 2, 1, 21000.000, 9488.000),
    (1032, 86037523, 186784, 3, 1, 21000.000, 9488.000),
    (1033, 86224307, 187023, 1, 1, 21000.000, 9488.000),
    (1034, 86411330, 187262, 2, 1, 21000.000, 9488.000),
    (1035, 86598592, 187501, 3, 2, 21000.000, 9488.000),
    (1036, 86786093, 187740, 1, 1, 21000.000, 9488.000),
    (1037, 86973833, 187979, 2, 1, 21000.000, 9488.000),
    (1038, 87161812, 188218, 3, 1, 21000.000, 9488.000),
    (1039, 87350030, 188458, 1, 1, 21000.000, 9488.000),
    (1040, 87538488, 188698, 2, 2, 21000.000, 9488.000),
    (1041, 87727186, 188937, 3, 1, 21000.000, 9488.000),
    (1042, 87916123, 189177, 1, 1, 21000.000, 9488.000),
    (1043, 88105300, 189417, 2, 1, 21000.000, 9488.000),
    (1044, 88294717, 189657, 3, 1, 21000.000, 9488.000),
    (1045, 88484374, 189897, 1, 2, 21000.000, 9488.000),
    (1046, 88674271, 190138, 2, 1, 21000.000, 9488.000),
    (1047, 88864409, 190378, 3, 1, 21000.000, 9488.000),
    (1048, 89054787, 190619, 1, 1, 21000.000, 9488.000),
    (1049, 89245406, 190859, 2, 1, 21000.000, 9488.000),
    (1050, 89436265, 191100, 3, 2, 22000.000, 9488.000),
    (1051, 89627365, 191341, 1, 1, 22000.000, 9488.000),
    (1052, 89818706, 191582, 2, 1, 22000.000, 9488.000),
    (1053, 90010288, 191823, 3, 1, 22000.000, 9488.000),
    (1054, 90202111, 192064, 1, 1, 22000.000, 9488.000),
    (1055, 90394175, 192305, 2, 2, 22000.000, 9488.000),
    (1056, 90586480, 192547, 3, 1, 22000.000, 9488.000),
    (1057, 90779027, 192788, 1, 1, 22000.000, 9488.000),
    (1058, 90971815, 193030, 2, 1, 22000.000, 9488.000),
    (1059, 91164845, 193272, 3, 1, 22000.000, 9488.000),
    (1060, 91358117, 193514, 1, 2, 22000.000, 9488.000),
    (1061, 91551631, 193756, 2, 1, 22000.000, 9488.000),
    (1062, 91745387, 193998, 3, 1, 22000.000, 9488.000),
    (1063, 91939385, 194240, 1, 1, 22000.000, 9488.000),
    (1064, 92133625, 194482, 2, 1, 22000.000, 9488.000),
    (1065, 92328107, 194725, 3, 2, 22000.000, 9488.000),
    (1066, 92522832, 194967, 1, 1, 22000.000, 9488.000),
    (1067, 92717799, 195210, 2, 1, 22000.000, 9488.000),
    (1068, 92913009, 195453, 3, 1, 22000.000, 9488.000),
    (1069, 93108462, 195695, 1, 1, 22000.000, 9488.000),
    (1070, 93304157, 195938, 2, 2, 22000.000, 9488.000),
    (1071, 93500095, 196182, 3, 1, 22000.000, 9488.000),
    (1072, 93696277, 196425, 1, 1, 22000.000, 9488.000),
    (1073, 93892702, 196668, 2, 1, 22000.000, 9488.000),
    (1074, 94089370, 196911, 3, 1, 22000.000, 9488.000),
    (1075, 94286281, 197155, 1, 2, 22000.000, 10350.000),
    (1076, 94483436, 197399, 2, 1, 22000.000, 10350.000),
    (1077, 94680835, 197642, 3, 1, 22000.000, 10350.000),
    (1078, 94878477, 197886, 1, 1, 22000.000, 10350.000),
    (1079, 95076363, 198130, 2, 1, 22000.000, 10350.000),
    (1080, 95274493, 198374, 3, 2, 22000.000, 10350.000),
    (1081, 95472867, 198619, 1, 1, 22000.000, 10350.000),
    (1082, 95671486, 198863, 2, 1, 22000.000, 10350.000),
    (1083, 95870349, 199107, 3, 1, 22000.000, 10350.000),
    (1084, 96069456, 199352, 1, 1, 22000.000, 10350.000),
    (1085, 96268808, 199597, 2, 2, 22000.000, 10350.000),
    (1086, 96468405, 199841, 3, 1, 22000.000, 10350.000),
    (1087, 96668246, 200086, 1, 1, 22000.000, 10350.000),
    (1088, 96868332, 200331, 2, 1, 22000.000, 10350.000),
    (1089, 97068663, 200576, 3, 1, 22000.000, 10350.000),
    (1090, 97269239, 200822, 1, 2, 22000.000, 10350.000),
    (1091, 97470061, 201067, 2, 1, 22000.000, 10350.000),
    (1092, 97671128, 201312, 3, 1, 22000.000, 10350.000),
    (1093, 97872440, 201558, 1, 1, 22000.000, 10350.000),
    (1094, 98073998, 201804, 2, 1, 22000.000, 10350.000),
    (1095, 98275802, 202049, 3, 2, 22000.000, 10350.000),
    (1096, 98477851, 202295, 1, 1, 22000.000, 10350.000),
    (1097, 98680146, 202541, 2, 1, 22000.000, 10350.000),
    (1098, 98882687, 202787, 3, 1, 22000.000, 10350.000),
    (1099, 99085474, 203034, 1, 1, 22000.000, 10350.000),
    (1100, 99288508, 203280, 2, 2, 23000.000, 10350.000),
    (1101, 99491788, 207955, 3, 1, 23000.000, 10350.000),
    (1102, 99699743, 208433, 1, 1, 23000.000, 10350.000),
    (1103, 99908176, 208912, 2, 1, 23000.000, 10350.000),
    (1104, 100117088, 209392, 3, 1, 23000.000, 10350.000),
    (1105, 100326480, 209873, 1, 2, 23000.000, 10350.000),
    (1106, 100536353, 210355, 2, 1, 23000.000, 10350.000),
    (1107, 100746708, 210838, 3, 1, 23000.000, 10350.000),
    (1108, 100957546, 211322, 1, 1, 23000.000, 10350.000),
    (1109, 101168868, 211808, 2, 1, 23000.000, 10350.000),
    (1110, 101380676, 212295, 3, 2, 23000.000, 10350.000),
    (1111, 101592971, 212783, 1, 1, 23000.000, 10350.000),
    (1112, 101805754, 213272, 2, 1, 23000.000, 10350.000),
    (1113, 102019026, 213762, 3, 1, 23000.000, 10350.000),
    (1114, 102232788, 214253, 1, 1, 23000.000, 10350.000),
    (1115, 102447041, 214745, 2, 2, 23000.000, 10350.000),
    (1116, 102661786, 215238, 3, 1, 23000.000, 10350.000),
    (1117, 102877024, 215733, 1, 1, 23000.000, 10350.000),
    (1118, 103092757, 216229, 2, 1, 23000.000, 10350.000),
    (1119, 103308986, 216726, 3, 1, 23000.000, 10350.000),
    (1120, 103525712, 217224, 1, 2, 23000.000, 10350.000),
    (1121, 103742936, 217723, 2, 1, 23000.000, 10350.000),
    (1122, 103960659, 218223, 3, 1, 23000.000, 10350.000),
    (1123, 104178882, 218724, 1, 1, 23000.000, 10350.000),
    (1124, 104397606, 219227, 2, 1, 23000.000, 10350.000),
    (1125, 104616833, 219731, 3, 2, 23000.000, 11250.000),
    (1126, 104836564, 220236, 1, 1, 23000.000, 11250.000),
    (1127, 105056800, 220742, 2, 1, 23000.000, 11250.000),
    (1128, 105277542, 221249, 3, 1, 23000.000, 11250.000),
    (1129, 105498791, 221757, 1, 1, 23000.000, 11250.000),
    (1130, 105720548, 222267, 2, 2, 23000.000, 11250.000),
    (1131, 105942815, 222778, 3, 1, 23000.000, 11250.000),
    (1132, 106165593, 223290, 1, 1, 23000.000, 11250.000),
    (1133, 106388883, 223803, 2, 1, 23000.000, 11250.000),
    (1134, 106612686, 224317, 3, 1, 23000.000, 11250.000),
    (1135, 106837003, 224832, 1, 2, 23000.000, 11250.000),
    (1136, 107061835, 225349, 2, 1, 23000.000, 11250.000),
    (1137, 107287184, 225867, 3, 1, 23000.000, 11250.000),
    (1138, 107513051, 226386, 1, 1, 23000.000, 11250.000),
    (1139, 107739437, 226906, 2, 1, 23000.000, 11250.000),
    (1140, 107966343, 227427, 3, 2, 23000.000, 11250.000),
    (1141, 108193770, 227950, 1, 1, 23000.000, 11250.000),
    (1142, 108421720, 228474, 2, 1, 23000.000, 11250.000),
    (1143, 108650194, 228999, 3, 1, 23000.000, 11250.000),
    (1144, 108879193, 229525, 1, 1, 23000.000, 11250.000),
    (1145, 109108718, 230052, 2, 2, 23000.000, 11250.000),
    (1146, 109338770, 230581, 3, 1, 23000.000, 11250.000),
    (1147, 109569351, 231111, 1, 1, 23000.000, 11250.000),
    (1148, 109800462, 231642, 2, 1, 23000.000, 11250.000),
    (1149, 110032104, 232174, 3, 1, 23000.000, 11250.000),
    (1150, 110264278, 232708, 1, 2, 24000.000, 11250.000),
    (1151, 110496986, 233243, 2, 1, 24000.000, 11250.000),
    (1152, 110730229, 233779, 3, 1, 24000.000, 11250.000),
    (1153, 110964008, 234316, 1, 1, 24000.000, 11250.000),
    (1154, 111198324, 234854, 2, 1, 24000.000, 11250.000),
    (1155, 111433178, 235394, 3, 2, 24000.000, 11250.000),
    (1156, 111668572, 235935, 1, 1, 24000.000, 11250.000),
    (1157, 111904507, 236477, 2, 1, 24000.000, 11250.000),
    (1158, 112140984, 237020, 3, 1, 24000.000, 11250.000),
    (1159, 112378004, 237565, 1, 1, 24000.000, 11250.000),
    (1160, 112615569, 238111, 2, 2, 24000.000, 11250.000),
    (1161, 112853680, 238658, 3, 1, 24000.000, 11250.000),
    (1162, 113092338, 239206, 1, 1, 24000.000, 11250.000),
    (1163, 113331544, 239756, 2, 1, 24000.000, 11250.000),
    (1164, 113571300, 240307, 3, 1, 24000.000, 11250.000),
    (1165, 113811607, 240859, 1, 2, 24000.000, 11250.000),
    (1166, 114052466, 241412, 2, 1, 24000.000, 11250.000),
    (1167, 114293878, 241967, 3, 1, 24000.000, 11250.000),
    (1168, 114535845, 242523, 1, 1, 24000.000, 11250.000),
    (1169, 114778368, 243080, 2, 1, 24000.000, 11250.000),
    (1170, 115021448, 243639, 3, 2, 24000.000, 11250.000),
    (1171, 115265087, 244199, 1, 1, 24000.000, 11250.000),
    (1172, 115509286, 244760, 2, 1, 24000.000, 11250.000),
    (1173, 115754046, 245322, 3, 1, 24000.000, 11250.000),
    (1174, 115999368, 245886, 1, 1, 24000.000, 11250.000),
    (1175, 116245254, 246451, 2, 2, 24000.000, 12188.000),
    (1176, 116491705, 247017, 3, 1, 24000.000, 12188.000),
    (1177, 116738722, 247585, 1, 1, 24000.000, 12188.000),
    (1178, 116986307, 248154, 2, 1, 24000.000, 12188.000),
    (1179, 117234461, 248724, 3, 1, 24000.000, 12188.000),
    (1180, 117483185, 249296, 1, 2, 24000.000, 12188.000),
    (1181, 117732481, 249869, 2, 1, 24000.000, 12188.000),
    (1182, 117982350, 250443, 3, 1, 24000.000, 12188.000),
    (1183, 118232793, 251019, 1, 1, 24000.000, 12188.000),
    (1184, 118483812, 251596, 2, 1, 24000.000, 12188.000),
    (1185, 118735408, 252174, 3, 2, 24000.000, 12188.000),
    (1186, 118987582, 252754, 1, 1, 24000.000, 12188.000),
    (1187, 119240336, 253335, 2, 1, 24000.000, 12188.000),
    (1188, 119493671, 253917, 3, 1, 24000.000, 12188.000),
    (1189, 119747588, 254501, 1, 1, 24000.000, 12188.000),
    (1190, 120002089, 255086, 2, 2, 24000.000, 12188.000),
    (1191, 120257175, 255672, 3, 1, 24000.000, 12188.000),
    (1192, 120512847, 256260, 1, 1, 24000.000, 12188.000),
    (1193, 120769107, 256849, 2, 1, 24000.000, 12188.000),
    (1194, 121025956, 257439, 3, 1, 24000.000, 12188.000),
    (1195, 121283395, 258031, 1, 2, 24000.000, 12188.000),
    (1196, 121541426, 258624, 2, 1, 24000.000, 12188.000),
    (1197, 121800050, 259218, 3, 1, 24000.000, 12188.000),
    (1198, 122059268, 259814, 1, 1, 24000.000, 12188.000),
    (1199, 122319082, 260411, 2, 1, 24000.000, 12188.000),
    (1200, 122579493, 261009, 3, 2, 25000.000, 12188.000),
    (1201, 122840502, 261609, 1, 1, 25000.000, 12188.000),
    (1202, 123102111, 262210, 2, 1, 25000.000, 12188.000),
    (1203, 123364321, 262813, 3, 1, 25000.000, 12188.000),
    (1204, 123627134, 263417, 1, 1, 25000.000, 12188.000),
    (1205, 123890551, 264022, 2, 2, 25000.000, 12188.000),
    (1206, 124154573, 264629, 3, 1, 25000.000, 12188.000),
    (1207, 124419202, 265237, 1, 1, 25000.000, 12188.000),
    (1208, 124684439, 265847, 2, 1, 25000.000, 12188.000),
    (1209, 124950286, 266458, 3, 1, 25000.000, 12188.000),
    (1210, 125216744, 267070, 1, 2, 25000.000, 12188.000),
    (1211, 125483814, 267684, 2, 1, 25000.000, 12188.000),
    (1212, 125751498, 268299, 3, 1, 25000.000, 12188.000),
    (1213, 126019797, 268916, 1, 1, 25000.000, 12188.000),
    (1214, 126288713, 269534, 2, 1, 25000.000, 12188.000),
    (1215, 126558247, 270153, 3, 2, 25000.000, 12188.000),
    (1216, 126828400, 270774, 1, 1, 25000.000, 12188.000),
    (1217, 127099174, 271396, 2, 1, 25000.000, 12188.000),
    (1218, 127370570, 272020, 3, 1, 25000.000, 12188.000),
    (1219, 127642590, 272645, 1, 1, 25000.000, 12188.000),
    (1220, 127915235, 273272, 2, 2, 25000.000, 12188.000),
    (1221, 128188507, 273900, 3, 1, 25000.000, 12188.000),
    (1222, 128462407, 274529, 1, 1, 25000.000, 12188.000),
    (1223, 128736936, 275160, 2, 1, 25000.000, 12188.000),
    (1224, 129012096, 275792, 3, 1, 25000.000, 12188.000),
    (1225, 129287888, 276426, 1, 2, 25000.000, 13163.000),
    (1226, 129564314, 277061, 2, 1, 25000.000, 13163.000),
    (1227, 129841375, 277698, 3, 1, 25000.000, 13163.000),
    (1228, 130119073, 278336, 1, 1, 25000.000, 13163.000),
    (1229, 130397409, 278976, 2, 1, 25000.000, 13163.000),
    (1230, 130676385, 279617, 3, 2, 25000.000, 13163.000),
    (1231, 130956002, 280260, 1, 1, 25000.000, 13163.000),
    (1232, 131236262, 280904, 2, 1, 25000.000, 13163.000),
    (1233, 131517166, 281550, 3, 1, 25000.000, 13163.000),
    (1234, 131798716, 282197, 1, 1, 25000.000, 13163.000),
    (1235, 132080913, 282846, 2, 2, 25000.000, 13163.000),
    (1236, 132363759, 283496, 3, 1, 25000.000, 13163.000),
    (1237, 132647255, 284148, 1, 1, 25000.000, 13163.000),
    (1238, 132931403, 284801, 2, 1, 25000.000, 13163.000),
    (1239, 133216204, 285456, 3, 1, 25000.000, 13163.000),
    (1240, 133501660, 286112, 1, 2, 25000.000, 13163.000),
    (1241, 133787772, 286770, 2, 1, 25000.000, 13163.000),
    (1242, 134074542, 287429, 3, 1, 25000.000, 13163.000),
    (1243, 134361971, 288090, 1, 1, 25000.000, 13163.000),
    (1244, 134650061, 288752, 2, 1, 25000.000, 13163.000),
    (1245, 134938813, 289416, 3, 2, 25000.000, 13163.000),
    (1246, 135228229, 290081, 1, 1, 25000.000, 13163.000),
    (1247, 135518310, 290748, 2, 1, 25000.000, 13163.000),
    (1248, 135809058, 291416, 3, 1, 25000.000, 13163.000),
    (1249, 136100474, 292086, 1, 1, 25000.000, 13163.000),
    (1250, 136392560, 292757, 2, 2, 26000.000, 13163.000),
    (1251, 136685317, 293430, 3, 1, 26000.000, 13163.000),
    (1252, 136978747, 294104, 1, 1, 26000.000, 13163.000),
    (1253, 137272851, 294780, 2, 1, 26000.000, 13163.000),
    (1254, 137567631, 295457, 3, 1, 26000.000, 13163.000),
    (1255, 137863088, 296136, 1, 2, 26000.000, 13163.000),
    (1256, 138159224, 296817, 2, 1, 26000.000, 13163.000),
    (1257, 138456041, 297499, 3, 1, 26000.000, 13163.000),
    (1258, 138753540, 298183, 1, 1, 26000.000, 13163.000),
    (1259, 139051723, 298868, 2, 1, 26000.000, 13163.000),
    (1260, 139350591, 299555, 3, 2, 26000.000, 13163.000),
    (1261, 139650146, 300243, 1, 1, 26000.000, 13163.000),
    (1262, 139950389, 300933, 2, 1, 26000.000, 13163.000),
    (1263, 140251322, 301625, 3, 1, 26000.000, 13163.000),
    (1264, 140552947, 302318, 1, 1, 26000.000, 13163.000),
    (1265, 140855265, 303013, 2, 2, 26000.000, 13163.000),
    (1266, 141158278, 303709, 3, 1, 26000.000, 13163.000),
    (1267, 141461987, 304407, 1, 1, 26000.000, 13163.000),
    (1268, 141766394, 305107, 2, 1, 26000.000, 13163.000),
    (1269, 142071501, 305808, 3, 1, 26000.000, 13163.000),
    (1270, 142377309, 306511, 1, 2, 26000.000, 13163.000),
    (1271, 142683820, 307215, 2, 1, 26000.000, 13163.000),
    (1272, 142991035, 307921, 3, 1, 26000.000, 13163.000),
    (1273, 143298956, 308629, 1, 1, 26000.000, 13163.000),
    (1274, 143607585, 309338, 2, 1, 26000.000, 13163.000),
    (1275, 143916923, 310049, 3, 2, 26000.000, 14175.000),
    (1276, 144226972, 310762, 1, 1, 26000.000, 14175.000),
    (1277, 144537734, 311476, 2, 1, 26000.000, 14175.000),
    (1278, 144849210, 312192, 3, 1, 26000.000, 14175.000),
    (1279, 145161402, 312910, 1, 1, 26000.000, 14175.000),
    (1280, 145474312, 313629, 2, 2, 26000.000, 14175.000),
    (1281, 145787941, 314350, 3, 1, 26000.000, 14175.000),
    (1282, 146102291, 315073, 1, 1, 26000.000, 14175.000),
    (1283, 146417364, 315797, 2, 1, 26000.000, 14175.000),
    (1284, 146733161, 316523, 3, 1, 26000.000, 14175.000),
    (1285, 147049684, 317251, 1, 2, 26000.000, 14175.000),
    (1286, 147366935, 317980, 2, 1, 26000.000, 14175.000),
    (1287, 147684915, 318711, 3, 1, 26000.000, 14175.000),
    (1288, 148003626, 319444, 1, 1, 26000.000, 14175.000),
    (1289, 148323070, 320178, 2, 1, 26000.000, 14175.000),
    (1290, 148643248, 320914, 3, 2, 26000.000, 14175.000),
    (1291, 148964162, 321652, 1, 1, 26000.000, 14175.000),
    (1292, 149285814, 322391, 2, 1, 26000.000, 14175.000),
    (1293, 149608205, 323132, 3, 1, 26000.000, 14175.000),
    (1294, 149931337, 323875, 1, 1, 26000.000, 14175.000),
    (1295, 150255212, 324619, 2, 2, 26000.000, 14175.000),
    (1296, 150579831, 325365, 3, 1, 26000.000, 14175.000),
    (1297, 150905196, 326113, 1, 1, 26000.000, 14175.000),
    (1298, 151231309, 326863, 2, 1, 26000.000, 14175.000),
    (1299, 151558172, 327614, 3, 1, 26000.000, 14175.000),
    (1300, 151885786, 328367, 1, 2, 27000.000, 14175.000),
    (1301, 152214153, 329122, 2, 1, 27000.000, 14175.000),
    (1302, 152543275, 329878, 3, 1, 27000.000, 14175.000),
    (1303, 152873153, 330636, 1, 1, 27000.000, 14175.000),
    (1304, 153203789, 331396, 2, 1, 27000.000, 14175.000),
    (1305, 153535185, 332158, 3, 2, 27000.000, 14175.000),
    (1306, 153867343, 332921, 1, 1, 27000.000, 14175.000),
    (1307, 154200264, 333686, 2, 1, 27000.000, 14175.000),
    (1308, 154533950, 334453, 3, 1, 27000.000, 14175.000),
    (1309, 154868403, 335222, 1, 1, 27000.000, 14175.000),
    (1310, 155203625, 335993, 2, 2, 27000.000, 14175.000),
    (1311, 155539618, 336765, 3, 1, 27000.000, 14175.000),
    (1312, 155876383, 337539, 1, 1, 27000.000, 14175.000),
    (1313, 156213922, 338315, 2, 1, 27000.000, 14175.000),
    (1314, 156552237, 339093, 3, 1, 27000.000, 14175.000),
    (1315, 156891330, 339872, 1, 2, 27000.000, 14175.000),
    (1316, 157231202, 340653, 2, 1, 27000.000, 14175.000),
    (1317, 157571855, 341436, 3, 1, 27000.000, 14175.000),
    (1318, 157913291, 342221, 1, 1, 27000.000, 14175.000),
    (1319, 158255512, 343008, 2, 1, 27000.000, 14175.000),
    (1320, 158598520, 343796, 3, 2, 27000.000, 14175.000),
    (1321, 158942316, 344586, 1, 1, 27000.000, 14175.000),
    (1322, 159286902, 345378, 2, 1, 27000.000, 14175.000),
    (1323, 159632280, 346172, 3, 1, 27000.000, 14175.000),
    (1324, 159978452, 346968, 1, 1, 27000.000, 14175.000),
    (1325, 160325420, 347766, 2, 2, 27000.000, 15225.000),
    (1326, 160673186, 348565, 3, 1, 27000.000, 15225.000),
    (1327, 161021751, 349366, 1, 1, 27000.000, 15225.000),
    (1328, 161371117, 350169, 2, 1, 27000.000, 15225.000),
    (1329, 161721286, 350974, 3, 1, 27000.000, 15225.000),
    (1330, 162072260, 351781, 1, 2, 27000.000, 15225.000),
    (1331, 162424041, 352590, 2, 1, 27000.000, 15225.000),
    (1332, 162776631, 353400, 3, 1, 27000.000, 15225.000),
    (1333, 163130031, 354212, 1, 1, 27000.000, 15225.000),
    (1334, 163484243, 355026, 2, 1, 27000.000, 15225.000),
    (1335, 163839269, 355842, 3, 2, 27000.000, 15225.000),
    (1336, 164195111, 356660, 1, 1, 27000.000, 15225.000),
    (1337, 164551771, 357480, 2, 1, 27000.000, 15225.000),
    (1338, 164909251, 358302, 3, 1, 27000.000, 15225.000),
    (1339, 165267553, 359126, 1, 1, 27000.000, 15225.000),
    (1340, 165626679, 359951, 2, 2, 27000.000, 15225.000),
    (1341, 165986630, 360778, 3, 1, 27000.000, 15225.000),
    (1342, 166347408, 361607, 1, 1, 27000.000, 15225.000),
    (1343, 166709015, 362438, 2, 1, 27000.000, 15225.000),
    (1344, 167071453, 363271, 3, 1, 27000.000, 15225.000),
    (1345, 167434724, 364106, 1, 2, 27000.000, 15225.000),
    (1346, 167798830, 364943, 2, 1, 27000.000, 15225.000),
    (1347, 168163773, 365782, 3, 1, 27000.000, 15225.000),
    (1348, 168529555, 366623, 1, 1, 27000.000, 15225.000),
    (1349, 168896178, 367466, 2, 1, 27000.000, 15225.000),
    (1350, 169263644, 368311, 3, 2, 28000.000, 15225.000),
    (1351, 169631955, 369158, 1, 1, 28000.000, 15225.000),
    (1352, 170001113, 370007, 2, 1, 28000.000, 15225.000),
    (1353, 170371120, 370858, 3, 1, 28000.000, 15225.000),
    (1354, 170741978, 371710, 1, 1, 28000.000, 15225.000),
    (1355, 171113688, 372564, 2, 2, 28000.000, 15225.000),
    (1356, 171486252, 373420, 3, 1, 28000.000, 15225.000),
    (1357, 171859672, 374278, 1, 1, 28000.000, 15225.000),
    (1358, 172233950, 375138, 2, 1, 28000.000, 15225.000),
    (1359, 172609088, 376000, 3, 1, 28000.000, 15225.000),
    (1360, 172985088, 376864, 1, 2, 28000.000, 15225.000),
    (1361, 173361952, 377730, 2, 1, 28000.000, 15225.000),
    (1362, 173739682, 378598, 3, 1, 28000.000, 15225.000),
    (1363, 174118280, 379468, 1, 1, 28000.000, 15225.000),
    (1364, 174497748, 380340, 2, 1, 28000.000, 15225.000),
    (1365, 174878088, 381214, 3, 2, 28000.000, 15225.000),
    (1366, 175259302, 382090, 1, 1, 28000.000, 15225.000),
    (1367, 175641392, 382968, 2, 1, 28000.000, 15225.000),
    (1368, 176024360, 383848, 3, 1, 28000.000, 15225.000),
    (1369, 176408208, 384730, 1, 1, 28000.000, 15225.000),
    (1370, 176792938, 385614, 2, 2, 28000.000, 15225.000),
    (1371, 177178552, 386500, 3, 1, 28000.000, 15225.000),
    (1372, 177565052, 387388, 1, 1, 28000.000, 15225.000),
    (1373, 177952440, 388278, 2, 1, 28000.000, 15225.000),
    (1374, 178340718, 389171, 3, 1, 28000.000, 15225.000),
    (1375, 178729889, 390066, 1, 2, 28000.000, 16313.000),
    (1376, 179119955, 390963, 2, 1, 28000.000, 16313.000),
    (1377, 179510918, 391862, 3, 1, 28000.000, 16313.000),
    (1378, 179902780, 392763, 1, 1, 28000.000, 16313.000),
    (1379, 180295543, 393666, 2, 1, 28000.000, 16313.000),
    (1380, 180689209, 394571, 3, 2, 28000.000, 16313.000),
    (1381, 181083780, 395478, 1, 1, 28000.000, 16313.000),
    (1382, 181479258, 396387, 2, 1, 28000.000, 16313.000),
    (1383, 181875645, 397298, 3, 1, 28000.000, 16313.000),
    (1384, 182272943, 398211, 1, 1, 28000.000, 16313.000),
    (1385, 182671154, 399126, 2, 2, 28000.000, 16313.000),
    (1386, 183070280, 400043, 3, 1, 28000.000, 16313.000),
    (1387, 183470323, 400963, 1, 1, 28000.000, 16313.000),
    (1388, 183871286, 401885, 2, 1, 28000.000, 16313.000),
    (1389, 184273171, 402809, 3, 1, 28000.000, 16313.000),
    (1390, 184675980, 403735, 1, 2, 28000.000, 16313.000),
    (1391, 185079715, 404663, 2, 1, 28000.000, 16313.000),
    (1392, 185484378, 405593, 3, 1, 28000.000, 16313.000),
    (1393, 185889971, 406525, 1, 1, 28000.000, 16313.000),
    (1394, 186296496, 407460, 2, 1, 28000.000, 16313.000),
    (1395, 186703956, 408397, 3, 2, 28000.000, 16313.000),
    (1396, 187112353, 409336, 1, 1, 28000.000, 16313.000),
    (1397, 187521689, 410277, 2, 1, 28000.000, 16313.000),
    (1398, 187931966, 411220, 3, 1, 28000.000, 16313.000),
    (1399, 188343186, 412165, 1, 1, 28000.000, 16313.000),
    (1400, 188755351, 413112, 2, 2, 29000.000, 16313.000),
    (1401, 189168463, 414062, 3, 1, 29000.000, 16313.000),
    (1402, 189582525, 415014, 1, 1, 29000.000, 16313.000),
    (1403, 189997539, 415968, 2, 1, 29000.000, 16313.000),
    (1404, 190413507, 416924, 3, 1, 29000.000, 16313.000),
    (1405, 190830431, 417882, 1, 2, 29000.000, 16313.000),
    (1406, 191248313, 418843, 2, 1, 29000.000, 16313.000),
    (1407, 191667156, 419806, 3, 1, 29000.000, 16313.000),
    (1408, 192086962, 420771, 1, 1, 29000.000, 16313.000),
    (1409, 192507733, 421738, 2, 1, 29000.000, 16313.000),
    (1410, 192929471, 422707, 3, 2, 29000.000, 16313.000),
    (1411, 193352178, 423679, 1, 1, 29000.000, 16313.000),
    (1412, 193775857, 424653, 2, 1, 29000.000, 16313.000),
    (1413, 194200510, 425629, 3, 1, 29000.000, 16313.000),
    (1414, 194626139, 426607, 1, 1, 29000.000, 16313.000),
    (1415, 195052746, 427588, 2, 2, 29000.000, 16313.000),
    (1416, 195480334, 428571, 3, 1, 29000.000, 16313.000),
    (1417, 195908905, 429556, 1, 1, 29000.000, 16313.000),
    (1418, 196338461, 430543, 2, 1, 29000.000, 16313.000),
    (1419, 196769004, 431533, 3, 1, 29000.000, 16313.000),
    (1420, 197200537, 432525, 1, 2, 29000.000, 16313.000),
    (1421, 197633062, 433519, 2, 1, 29000.000, 16313.000),
    (1422, 198066581, 434516, 3, 1, 29000.000, 16313.000),
    (1423, 198501097, 435515, 1, 1, 29000.000, 16313.000),
    (1424, 198936612, 436516, 2, 1, 29000.000, 16313.000),
    (1425, 199373128, 437519, 3, 2, 29000.000, 17438.000),
    (1426, 199810647, 438525, 1, 1, 29000.000, 17438.000),
    (1427, 200249172, 439533, 2, 1, 29000.000, 17438.000),
    (1428, 200688705, 440543, 3, 1, 29000.000, 17438.000),
    (1429, 201129248, 441556, 1, 1, 29000.000, 17438.000),
    (1430, 201570804, 442571, 2, 2, 29000.000, 17438.000),
    (1431, 202013375, 443588, 3, 1, 29000.000, 17438.000),
    (1432, 202456963, 444608, 1, 1, 29000.000, 17438.000),
    (1433, 202901571, 445630, 2, 1, 29000.000, 17438.000),
    (1434, 203347201, 446654, 3, 1, 29000.000, 17438.000),
    (1435, 203793855, 447681, 1, 2, 29000.000, 17438.000),
    (1436, 204241536, 448710, 2, 1, 29000.000, 17438.000),
    (1437, 204690246, 449742, 3, 1, 29000.000, 17438.000),
    (1438, 205139988, 450776, 1, 1, 29000.000, 17438.000),
    (1439, 205590764, 451812, 2, 1, 29000.000, 17438.000),
    (1440, 206042576, 452851, 3, 2, 29000.000, 17438.000),
    (1441, 206495427, 453892, 1, 1, 29000.000, 17438.000),
    (1442, 206949319, 454935, 2, 1, 29000.000, 17438.000),
    (1443, 207404254, 455981, 3, 1, 29000.000, 17438.000),
    (1444, 207860235, 457029, 1, 1, 29000.000, 17438.000),
    (1445, 208317264, 458080, 2, 2, 29000.000, 17438.000),
    (1446, 208775344, 459133, 3, 1, 29000.000, 17438.000),
    (1447, 209234477, 460189, 1, 1, 29000.000, 17438.000),
    (1448, 209694666, 461247, 2, 1, 29000.000, 17438.000),
    (1449, 210155913, 462307, 3, 1, 29000.000, 17438.000),
    (1450, 210618220, 463370, 1, 2, 30000.000, 17438.000),
    (1451, 211081590, 464435, 2, 1, 30000.000, 17438.000),
    (1452, 211546025, 465503, 3, 1, 30000.000, 17438.000),
    (1453, 212011528, 466573, 1, 1, 30000.000, 17438.000),
    (1454, 212478101, 467646, 2, 1, 30000.000, 17438.000),
    (1455, 212945747, 468721, 3, 2, 30000.000, 17438.000),
    (1456, 213414468, 469799, 1, 1, 30000.000, 17438.000),
    (1457, 213884267, 470879, 2, 1, 30000.000, 17438.000),
    (1458, 214355146, 471962, 3, 1, 30000.000, 17438.000),
    (1459, 214827108, 473047, 1, 1, 30000.000, 17438.000),
    (1460, 215300155, 474135, 2, 2, 30000.000, 17438.000),
    (1461, 215774290, 475225, 3, 1, 30000.000, 17438.000),
    (1462, 216249515, 476318, 1, 1, 30000.000, 17438.000),
    (1463, 216725833, 477413, 2, 1, 30000.000, 17438.000),
    (1464, 217203246, 478511, 3, 1, 30000.000, 17438.000),
    (1465, 217681757, 479611, 1, 2, 30000.000, 17438.000),
    (1466, 218161368, 480714, 2, 1, 30000.000, 17438.000),
    (1467, 218642082, 481819, 3, 1, 30000.000, 17438.000),
    (1468, 219123901, 482927, 1, 1, 30000.000, 17438.000),
    (1469, 219606828, 484037, 2, 1, 30000.000, 17438.000),
    (1470, 220090865, 485150, 3, 2, 30000.000, 17438.000),
    (1471, 220576015, 486265, 1, 1, 30000.000, 17438.000),
    (1472, 221062280, 487383, 2, 1, 30000.000, 17438.000),
    (1473, 221549663, 488503, 3, 1, 30000.000, 17438.000),
    (1474, 222038166, 489626, 1, 1, 30000.000, 17438.000),
    (1475, 222527792, 490752, 2, 2, 30000.000, 18600.000),
    (1476, 223018544, 491880, 3, 1, 30000.000, 18600.000),
    (1477, 223510424, 493011, 1, 1, 30000.000, 18600.000),
    (1478, 224003435, 494144, 2, 1, 30000.000, 18600.000),
    (1479, 224497579, 495280, 3, 1, 30000.000, 18600.000),
    (1480, 224992859, 496419, 1, 2, 30000.000, 18600.000),
    (1481, 225489278, 497560, 2, 1, 30000.000, 18600.000),
    (1482, 225986838, 498704, 3, 1, 30000.000, 18600.000),
    (1483, 226485542, 499851, 1, 1, 30000.000, 18600.000),
    (1484, 226985393, 501000, 2, 1, 30000.000, 18600.000),
    (1485, 227486393, 502152, 3, 2, 30000.000, 18600.000),
    (1486, 227988545, 503306, 1, 1, 30000.000, 18600.000),
    (1487, 228491851, 504463, 2, 1, 30000.000, 18600.000),
    (1488, 228996314, 505623, 3, 1, 30000.000, 18600.000),
    (1489, 229501937, 506785, 1, 1, 30000.000, 18600.000),
    (1490, 230008722, 507950, 2, 2, 30000.000, 18600.000),
    (1491, 230516672, 509118, 3, 1, 30000.000, 18600.000),
    (1492, 231025790, 510288, 1, 1, 30000.000, 18600.000),
    (1493, 231536078, 511461, 2, 1, 30000.000, 18600.000),
    (1494, 232047539, 512637, 3, 1, 30000.000, 18600.000),
    (1495, 232560176, 513816, 1, 2, 30000.000, 18600.000),
    (1496, 233073992, 514997, 2, 1, 30000.000, 18600.000),
    (1497, 233588989, 516181, 3, 1, 30000.000, 18600.000),
    (1498, 234105170, 517368, 1, 1, 30000.000, 18600.000),
    (1499, 234622538, 518557, 2, 1, 30000.000, 18600.000),
    (1500, 235141095, 519749, 3, 2, 31000.000, 18600.000),
    (1501, 235660844, 520944, 1, 1, 31000.000, 18600.000),
    (1502, 236181788, 522142, 2, 1, 31000.000, 18600.000),
    (1503, 236703930, 523342, 3, 1, 31000.000, 18600.000),
    (1504, 237227272, 524545, 1, 1, 31000.000, 18600.000),
    (1505, 237751817, 525751, 2, 2, 31000.000, 18600.000),
    (1506, 238277568, 526960, 3, 1, 31000.000, 18600.000),
    (1507, 238804528, 528172, 1, 1, 31000.000, 18600.000),
    (1508, 239332700, 529386, 2, 1, 31000.000, 18600.000),
    (1509, 239862086, 530603, 3, 1, 31000.000, 18600.000),
    (1510, 240392689, 531823, 1, 2, 31000.000, 18600.000),
    (1511, 240924512, 533046, 2, 1, 31000.000, 18600.000),
    (1512, 241457558, 534272, 3, 1, 31000.000, 18600.000),
    (1513, 241991830, 535500, 1, 1, 31000.000, 18600.000),
    (1514, 242527330, 536731, 2, 1, 31000.000, 18600.000),
    (1515, 243064061, 537965, 3, 2, 31000.000, 18600.000),
    (1516, 243602026, 539202, 1, 1, 31000.000, 18600.000),
    (1517, 244141228, 540442, 2, 1, 31000.000, 18600.000),
    (1518, 244681670, 541685, 3, 1, 31000.000, 18600.000),
    (1519, 245223355, 542930, 1, 1, 31000.000, 18600.000),
    (1520, 245766285, 544178, 2, 2, 31000.000, 18600.000),
    (1521, 246310463, 545429, 3, 1, 31000.000, 18600.000),
    (1522, 246855892, 546683, 1, 1, 31000.000, 18600.000),
    (1523, 247402575, 547940, 2, 1, 31000.000, 18600.000),
    (1524, 247950515, 549200, 3, 1, 31000.000, 18600.000),
    (1525, 248499715, 550463, 1, 2, 31000.000, 19800.000),
    (1526, 249050178, 551729, 2, 1, 31000.000, 19800.000),
    (1527, 249601907, 552997, 3, 1, 31000.000, 19800.000),
    (1528, 250154904, 554268, 1, 1, 31000.000, 19800.000),
    (1529, 250709172, 555542, 2, 1, 31000.000, 19800.000),
    (1530, 251264714, 556819, 3, 2, 31000.000, 19800.000),
    (1531, 251821533, 558099, 1, 1, 31000.000, 19800.000),
    (1532, 252379632, 559382, 2, 1, 31000.000, 19800.000),
    (1533, 252939014, 560668, 3, 1, 31000.000, 19800.000),
    (1534, 253499682, 561957, 1, 1, 31000.000, 19800.000),
    (1535, 254061639, 563249, 2, 2, 31000.000, 19800.000),
    (1536, 254624888, 564544, 3, 1, 31000.000, 19800.000),
    (1537, 255189432, 565842, 1, 1, 31000.000, 19800.000),
    (1538, 255755274, 567143, 2, 1, 31000.000, 19800.000),
    (1539, 256322417, 568447, 3, 1, 31000.000, 19800.000),
    (1540, 256890864, 569754, 1, 2, 31000.000, 19800.000),
    (1541, 257460618, 571064, 2, 1, 31000.000, 19800.000),
    (1542, 258031682, 572377, 3, 1, 31000.000, 19800.000),
    (1543, 258604059, 573693, 1, 1, 31000.000, 19800.000),
    (1544, 259177752, 575012, 2, 1, 31000.000, 19800.000),
    (1545, 259752764, 576334, 3, 2, 31000.000, 19800.000),
    (1546, 260329098, 577659, 1, 1, 31000.000, 19800.000),
    (1547, 260906757, 578987, 2, 1, 31000.000, 19800.000),
    (1548, 261485744, 580318, 3, 1, 31000.000, 19800.000),
    (1549, 262066062, 581652, 1, 1, 31000.000, 19800.000),
    (1550, 262647714, 582989, 2, 2, 32000.000, 19800.000),
    (1551, 263230703, 584329, 3, 1, 32000.000, 19800.000),
    (1552, 263815032, 585672, 1, 1, 32000.000, 19800.000),
    (1553, 264400704, 587019, 2, 1, 32000.000, 19800.000),
    (1554, 264987723, 588369, 3, 1, 32000.000, 19800.000),
    (1555, 265576092, 589722, 1, 2, 32000.000, 19800.000),
    (1556, 266165814, 591078, 2, 1, 32000.000, 19800.000),
    (1557, 266756892, 592437, 3, 1, 32000.000, 19800.000),
    (1558, 267349329, 593799, 1, 1, 32000.000, 19800.000),
    (1559, 267943128, 595164, 2, 1, 32000.000, 19800.000),
    (1560, 268538292, 596532, 3, 2, 32000.000, 19800.000),
    (1561, 269134824, 597904, 1, 1, 32000.000, 19800.000),
    (1562, 269732728, 599279, 2, 1, 32000.000, 19800.000),
    (1563, 270332007, 600657, 3, 1, 32000.000, 19800.000),
    (1564, 270932664, 602038, 1, 1, 32000.000, 19800.000),
    (1565, 271534702, 603422, 2, 2, 32000.000, 19800.000),
    (1566, 272138124, 604809, 3, 1, 32000.000, 19800.000),
    (1567, 272742933, 606200, 1, 1, 32000.000, 19800.000),
    (1568, 273349133, 607594, 2, 1, 32000.000, 19800.000),
    (1569, 273956727, 608991, 3, 1, 32000.000, 19800.000),
    (1570, 274565718, 610391, 1, 2, 32000.000, 19800.000),
    (1571, 275176109, 611794, 2, 1, 32000.000, 19800.000),
    (1572, 275787903, 613201, 3, 1, 32000.000, 19800.000),
    (1573, 276401104, 614611, 1, 1, 32000.000, 19800.000),
    (1574, 277015715, 616024, 2, 1, 32000.000, 19800.000),
    (1575, 277631739, 617440, 3, 2, 32000.000, 21038.000),
    (1576, 278249179, 618860, 1, 1, 32000.000, 21038.000),
    (1577, 278868039, 620283, 2, 1, 32000.000, 21038.000),
    (1578, 279488322, 621709, 3, 1, 32000.000, 21038.000),
    (1579, 280110031, 623138, 1, 1, 32000.000, 21038.000),
    (1580, 280733169, 624571, 2, 2, 32000.000, 21038.000),
    (1581, 281357740, 626007, 3, 1, 32000.000, 21038.000),
    (1582, 281983747, 627446, 1, 1, 32000.000, 21038.000),
    (1583, 282611193, 628889, 2, 1, 32000.000, 21038.000),
    (1584, 283240082, 630335, 3, 1, 32000.000, 21038.000),
    (1585, 283870417, 631784, 1, 2, 32000.000, 21038.000),
    (1586, 284502201, 633237, 2, 1, 32000.000, 21038.000),
    (1587, 285135438, 634693, 3, 1, 32000.000, 21038.000),
    (1588, 285770131, 636152, 1, 1, 32000.000, 21038.000),
    (1589, 286406283, 637615, 2, 1, 32000.000, 21038.000),
    (1590, 287043898, 639081, 3, 2, 32000.000, 21038.000),
    (1591, 287682979, 640550, 1, 1, 32000.000, 21038.000),
    (1592, 288323529, 642023, 2, 1, 32000.000, 21038.000),
    (1593, 288965552, 643499, 3, 1, 32000.000, 21038.000),
    (1594, 289609051, 644979, 1, 1, 32000.000, 21038.000),
    (1595, 290254030, 646462, 2, 2, 32000.000, 21038.000),
    (1596, 290900492, 647948, 3, 1, 32000.000, 21038.000),
    (1597, 291548440, 649438, 1, 1, 32000.000, 21038.000),
    (1598, 292197878, 650931, 2, 1, 32000.000, 21038.000),
    (1599, 292848809, 652428, 3, 1, 32000.000, 21038.000),
    (1600, 293501237, 653928, 1, 2, 33000.000, 21038.000),
    (1601, 294155165, 655432, 2, 1, 33000.000, 21038.000),
    (1602, 294810597, 656939, 3, 1, 33000.000, 21038.000),
    (1603, 295467536, 658449, 1, 1, 33000.000, 21038.000),
    (1604, 296125985, 659963, 2, 1, 33000.000, 21038.000),
    (1605, 296785948, 661480, 3, 2, 33000.000, 21038.000),
    (1606, 297447428, 663001, 1, 1, 33000.000, 21038.000),
    (1607, 298110429, 664525, 2, 1, 33000.000, 21038.000),
    (1608, 298774954, 666053, 3, 1, 33000.000, 21038.000),
    (1609, 299441007, 667584, 1, 1, 33000.000, 21038.000),
    (1610, 300108591, 669119, 2, 2, 33000.000, 21038.000),
    (1611, 300777710, 670657, 3, 1, 33000.000, 21038.000),
    (1612, 301448367, 672199, 1, 1, 33000.000, 21038.000),
    (1613, 302120566, 673745, 2, 1, 33000.000, 21038.000),
    (1614, 302794311, 675294, 3, 1, 33000.000, 21038.000),
    (1615, 303469605, 676847, 1, 2, 33000.000, 21038.000),
    (1616, 304146452, 678403, 2, 1, 33000.000, 21038.000),
    (1617, 304824855, 679963, 3, 1, 33000.000, 21038.000),
    (1618, 305504818, 681526, 1, 1, 33000.000, 21038.000),
    (1619, 306186344, 683093, 2, 1, 33000.000, 21038.000),
    (1620, 306869437, 684664, 3, 2, 33000.000, 21038.000),
    (1621, 307554101, 686238, 1, 1, 33000.000, 21038.000),
    (1622, 308240339, 687816, 2, 1, 33000.000, 21038.000),
    (1623, 308928155, 689397, 3, 1, 33000.000, 21038.000),
    (1624, 309617552, 690982, 1, 1, 33000.000, 21038.000),
    (1625, 310308534, 692571, 2, 2, 33000.000, 22313.000),
    (1626, 311001105, 694163, 3, 1, 33000.000, 22313.000),
    (1627, 311695268, 695759, 1, 1, 33000.000, 22313.000),
    (1628, 312391027, 697359, 2, 1, 33000.000, 22313.000),
    (1629, 313088386, 698962, 3, 1, 33000.000, 22313.000),
    (1630, 313787348, 700569, 1, 2, 33000.000, 22313.000),
    (1631, 314487917, 702180, 2, 1, 33000.000, 22313.000),
    (1632, 315190097, 703795, 3, 1, 33000.000, 22313.000),
    (1633, 315893892, 705413, 1, 1, 33000.000, 22313.000),
    (1634, 316599305, 707035, 2, 1, 33000.000, 22313.000),
    (1635, 317306340, 708661, 3, 2, 33000.000, 22313.000),
    (1636, 318015001, 710290, 1, 1, 33000.000, 22313.000),
    (1637, 318725291, 711923, 2, 1, 33000.000, 22313.000),
    (1638, 319437214, 713560, 3, 1, 33000.000, 22313.000),
    (1639, 320150774, 715201, 1, 1, 33000.000, 22313.000),
    (1640, 320865975, 716845, 2, 2, 33000.000, 22313.000),
    (1641, 321582820, 718493, 3, 1, 33000.000, 22313.000),
    (1642, 322301313, 720145, 1, 1, 33000.000, 22313.000),
    (1643, 323021458, 721801, 2, 1, 33000.000, 22313.000),
    (1644, 323743259, 723461, 3, 1, 33000.000, 22313.000),
    (1645, 324466720, 725124, 1, 2, 33000.000, 22313.000),
    (1646, 325191844, 726791, 2, 1, 33000.000, 22313.000),
    (1647, 325918635, 728462, 3, 1, 33000.000, 22313.000),
    (1648, 326647097, 730137, 1, 1, 33000.000, 22313.000),
    (1649, 327377234, 731816, 2, 1, 33000.000, 22313.000),
    (1650, 328109050, 735480, 3, 2, 34000.000, 22313.000),
    (1651, 328844530, 739160, 1, 1, 34000.000, 22313.000),
    (1652, 329583690, 742860, 2, 1, 34000.000, 22313.000),
    (1653, 330326550, 746570, 3, 1, 34000.000, 22313.000),
    (1654, 331073120, 750300, 1, 1, 34000.000, 22313.000),
    (1655, 331823420, 754050, 2, 2, 34000.000, 22313.000),
    (1656, 332577470, 757820, 3, 1, 34000.000, 22313.000),
    (1657, 333335290, 761610, 1, 1, 34000.000, 22313.000),
    (1658, 334096900, 765420, 2, 1, 34000.000, 22313.000),
    (1659, 334862320, 769250, 3, 1, 34000.000, 22313.000),
    (1660, 335631570, 773100, 1, 2, 34000.000, 22313.000),
    (1661, 336404670, 776970, 2, 1, 34000.000, 22313.000),
    (1662, 337181640, 780850, 3, 1, 34000.000, 22313.000),
    (1663, 337962490, 784750, 1, 1, 34000.000, 22313.000),
    (1664, 338747240, 788670, 2, 1, 34000.000, 22313.000),
    (1665, 339535910, 792610, 3, 2, 34000.000, 22313.000),
    (1666, 340328520, 796570, 1, 1, 34000.000, 22313.000),
    (1667, 341125090, 800550, 2, 1, 34000.000, 22313.000),
    (1668, 341925640, 804550, 3, 1, 34000.000, 22313.000),
    (1669, 342730190, 808570, 1, 1, 34000.000, 22313.000),
    (1670, 343538760, 812610, 2, 2, 34000.000, 22313.000),
    (1671, 344351370, 816670, 3, 1, 34000.000, 22313.000),
    (1672, 345168040, 820750, 1, 1, 34000.000, 22313.000),
    (1673, 345988790, 824850, 2, 1, 34000.000, 22313.000),
    (1674, 346813640, 828970, 3, 1, 34000.000, 22313.000),
    (1675, 347642610, 833110, 1, 2, 34000.000, 23625.000),
    (1676, 348475720, 837280, 2, 1, 34000.000, 23625.000),
    (1677, 349313000, 841470, 3, 1, 34000.000, 23625.000),
    (1678, 350154470, 845680, 1, 1, 34000.000, 23625.000),
    (1679, 351000150, 849910, 2, 1, 34000.000, 23625.000),
    (1680, 351850060, 854160, 3, 2, 34000.000, 23625.000),
    (1681, 352704220, 858430, 1, 1, 34000.000, 23625.000),
    (1682, 353562650, 862720, 2, 1, 34000.000, 23625.000),
    (1683, 354425370, 867030, 3, 1, 34000.000, 23625.000),
    (1684, 355292400, 871370, 1, 1, 34000.000, 23625.000),
    (1685, 356163770, 875730, 2, 2, 34000.000, 23625.000),
    (1686, 357039500, 880110, 3, 1, 34000.000, 23625.000),
    (1687, 357919610, 884510, 1, 1, 34000.000, 23625.000),
    (1688, 358804120, 888930, 2, 1, 34000.000, 23625.000),
    (1689, 359693050, 893370, 3, 1, 34000.000, 23625.000),
    (1690, 360586420, 897840, 1, 2, 34000.000, 23625.000),
    (1691, 361484260, 902330, 2, 1, 34000.000, 23625.000),
    (1692, 362386590, 906840, 3, 1, 34000.000, 23625.000),
    (1693, 363293430, 911370, 1, 1, 34000.000, 23625.000),
    (1694, 364204800, 915930, 2, 1, 34000.000, 23625.000),
    (1695, 365120730, 920510, 3, 2, 34000.000, 23625.000),
    (1696, 366041240, 925110, 1, 1, 34000.000, 23625.000),
    (1697, 366966350, 929740, 2, 1, 34000.000, 23625.000),
    (1698, 367896090, 934390, 3, 1, 34000.000, 23625.000),
    (1699, 368830480, 939060, 1, 1, 34000.000, 23625.000),
    (1700, 369769540, 943760, 2, 2, 35000.000, 23625.000),
    (1701, 370713300, 948480, 3, 1, 35000.000, 23625.000),
    (1702, 371661780, 953220, 1, 1, 35000.000, 23625.000),
    (1703, 372615000, 957990, 2, 1, 35000.000, 23625.000),
    (1704, 373572990, 962780, 3, 1, 35000.000, 23625.000),
    (1705, 374535770, 967590, 1, 2, 35000.000, 23625.000),
    (1706, 375503360, 972430, 2, 1, 35000.000, 23625.000),
    (1707, 376475790, 977290, 3, 1, 35000.000, 23625.000),
    (1708, 377453080, 982180, 1, 1, 35000.000, 23625.000),
    (1709, 378435260, 987090, 2, 1, 35000.000, 23625.000),
    (1710, 379422350, 992030, 3, 2, 35000.000, 23625.000),
    (1711, 380414380, 996990, 1, 1, 35000.000, 23625.000),
    (1712, 381411370, 1001970, 2, 1, 35000.000, 23625.000),
    (1713, 382413340, 1006980, 3, 1, 35000.000, 23625.000),
    (1714, 383420320, 1012010, 1, 1, 35000.000, 23625.000),
    (1715, 384432330, 1017070, 2, 2, 35000.000, 23625.000),
    (1716, 385449400, 1022160, 3, 1, 35000.000, 23625.000),
    (1717, 386471560, 1027270, 1, 1, 35000.000, 23625.000),
    (1718, 387498830, 1032410, 2, 1, 35000.000, 23625.000),
    (1719, 388531240, 1037570, 3, 1, 35000.000, 23625.000),
    (1720, 389568810, 1042760, 1, 2, 35000.000, 23625.000),
    (1721, 390611570, 1047970, 2, 1, 35000.000, 23625.000),
    (1722, 391659540, 1053210, 3, 1, 35000.000, 23625.000),
    (1723, 392712750, 1058480, 1, 1, 35000.000, 23625.000),
    (1724, 393771230, 1063770, 2, 1, 35000.000, 23625.000),
    (1725, 394835000, 1069090, 3, 2, 35000.000, 24975.000),
    (1726, 395904090, 1074440, 1, 1, 35000.000, 24975.000),
    (1727, 396978530, 1079810, 2, 1, 35000.000, 24975.000),
    (1728, 398058340, 1085210, 3, 1, 35000.000, 24975.000),
    (1729, 399143550, 1090640, 1, 1, 35000.000, 24975.000),
    (1730, 400234190, 1096090, 2, 2, 35000.000, 24975.000),
    (1731, 401330280, 1101570, 3, 1, 35000.000, 24975.000),
    (1732, 402431850, 1107080, 1, 1, 35000.000, 24975.000),
    (1733, 403538930, 1112620, 2, 1, 35000.000, 24975.000),
    (1734, 404651550, 1118180, 3, 1, 35000.000, 24975.000),
    (1735, 405769730, 1123770, 1, 2, 35000.000, 24975.000),
    (1736, 406893500, 1129390, 2, 1, 35000.000, 24975.000),
    (1737, 408022890, 1135040, 3, 1, 35000.000, 24975.000),
    (1738, 409157930, 1140720, 1, 1, 35000.000, 24975.000),
    (1739, 410298650, 1146420, 2, 1, 35000.000, 24975.000),
    (1740, 411445070, 1152150, 3, 2, 35000.000, 24975.000),
    (1741, 412597220, 1157910, 1, 1, 35000.000, 24975.000),
    (1742, 413755130, 1163700, 2, 1, 35000.000, 24975.000),
    (1743, 414918830, 1169520, 3, 1, 35000.000, 24975.000),
    (1744, 416088350, 1175370, 1, 1, 35000.000, 24975.000),
    (1745, 417263720, 1181250, 2, 2, 35000.000, 24975.000),
    (1746, 418444970, 1187160, 3, 1, 35000.000, 24975.000),
    (1747, 419632130, 1193100, 1, 1, 35000.000, 24975.000),
    (1748, 420825230, 1199070, 2, 1, 35000.000, 24975.000),
    (1749, 422024300, 1205070, 3, 1, 35000.000, 24975.000),
    (1750, 423229370, 1211100, 1, 2, 36000.000, 24975.000),
    (1751, 424440470, 1217160, 2, 1, 36000.000, 24975.000),
    (1752, 425657630, 1223250, 3, 1, 36000.000, 24975.000),
    (1753, 426880880, 1229370, 1, 1, 36000.000, 24975.000),
    (1754, 428110250, 1235520, 2, 1, 36000.000, 24975.000),
    (1755, 429345770, 1241700, 3, 2, 36000.000, 24975.000),
    (1756, 430587470, 1247910, 1, 1, 36000.000, 24975.000),
    (1757, 431835380, 1254150, 2, 1, 36000.000, 24975.000),
    (1758, 433089530, 1260420, 3, 1, 36000.000, 24975.000),
    (1759, 434349950, 1266720, 1, 1, 36000.000, 24975.000),
    (1760, 435616670, 1273050, 2, 2, 36000.000, 24975.000),
    (1761, 436889720, 1279420, 3, 1, 36000.000, 24975.000),
    (1762, 438169140, 1285820, 1, 1, 36000.000, 24975.000),
    (1763, 439454960, 1292250, 2, 1, 36000.000, 24975.000),
    (1764, 440747210, 1298710, 3, 1, 36000.000, 24975.000),
    (1765, 442045920, 1305200, 1, 2, 36000.000, 24975.000),
    (1766, 443351120, 1311730, 2, 1, 36000.000, 24975.000),
    (1767, 444662850, 1318290, 3, 1, 36000.000, 24975.000),
    (1768, 445981140, 1324880, 1, 1, 36000.000, 24975.000),
    (1769, 447306020, 1331500, 2, 1, 36000.000, 24975.000),
    (1770, 448637520, 1338160, 3, 2, 36000.000, 24975.000),
    (1771, 449975680, 1344850, 1, 1, 36000.000, 24975.000),
    (1772, 451320530, 1351570, 2, 1, 36000.000, 24975.000),
    (1773, 452672100, 1358330, 3, 1, 36000.000, 24975.000),
    (1774, 454030430, 1365120, 1, 1, 36000.000, 24975.000),
    (1775, 455395550, 1371950, 2, 2, 36000.000, 26363.000),
    (1776, 456767500, 1378810, 3, 1, 36000.000, 26363.000),
    (1777, 458146310, 1385700, 1, 1, 36000.000, 26363.000),
    (1778, 459532010, 1392630, 2, 1, 36000.000, 26363.000),
    (1779, 460924640, 1399590, 3, 1, 36000.000, 26363.000),
    (1780, 462324230, 1406590, 1, 2, 36000.000, 26363.000),
    (1781, 463730820, 1413620, 2, 1, 36000.000, 26363.000),
    (1782, 465144440, 1420690, 3, 1, 36000.000, 26363.000),
    (1783, 466565130, 1427790, 1, 1, 36000.000, 26363.000),
    (1784, 467992920, 1434930, 2, 1, 36000.000, 26363.000),
    (1785, 469427850, 1442100, 3, 2, 36000.000, 26363.000),
    (1786, 470869950, 1449310, 1, 1, 36000.000, 26363.000),
    (1787, 472319260, 1456560, 2, 1, 36000.000, 26363.000),
    (1788, 473775820, 1463840, 3, 1, 36000.000, 26363.000),
    (1789, 475239660, 1471160, 1, 1, 36000.000, 26363.000),
    (1790, 476710820, 1478520, 2, 2, 36000.000, 26363.000),
    (1791, 478189340, 1485910, 3, 1, 36000.000, 26363.000),
    (1792, 479675250, 1493340, 1, 1, 36000.000, 26363.000),
    (1793, 481168590, 1500810, 2, 1, 36000.000, 26363.000),
    (1794, 482669400, 1508310, 3, 1, 36000.000, 26363.000),
    (1795, 484177710, 1515850, 1, 2, 36000.000, 26363.000),
    (1796, 485693560, 1523430, 2, 1, 36000.000, 26363.000),
    (1797, 487216990, 1531050, 3, 1, 36000.000, 26363.000),
    (1798, 488748040, 1538710, 1, 1, 36000.000, 26363.000),
    (1799, 490286750, 1546400, 2, 1, 36000.000, 26363.000),
    (1800, 491833150, 1561860, 3, 2, 37000.000, 26363.000),
    (1801, 493395010, 1577480, 1, 1, 37000.000, 26363.000),
    (1802, 494972490, 1593250, 2, 1, 37000.000, 26363.000),
    (1803, 496565740, 1609180, 3, 1, 37000.000, 26363.000),
    (1804, 498174920, 1625270, 1, 1, 37000.000, 26363.000),
    (1805, 499800190, 1641520, 2, 2, 37000.000, 26363.000),
    (1806, 501441710, 1657940, 3, 1, 37000.000, 26363.000),
    (1807, 503099650, 1674520, 1, 1, 37000.000, 26363.000),
    (1808, 504774170, 1691270, 2, 1, 37000.000, 26363.000),
    (1809, 506465440, 1708180, 3, 1, 37000.000, 26363.000),
    (1810, 508173620, 1725260, 1, 2, 37000.000, 26363.000),
    (1811, 509898880, 1742510, 2, 1, 37000.000, 26363.000),
    (1812, 511641390, 1759940, 3, 1, 37000.000, 26363.000),
    (1813, 513401330, 1777540, 1, 1, 37000.000, 26363.000),
    (1814, 515178870, 1795320, 2, 1, 37000.000, 26363.000),
    (1815, 516974190, 1813270, 3, 2, 37000.000, 26363.000),
    (1816, 518787460, 1831400, 1, 1, 37000.000, 26363.000),
    (1817, 520618860, 1849710, 2, 1, 37000.000, 26363.000),
    (1818, 522468570, 1868210, 3, 1, 37000.000, 26363.000),
    (1819, 524336780, 1886890, 1, 1, 37000.000, 26363.000),
    (1820, 526223670, 1905760, 2, 2, 37000.000, 26363.000),
    (1821, 528129430, 1924820, 3, 1, 37000.000, 26363.000),
    (1822, 530054250, 1944070, 1, 1, 37000.000, 26363.000),
    (1823, 531998320, 1963510, 2, 1, 37000.000, 26363.000),
    (1824, 533961830, 1983150, 3, 1, 37000.000, 26363.000),
    (1825, 535944980, 2002980, 1, 2, 37000.000, 27788.000),
    (1826, 537947960, 2023010, 2, 1, 37000.000, 27788.000),
    (1827, 539970970, 2043240, 3, 1, 37000.000, 27788.000),
    (1828, 542014210, 2063670, 1, 1, 37000.000, 27788.000),
    (1829, 544077880, 2084310, 2, 1, 37000.000, 27788.000),
    (1830, 546162190, 2105150, 3, 2, 37000.000, 27788.000),
    (1831, 548267340, 2126200, 1, 1, 37000.000, 27788.000),
    (1832, 550393540, 2147460, 2, 1, 37000.000, 27788.000),
    (1833, 552541000, 2168930, 3, 1, 37000.000, 27788.000),
    (1834, 554709930, 2190620, 1, 1, 37000.000, 27788.000),
    (1835, 556900550, 2212530, 2, 2, 37000.000, 27788.000),
    (1836, 559113080, 2234660, 3, 1, 37000.000, 27788.000),
    (1837, 561347740, 2257010, 1, 1, 37000.000, 27788.000),
    (1838, 563604750, 2279580, 2, 1, 37000.000, 27788.000),
    (1839, 565884330, 2302380, 3, 1, 37000.000, 27788.000),
    (1840, 568186710, 2325400, 1, 2, 37000.000, 27788.000),
    (1841, 570512110, 2348650, 2, 1, 37000.000, 27788.000),
    (1842, 572860760, 2372140, 3, 1, 37000.000, 27788.000),
    (1843, 575232900, 2395860, 1, 1, 37000.000, 27788.000),
    (1844, 577628760, 2419820, 2, 1, 37000.000, 27788.000),
    (1845, 580048580, 2444020, 3, 2, 37000.000, 27788.000),
    (1846, 582492600, 2468460, 1, 1, 37000.000, 27788.000),
    (1847, 584961060, 2493140, 2, 1, 37000.000, 27788.000),
    (1848, 587454200, 2518070, 3, 1, 37000.000, 27788.000),
    (1849, 589972270, 2543250, 1, 1, 37000.000, 27788.000),
    (1850, 592515520, 2568680, 2, 2, 38000.000, 27788.000),
    (1851, 595084200, 2607210, 3, 1, 38000.000, 27788.000),
    (1852, 597691410, 2646320, 1, 1, 38000.000, 27788.000),
    (1853, 600337730, 2686010, 2, 1, 38000.000, 27788.000),
    (1854, 603023740, 2726300, 3, 1, 38000.000, 27788.000),
    (1855, 605750040, 2767190, 1, 2, 38000.000, 27788.000),
    (1856, 608517230, 2808700, 2, 1, 38000.000, 27788.000),
    (1857, 611325930, 2850830, 3, 1, 38000.000, 27788.000),
    (1858, 614176760, 2893590, 1, 1, 38000.000, 27788.000),
    (1859, 617070350, 2936990, 2, 1, 38000.000, 27788.000),
    (1860, 620007340, 2981040, 3, 2, 38000.000, 27788.000),
    (1861, 622988380, 3025760, 1, 1, 38000.000, 27788.000),
    (1862, 626014140, 3071150, 2, 1, 38000.000, 27788.000),
    (1863, 629085290, 3117220, 3, 1, 38000.000, 27788.000),
    (1864, 632202510, 3163980, 1, 1, 38000.000, 27788.000),
    (1865, 635366490, 3211440, 2, 2, 38000.000, 27788.000),
    (1866, 638577930, 3259610, 3, 1, 38000.000, 27788.000),
    (1867, 641837540, 3308500, 1, 1, 38000.000, 27788.000),
    (1868, 645146040, 3358130, 2, 1, 38000.000, 27788.000),
    (1869, 648504170, 3408500, 3, 1, 38000.000, 27788.000),
    (1870, 651912670, 3459630, 1, 2, 38000.000, 27788.000),
    (1871, 655372300, 3511520, 2, 1, 38000.000, 27788.000),
    (1872, 658883820, 3564190, 3, 1, 38000.000, 27788.000),
    (1873, 662448010, 3617650, 1, 1, 38000.000, 27788.000),
    (1874, 666065660, 3671910, 2, 1, 38000.000, 27788.000),
    (1875, 669737570, 3726990, 3, 2, 38000.000, 29250.000),
    (1876, 673464560, 3782890, 1, 1, 38000.000, 29250.000),
    (1877, 677247450, 3839630, 2, 1, 38000.000, 29250.000),
    (1878, 681087080, 3897220, 3, 1, 38000.000, 29250.000),
    (1879, 684984300, 3955680, 1, 1, 38000.000, 29250.000),
    (1880, 688939980, 4015020, 2, 2, 38000.000, 29250.000),
    (1881, 692955000, 4075250, 3, 1, 38000.000, 29250.000),
    (1882, 697030250, 4136380, 1, 1, 38000.000, 29250.000),
    (1883, 701166630, 4198430, 2, 1, 38000.000, 29250.000),
    (1884, 705365060, 4261410, 3, 1, 38000.000, 29250.000),
    (1885, 709626470, 4325330, 1, 2, 38000.000, 29250.000),
    (1886, 713951800, 4390210, 2, 1, 38000.000, 29250.000),
    (1887, 718342010, 4456060, 3, 1, 38000.000, 29250.000),
    (1888, 722798070, 4522900, 1, 1, 38000.000, 29250.000),
    (1889, 727320970, 4590740, 2, 1, 38000.000, 29250.000),
    (1890, 731911710, 4659600, 3, 2, 38000.000, 29250.000),
    (1891, 736571310, 4729490, 1, 1, 38000.000, 29250.000),
    (1892, 741300800, 4800430, 2, 1, 38000.000, 29250.000),
    (1893, 746101230, 4872440, 3, 1, 38000.000, 29250.000),
    (1894, 750973670, 4945530, 1, 1, 38000.000, 29250.000),
    (1895, 755919200, 5019710, 2, 2, 38000.000, 29250.000),
    (1896, 760938910, 5095010, 3, 1, 38000.000, 29250.000),
    (1897, 766033920, 5171440, 1, 1, 38000.000, 29250.000),
    (1898, 771205360, 5249010, 2, 1, 38000.000, 29250.000),
    (1899, 776454370, 5327750, 3, 1, 38000.000, 29250.000),
    (1900, 781782120, 5407670, 1, 2, 39000.000, 29250.000),
    (1901, 787189790, 5488790, 2, 1, 39000.000, 29250.000),
    (1902, 792678580, 5571120, 3, 1, 39000.000, 29250.000),
    (1903, 798249700, 5654690, 1, 1, 39000.000, 29250.000),
    (1904, 803904390, 5739510, 2, 1, 39000.000, 29250.000),
    (1905, 809643900, 5825600, 3, 2, 39000.000, 29250.000),
    (1906, 815469500, 5912980, 1, 1, 39000.000, 29250.000),
    (1907, 821382480, 6001670, 2, 1, 39000.000, 29250.000),
    (1908, 827384150, 6091700, 3, 1, 39000.000, 29250.000),
    (1909, 833475850, 6183080, 1, 1, 39000.000, 29250.000),
    (1910, 839658930, 6275830, 2, 2, 39000.000, 29250.000),
    (1911, 845934760, 6369970, 3, 1, 39000.000, 29250.000),
    (1912, 852304730, 6465520, 1, 1, 39000.000, 29250.000),
    (1913, 858770250, 6562500, 2, 1, 39000.000, 29250.000),
    (1914, 865332750, 6660940, 3, 1, 39000.000, 29250.000),
    (1915, 871993690, 6760850, 1, 2, 39000.000, 29250.000),
    (1916, 878754540, 6862260, 2, 1, 39000.000, 29250.000),
    (1917, 885616800, 6965190, 3, 1, 39000.000, 29250.000),
    (1918, 892581990, 7069670, 1, 1, 39000.000, 29250.000),
    (1919, 899651660, 7175720, 2, 1, 39000.000, 29250.000),
    (1920, 906827380, 7283360, 3, 2, 39000.000, 29250.000),
    (1921, 914110740, 7392610, 1, 1, 39000.000, 29250.000),
    (1922, 921503350, 7503500, 2, 1, 39000.000, 29250.000),
    (1923, 929006850, 7616050, 3, 1, 39000.000, 29250.000),
    (1924, 936622900, 7730290, 1, 1, 39000.000, 29250.000),
    (1925, 944353190, 7846240, 2, 2, 39000.000, 30750.000),
    (1926, 952199430, 7963930, 3, 1, 39000.000, 30750.000),
    (1927, 960163360, 8083390, 1, 1, 39000.000, 30750.000),
    (1928, 968246750, 8204640, 2, 1, 39000.000, 30750.000),
    (1929, 976451390, 8327710, 3, 1, 39000.000, 30750.000),
    (1930, 984779100, 8452630, 1, 2, 39000.000, 30750.000),
    (1931, 993231730, 8579420, 2, 1, 39000.000, 30750.000),
    (1932, 1001811150, 8708110, 3, 1, 39000.000, 30750.000),
    (1933, 1010519260, 8838730, 1, 1, 39000.000, 30750.000),
    (1934, 1019357990, 8971310, 2, 1, 39000.000, 30750.000),
    (1935, 1028329300, 9105880, 3, 2, 39000.000, 30750.000),
    (1936, 1037435180, 9242470, 1, 1, 39000.000, 30750.000),
    (1937, 1046677650, 9381110, 2, 1, 39000.000, 30750.000),
    (1938, 1056058760, 9521830, 3, 1, 39000.000, 30750.000),
    (1939, 1065580590, 9664660, 1, 1, 39000.000, 30750.000),
    (1940, 1075245250, 9809630, 2, 2, 39000.000, 30750.000),
    (1941, 1085054880, 9956770, 3, 1, 39000.000, 30750.000),
    (1942, 1095011650, 10106120, 1, 1, 39000.000, 30750.000),
    (1943, 1105117770, 10257710, 2, 1, 39000.000, 30750.000),
    (1944, 1115375480, 10411580, 3, 1, 39000.000, 30750.000),
    (1945, 1125787060, 10567750, 1, 2, 39000.000, 30750.000),
    (1946, 1136354810, 10726270, 2, 1, 39000.000, 30750.000),
    (1947, 1147081080, 10887160, 3, 1, 39000.000, 30750.000),
    (1948, 1157968240, 11050470, 1, 1, 39000.000, 30750.000),
    (1949, 1169018710, 11216230, 2, 1, 39000.000, 30750.000),
    (1950, 1180234940, 11384470, 3, 2, 40000.000, 30750.000),
    (1951, 1191619410, 11555240, 1, 1, 40000.000, 30750.000),
    (1952, 1203174650, 11728570, 2, 1, 40000.000, 30750.000),
    (1953, 1214903220, 11904500, 3, 1, 40000.000, 30750.000),
    (1954, 1226807720, 12083070, 1, 1, 40000.000, 30750.000),
    (1955, 1238890790, 12264320, 2, 2, 40000.000, 30750.000),
    (1956, 1251155110, 12448280, 3, 1, 40000.000, 30750.000),
    (1957, 1263603390, 12635000, 1, 1, 40000.000, 30750.000),
    (1958, 1276238390, 12824530, 2, 1, 40000.000, 30750.000),
    (1959, 1289062920, 13016900, 3, 1, 40000.000, 30750.000),
    (1960, 1302079820, 13212150, 1, 2, 40000.000, 30750.000),
    (1961, 1315291970, 13410330, 2, 1, 40000.000, 30750.000),
    (1962, 1328702300, 13611480, 3, 1, 40000.000, 30750.000),
    (1963, 1342313780, 13815650, 1, 1, 40000.000, 30750.000),
    (1964, 1356129430, 14022880, 2, 1, 40000.000, 30750.000),
    (1965, 1370152310, 14233220, 3, 2, 40000.000, 30750.000),
    (1966, 1384385530, 14446720, 1, 1, 40000.000, 30750.000),
    (1967, 1398832250, 14663420, 2, 1, 40000.000, 30750.000),
    (1968, 1413495670, 14883370, 3, 1, 40000.000, 30750.000),
    (1969, 1428379040, 15106620, 1, 1, 40000.000, 30750.000),
    (1970, 1443485660, 15333220, 2, 2, 40000.000, 30750.000),
    (1971, 1458818880, 15563220, 3, 1, 40000.000, 30750.000),
    (1972, 1474382100, 15796670, 1, 1, 40000.000, 30750.000),
    (1973, 1490178770, 16033620, 2, 1, 40000.000, 30750.000),
    (1974, 1506212390, 16274120, 3, 1, 40000.000, 30750.000),
    (1975, 1522486510, 16518230, 1, 2, 40000.000, 40000.000),
    (1976, 1539004740, 16766000, 2, 1, 40000.000, 40000.000),
    (1977, 1555770740, 17017490, 3, 1, 40000.000, 40000.000),
    (1978, 1572788230, 17272750, 1, 1, 40000.000, 40000.000),
    (1979, 1590060980, 17531840, 2, 1, 40000.000, 40000.000),
    (1980, 1607592820, 17794820, 3, 2, 40000.000, 40000.000),
    (1981, 1625387640, 18061740, 1, 1, 40000.000, 40000.000),
    (1982, 1643449380, 18332670, 2, 1, 40000.000, 40000.000),
    (1983, 1661782050, 18607660, 3, 1, 40000.000, 40000.000),
    (1984, 1680389710, 18886770, 1, 1, 40000.000, 40000.000),
    (1985, 1699276480, 19170070, 2, 2, 40000.000, 40000.000),
    (1986, 1718446550, 19457620, 3, 1, 40000.000, 40000.000),
    (1987, 1737904170, 19749480, 1, 1, 40000.000, 40000.000),
    (1988, 1757653650, 20045720, 2, 1, 40000.000, 40000.000),
    (1989, 1777699370, 20346410, 3, 1, 40000.000, 40000.000),
    (1990, 1798045780, 20651610, 1, 2, 40000.000, 40000.000),
    (1991, 1818697390, 20961380, 2, 1, 40000.000, 40000.000),
    (1992, 1839658770, 21275800, 3, 1, 40000.000, 40000.000),
    (1993, 1860934570, 21594940, 1, 1, 40000.000, 40000.000),
    (1994, 1882529510, 21918860, 2, 1, 40000.000, 40000.000),
    (1995, 1904448370, 22247640, 3, 2, 40000.000, 40000.000),
    (1996, 1926696010, 22581350, 1, 1, 40000.000, 40000.000),
    (1997, 1949277360, 22920070, 2, 1, 40000.000, 40000.000),
    (1998, 1972197430, 23263870, 3, 2, 40000.000, 40000.000),
    (1999, 1995461300, 23612830, 1, 1, 40000.000, 40000.000),
    (2000, 2019074130, 23967020, 2, 1, 50000.000, 50000.000);

-- --------------------------------------------------------------------------------
-- QuestTitleInfo 테이터 테이블 재구성
-- --------------------------------------------------------------------------------
