CREATE DATABASE  IF NOT EXISTS `albapung` /*!40100 DEFAULT CHARACTER SET utf8mb4 */;
USE `albapung`;
--
-- Host: 182.162.62.209    Database: albapung
-- ------------------------------------------------------

 SET NAMES utf8 ;

--
-- Table structure for table `announcement`
--

 SET character_set_client = utf8mb4 ;
CREATE TABLE `announcement` (
  `id` int(11) NOT NULL AUTO_INCREMENT,
  `title` varchar(100) NOT NULL,
  `start_date` date NOT NULL,
  `end_date` date NOT NULL,
  `start_time` time NOT NULL DEFAULT '00:00:00',
  `end_time` time NOT NULL DEFAULT '24:00:00',
  `hourly_wage` int(11) NOT NULL DEFAULT '0',
  `payment_method` int(11) NOT NULL DEFAULT '0' COMMENT '당일지급/추후지급',
  `recruitment_number` int(11) NOT NULL DEFAULT '0',
  `details` text,
  `state` int(11) NOT NULL DEFAULT '0',
  `sexes` varchar(45) NOT NULL COMMENT '관계없음/남/녀',
  `start_age_limit` int(11) NOT NULL DEFAULT '0',
  `end_age_limit` int(11) NOT NULL DEFAULT '0',
  `update_flag` tinyint(1) NOT NULL DEFAULT '1',
  `closed_date` date DEFAULT NULL,
  `age_limits` varchar(10) NOT NULL DEFAULT '0',
  `created_at` datetime NOT NULL,
  `updated_at` datetime NOT NULL,
  `company_id` int(11) NOT NULL,
  PRIMARY KEY (`id`),
  KEY `company_id` (`company_id`),
  CONSTRAINT `announcement_ibfk_1` FOREIGN KEY (`company_id`) REFERENCES `company` (`id`) ON DELETE CASCADE ON UPDATE CASCADE
) ENGINE=InnoDB AUTO_INCREMENT=353 DEFAULT CHARSET=utf8mb4;

--
-- Dumping data for table `announcement`
--

INSERT INTO `announcement` VALUES (1,'디자인 보조','2020-10-14','2020-10-14','12:00:00','18:40:00',8750,0,2,'',1,'0,1',0,0,1,'2020-11-03','0','2020-10-14 03:04:36','2020-11-03 00:27:22',1),(2,'퀵렌터카 에서 일할분 구합니다.','2020-10-13','2020-10-30','05:00:00','10:00:00',12200,1,2,'가족처럼 일할 분을 찾습니다.',1,'1',20,50,0,'2020-11-03','1','2020-10-14 03:12:36','2020-11-03 00:27:22',2),(3,'세븐일레븐 롯데타워점 에서 일할분 구합니다.','2020-10-13','2020-10-30','10:00:00','22:00:00',10600,1,4,'가족처럼 일할 분을 찾습니다.',1,'1',20,50,0,'2020-11-03','1','2020-10-14 03:12:36','2020-11-03 00:27:22',3),(4,'한신연세소아과의원 에서 일할분 구합니다.','2020-10-13','2020-10-30','10:00:00','22:00:00',13200,1,1,'가족처럼 일할 분을 찾습니다.',1,'1',20,50,0,'2020-11-03','1','2020-10-14 03:12:36','2020-11-03 00:27:22',4),(5,'t world 에서 일할분 구합니다.','2020-10-13','2020-10-30','10:00:00','22:00:00',14900,0,3,'가족처럼 일할 분을 찾습니다.',1,'1',20,50,0,'2020-11-03','1','2020-10-14 03:12:36','2020-11-03 00:27:22',5),(6,'패스트미디어(주) 에서 일할분 구합니다.','2020-10-13','2020-10-30','10:00:00','22:00:00',12500,0,3,'가족처럼 일할 분을 찾습니다.',1,'1',20,50,0,'2020-11-03','1','2020-10-14 03:12:36','2020-11-03 00:27:22',6),(7,'당산원치과의원 에서 일할분 구합니다.','2020-10-13','2020-10-30','10:00:00','22:00:00',12300,1,1,'가족처럼 일할 분을 찾습니다.',1,'1',20,50,0,'2020-11-03','1','2020-10-14 03:12:36','2020-11-03 00:27:22',7),(8,'씨피코트 에서 일할분 구합니다.','2020-10-13','2020-10-30','10:00:00','22:00:00',13300,1,2,'가족처럼 일할 분을 찾습니다.',1,'1',20,50,0,'2020-11-03','1','2020-10-14 03:12:36','2020-11-03 00:27:22',8),(9,'패스트미디어(주) 에서 일할분 구합니다.','2020-10-13','2020-10-30','10:00:00','22:00:00',8500,0,5,'가족처럼 일할 분을 찾습니다.',1,'1',20,50,0,'2020-11-03','1','2020-10-14 03:12:36','2020-11-03 00:27:22',9),(10,'한신연세소아과의원 에서 일할분 구합니다.','2020-10-13','2020-10-30','10:00:00','22:00:00',14600,1,2,'가족처럼 일할 분을 찾습니다.',1,'1',20,50,0,'2020-11-03','1','2020-10-14 03:12:36','2020-11-03 00:27:22',10),(11,'선유도한의원 에서 일할분 구합니다.','2020-10-13','2020-10-30','10:00:00','22:00:00',13700,1,1,'가족처럼 일할 분을 찾습니다.',1,'1',20,50,0,'2020-11-03','1','2020-10-14 03:12:36','2020-11-03 00:27:22',11),(12,'양평로 에서 일할분 구합니다.','2020-10-13','2020-10-30','10:00:00','22:00:00',14400,0,3,'가족처럼 일할 분을 찾습니다.',1,'1',20,50,0,'2020-11-03','1','2020-10-14 03:12:36','2020-11-03 00:27:22',12),(13,'IBK기업은행 당산역 에서 일할분 구합니다.','2020-10-13','2020-10-30','10:00:00','22:00:00',10100,1,5,'가족처럼 일할 분을 찾습니다.',1,'1',20,50,0,'2020-11-03','1','2020-10-14 03:12:36','2020-11-03 00:27:22',13),(14,'(주)파워랜드 에서 일할분 구합니다.','2020-10-13','2020-10-30','10:00:00','22:00:00',13000,0,2,'가족처럼 일할 분을 찾습니다.',1,'1',20,50,0,'2020-11-03','1','2020-10-14 03:12:36','2020-11-03 00:27:22',14),(15,'양평동5가 에서 일할분 구합니다.','2020-10-13','2020-10-30','10:00:00','22:00:00',12200,0,4,'가족처럼 일할 분을 찾습니다.',1,'1',20,50,0,'2020-11-03','1','2020-10-14 03:12:36','2020-11-03 00:27:22',15),(16,'은혜와진리교회 영등포성전 에서 일할분 구합니다.','2020-10-13','2020-10-30','10:00:00','22:00:00',10000,0,2,'가족처럼 일할 분을 찾습니다.',1,'1',20,50,0,'2020-11-03','1','2020-10-14 03:12:36','2020-11-03 00:27:22',16),(17,'구립늘해랑어린이집 에서 일할분 구합니다.','2020-10-13','2020-10-30','10:00:00','22:00:00',11800,0,5,'가족처럼 일할 분을 찾습니다.',1,'1',20,50,0,'2020-11-03','1','2020-10-14 03:12:36','2020-11-03 00:27:22',17),(18,'영등포제일교회 에서 일할분 구합니다.','2020-10-13','2020-10-30','10:00:00','22:00:00',8500,0,5,'가족처럼 일할 분을 찾습니다.',1,'1',20,50,0,'2020-11-03','1','2020-10-14 03:12:36','2020-11-03 00:27:22',18),(19,'kt 에서 일할분 구합니다.','2020-10-13','2020-10-30','10:00:00','22:00:00',12700,1,4,'가족처럼 일할 분을 찾습니다.',1,'1',20,50,0,'2020-11-03','1','2020-10-14 03:12:36','2020-11-03 00:27:22',19),(20,'에이알모터스 에서 일할분 구합니다.','2020-10-13','2020-10-30','10:00:00','22:00:00',12400,1,2,'가족처럼 일할 분을 찾습니다.',1,'1',20,50,0,'2020-11-03','1','2020-10-14 03:12:36','2020-11-03 00:27:22',20),(21,'Korean Charcoal BBQ 얼큰이꼼장어 에서 일할분 구합니다.','2020-10-13','2020-10-30','10:00:00','22:00:00',9200,0,1,'가족처럼 일할 분을 찾습니다.',1,'2',20,50,0,'2020-11-03','1','2020-10-14 03:12:36','2020-11-03 00:27:22',21),(22,'명진카독크 에서 일할분 구합니다.','2020-10-13','2020-10-30','10:00:00','22:00:00',14700,0,3,'가족처럼 일할 분을 찾습니다.',1,'2',20,50,0,'2020-11-03','1','2020-10-14 03:12:36','2020-11-03 00:27:22',22),(23,'양평동우체국 에서 일할분 구합니다.','2020-10-13','2020-10-30','10:00:00','22:00:00',8400,0,4,'가족처럼 일할 분을 찾습니다.',1,'2',20,50,0,'2020-11-03','1','2020-10-14 03:12:36','2020-11-03 00:27:22',23),(24,'린나이코리아 일신엔터프라이즈 에서 일할분 구합니다.','2020-10-13','2020-10-30','10:00:00','22:00:00',14000,0,4,'가족처럼 일할 분을 찾습니다.',1,'2',20,50,0,'2020-11-03','1','2020-10-14 03:12:36','2020-11-03 00:27:22',24),(25,'박상준의원 에서 일할분 구합니다.','2020-10-13','2020-10-30','10:00:00','22:00:00',9700,0,1,'가족처럼 일할 분을 찾습니다.',1,'2',20,50,0,'2020-11-03','1','2020-10-14 03:12:36','2020-11-03 00:27:22',25),(26,'세븐일레븐 롯데타워점 에서 일할분 구합니다.','2020-10-13','2020-10-30','10:00:00','22:00:00',12400,1,1,'가족처럼 일할 분을 찾습니다.',1,'2',20,50,0,'2020-11-03','1','2020-10-14 03:12:36','2020-11-03 00:27:22',26),(27,'린나이코리아 일신엔터프라이즈 에서 일할분 구합니다.','2020-10-13','2020-10-30','10:00:00','22:00:00',11800,1,2,'가족처럼 일할 분을 찾습니다.',1,'2',20,50,0,'2020-11-03','1','2020-10-14 03:12:37','2020-11-03 00:27:22',27),(28,'이마트24편의점 에서 일할분 구합니다.','2020-10-13','2020-10-30','10:00:00','22:00:00',13600,0,1,'가족처럼 일할 분을 찾습니다.',1,'2',20,50,0,'2020-11-03','1','2020-10-14 03:12:37','2020-11-03 00:27:22',28),(29,'(주)더존통상 에서 일할분 구합니다.','2020-10-13','2020-10-30','10:00:00','22:00:00',14900,0,5,'가족처럼 일할 분을 찾습니다.',1,'2',20,50,0,'2020-11-03','1','2020-10-14 03:12:37','2020-11-03 00:27:22',29),(30,'대양엔지니어링 에서 일할분 구합니다.','2020-10-13','2020-10-30','10:00:00','22:00:00',9600,0,3,'가족처럼 일할 분을 찾습니다.',1,'2',20,50,0,'2020-11-03','1','2020-10-14 03:12:37','2020-11-03 00:27:22',30),(31,'당산삼흥빌딩 에서 일할분 구합니다.','2020-10-13','2020-10-30','10:00:00','22:00:00',12800,1,1,'가족처럼 일할 분을 찾습니다.',1,'2',20,50,0,'2020-11-03','1','2020-10-14 03:12:37','2020-11-03 00:27:22',31),(32,'에이알모터스 에서 일할분 구합니다.','2020-10-13','2020-10-30','10:00:00','22:00:00',10700,1,5,'가족처럼 일할 분을 찾습니다.',1,'2',20,50,0,'2020-11-03','1','2020-10-14 03:12:37','2020-11-03 00:27:22',32),(33,'린나이코리아 일신엔터프라이즈 에서 일할분 구합니다.','2020-10-13','2020-10-30','10:00:00','22:00:00',9800,0,1,'가족처럼 일할 분을 찾습니다.',1,'2',20,50,0,'2020-11-03','2','2020-10-14 03:12:37','2020-11-03 00:27:22',33),(34,'류한의원 에서 일할분 구합니다.','2020-10-13','2020-10-30','10:00:00','22:00:00',8500,1,5,'가족처럼 일할 분을 찾습니다.',1,'0.1',20,50,0,'2020-11-03','2','2020-10-14 03:12:37','2020-11-03 00:27:22',34),(35,'자연과사람디앤씨 에서 일할분 구합니다.','2020-10-13','2020-10-30','10:00:00','22:00:00',10300,1,2,'가족처럼 일할 분을 찾습니다.',1,'0.1',20,50,0,'2020-11-03','2','2020-10-14 03:12:37','2020-11-03 00:27:22',35),(36,'롯데칠성정비공장 에서 일할분 구합니다.','2020-10-13','2020-10-30','10:00:00','22:00:00',14800,1,1,'가족처럼 일할 분을 찾습니다.',1,'0.1',20,50,0,'2020-11-03','2','2020-10-14 03:12:37','2020-11-03 00:27:22',36),(37,'맑은소리스피치학원 에서 일할분 구합니다.','2020-10-13','2020-10-30','10:00:00','22:00:00',9600,1,5,'가족처럼 일할 분을 찾습니다.',1,'0.1',20,50,0,'2020-11-03','2','2020-10-14 03:12:37','2020-11-03 00:27:22',37),(38,'경서모터스(주) 에서 일할분 구합니다.','2020-10-13','2020-10-30','10:00:00','22:00:00',13600,1,2,'가족처럼 일할 분을 찾습니다.',1,'0.1',20,50,0,'2020-11-03','2','2020-10-14 03:12:37','2020-11-03 00:27:22',38),(39,'대양엔지니어링 에서 일할분 구합니다.','2020-10-13','2020-10-30','10:00:00','22:00:00',14400,0,1,'가족처럼 일할 분을 찾습니다.',1,'0.1',20,50,0,'2020-11-03','2','2020-10-14 03:12:37','2020-11-03 00:27:22',39),(40,'컴닥터119 양평동4가점 에서 일할분 구합니다.','2020-10-13','2020-10-30','10:00:00','22:00:00',13700,1,1,'가족처럼 일할 분을 찾습니다.',1,'0.1',20,50,0,'2020-11-03','2','2020-10-14 03:12:37','2020-11-03 00:27:22',40),(41,'(주)국민은행 에서 일할분 구합니다.','2020-10-13','2020-10-30','10:00:00','22:00:00',10100,1,2,'가족처럼 일할 분을 찾습니다.',1,'0.1',20,50,0,'2020-11-03','2','2020-10-14 03:12:37','2020-11-03 00:27:22',41),(42,'서울은빛요양병원 에서 일할분 구합니다.','2020-10-13','2020-10-30','10:00:00','22:00:00',12200,1,1,'가족처럼 일할 분을 찾습니다.',1,'0.1',20,50,0,'2020-11-03','2','2020-10-14 03:12:37','2020-11-03 00:27:22',42),(43,'더후라이팬 당산역점 에서 일할분 구합니다.','2020-10-13','2020-10-30','10:00:00','22:00:00',9500,0,3,'가족처럼 일할 분을 찾습니다.',1,'0.1',20,50,0,'2020-11-03','2','2020-10-14 03:12:37','2020-11-03 00:27:22',43),(44,'선유도주유소 에서 일할분 구합니다.','2020-10-13','2020-10-30','10:00:00','22:00:00',11800,0,3,'가족처럼 일할 분을 찾습니다.',1,'0.1',20,50,0,'2020-11-03','2','2020-10-14 03:12:37','2020-11-03 00:27:22',44),(45,'양평로24길 에서 일할분 구합니다.','2020-10-13','2020-10-30','10:00:00','22:00:00',11800,0,2,'가족처럼 일할 분을 찾습니다.',1,'0.1',20,50,0,'2020-11-03','2','2020-10-14 03:12:37','2020-11-03 00:27:22',45),(46,'파리바게뜨 선유도역 에서 일할분 구합니다.','2020-10-13','2020-10-30','10:00:00','22:00:00',12700,1,1,'가족처럼 일할 분을 찾습니다.',1,'0.1',20,50,0,'2020-11-03','2','2020-10-14 03:12:37','2020-11-03 00:27:22',46),(47,'쎄븐일레븐양평롯데길점 에서 일할분 구합니다.','2020-10-13','2020-10-30','10:00:00','22:00:00',12900,1,4,'가족처럼 일할 분을 찾습니다.',1,'0.1',20,50,0,'2020-11-03','2','2020-10-14 03:12:37','2020-11-03 00:27:22',47),(48,'세원자동차공업사 에서 일할분 구합니다.','2020-10-13','2020-10-30','10:00:00','22:00:00',9800,1,1,'가족처럼 일할 분을 찾습니다.',1,'0.1',20,50,0,'2020-11-03','2','2020-10-14 03:12:37','2020-11-03 00:27:22',48),(50,'경서모터스(주) 에서 일할분 구합니다.','2020-10-13','2020-10-30','10:00:00','22:00:00',8600,0,2,'가족처럼 일할 분을 찾습니다.',1,'0.1',20,50,0,'2020-11-03','2','2020-10-14 03:12:37','2020-11-03 00:27:22',50),(51,'양평로24길 에서 일할분 구합니다.','2020-10-13','2020-10-30','10:00:00','22:00:00',9400,1,4,'가족처럼 일할 분을 찾습니다.',1,'0.1',20,50,0,'2020-11-03','2','2020-10-14 03:12:37','2020-11-03 00:27:22',51),(52,'세븐일레븐 양평점 에서 일할분 구합니다.','2020-10-13','2020-10-30','10:00:00','22:00:00',13800,1,3,'가족처럼 일할 분을 찾습니다.',1,'0.1',20,50,0,'2020-11-03','2','2020-10-14 03:12:37','2020-11-03 00:27:22',52),(53,'앤앤텍영상서울2지사 에서 일할분 구합니다.','2020-10-13','2020-10-30','10:00:00','22:00:00',8700,0,5,'가족처럼 일할 분을 찾습니다.',1,'0.1',20,50,0,'2020-11-03','2','2020-10-14 03:12:37','2020-11-03 00:27:22',53),(54,'세븐일레븐 에서 일할분 구합니다.','2020-10-13','2020-10-30','10:00:00','22:00:00',14600,0,2,'가족처럼 일할 분을 찾습니다.',1,'0.1',20,50,0,'2020-11-03','2','2020-10-14 03:12:37','2020-11-03 00:27:22',54),(55,'로이드밤 에서 일할분 구합니다.','2020-10-13','2020-10-30','10:00:00','22:00:00',14600,1,1,'가족처럼 일할 분을 찾습니다.',1,'0.1',20,50,0,'2020-11-03','2','2020-10-14 03:12:37','2020-11-03 00:27:22',55),(56,'경서모터스(주) 에서 일할분 구합니다.','2020-10-13','2020-10-30','10:00:00','22:00:00',14700,0,3,'가족처럼 일할 분을 찾습니다.',1,'0.1',20,50,0,'2020-11-03','2','2020-10-14 03:12:37','2020-11-03 00:27:22',56),(57,'대양엔지니어링 에서 일할분 구합니다.','2020-10-13','2020-10-30','10:00:00','22:00:00',11200,1,2,'가족처럼 일할 분을 찾습니다.',1,'0.1',20,50,0,'2020-11-03','2','2020-10-14 03:12:37','2020-11-03 00:27:22',57),(58,'더빛나요 에서 일할분 구합니다.','2020-10-13','2020-10-30','10:00:00','22:00:00',11700,0,3,'가족처럼 일할 분을 찾습니다.',1,'0.1',20,50,0,'2020-11-03','2','2020-10-14 03:12:37','2020-11-03 00:27:22',58),(59,'HOTEL LOFT 에서 일할분 구합니다.','2020-10-13','2020-10-30','10:00:00','22:00:00',8900,0,3,'가족처럼 일할 분을 찾습니다.',1,'0.1',20,50,0,'2020-11-03','2','2020-10-14 03:12:37','2020-11-03 00:27:22',59),(60,'(주)신평항공 에서 일할분 구합니다.','2020-10-13','2020-10-30','10:00:00','22:00:00',12400,1,4,'가족처럼 일할 분을 찾습니다.',1,'0.1',20,50,0,'2020-11-03','2','2020-10-14 03:12:37','2020-11-03 00:27:22',60),(61,'한미석유 제2한강주유소 에서 일할분 구합니다.','2020-10-13','2020-10-30','10:00:00','22:00:00',10900,1,4,'가족처럼 일할 분을 찾습니다.',1,'0.1',20,50,0,'2020-11-03','2','2020-10-14 03:12:37','2020-11-03 00:27:22',61),(62,'공고','2020-10-14','2020-10-14','05:00:00','07:00:00',8750,0,1,'',1,'0,1',0,0,1,'2020-11-03','0','2020-10-14 03:26:28','2020-11-03 00:27:22',62),(63,'세븐일레븐','2020-10-14','2020-10-31','12:00:00','23:00:00',10000,0,2,'편의점 알바',1,'0,1',0,0,1,'2020-11-03','0','2020-10-14 03:37:28','2020-11-03 00:27:22',64),(67,'내용요','2020-10-27','2020-10-30','12:44:00','23:55:00',18750,1,3,'',2,'0,1',25,35,1,'2020-05-02','1,2','2020-10-14 08:46:44','2020-11-06 01:56:20',68),(68,'홀서빙 알바 모집중','2020-10-14','2020-10-22','12:00:00','14:50:00',9750,0,11,'',2,'0',20,50,1,'2020-05-02','1,2','2020-10-15 10:46:30','2020-11-06 01:56:20',95),(69,'텟ㅌ','2020-10-30','2020-10-30','22:34:00','22:34:00',8750,0,3,'',2,'0,1',0,0,1,'2020-05-03','0','2020-10-22 00:22:14','2020-11-06 01:56:20',95),(72,'퀵렌터카 에서 일할분 구합니다','2020-10-10','2020-12-10','10:00:00','22:00:00',8530,0,5,'가족처럼 일할 분을 찾습니다.',0,'1,2',20,40,1,NULL,'1','2020-10-26 01:54:50','2020-10-29 08:59:42',2),(73,'주방 직원 모집합니다','2020-10-26','2020-10-26','10:00:00','22:00:00',8750,0,5,'빠른 구인 바랍니다',2,'0,1',0,0,1,'2020-05-02','1','2020-10-26 05:39:09','2020-11-06 01:56:20',95),(74,'서빙 모집','2020-10-26','2020-10-26','10:00:00','22:00:00',8750,0,1,'',2,'0',20,50,1,'2020-05-02','2','2020-10-26 06:07:42','2020-11-06 01:56:20',95),(75,'테스트','2020-10-26','2020-10-26','10:00:00','22:00:00',8750,0,1,'',2,'0,1',0,0,1,'2020-05-02','0','2020-10-26 06:20:30','2020-11-06 01:56:20',68),(76,'테스트','2020-10-26','2020-10-26','10:00:00','10:00:00',8750,0,1,'',2,'0,1',0,0,1,'2020-05-02','0','2020-10-26 06:30:15','2020-11-06 01:56:20',68),(77,'테스트10-26 1823','2020-10-26','2020-11-03','10:00:00','09:00:00',8750,0,1,'',2,'0,1',0,0,1,'2020-05-02','0','2020-10-26 07:23:30','2020-11-06 01:56:20',68),(78,'df','2020-10-26','2020-11-03','10:00:00','22:00:00',8750,0,1,'',2,'0,1',0,0,1,'2020-05-02','0','2020-10-26 07:54:50','2020-11-06 01:56:20',68),(79,'fxh','2020-10-26','2020-10-26','10:00:00','22:00:00',8750,0,1,'',2,'0,1',0,0,1,'2020-05-02','0','2020-10-26 08:14:01','2020-11-06 01:56:20',68),(80,'fc','2020-10-26','2020-10-26','10:00:00','22:00:00',8751,0,1,'',1,'0,1',0,0,1,'2020-11-06','0','2020-10-26 09:06:03','2020-11-06 01:41:18',95),(82,'류한의원에서 일하실분 구합니다.','2020-10-13','2020-10-30','10:00:00','22:00:00',8500,0,5,'가족처럼 일할 분을 찾습니다.',1,'1',20,50,0,'2020-11-03','1','2020-10-27 10:01:32','2020-11-03 00:27:22',443),(83,'이치고이치에에서 일하실분 구합니다.','2020-10-13','2020-10-30','10:00:00','22:00:00',12700,1,4,'가족처럼 일할 분을 찾습니다.',1,'1',20,50,0,'2020-11-03','1','2020-10-27 10:01:32','2020-11-03 00:27:22',444),(84,'지지고목동학원가점에서 일하실분 구합니다.','2020-10-13','2020-10-30','10:00:00','22:00:00',12400,1,2,'가족처럼 일할 분을 찾습니다.',1,'1',20,50,0,'2020-11-03','1','2020-10-27 10:01:32','2020-11-03 00:27:22',445),(85,'희우정로에서 일하실분 구합니다.','2020-10-13','2020-10-30','10:00:00','22:00:00',9200,0,1,'가족처럼 일할 분을 찾습니다.',1,'2',20,50,0,'2020-11-03','1','2020-10-27 10:01:32','2020-11-03 00:27:22',446),(86,'컴닥터119 양평동4가점에서 일하실분 구합니다.','2020-10-13','2020-10-30','10:00:00','22:00:00',14700,0,3,'가족처럼 일할 분을 찾습니다.',1,'2',20,50,0,'2020-11-03','1','2020-10-27 10:01:32','2020-11-03 00:27:22',447),(87,'국회대로54길에서 일하실분 구합니다.','2020-10-13','2020-10-30','10:00:00','22:00:00',8400,0,4,'가족처럼 일할 분을 찾습니다.',1,'2',20,50,0,'2020-11-03','1','2020-10-27 10:01:32','2020-11-03 00:27:22',448),(88,'티엔카에서 일하실분 구합니다.','2020-10-13','2020-10-30','10:00:00','22:00:00',14000,0,4,'가족처럼 일할 분을 찾습니다.',1,'2',20,50,0,'2020-11-03','1','2020-10-27 10:01:32','2020-11-03 00:27:22',449),(89,'희우정로16길에서 일하실분 구합니다.','2020-10-13','2020-10-30','10:00:00','22:00:00',9700,0,1,'가족처럼 일할 분을 찾습니다.',1,'2',20,50,0,'2020-11-03','1','2020-10-27 10:01:32','2020-11-03 00:27:22',450),(90,'제이카에서 일하실분 구합니다.','2020-10-13','2020-10-30','10:00:00','22:00:00',12400,1,1,'가족처럼 일할 분을 찾습니다.',1,'2',20,50,0,'2020-11-03','1','2020-10-27 10:01:32','2020-11-03 00:27:22',451),(91,'에스케렌시아에서 일하실분 구합니다.','2020-10-13','2020-10-30','10:00:00','22:00:00',11800,1,2,'가족처럼 일할 분을 찾습니다.',1,'2',20,50,0,'2020-11-03','1','2020-10-27 10:01:32','2020-11-03 00:27:22',452),(92,'야채랑과일이랑에서 일하실분 구합니다.','2020-10-13','2020-10-30','10:00:00','22:00:00',13600,0,1,'가족처럼 일할 분을 찾습니다.',1,'2',20,50,0,'2020-11-03','1','2020-10-27 10:01:32','2020-11-03 00:27:22',453),(93,'월드컵로5길에서 일하실분 구합니다.','2020-10-13','2020-10-30','10:00:00','22:00:00',14900,0,5,'가족처럼 일할 분을 찾습니다.',1,'2',20,50,0,'2020-11-03','1','2020-10-27 10:01:32','2020-11-03 00:27:22',454),(94,'뚜레쥬르국회점에서 일하실분 구합니다.','2020-10-13','2020-10-30','10:00:00','22:00:00',9600,0,3,'가족처럼 일할 분을 찾습니다.',1,'2',20,50,0,'2020-11-03','1','2020-10-27 10:01:32','2020-11-03 00:27:22',455),(95,'(주)은성여의도점에서 일하실분 구합니다.','2020-10-13','2020-10-30','10:00:00','22:00:00',12800,1,1,'가족처럼 일할 분을 찾습니다.',1,'2',20,50,0,'2020-11-03','1','2020-10-27 10:01:32','2020-11-03 00:27:22',456),(96,'수영유치원에서 일하실분 구합니다.','2020-10-13','2020-10-30','10:00:00','22:00:00',10700,1,5,'가족처럼 일할 분을 찾습니다.',1,'2',20,50,0,'2020-11-03','1','2020-10-27 10:01:32','2020-11-03 00:27:22',457),(97,'독막로7길에서 일하실분 구합니다.','2020-10-13','2020-10-30','10:00:00','22:00:00',9800,0,1,'가족처럼 일할 분을 찾습니다.',1,'2',20,50,0,'2020-11-03','2','2020-10-27 10:01:32','2020-11-03 00:27:22',458),(98,'㈜SLA엔지니어링건축사사무소에서 일하실분 구합니다.','2020-10-13','2020-10-30','10:00:00','22:00:00',8500,1,5,'가족처럼 일할 분을 찾습니다.',1,'0.1',20,50,0,'2020-11-03','2','2020-10-27 10:01:32','2020-11-03 00:27:22',459),(99,'뱅크다운에서 일하실분 구합니다.','2020-10-13','2020-10-30','10:00:00','22:00:00',10300,1,2,'가족처럼 일할 분을 찾습니다.',1,'0.1',20,50,0,'2020-11-03','2','2020-10-27 10:01:32','2020-11-03 00:27:22',460),(100,'gs25 양화수선화점에서 일하실분 구합니다.','2020-10-13','2020-10-30','10:00:00','22:00:00',14800,1,1,'가족처럼 일할 분을 찾습니다.',1,'0.1',20,50,0,'2020-11-03','2','2020-10-27 10:01:32','2020-11-03 00:27:22',461),(101,'gs 25에서 일하실분 구합니다.','2020-10-13','2020-10-30','10:00:00','22:00:00',9600,1,5,'가족처럼 일할 분을 찾습니다.',1,'0.1',20,50,0,'2020-11-03','2','2020-10-27 10:01:32','2020-11-03 00:27:22',462),(102,'(주)아사다라솔루션에서 일하실분 구합니다.','2020-10-13','2020-10-30','10:00:00','22:00:00',13600,1,2,'가족처럼 일할 분을 찾습니다.',1,'0.1',20,50,0,'2020-11-03','2','2020-10-27 10:01:32','2020-11-03 00:27:22',463),(103,'(주)서울김에서 일하실분 구합니다.','2020-10-13','2020-10-30','10:00:00','22:00:00',14400,0,1,'가족처럼 일할 분을 찾습니다.',1,'0.1',20,50,0,'2020-11-03','2','2020-10-27 10:01:32','2020-11-03 00:27:22',464),(104,'기업은행ATM에서 일하실분 구합니다.','2020-10-13','2020-10-30','10:00:00','22:00:00',13700,1,1,'가족처럼 일할 분을 찾습니다.',1,'0.1',20,50,0,'2020-11-03','2','2020-10-27 10:01:32','2020-11-03 00:27:22',465),(105,'판다익스프레스 여의도IFC몰점에서 일하실분 구합니다.','2020-10-13','2020-10-30','10:00:00','22:00:00',10100,1,2,'가족처럼 일할 분을 찾습니다.',1,'0.1',20,50,0,'2020-11-03','2','2020-10-27 10:01:32','2020-11-03 00:27:22',466),(106,'잇츠100(IT\'S100)에서 일하실분 구합니다.','2020-10-13','2020-10-30','10:00:00','22:00:00',12200,1,1,'가족처럼 일할 분을 찾습니다.',1,'0.1',20,50,0,'2020-11-03','2','2020-10-27 10:01:32','2020-11-03 00:27:22',467),(107,'SC제일은행 목동5단지지점 Standard Chartered Bank에서 일하실분 구합니다.','2020-10-13','2020-10-30','10:00:00','22:00:00',9500,0,3,'가족처럼 일할 분을 찾습니다.',1,'0.1',20,50,0,'2020-11-03','2','2020-10-27 10:14:02','2020-11-03 00:27:22',468),(108,'공구사오에서 일하실분 구합니다.','2020-10-13','2020-10-30','10:00:00','22:00:00',11800,0,3,'가족처럼 일할 분을 찾습니다.',1,'0.1',20,50,0,'2020-11-03','2','2020-10-27 10:14:02','2020-11-03 00:27:22',469),(109,'여의도주유소에서 일하실분 구합니다.','2020-10-13','2020-10-30','10:00:00','22:00:00',11800,0,2,'가족처럼 일할 분을 찾습니다.',1,'0.1',20,50,0,'2020-11-03','2','2020-10-27 10:14:02','2020-11-03 00:27:22',470),(110,'강남서울밝은안과에서 일하실분 구합니다.','2020-10-13','2020-10-30','10:00:00','22:00:00',12200,1,2,'가족처럼 일할 분을 찾습니다.',1,'1',20,50,0,'2020-11-03','1','2020-10-27 10:14:02','2020-11-03 00:27:22',471),(111,'역삼세무회계에서 일하실분 구합니다.','2020-10-13','2020-10-30','10:00:00','22:00:00',10600,1,4,'가족처럼 일할 분을 찾습니다.',1,'1',20,50,0,'2020-11-03','1','2020-10-27 10:14:02','2020-11-03 00:27:22',472),(112,'파크&스위트에서 일하실분 구합니다.','2020-10-13','2020-10-30','10:00:00','22:00:00',13200,1,1,'가족처럼 일할 분을 찾습니다.',1,'1',20,50,0,'2020-11-03','1','2020-10-27 10:14:02','2020-11-03 00:27:22',473),(113,'양치과의원에서 일하실분 구합니다.','2020-10-13','2020-10-30','10:00:00','22:00:00',14900,0,3,'가족처럼 일할 분을 찾습니다.',1,'1',20,50,0,'2020-11-03','1','2020-10-27 10:14:02','2020-11-03 00:27:22',474),(114,'워크 브릿지(Work Bridge)에서 일하실분 구합니다.','2020-10-13','2020-10-30','10:00:00','22:00:00',12500,0,3,'가족처럼 일할 분을 찾습니다.',1,'1',20,50,0,'2020-11-03','1','2020-10-27 10:14:02','2020-11-03 00:27:22',475),(115,'하이카프라자에서 일하실분 구합니다.','2020-10-13','2020-10-30','10:00:00','22:00:00',12300,1,1,'가족처럼 일할 분을 찾습니다.',1,'1',20,50,0,'2020-11-03','1','2020-10-27 10:14:02','2020-11-03 00:27:22',476),(116,'디젠트에서 일하실분 구합니다.','2020-10-13','2020-10-30','10:00:00','22:00:00',13300,1,2,'가족처럼 일할 분을 찾습니다.',1,'1',20,50,0,'2020-11-03','1','2020-10-27 10:14:02','2020-11-03 00:27:22',477),(117,'강남비나리 사주 타로 신점에서 일하실분 구합니다.','2020-10-13','2020-10-30','10:00:00','22:00:00',8500,0,5,'가족처럼 일할 분을 찾습니다.',1,'1',20,50,0,'2020-11-03','1','2020-10-27 10:14:02','2020-11-03 00:27:22',478),(118,'와이즈인컴퍼니에서 일하실분 구합니다.','2020-10-13','2020-10-30','10:00:00','22:00:00',14600,1,2,'가족처럼 일할 분을 찾습니다.',1,'1',20,50,0,'2020-11-03','1','2020-10-27 10:14:03','2020-11-03 00:27:22',479),(119,'골프존파크 역삼 위너스크린에서 일하실분 구합니다.','2020-10-13','2020-10-30','10:00:00','22:00:00',13700,1,1,'가족처럼 일할 분을 찾습니다.',1,'1',20,50,0,'2020-11-03','1','2020-10-27 10:14:03','2020-11-03 00:27:22',480),(120,'제이케이엔지니어링에서 일하실분 구합니다.','2020-10-13','2020-10-30','10:00:00','22:00:00',14400,0,3,'가족처럼 일할 분을 찾습니다.',1,'1',20,50,0,'2020-11-03','1','2020-10-27 10:14:03','2020-11-03 00:27:22',481),(121,'(주)타임카페에서 일하실분 구합니다.','2020-10-13','2020-10-30','10:00:00','22:00:00',10100,1,5,'가족처럼 일할 분을 찾습니다.',1,'1',20,50,0,'2020-11-03','1','2020-10-27 10:14:03','2020-11-03 00:27:22',482),(122,'Bite2Heaven에서 일하실분 구합니다.','2020-10-13','2020-10-30','10:00:00','22:00:00',13000,0,2,'가족처럼 일할 분을 찾습니다.',1,'1',20,50,0,'2020-11-03','1','2020-10-27 10:14:03','2020-11-03 00:27:22',483),(123,'분더키친에서 일하실분 구합니다.','2020-10-13','2020-10-30','10:00:00','22:00:00',12200,0,4,'가족처럼 일할 분을 찾습니다.',1,'1',20,50,0,'2020-11-03','1','2020-10-27 10:14:03','2020-11-03 00:27:22',484),(124,'이성일치과의원에서 일하실분 구합니다.','2020-10-13','2020-10-30','10:00:00','22:00:00',10000,0,2,'가족처럼 일할 분을 찾습니다.',1,'1',20,50,0,'2020-11-03','1','2020-10-27 10:14:03','2020-11-03 00:27:22',485),(125,'(주)지니어트에서 일하실분 구합니다.','2020-10-13','2020-10-30','10:00:00','22:00:00',11800,0,5,'가족처럼 일할 분을 찾습니다.',1,'1',20,50,0,'2020-11-03','1','2020-10-27 10:14:03','2020-11-03 00:27:22',486),(126,'웨버 샌드윅에서 일하실분 구합니다.','2020-10-13','2020-10-30','10:00:00','22:00:00',8500,0,5,'가족처럼 일할 분을 찾습니다.',1,'1',20,50,0,'2020-11-03','1','2020-10-27 10:14:03','2020-11-03 00:27:22',487),(127,'(주)미국대학교육원에서 일하실분 구합니다.','2020-10-13','2020-10-30','10:00:00','22:00:00',12700,1,4,'가족처럼 일할 분을 찾습니다.',1,'1',20,50,0,'2020-11-03','1','2020-10-27 10:14:03','2020-11-03 00:27:22',488),(128,'강남문화원에서 일하실분 구합니다.','2020-10-13','2020-10-30','10:00:00','22:00:00',12400,1,2,'가족처럼 일할 분을 찾습니다.',1,'1',20,50,0,'2020-11-03','1','2020-10-27 10:14:03','2020-11-03 00:27:22',489),(129,'결혼과가족관계 연구소에서 일하실분 구합니다.','2020-10-13','2020-10-30','10:00:00','22:00:00',9200,0,1,'가족처럼 일할 분을 찾습니다.',1,'2',20,50,0,'2020-11-03','1','2020-10-27 10:14:03','2020-11-03 00:27:22',490),(130,'SK서광주유소에서 일하실분 구합니다.','2020-10-13','2020-10-30','10:00:00','22:00:00',14700,0,3,'가족처럼 일할 분을 찾습니다.',1,'2',20,50,0,'2020-11-03','1','2020-10-27 10:14:03','2020-11-03 00:27:22',491),(131,'라드바버샵에서 일하실분 구합니다.','2020-10-13','2020-10-30','10:00:00','22:00:00',8400,0,4,'가족처럼 일할 분을 찾습니다.',1,'2',20,50,0,'2020-11-03','1','2020-10-27 10:14:03','2020-11-03 00:27:22',492),(132,'iBEST유학에서 일하실분 구합니다.','2020-10-13','2020-10-30','10:00:00','22:00:00',14000,0,4,'가족처럼 일할 분을 찾습니다.',1,'2',20,50,0,'2020-11-03','1','2020-10-27 10:14:03','2020-11-03 00:27:22',493),(133,'스완하우스에서 일하실분 구합니다.','2020-10-13','2020-10-30','10:00:00','22:00:00',9700,0,1,'가족처럼 일할 분을 찾습니다.',1,'2',20,50,0,'2020-11-03','1','2020-10-27 10:14:03','2020-11-03 00:27:22',494),(134,'영동기업(주)에서 일하실분 구합니다.','2020-10-13','2020-10-30','10:00:00','22:00:00',12400,1,1,'가족처럼 일할 분을 찾습니다.',1,'2',20,50,0,'2020-11-03','1','2020-10-27 10:14:03','2020-11-03 00:27:22',495),(135,'우림빌딩에서 일하실분 구합니다.','2020-10-13','2020-10-30','10:00:00','22:00:00',11800,1,2,'가족처럼 일할 분을 찾습니다.',1,'2',20,50,0,'2020-11-03','1','2020-10-27 10:14:03','2020-11-03 00:27:22',496),(136,'(주)키메디에서 일하실분 구합니다.','2020-10-13','2020-10-30','10:00:00','22:00:00',13600,0,1,'가족처럼 일할 분을 찾습니다.',1,'2',20,50,0,'2020-11-03','1','2020-10-27 10:14:03','2020-11-03 00:27:22',497),(137,'어반스커트 구름산추어탕에서 일하실분 구합니다.','2020-10-13','2020-10-30','10:00:00','22:00:00',14900,0,5,'가족처럼 일할 분을 찾습니다.',1,'2',20,50,0,'2020-11-03','1','2020-10-27 10:14:03','2020-11-03 00:27:22',498),(138,'리액트파트너코리아에서 일하실분 구합니다.','2020-10-13','2020-10-30','10:00:00','22:00:00',9600,0,3,'가족처럼 일할 분을 찾습니다.',1,'2',20,50,0,'2020-11-03','1','2020-10-27 10:14:03','2020-11-03 00:27:22',499),(139,'GS25ATM에서 일하실분 구합니다.','2020-10-13','2020-10-30','10:00:00','22:00:00',12800,1,1,'가족처럼 일할 분을 찾습니다.',1,'2',20,50,0,'2020-11-03','1','2020-10-27 10:14:03','2020-11-03 00:27:22',500),(140,'(주)에이티티에서 일하실분 구합니다.','2020-10-13','2020-10-30','10:00:00','22:00:00',10700,1,5,'가족처럼 일할 분을 찾습니다.',1,'2',20,50,0,'2020-11-03','1','2020-10-27 10:14:03','2020-11-03 00:27:22',501),(141,'기아모터스에서 일하실분 구합니다.','2020-10-13','2020-10-30','10:00:00','22:00:00',9800,0,1,'가족처럼 일할 분을 찾습니다.',1,'2',20,50,0,'2020-11-03','2','2020-10-27 10:14:03','2020-11-03 00:27:22',502),(142,'(주)케이아이티지에서 일하실분 구합니다.','2020-10-13','2020-10-30','10:00:00','22:00:00',8500,1,5,'가족처럼 일할 분을 찾습니다.',1,'0.1',20,50,0,'2020-11-03','2','2020-10-27 10:14:03','2020-11-03 00:27:22',503),(143,'에그스팟에서 일하실분 구합니다.','2020-10-13','2020-10-30','10:00:00','22:00:00',10300,1,2,'가족처럼 일할 분을 찾습니다.',1,'0.1',20,50,0,'2020-11-03','2','2020-10-27 10:14:03','2020-11-03 00:27:22',504),(144,'디스커버아일랜드-서울센터에서 일하실분 구합니다.','2020-10-13','2020-10-30','10:00:00','22:00:00',14800,1,1,'가족처럼 일할 분을 찾습니다.',1,'0.1',20,50,0,'2020-11-03','2','2020-10-27 10:14:03','2020-11-03 00:27:22',505),(145,'잇올스파르타 강남센터에서 일하실분 구합니다.','2020-10-13','2020-10-30','10:00:00','22:00:00',9600,1,5,'가족처럼 일할 분을 찾습니다.',1,'0.1',20,50,0,'2020-11-03','2','2020-10-27 10:14:03','2020-11-03 00:27:22',506),(146,'가인안마에서 일하실분 구합니다.','2020-10-13','2020-10-30','10:00:00','22:00:00',13600,1,2,'가족처럼 일할 분을 찾습니다.',1,'0.1',20,50,0,'2020-11-03','2','2020-10-27 10:14:03','2020-11-03 00:27:22',507),(147,'SeasoniPC방에서 일하실분 구합니다.','2020-10-13','2020-10-30','10:00:00','22:00:00',14400,0,1,'가족처럼 일할 분을 찾습니다.',1,'0.1',20,50,0,'2020-11-03','2','2020-10-27 10:14:03','2020-11-03 00:27:22',508),(148,'Far East Corp.에서 일하실분 구합니다.','2020-10-13','2020-10-30','10:00:00','22:00:00',13700,1,1,'가족처럼 일할 분을 찾습니다.',1,'0.1',20,50,0,'2020-11-03','2','2020-10-27 10:14:03','2020-11-03 00:27:22',509),(149,'금다이아몬드 매입판매에서 일하실분 구합니다.','2020-10-13','2020-10-30','10:00:00','22:00:00',10100,1,2,'가족처럼 일할 분을 찾습니다.',1,'0.1',20,50,0,'2020-11-03','2','2020-10-27 10:14:03','2020-11-03 00:27:22',510),(150,'패스트원 강남센터에서 일하실분 구합니다.','2020-10-13','2020-10-30','10:00:00','22:00:00',12200,1,1,'가족처럼 일할 분을 찾습니다.',1,'0.1',20,50,0,'2020-11-03','2','2020-10-27 10:14:03','2020-11-03 00:27:22',511),(151,'아스민밸리댄스 강남본원에서 일하실분 구합니다.','2020-10-13','2020-10-30','10:00:00','22:00:00',9500,0,3,'가족처럼 일할 분을 찾습니다.',1,'0.1',20,50,0,'2020-11-03','2','2020-10-27 10:14:03','2020-11-03 00:27:22',512),(152,'피지에이웨스트골프아카데미에서 일하실분 구합니다.','2020-10-13','2020-10-30','10:00:00','22:00:00',11800,0,3,'가족처럼 일할 분을 찾습니다.',1,'0.1',20,50,0,'2020-11-03','2','2020-10-27 10:14:03','2020-11-03 00:27:22',513),(153,'씨투지에서 일하실분 구합니다.','2020-10-13','2020-10-30','10:00:00','22:00:00',11800,0,2,'가족처럼 일할 분을 찾습니다.',1,'0.1',20,50,0,'2020-11-03','2','2020-10-27 10:14:03','2020-11-03 00:27:22',514),(154,'세무법인 지산에서 일하실분 구합니다.','2020-10-13','2020-10-30','10:00:00','22:00:00',12700,1,1,'가족처럼 일할 분을 찾습니다.',1,'0.1',20,50,0,'2020-11-03','2','2020-10-27 10:14:03','2020-11-03 00:27:22',515),(155,'(주)라움피에프브이에서 일하실분 구합니다.','2020-10-13','2020-10-30','10:00:00','22:00:00',12900,1,4,'가족처럼 일할 분을 찾습니다.',1,'0.1',20,50,0,'2020-11-03','2','2020-10-27 10:14:03','2020-11-03 00:27:22',516),(156,'양재서초공인중개사사무소에서 일하실분 구합니다.','2020-10-13','2020-10-30','10:00:00','22:00:00',9800,1,1,'가족처럼 일할 분을 찾습니다.',1,'0.1',20,50,0,'2020-11-03','2','2020-10-27 10:14:03','2020-11-03 00:27:22',517),(157,'완산골명가 역삼점에서 일하실분 구합니다.','2020-10-13','2020-10-30','10:00:00','22:00:00',10300,0,3,'가족처럼 일할 분을 찾습니다.',1,'0.1',20,50,0,'2020-11-03','2','2020-10-27 10:14:03','2020-11-03 00:27:22',518),(158,'진진수라 서초점(일품진진수라)에서 일하실분 구합니다.','2020-10-13','2020-10-30','10:00:00','22:00:00',8600,0,2,'가족처럼 일할 분을 찾습니다.',1,'0.1',20,50,0,'2020-11-03','2','2020-10-27 10:14:03','2020-11-03 00:27:22',519),(159,'the class hyosung에서 일하실분 구합니다.','2020-10-13','2020-10-30','10:00:00','22:00:00',9400,1,4,'가족처럼 일할 분을 찾습니다.',1,'0.1',20,50,0,'2020-11-03','2','2020-10-27 10:14:03','2020-11-03 00:27:22',520),(160,'버거킹 양재점에서 일하실분 구합니다.','2020-10-13','2020-10-30','10:00:00','22:00:00',13800,1,3,'가족처럼 일할 분을 찾습니다.',1,'0.1',20,50,0,'2020-11-03','2','2020-10-27 10:14:03','2020-11-03 00:27:22',521),(161,'코이웨어에서 일하실분 구합니다.','2020-10-13','2020-10-30','10:00:00','22:00:00',8700,0,5,'가족처럼 일할 분을 찾습니다.',1,'0.1',20,50,0,'2020-11-03','2','2020-10-27 10:14:03','2020-11-03 00:27:22',522),(162,'효성ATM서초중앙점F에서 일하실분 구합니다.','2020-10-13','2020-10-30','10:00:00','22:00:00',14600,0,2,'가족처럼 일할 분을 찾습니다.',1,'0.1',20,50,0,'2020-11-03','2','2020-10-27 10:14:03','2020-11-03 00:27:22',523),(163,'아이리스성형외과의원에서 일하실분 구합니다.','2020-10-13','2020-10-30','10:00:00','22:00:00',14600,1,1,'가족처럼 일할 분을 찾습니다.',1,'0.1',20,50,0,'2020-11-03','2','2020-10-27 10:14:03','2020-11-03 00:27:22',524),(164,'(주)토토디앤씨에서 일하실분 구합니다.','2020-10-13','2020-10-30','10:00:00','22:00:00',14700,0,3,'가족처럼 일할 분을 찾습니다.',1,'0.1',20,50,0,'2020-11-03','2','2020-10-27 10:14:03','2020-11-03 00:27:22',525),(165,'사랑하는 교회에서 일하실분 구합니다.','2020-10-13','2020-10-30','10:00:00','22:00:00',11200,1,2,'가족처럼 일할 분을 찾습니다.',1,'0.1',20,50,0,'2020-11-03','2','2020-10-27 10:14:03','2020-11-03 00:27:22',526),(166,'법무법인거산에서 일하실분 구합니다.','2020-10-13','2020-10-30','10:00:00','22:00:00',11700,0,3,'가족처럼 일할 분을 찾습니다.',1,'0.1',20,50,0,'2020-11-03','2','2020-10-27 10:14:03','2020-11-03 00:27:22',527),(167,'StopOver에서 일하실분 구합니다.','2020-10-13','2020-10-30','10:00:00','22:00:00',8900,0,3,'가족처럼 일할 분을 찾습니다.',1,'0.1',20,50,0,'2020-11-03','2','2020-10-27 10:14:03','2020-11-03 00:27:22',528),(168,'GS25 양재타운점에서 일하실분 구합니다.','2020-10-13','2020-10-30','10:00:00','22:00:00',12400,1,4,'가족처럼 일할 분을 찾습니다.',1,'0.1',20,50,0,'2020-11-03','2','2020-10-27 10:14:03','2020-11-03 00:27:22',529),(169,'서리풀6길에서 일하실분 구합니다.','2020-10-13','2020-10-30','10:00:00','22:00:00',10900,1,4,'가족처럼 일할 분을 찾습니다.',1,'0.1',20,50,0,'2020-11-03','2','2020-10-27 10:14:03','2020-11-03 00:27:22',530),(170,'(주)에너지넷에서 일하실분 구합니다.','2020-10-13','2020-10-30','10:00:00','22:00:00',8500,0,5,'가족처럼 일할 분을 찾습니다.',1,'1',20,50,0,'2020-11-03','1','2020-10-27 10:14:03','2020-11-03 00:27:22',531),(171,'역전우동 0410에서 일하실분 구합니다.','2020-10-13','2020-10-30','10:00:00','22:00:00',12700,1,4,'가족처럼 일할 분을 찾습니다.',1,'1',20,50,0,'2020-11-03','1','2020-10-27 10:14:03','2020-11-03 00:27:22',532),(172,'양재커피에서 일하실분 구합니다.','2020-10-13','2020-10-30','10:00:00','22:00:00',12400,1,2,'가족처럼 일할 분을 찾습니다.',1,'1',20,50,0,'2020-11-03','1','2020-10-27 10:14:03','2020-11-03 00:27:22',533),(173,'카플러스에서 일하실분 구합니다.','2020-10-13','2020-10-30','10:00:00','22:00:00',9200,0,1,'가족처럼 일할 분을 찾습니다.',1,'2',20,50,0,'2020-11-03','1','2020-10-27 10:14:03','2020-11-03 00:27:22',534),(174,'동우유치원에서 일하실분 구합니다.','2020-10-13','2020-10-30','10:00:00','22:00:00',14700,0,3,'가족처럼 일할 분을 찾습니다.',1,'2',20,50,0,'2020-11-03','1','2020-10-27 10:14:03','2020-11-03 00:27:22',535),(175,'(주)브이씨에서 일하실분 구합니다.','2020-10-13','2020-10-30','10:00:00','22:00:00',8400,0,4,'가족처럼 일할 분을 찾습니다.',1,'2',20,50,0,'2020-11-03','1','2020-10-27 10:14:03','2020-11-03 00:27:22',536),(176,'원조나주구복덕할매집곰탕에서 일하실분 구합니다.','2020-10-13','2020-10-30','10:00:00','22:00:00',14000,0,4,'가족처럼 일할 분을 찾습니다.',1,'2',20,50,0,'2020-11-03','1','2020-10-27 10:14:03','2020-11-03 00:27:22',537),(177,'순덕철강(주)에서 일하실분 구합니다.','2020-10-13','2020-10-30','10:00:00','22:00:00',9700,0,1,'가족처럼 일할 분을 찾습니다.',1,'2',20,50,0,'2020-11-03','1','2020-10-27 10:14:03','2020-11-03 00:27:22',538),(178,'홍종흔 베이커리 서울고점(서초)에서 일하실분 구합니다.','2020-10-13','2020-10-30','10:00:00','22:00:00',12400,1,1,'가족처럼 일할 분을 찾습니다.',1,'2',20,50,0,'2020-11-03','1','2020-10-27 10:14:03','2020-11-03 00:27:22',539),(179,'BEAT신한은행에서 일하실분 구합니다.','2020-10-13','2020-10-30','10:00:00','22:00:00',11800,1,2,'가족처럼 일할 분을 찾습니다.',1,'2',20,50,0,'2020-11-03','1','2020-10-27 10:14:03','2020-11-03 00:27:22',540),(180,'S-Oil에서 일하실분 구합니다.','2020-10-13','2020-10-30','10:00:00','22:00:00',13600,0,1,'가족처럼 일할 분을 찾습니다.',1,'2',20,50,0,'2020-11-03','1','2020-10-27 10:14:03','2020-11-03 00:27:22',541),(181,'(주)골드머니대부에서 일하실분 구합니다.','2020-10-13','2020-10-30','10:00:00','22:00:00',14900,0,5,'가족처럼 일할 분을 찾습니다.',1,'2',20,50,0,'2020-11-03','1','2020-10-27 10:14:03','2020-11-03 00:27:22',542),(182,'스타벅스 서울아트센터점에서 일하실분 구합니다.','2020-10-13','2020-10-30','10:00:00','22:00:00',9600,0,3,'가족처럼 일할 분을 찾습니다.',1,'2',20,50,0,'2020-11-03','1','2020-10-27 10:14:03','2020-11-03 00:27:22',543),(183,'태원방사선과의원에서 일하실분 구합니다.','2020-10-13','2020-10-30','10:00:00','22:00:00',12800,1,1,'가족처럼 일할 분을 찾습니다.',1,'2',20,50,0,'2020-11-03','1','2020-10-27 10:14:03','2020-11-03 00:27:22',544),(184,'(주)선진주유소에서 일하실분 구합니다.','2020-10-13','2020-10-30','10:00:00','22:00:00',10700,1,5,'가족처럼 일할 분을 찾습니다.',1,'2',20,50,0,'2020-11-03','1','2020-10-27 10:14:03','2020-11-03 00:27:22',545),(185,'CU에서 일하실분 구합니다.','2020-10-13','2020-10-30','10:00:00','22:00:00',9800,0,1,'가족처럼 일할 분을 찾습니다.',1,'2',20,50,0,'2020-11-03','2','2020-10-27 10:14:03','2020-11-03 00:27:22',546),(186,'오늘CAFEANDFLOWERSTUDIO에서 일하실분 구합니다.','2020-10-13','2020-10-30','10:00:00','22:00:00',8500,1,5,'가족처럼 일할 분을 찾습니다.',1,'0.1',20,50,0,'2020-11-03','2','2020-10-27 10:14:03','2020-11-03 00:27:22',547),(187,'㈜유니베스트에듀케이션에서 일하실분 구합니다.','2020-10-13','2020-10-30','10:00:00','22:00:00',10300,1,2,'가족처럼 일할 분을 찾습니다.',1,'0.1',20,50,0,'2020-11-03','2','2020-10-27 10:14:03','2020-11-03 00:27:22',548),(188,'Miyo에서 일하실분 구합니다.','2020-10-13','2020-10-30','10:00:00','22:00:00',14800,1,1,'가족처럼 일할 분을 찾습니다.',1,'0.1',20,50,0,'2020-11-03','2','2020-10-27 10:14:03','2020-11-03 00:27:22',549),(189,'상성형외과의원에서 일하실분 구합니다.','2020-10-13','2020-10-30','10:00:00','22:00:00',9600,1,5,'가족처럼 일할 분을 찾습니다.',1,'0.1',20,50,0,'2020-11-03','2','2020-10-27 10:14:03','2020-11-03 00:27:22',550),(190,'스튜디오 뷔에서 일하실분 구합니다.','2020-10-13','2020-10-30','10:00:00','22:00:00',13600,1,2,'가족처럼 일할 분을 찾습니다.',1,'0.1',20,50,0,'2020-11-03','2','2020-10-27 10:14:03','2020-11-03 00:27:22',551),(191,'THINCCOFFEE에서 일하실분 구합니다.','2020-10-13','2020-10-30','10:00:00','22:00:00',14400,0,1,'가족처럼 일할 분을 찾습니다.',1,'0.1',20,50,0,'2020-11-03','2','2020-10-27 10:14:03','2020-11-03 00:27:22',552),(192,'연세엘재활의학과의원에서 일하실분 구합니다.','2020-10-13','2020-10-30','10:00:00','22:00:00',13700,1,1,'가족처럼 일할 분을 찾습니다.',1,'0.1',20,50,0,'2020-11-03','2','2020-10-27 10:14:03','2020-11-03 00:27:22',553),(193,'클럽 플렉스(플렉스클럽) (후니)에서 일하실분 구합니다.','2020-10-13','2020-10-30','10:00:00','22:00:00',10100,1,2,'가족처럼 일할 분을 찾습니다.',1,'0.1',20,50,0,'2020-11-03','2','2020-10-27 10:14:03','2020-11-03 00:27:22',554),(194,'델리오에서 일하실분 구합니다.','2020-10-13','2020-10-30','10:00:00','22:00:00',12200,1,1,'가족처럼 일할 분을 찾습니다.',1,'0.1',20,50,0,'2020-11-03','2','2020-10-27 10:14:03','2020-11-03 00:27:22',555),(195,'유니포니에서 일하실분 구합니다.','2020-10-13','2020-10-30','10:00:00','22:00:00',9500,0,3,'가족처럼 일할 분을 찾습니다.',1,'0.1',20,50,0,'2020-11-03','2','2020-10-27 10:14:03','2020-11-03 00:27:22',556),(196,'성모간병인협회에서 일하실분 구합니다.','2020-10-13','2020-10-30','10:00:00','22:00:00',11800,0,3,'가족처럼 일할 분을 찾습니다.',1,'0.1',20,50,0,'2020-11-03','2','2020-10-27 10:14:03','2020-11-03 00:27:22',557),(197,'삼성골프스쿨에서 일하실분 구합니다.','2020-10-13','2020-10-30','10:00:00','22:00:00',11800,0,2,'가족처럼 일할 분을 찾습니다.',1,'0.1',20,50,0,'2020-11-03','2','2020-10-27 10:14:03','2020-11-03 00:27:22',558),(198,'에듀민에서 일하실분 구합니다.','2020-10-13','2020-10-30','10:00:00','22:00:00',12200,1,2,'가족처럼 일할 분을 찾습니다.',1,'1',20,50,0,'2020-11-03','1','2020-10-27 10:14:03','2020-11-03 00:27:22',559),(199,'갯마을에서 일하실분 구합니다.','2020-10-13','2020-10-30','10:00:00','22:00:00',10600,1,4,'가족처럼 일할 분을 찾습니다.',1,'1',20,50,0,'2020-11-03','1','2020-10-27 10:14:03','2020-11-03 00:27:22',560),(200,'(주)센틸리언인베스트먼트에서 일하실분 구합니다.','2020-10-13','2020-10-30','10:00:00','22:00:00',13200,1,1,'가족처럼 일할 분을 찾습니다.',1,'1',20,50,0,'2020-11-03','1','2020-10-27 10:14:03','2020-11-03 00:27:22',561),(201,'런닝레빗 제임스에서 일하실분 구합니다.','2020-10-13','2020-10-30','10:00:00','22:00:00',14900,0,3,'가족처럼 일할 분을 찾습니다.',1,'1',20,50,0,'2020-11-03','1','2020-10-27 10:14:03','2020-11-03 00:27:22',562),(202,'효성ATM바이더웨이역삼상록점에서 일하실분 구합니다.','2020-10-13','2020-10-30','10:00:00','22:00:00',12500,0,3,'가족처럼 일할 분을 찾습니다.',1,'1',20,50,0,'2020-11-03','1','2020-10-27 10:14:03','2020-11-03 00:27:22',563),(203,'어쿠스틱라운지에서 일하실분 구합니다.','2020-10-13','2020-10-30','10:00:00','22:00:00',12300,1,1,'가족처럼 일할 분을 찾습니다.',1,'1',20,50,0,'2020-11-03','1','2020-10-27 10:14:03','2020-11-03 00:27:22',564),(204,'보앤필의원에서 일하실분 구합니다.','2020-10-13','2020-10-30','10:00:00','22:00:00',13300,1,2,'가족처럼 일할 분을 찾습니다.',1,'1',20,50,0,'2020-11-03','1','2020-10-27 10:14:03','2020-11-03 00:27:22',565),(205,'인키즈 타투스튜디오에서 일하실분 구합니다.','2020-10-13','2020-10-30','10:00:00','22:00:00',8500,0,5,'가족처럼 일할 분을 찾습니다.',1,'1',20,50,0,'2020-11-03','1','2020-10-27 10:14:03','2020-11-03 00:27:22',566),(206,'스타벅스 국기원사거리점에서 일하실분 구합니다.','2020-10-13','2020-10-30','10:00:00','22:00:00',14600,1,2,'가족처럼 일할 분을 찾습니다.',1,'1',20,50,0,'2020-11-03','1','2020-10-27 10:14:04','2020-11-03 00:27:22',567),(207,'코퍼스트에서 일하실분 구합니다.','2020-10-13','2020-10-30','10:00:00','22:00:00',13700,1,1,'가족처럼 일할 분을 찾습니다.',1,'1',20,50,0,'2020-11-03','1','2020-10-27 10:14:04','2020-11-03 00:27:22',568),(208,'스타벅스에서 일하실분 구합니다.','2020-10-13','2020-10-30','10:00:00','22:00:00',14400,0,3,'가족처럼 일할 분을 찾습니다.',1,'1',20,50,0,'2020-11-03','1','2020-10-27 10:14:04','2020-11-03 00:27:22',569),(209,'비주얼씽킹미술교습소에서 일하실분 구합니다.','2020-10-13','2020-10-30','10:00:00','22:00:00',10100,1,5,'가족처럼 일할 분을 찾습니다.',1,'1',20,50,0,'2020-11-03','1','2020-10-27 10:14:04','2020-11-03 00:27:22',570),(210,'FLB韓国美容整形エージェンシー에서 일하실분 구합니다.','2020-10-13','2020-10-30','10:00:00','22:00:00',13000,0,2,'가족처럼 일할 분을 찾습니다.',1,'1',20,50,0,'2020-11-03','1','2020-10-27 10:14:04','2020-11-03 00:27:22',571),(211,'현대자동차 반포서비스센터에서 일하실분 구합니다.','2020-10-13','2020-10-30','10:00:00','22:00:00',12200,0,4,'가족처럼 일할 분을 찾습니다.',1,'1',20,50,0,'2020-11-03','1','2020-10-27 10:14:04','2020-11-03 00:27:22',572),(212,'만수무강한의원에서 일하실분 구합니다.','2020-10-13','2020-10-30','10:00:00','22:00:00',10000,0,2,'가족처럼 일할 분을 찾습니다.',1,'1',20,50,0,'2020-11-03','1','2020-10-27 10:14:04','2020-11-03 00:27:22',573),(213,'(주)네오파인엔터테인먼트에서 일하실분 구합니다.','2020-10-13','2020-10-30','10:00:00','22:00:00',11800,0,5,'가족처럼 일할 분을 찾습니다.',1,'1',20,50,0,'2020-11-03','1','2020-10-27 10:14:04','2020-11-03 00:27:22',574),(214,'마망스테이에서 일하실분 구합니다.','2020-10-13','2020-10-30','10:00:00','22:00:00',8500,0,5,'가족처럼 일할 분을 찾습니다.',1,'1',20,50,0,'2020-11-03','1','2020-10-27 10:14:04','2020-11-03 00:27:22',575),(215,'GS25 논현진실점에서 일하실분 구합니다.','2020-10-13','2020-10-30','10:00:00','22:00:00',12700,1,4,'가족처럼 일할 분을 찾습니다.',1,'1',20,50,0,'2020-11-03','1','2020-10-27 10:14:04','2020-11-03 00:27:22',576),(216,'GS25 논현으뜸점에서 일하실분 구합니다.','2020-10-13','2020-10-30','10:00:00','22:00:00',12400,1,2,'가족처럼 일할 분을 찾습니다.',1,'1',20,50,0,'2020-11-03','1','2020-10-27 10:14:04','2020-11-03 00:27:22',577),(217,'고양이라 좋은 날에서 일하실분 구합니다.','2020-10-13','2020-10-30','10:00:00','22:00:00',9200,0,1,'가족처럼 일할 분을 찾습니다.',1,'2',20,50,0,'2020-11-03','1','2020-10-27 10:14:04','2020-11-03 00:27:22',578),(218,'(주)스포츠에이전시매니지먼트에서 일하실분 구합니다.','2020-10-13','2020-10-30','10:00:00','22:00:00',14700,0,3,'가족처럼 일할 분을 찾습니다.',1,'2',20,50,0,'2020-11-03','1','2020-10-27 10:14:04','2020-11-03 00:27:22',579),(219,'역삼약국에서 일하실분 구합니다.','2020-10-13','2020-10-30','10:00:00','22:00:00',8400,0,4,'가족처럼 일할 분을 찾습니다.',1,'2',20,50,0,'2020-11-03','1','2020-10-27 10:14:04','2020-11-03 00:27:22',580),(220,'(주)삼지파트너스에서 일하실분 구합니다.','2020-10-13','2020-10-30','10:00:00','22:00:00',14000,0,4,'가족처럼 일할 분을 찾습니다.',1,'2',20,50,0,'2020-11-03','1','2020-10-27 10:14:04','2020-11-03 00:27:22',581),(221,'GS25 논현동부점에서 일하실분 구합니다.','2020-10-13','2020-10-30','10:00:00','22:00:00',9700,0,1,'가족처럼 일할 분을 찾습니다.',1,'2',20,50,0,'2020-11-03','1','2020-10-27 10:14:04','2020-11-03 00:27:22',582),(222,'와이낫포토그래피에서 일하실분 구합니다.','2020-10-13','2020-10-30','10:00:00','22:00:00',12400,1,1,'가족처럼 일할 분을 찾습니다.',1,'2',20,50,0,'2020-11-03','1','2020-10-27 10:14:04','2020-11-03 00:27:22',583),(223,'해커스공무원제2별관에서 일하실분 구합니다.','2020-10-13','2020-10-30','10:00:00','22:00:00',11800,1,2,'가족처럼 일할 분을 찾습니다.',1,'2',20,50,0,'2020-11-03','1','2020-10-27 10:14:04','2020-11-03 00:27:22',584),(224,'(주)피앤에이치소프트웨어학원에서 일하실분 구합니다.','2020-10-13','2020-10-30','10:00:00','22:00:00',13600,0,1,'가족처럼 일할 분을 찾습니다.',1,'2',20,50,0,'2020-11-03','1','2020-10-27 10:14:04','2020-11-03 00:27:22',585),(225,'언주로94길에서 일하실분 구합니다.','2020-10-13','2020-10-30','10:00:00','22:00:00',14900,0,5,'가족처럼 일할 분을 찾습니다.',1,'2',20,50,0,'2020-11-03','1','2020-10-27 10:14:04','2020-11-03 00:27:22',586),(226,'디엠피건축에서 일하실분 구합니다.','2020-10-13','2020-10-30','10:00:00','22:00:00',9600,0,3,'가족처럼 일할 분을 찾습니다.',1,'2',20,50,0,'2020-11-03','1','2020-10-27 10:14:04','2020-11-03 00:27:22',587),(227,'얼티밋커리어그룹 1관 (UCG취업컨설팅)에서 일하실분 구합니다.','2020-10-13','2020-10-30','10:00:00','22:00:00',12800,1,1,'가족처럼 일할 분을 찾습니다.',1,'2',20,50,0,'2020-11-03','1','2020-10-27 10:14:04','2020-11-03 00:27:22',588),(228,'투어플에서 일하실분 구합니다.','2020-10-13','2020-10-30','10:00:00','22:00:00',10700,1,5,'가족처럼 일할 분을 찾습니다.',1,'2',20,50,0,'2020-11-03','1','2020-10-27 10:14:04','2020-11-03 00:27:22',589),(229,'태권도지도자연수원에서 일하실분 구합니다.','2020-10-13','2020-10-30','10:00:00','22:00:00',9800,0,1,'가족처럼 일할 분을 찾습니다.',1,'2',20,50,0,'2020-11-03','2','2020-10-27 10:14:04','2020-11-03 00:27:22',590),(230,'베이퍼24 역삼에서 일하실분 구합니다.','2020-10-13','2020-10-30','10:00:00','22:00:00',8500,1,5,'가족처럼 일할 분을 찾습니다.',1,'0.1',20,50,0,'2020-11-03','2','2020-10-27 10:14:04','2020-11-03 00:27:22',591),(231,'(주)뮤직컴퍼스에서 일하실분 구합니다.','2020-10-13','2020-10-30','10:00:00','22:00:00',10300,1,2,'가족처럼 일할 분을 찾습니다.',1,'0.1',20,50,0,'2020-11-03','2','2020-10-27 10:14:04','2020-11-03 00:27:22',592),(232,'G# THAI massae에서 일하실분 구합니다.','2020-10-13','2020-10-30','10:00:00','22:00:00',14800,1,1,'가족처럼 일할 분을 찾습니다.',1,'0.1',20,50,0,'2020-11-03','2','2020-10-27 10:14:04','2020-11-03 00:27:22',593),(233,'㈜동하석유 힐탑주유소에서 일하실분 구합니다.','2020-10-13','2020-10-30','10:00:00','22:00:00',9600,1,5,'가족처럼 일할 분을 찾습니다.',1,'0.1',20,50,0,'2020-11-03','2','2020-10-27 10:14:04','2020-11-03 00:27:22',594),(234,'경한물산에서 일하실분 구합니다.','2020-10-13','2020-10-30','10:00:00','22:00:00',13600,1,2,'가족처럼 일할 분을 찾습니다.',1,'0.1',20,50,0,'2020-11-03','2','2020-10-27 10:14:04','2020-11-03 00:27:22',595),(235,'유원인터내셔널코리아이주공사에서 일하실분 구합니다.','2020-10-13','2020-10-30','10:00:00','22:00:00',14400,0,1,'가족처럼 일할 분을 찾습니다.',1,'0.1',20,50,0,'2020-11-03','2','2020-10-27 10:14:04','2020-11-03 00:27:22',596),(236,'(주)반코어코리아강남역지점에서 일하실분 구합니다.','2020-10-13','2020-10-30','10:00:00','22:00:00',13700,1,1,'가족처럼 일할 분을 찾습니다.',1,'0.1',20,50,0,'2020-11-03','2','2020-10-27 10:14:04','2020-11-03 00:27:22',597),(237,'화사한 강남점에서 일하실분 구합니다.','2020-10-13','2020-10-30','10:00:00','22:00:00',10100,1,2,'가족처럼 일할 분을 찾습니다.',1,'0.1',20,50,0,'2020-11-03','2','2020-10-27 10:14:04','2020-11-03 00:27:22',598),(238,'(주)크리에이티브그룹아더에서 일하실분 구합니다.','2020-10-13','2020-10-30','10:00:00','22:00:00',12200,1,1,'가족처럼 일할 분을 찾습니다.',1,'0.1',20,50,0,'2020-11-03','2','2020-10-27 10:14:04','2020-11-03 00:27:22',599),(239,'시골집에서 일하실분 구합니다.','2020-10-13','2020-10-30','10:00:00','22:00:00',9500,0,3,'가족처럼 일할 분을 찾습니다.',1,'0.1',20,50,0,'2020-11-03','2','2020-10-27 10:14:04','2020-11-03 00:27:22',600),(240,'(주)스마트포스팅에서 일하실분 구합니다.','2020-10-13','2020-10-30','10:00:00','22:00:00',11800,0,3,'가족처럼 일할 분을 찾습니다.',1,'0.1',20,50,0,'2020-11-03','2','2020-10-27 10:14:04','2020-11-03 00:27:22',601),(241,'투데이머그에서 일하실분 구합니다.','2020-10-13','2020-10-30','10:00:00','22:00:00',11800,0,2,'가족처럼 일할 분을 찾습니다.',1,'0.1',20,50,0,'2020-11-03','2','2020-10-27 10:14:04','2020-11-03 00:27:22',602),(242,'(사)글로벌금융학회에서 일하실분 구합니다.','2020-10-13','2020-10-30','10:00:00','22:00:00',12700,1,1,'가족처럼 일할 분을 찾습니다.',1,'0.1',20,50,0,'2020-11-03','2','2020-10-27 10:14:04','2020-11-03 00:27:22',603),(243,'고메이랩 PC토랑에서 일하실분 구합니다.','2020-10-13','2020-10-30','10:00:00','22:00:00',12900,1,4,'가족처럼 일할 분을 찾습니다.',1,'0.1',20,50,0,'2020-11-03','2','2020-10-27 10:14:04','2020-11-03 00:27:22',604),(244,'동서공인중개사에서 일하실분 구합니다.','2020-10-13','2020-10-30','10:00:00','22:00:00',9800,1,1,'가족처럼 일할 분을 찾습니다.',1,'0.1',20,50,0,'2020-11-03','2','2020-10-27 10:14:04','2020-11-03 00:27:22',605),(245,'제오헤어에서 일하실분 구합니다.','2020-10-13','2020-10-30','10:00:00','22:00:00',10300,0,3,'가족처럼 일할 분을 찾습니다.',1,'0.1',20,50,0,'2020-11-03','2','2020-10-27 10:14:04','2020-11-03 00:27:22',606),(246,'제노플랜코리아(주)에서 일하실분 구합니다.','2020-10-13','2020-10-30','10:00:00','22:00:00',8600,0,2,'가족처럼 일할 분을 찾습니다.',1,'0.1',20,50,0,'2020-11-03','2','2020-10-27 10:14:04','2020-11-03 00:27:22',607),(247,'수타우동 겐에서 일하실분 구합니다.','2020-10-13','2020-10-30','10:00:00','22:00:00',9400,1,4,'가족처럼 일할 분을 찾습니다.',1,'0.1',20,50,0,'2020-11-03','2','2020-10-27 10:14:04','2020-11-03 00:27:22',608),(248,'시원설비앤전기에서 일하실분 구합니다.','2020-10-13','2020-10-30','10:00:00','22:00:00',13800,1,3,'가족처럼 일할 분을 찾습니다.',1,'0.1',20,50,0,'2020-11-03','2','2020-10-27 10:14:04','2020-11-03 00:27:22',609),(249,'(주)청명주유소에서 일하실분 구합니다.','2020-10-13','2020-10-30','10:00:00','22:00:00',8700,0,5,'가족처럼 일할 분을 찾습니다.',1,'0.1',20,50,0,'2020-11-03','2','2020-10-27 10:14:04','2020-11-03 00:27:22',610),(250,'산요프로AS센터에서 일하실분 구합니다.','2020-10-13','2020-10-30','10:00:00','22:00:00',14600,0,2,'가족처럼 일할 분을 찾습니다.',1,'0.1',20,50,0,'2020-11-03','2','2020-10-27 10:14:04','2020-11-03 00:27:22',611),(251,'오르다코리아에서 일하실분 구합니다.','2020-10-13','2020-10-30','10:00:00','22:00:00',14600,1,1,'가족처럼 일할 분을 찾습니다.',1,'0.1',20,50,0,'2020-11-03','2','2020-10-27 10:14:04','2020-11-03 00:27:22',612),(252,'[대표사이트] 강남라스트 메이드룸에서 일하실분 구합니다.','2020-10-13','2020-10-30','10:00:00','22:00:00',14700,0,3,'가족처럼 일할 분을 찾습니다.',1,'0.1',20,50,0,'2020-11-03','2','2020-10-27 10:14:04','2020-11-03 00:27:22',613),(253,'네일원츄(nailwantu)에서 일하실분 구합니다.','2020-10-13','2020-10-30','10:00:00','22:00:00',11200,1,2,'가족처럼 일할 분을 찾습니다.',1,'0.1',20,50,0,'2020-11-03','2','2020-10-27 10:14:04','2020-11-03 00:27:22',614),(254,'(주)케이씨씨서울영업소에서 일하실분 구합니다.','2020-10-13','2020-10-30','10:00:00','22:00:00',11700,0,3,'가족처럼 일할 분을 찾습니다.',1,'0.1',20,50,0,'2020-11-03','2','2020-10-27 10:14:04','2020-11-03 00:27:22',615),(255,'에스터메디뷰티의원에서 일하실분 구합니다.','2020-10-13','2020-10-30','10:00:00','22:00:00',8900,0,3,'가족처럼 일할 분을 찾습니다.',1,'0.1',20,50,0,'2020-11-03','2','2020-10-27 10:14:04','2020-11-03 00:27:22',616),(256,'IBK기업 Atm에서 일하실분 구합니다.','2020-10-13','2020-10-30','10:00:00','22:00:00',12400,1,4,'가족처럼 일할 분을 찾습니다.',1,'0.1',20,50,0,'2020-11-03','2','2020-10-27 10:14:04','2020-11-03 00:27:22',617),(257,'토너플러스에서 일하실분 구합니다.','2020-10-13','2020-10-30','10:00:00','22:00:00',10900,1,4,'가족처럼 일할 분을 찾습니다.',1,'0.1',20,50,0,'2020-11-03','2','2020-10-27 10:14:04','2020-11-03 00:27:22',618),(258,'법무법인 유비즈에서 일하실분 구합니다.','2020-10-13','2020-10-30','10:00:00','22:00:00',8500,0,5,'가족처럼 일할 분을 찾습니다.',1,'1',20,50,0,'2020-11-03','1','2020-10-27 10:14:04','2020-11-03 00:27:22',619),(259,'신라한식뷔페에서 일하실분 구합니다.','2020-10-13','2020-10-30','10:00:00','22:00:00',12700,1,4,'가족처럼 일할 분을 찾습니다.',1,'1',20,50,0,'2020-11-03','1','2020-10-27 10:14:04','2020-11-03 00:27:22',620),(260,'인카 금융서비스 샤인사업단에서 일하실분 구합니다.','2020-10-13','2020-10-30','10:00:00','22:00:00',12400,1,2,'가족처럼 일할 분을 찾습니다.',1,'1',20,50,0,'2020-11-03','1','2020-10-27 10:14:04','2020-11-03 00:27:22',621),(261,'해커스잡 취업아카데미에서 일하실분 구합니다.','2020-10-13','2020-10-30','10:00:00','22:00:00',9200,0,1,'가족처럼 일할 분을 찾습니다.',1,'2',20,50,0,'2020-11-03','1','2020-10-27 10:14:04','2020-11-03 00:27:22',622),(262,'คลินิกศัลยกรรมดูดไขมัน Perfect Line - Perfect Line Clinic에서 일하실분 구합니다.','2020-10-13','2020-10-30','10:00:00','22:00:00',14700,0,3,'가족처럼 일할 분을 찾습니다.',1,'2',20,50,0,'2020-11-03','1','2020-10-27 10:14:04','2020-11-03 00:27:22',623),(263,'GS25잠원강남점에서 일하실분 구합니다.','2020-10-13','2020-10-30','10:00:00','22:00:00',8400,0,4,'가족처럼 일할 분을 찾습니다.',1,'2',20,50,0,'2020-11-03','1','2020-10-27 10:14:04','2020-11-03 00:27:22',624),(264,'(주)핀포인트홀딩스에서 일하실분 구합니다.','2020-10-13','2020-10-30','10:00:00','22:00:00',14000,0,4,'가족처럼 일할 분을 찾습니다.',1,'2',20,50,0,'2020-11-03','1','2020-10-27 10:14:04','2020-11-03 00:27:22',625),(265,'(주)코리아세븐역삼코넬점에서 일하실분 구합니다.','2020-10-13','2020-10-30','10:00:00','22:00:00',9700,0,1,'가족처럼 일할 분을 찾습니다.',1,'2',20,50,0,'2020-11-03','1','2020-10-27 10:14:04','2020-11-03 00:27:22',626),(266,'신한마리오어린이집에서 일하실분 구합니다.','2020-10-13','2020-10-30','10:00:00','22:00:00',12400,1,1,'가족처럼 일할 분을 찾습니다.',1,'2',20,50,0,'2020-11-03','1','2020-10-27 10:14:04','2020-11-03 00:27:22',627),(267,'인프라B2B에서 일하실분 구합니다.','2020-10-13','2020-10-30','10:00:00','22:00:00',11800,1,2,'가족처럼 일할 분을 찾습니다.',1,'2',20,50,0,'2020-11-03','1','2020-10-27 10:14:04','2020-11-03 00:27:22',628),(268,'(주)디앤비플러스에서 일하실분 구합니다.','2020-10-13','2020-10-30','10:00:00','22:00:00',13600,0,1,'가족처럼 일할 분을 찾습니다.',1,'2',20,50,0,'2020-11-03','1','2020-10-27 10:14:04','2020-11-03 00:27:22',629),(269,'BEK 강남하우스에서 일하실분 구합니다.','2020-10-13','2020-10-30','10:00:00','22:00:00',14900,0,5,'가족처럼 일할 분을 찾습니다.',1,'2',20,50,0,'2020-11-03','1','2020-10-27 10:14:04','2020-11-03 00:27:22',630),(270,'경동유료주차장에서 일하실분 구합니다.','2020-10-13','2020-10-30','10:00:00','22:00:00',9600,0,3,'가족처럼 일할 분을 찾습니다.',1,'2',20,50,0,'2020-11-03','1','2020-10-27 10:14:04','2020-11-03 00:27:22',631),(271,'한국닛테츠케미컬앤머티리얼(주)에서 일하실분 구합니다.','2020-10-13','2020-10-30','10:00:00','22:00:00',12800,1,1,'가족처럼 일할 분을 찾습니다.',1,'2',20,50,0,'2020-11-03','1','2020-10-27 10:14:04','2020-11-03 00:27:22',632),(272,'GS25 역삼충현점에서 일하실분 구합니다.','2020-10-13','2020-10-30','10:00:00','22:00:00',10700,1,5,'가족처럼 일할 분을 찾습니다.',1,'2',20,50,0,'2020-11-03','1','2020-10-27 10:14:04','2020-11-03 00:27:22',633),(273,'엘튜브에서 일하실분 구합니다.','2020-10-13','2020-10-30','10:00:00','22:00:00',9800,0,1,'가족처럼 일할 분을 찾습니다.',1,'2',20,50,0,'2020-11-03','2','2020-10-27 10:14:04','2020-11-03 00:27:22',634),(274,'(주)포인트컨설팅에서 일하실분 구합니다.','2020-10-13','2020-10-30','10:00:00','22:00:00',8500,1,5,'가족처럼 일할 분을 찾습니다.',1,'0.1',20,50,0,'2020-11-03','2','2020-10-27 10:14:04','2020-11-03 00:27:22',635),(275,'기아자동차 역삼남부대리점에서 일하실분 구합니다.','2020-10-13','2020-10-30','10:00:00','22:00:00',10300,1,2,'가족처럼 일할 분을 찾습니다.',1,'0.1',20,50,0,'2020-11-03','2','2020-10-27 10:14:04','2020-11-03 00:27:22',636),(276,'BGF휴먼넷에서 일하실분 구합니다.','2020-10-13','2020-10-30','10:00:00','22:00:00',14800,1,1,'가족처럼 일할 분을 찾습니다.',1,'0.1',20,50,0,'2020-11-03','2','2020-10-27 10:14:04','2020-11-03 00:27:22',637),(277,'이스트시어리(주)에서 일하실분 구합니다.','2020-10-13','2020-10-30','10:00:00','22:00:00',9600,1,5,'가족처럼 일할 분을 찾습니다.',1,'0.1',20,50,0,'2020-11-03','2','2020-10-27 10:14:04','2020-11-03 00:27:22',638),(278,'더뉴웨이컴퍼니에서 일하실분 구합니다.','2020-10-13','2020-10-30','10:00:00','22:00:00',13600,1,2,'가족처럼 일할 분을 찾습니다.',1,'0.1',20,50,0,'2020-11-03','2','2020-10-27 10:14:04','2020-11-03 00:27:22',639),(279,'비거커피에서 일하실분 구합니다.','2020-10-13','2020-10-30','10:00:00','22:00:00',14400,0,1,'가족처럼 일할 분을 찾습니다.',1,'0.1',20,50,0,'2020-11-03','2','2020-10-27 10:14:04','2020-11-03 00:27:22',640),(280,'나을약국에서 일하실분 구합니다.','2020-10-13','2020-10-30','10:00:00','22:00:00',13700,1,1,'가족처럼 일할 분을 찾습니다.',1,'0.1',20,50,0,'2020-11-03','2','2020-10-27 10:14:04','2020-11-03 00:27:22',641),(281,'진스피치에서 일하실분 구합니다.','2020-10-13','2020-10-30','10:00:00','22:00:00',10100,1,2,'가족처럼 일할 분을 찾습니다.',1,'0.1',20,50,0,'2020-11-03','2','2020-10-27 10:14:04','2020-11-03 00:27:22',642),(282,'(주)두루컴퍼니에서 일하실분 구합니다.','2020-10-13','2020-10-30','10:00:00','22:00:00',12200,1,1,'가족처럼 일할 분을 찾습니다.',1,'0.1',20,50,0,'2020-11-03','2','2020-10-27 10:14:04','2020-11-03 00:27:22',643),(283,'지일세무회계에서 일하실분 구합니다.','2020-10-13','2020-10-30','10:00:00','22:00:00',9500,0,3,'가족처럼 일할 분을 찾습니다.',1,'0.1',20,50,0,'2020-11-03','2','2020-10-27 10:14:04','2020-11-03 00:27:22',644),(284,'(주)매봉주유소에서 일하실분 구합니다.','2020-10-13','2020-10-30','10:00:00','22:00:00',11800,0,3,'가족처럼 일할 분을 찾습니다.',1,'0.1',20,50,0,'2020-11-03','2','2020-10-27 10:14:04','2020-11-03 00:27:22',645),(285,'더매칭플레이스에서 일하실분 구합니다.','2020-10-13','2020-10-30','10:00:00','22:00:00',11800,0,2,'가족처럼 일할 분을 찾습니다.',1,'0.1',20,50,0,'2020-11-03','2','2020-10-27 10:14:04','2020-11-03 00:27:22',646),(286,'(주)에이치씨에스컨설팅에서 일하실분 구합니다.','2020-10-13','2020-10-30','10:00:00','22:00:00',12200,1,2,'가족처럼 일할 분을 찾습니다.',1,'1',20,50,0,'2020-11-03','1','2020-10-27 10:14:04','2020-11-03 00:27:22',647),(287,'세무회계 태광에서 일하실분 구합니다.','2020-10-13','2020-10-30','10:00:00','22:00:00',10600,1,4,'가족처럼 일할 분을 찾습니다.',1,'1',20,50,0,'2020-11-03','1','2020-10-27 10:14:04','2020-11-03 00:27:22',648),(288,'스타약국에서 일하실분 구합니다.','2020-10-13','2020-10-30','10:00:00','22:00:00',13200,1,1,'가족처럼 일할 분을 찾습니다.',1,'1',20,50,0,'2020-11-03','1','2020-10-27 10:14:04','2020-11-03 00:27:22',649),(289,'우리고시원에서 일하실분 구합니다.','2020-10-13','2020-10-30','10:00:00','22:00:00',14900,0,3,'가족처럼 일할 분을 찾습니다.',1,'1',20,50,0,'2020-11-03','1','2020-10-27 10:14:04','2020-11-03 00:27:22',650),(290,'은행공용 ATM에서 일하실분 구합니다.','2020-10-13','2020-10-30','10:00:00','22:00:00',12500,0,3,'가족처럼 일할 분을 찾습니다.',1,'1',20,50,0,'2020-11-03','1','2020-10-27 10:14:04','2020-11-03 00:27:22',651),(291,'미앤느에서 일하실분 구합니다.','2020-10-13','2020-10-30','10:00:00','22:00:00',12300,1,1,'가족처럼 일할 분을 찾습니다.',1,'1',20,50,0,'2020-11-03','1','2020-10-27 10:14:04','2020-11-03 00:27:22',652),(292,'강남 1인가구 커뮤니티센터에서 일하실분 구합니다.','2020-10-13','2020-10-30','10:00:00','22:00:00',13300,1,2,'가족처럼 일할 분을 찾습니다.',1,'1',20,50,0,'2020-11-03','1','2020-10-27 10:14:04','2020-11-03 00:27:22',653),(293,'주식화사금단비가에서 일하실분 구합니다.','2020-10-13','2020-10-30','10:00:00','22:00:00',8500,0,5,'가족처럼 일할 분을 찾습니다.',1,'1',20,50,0,'2020-11-03','1','2020-10-27 10:14:04','2020-11-03 00:27:22',654),(294,'역삼로14길에서 일하실분 구합니다.','2020-10-13','2020-10-30','10:00:00','22:00:00',14600,1,2,'가족처럼 일할 분을 찾습니다.',1,'1',20,50,0,'2020-11-03','1','2020-10-27 10:14:04','2020-11-03 00:27:22',655),(295,'Солонгосын ЮҮНУ гоо сайхны эмнэлэг - goo saikhnii emneleg에서 일하실분 구합니다.','2020-10-13','2020-10-30','10:00:00','22:00:00',13700,1,1,'가족처럼 일할 분을 찾습니다.',1,'1',20,50,0,'2020-11-03','1','2020-10-27 10:14:04','2020-11-03 00:27:22',656),(296,'모디모발이식의원에서 일하실분 구합니다.','2020-10-13','2020-10-30','10:00:00','22:00:00',14400,0,3,'가족처럼 일할 분을 찾습니다.',1,'1',20,50,0,'2020-11-03','1','2020-10-27 10:14:04','2020-11-03 00:27:22',657),(297,'현대자동차 역삼지점에서 일하실분 구합니다.','2020-10-13','2020-10-30','10:00:00','22:00:00',10100,1,5,'가족처럼 일할 분을 찾습니다.',1,'1',20,50,0,'2020-11-03','1','2020-10-27 10:14:04','2020-11-03 00:27:22',658),(298,'청담사주앤카페에서 일하실분 구합니다.','2020-10-13','2020-10-30','10:00:00','22:00:00',13000,0,2,'가족처럼 일할 분을 찾습니다.',1,'1',20,50,0,'2020-11-03','1','2020-10-27 10:14:04','2020-11-03 00:27:22',659),(299,'휘트니스 클리닉 역삼점에서 일하실분 구합니다.','2020-10-13','2020-10-30','10:00:00','22:00:00',12200,0,4,'가족처럼 일할 분을 찾습니다.',1,'1',20,50,0,'2020-11-03','1','2020-10-27 10:14:04','2020-11-03 00:27:22',660),(300,'(주)아름다운세상에서 일하실분 구합니다.','2020-10-13','2020-10-30','10:00:00','22:00:00',10000,0,2,'가족처럼 일할 분을 찾습니다.',1,'1',20,50,0,'2020-11-03','1','2020-10-27 10:14:04','2020-11-03 00:27:22',661),(301,'(주)도시와풍경에서 일하실분 구합니다.','2020-10-13','2020-10-30','10:00:00','22:00:00',11800,0,5,'가족처럼 일할 분을 찾습니다.',1,'1',20,50,0,'2020-11-03','1','2020-10-27 10:14:05','2020-11-03 00:27:22',662),(302,'(주)미들맨에서 일하실분 구합니다.','2020-10-13','2020-10-30','10:00:00','22:00:00',8500,0,5,'가족처럼 일할 분을 찾습니다.',1,'1',20,50,0,'2020-11-03','1','2020-10-27 10:14:05','2020-11-03 00:27:22',663),(303,'(주)필그린통상에서 일하실분 구합니다.','2020-10-13','2020-10-30','10:00:00','22:00:00',12700,1,4,'가족처럼 일할 분을 찾습니다.',1,'1',20,50,0,'2020-11-03','1','2020-10-27 10:14:05','2020-11-03 00:27:22',664),(305,'가나다라마바사아자차카타파하가가가가가가가가가가가가가가가가가가가가가가가가가가가가가가가가가가가가가가가가가가가가가가가가가가가가가가가가가가가가가가','2020-10-28','2020-10-28','00:00:00','22:00:00',8750,0,1,'가가가각',1,'0,1',0,0,1,'2020-11-03','0','2020-10-28 11:19:03','2020-11-03 00:27:22',62),(306,'테스트','2020-10-28','2020-10-28','12:35:00','23:59:00',8750,0,1,'',2,'0',0,0,1,'2020-05-02','1','2020-10-28 11:20:10','2020-11-06 01:56:20',68),(307,'데스트','2020-10-28','2020-10-28','12:35:00','23:58:00',8750,0,1,'',2,'0',0,0,1,'2020-05-02','1','2020-10-28 11:23:14','2020-11-06 01:56:20',68),(308,'테스트','2020-10-28','2020-10-28','12:35:00','23:59:00',8750,0,1,'',2,'0',0,0,1,'2020-05-02','1','2020-10-28 11:33:55','2020-11-06 01:56:20',68),(309,'급구합니다!','2020-10-29','2020-11-27','10:00:00','22:00:00',8750,0,1,'가족같은 분위기!',0,'0,1',0,0,1,NULL,'0','2020-10-29 01:41:21','2020-10-29 08:59:42',95),(310,'사람 급구합니다','2020-10-29','2020-10-29','10:00:00','22:00:00',8750,0,1,'가족같은 분위기',2,'0,1',0,0,1,'2020-05-02','0','2020-10-29 03:46:18','2020-11-06 01:56:20',95),(311,'급구합니다!','2020-10-29','2020-11-27','10:00:00','22:00:00',8750,0,1,'가족같은 분위기!',0,'0,1',0,0,1,NULL,'0','2020-10-29 07:16:09','2020-10-29 08:59:42',95),(312,'급구','2020-10-29','2020-10-30','10:00:00','22:00:00',8750,0,1,'급구합니다',2,'0,1',0,0,1,'2020-05-02','0','2020-10-29 08:59:20','2020-11-06 01:56:20',95),(313,'하나','2020-10-30','2020-10-31','10:00:00','22:00:00',8750,0,1,'',2,'0,1',0,0,1,'2020-05-02','0','2020-10-29 09:42:26','2020-11-06 01:56:20',95),(314,'사람 모집합니다','2020-10-30','2020-10-31','10:00:00','22:00:00',8750,0,1,'',2,'0,1',0,0,1,'2020-05-02','0','2020-10-29 09:47:48','2020-11-06 01:56:20',95),(315,'둘','2020-10-30','2020-10-30','21:00:00','22:00:00',8750,0,1,'',2,'0,1',0,0,1,'2020-05-02','0','2020-10-29 09:48:57','2020-11-06 01:56:20',95),(316,'홀서빙 알바 모집중','2020-10-14','2020-10-22','12:00:00','14:50:00',9750,0,11,'',2,'0',20,50,1,'2020-05-02','1,2','2020-10-29 09:57:05','2020-11-06 01:56:20',95),(317,'사람 급구합니다','2020-11-01','2020-11-30','10:00:00','22:00:00',8750,0,1,'가족같은 분위기',0,'0,1',0,0,1,NULL,'0','2020-10-29 09:59:34','2020-10-29 09:59:34',95),(318,'테스트 하나','2020-10-30','2020-10-30','18:00:00','22:00:00',8750,0,1,'',2,'0,1',0,0,1,'2020-05-02','0','2020-10-30 07:06:50','2020-11-06 01:56:20',95),(319,'둘','2020-10-30','2020-10-30','21:00:00','23:00:00',8750,0,1,'',2,'0,1',0,0,1,'2020-05-02','0','2020-10-30 07:07:23','2020-11-06 01:56:20',95),(320,'둘','2020-10-30','2020-10-30','21:00:00','23:30:00',8750,0,1,'',2,'0,1',0,0,1,'2020-05-02','0','2020-10-30 07:08:15','2020-11-06 01:56:20',95),(321,'공고','2020-10-30','2020-10-31','17:00:00','23:59:00',10000,0,3,'',1,'0,1',0,0,1,'2020-11-03','1','2020-10-30 07:38:43','2020-11-03 00:27:22',673),(322,'가','2020-10-30','2020-10-31','01:00:00','01:00:00',8750,0,1,'',2,'0,1',0,0,1,'2020-05-02','0','2020-10-30 11:11:54','2020-11-06 01:56:20',95),(323,'안녕하세요','2020-10-30','2020-10-30','10:00:00','22:00:00',8750,0,1,'',2,'0,1',0,0,1,'2020-05-02','0','2020-10-30 11:32:52','2020-11-06 01:56:20',95),(324,'테스트','2020-11-02','2020-11-02','10:00:00','22:00:00',8750,0,1,'',1,'0,1',0,0,1,'2020-11-03','0','2020-11-02 05:55:39','2020-11-03 00:27:22',673),(325,'테스트2','2020-11-02','2020-11-02','10:00:00','23:00:00',8750,0,1,'',1,'0,1',0,0,1,'2020-11-03','0','2020-11-02 06:06:28','2020-11-03 00:27:22',673),(326,'테스트3','2020-11-02','2020-11-02','10:00:00','22:30:00',8750,0,1,'',1,'0,1',0,0,1,'2020-11-03','0','2020-11-02 07:34:51','2020-11-03 00:27:22',673),(328,'바로결제','2020-11-03','2020-11-03','23:00:00','23:30:00',8750,0,1,'',1,'0,1',0,0,1,'2020-11-04','0','2020-11-03 01:41:28','2020-11-03 06:04:03',95),(329,'무제한 테스트1','2020-11-03','2020-11-03','09:00:00','13:00:00',8750,0,1,'',1,'0,1',0,0,1,'2020-11-04','0','2020-11-03 03:30:14','2020-11-03 06:04:03',95),(342,'테스트','2020-11-05','2020-11-05','11:11:00','22:22:00',8750,0,1,'',1,'0,1',0,0,1,'2020-11-06','0','2020-11-05 00:46:17','2020-11-05 23:42:20',95),(343,'테스트 공고','2020-11-05','2020-11-06','10:29:00','12:00:00',87500,1,3,'테스트',1,'0',0,0,1,'2020-11-06','1','2020-11-05 01:02:50','2020-11-06 03:32:37',673),(344,'모집중','2020-11-05','2020-11-05','23:00:00','23:20:00',8750,0,1,'',1,'0,1',0,0,1,'2020-11-06','0','2020-11-05 03:17:41','2020-11-05 23:42:20',677),(345,'테스트','2020-11-05','2020-11-06','15:00:00','16:00:00',8750,0,1,'',1,'0',0,0,1,'2020-11-07','1','2020-11-05 05:57:41','2020-11-06 07:10:54',676),(346,'테스트','2020-11-05','2020-11-05','10:00:00','22:00:00',8750,0,1,'',1,'0,1',0,0,1,'2020-11-06','0','2020-11-05 08:15:36','2020-11-05 13:02:32',677),(350,'공고가지워져요','2020-11-05','2020-11-05','18:00:00','22:00:00',8750,0,1,'',1,'0,1',0,0,1,'2020-11-06','0','2020-11-05 09:37:17','2020-11-05 13:02:32',62),(351,'공고등록합니다111','2020-11-05','2020-11-05','18:40:00','22:00:00',8750,0,1,'',1,'0,1',0,0,1,'2020-11-06','0','2020-11-05 09:38:28','2020-11-05 13:02:32',684),(352,'공고등록 테스트중','2020-11-05','2020-11-05','18:45:00','22:00:00',8750,0,1,'',1,'0,1',0,0,1,'2020-11-06','0','2020-11-05 09:40:27','2020-11-05 13:02:32',684);

--
-- Table structure for table `announcement_keyword`
--

 SET character_set_client = utf8mb4 ;
CREATE TABLE `announcement_keyword` (
  `id` int(11) NOT NULL AUTO_INCREMENT,
  `content` varchar(100) NOT NULL,
  `created_at` datetime NOT NULL,
  `updated_at` datetime NOT NULL,
  `announcement_id` int(11) NOT NULL,
  PRIMARY KEY (`id`),
  KEY `announcement_id` (`announcement_id`),
  CONSTRAINT `announcement_keyword_ibfk_1` FOREIGN KEY (`announcement_id`) REFERENCES `announcement` (`id`) ON DELETE CASCADE ON UPDATE CASCADE
) ENGINE=InnoDB AUTO_INCREMENT=376 DEFAULT CHARSET=utf8mb4;

--
-- Dumping data for table `announcement_keyword`
--

INSERT INTO `announcement_keyword` VALUES (1,'유통&middot;판매','2020-10-14 03:04:36','2020-10-14 03:05:39',1),(2,'고객상담&middot;리서치','2020-10-14 03:04:36','2020-10-14 03:05:39',1),(3,'PC방','2020-10-14 03:17:32','2020-10-14 03:17:32',2),(4,'생산직','2020-10-14 03:17:32','2020-10-14 03:17:32',3),(5,'사무직','2020-10-14 03:17:32','2020-10-14 03:17:32',4),(6,'생산직','2020-10-14 03:17:32','2020-10-14 03:17:32',5),(7,'홀알바','2020-10-14 03:17:32','2020-10-14 03:17:32',6),(8,'사무직','2020-10-14 03:17:32','2020-10-14 03:17:32',7),(9,'사무직','2020-10-14 03:17:32','2020-10-14 03:17:32',8),(10,'생산직','2020-10-14 03:17:32','2020-10-14 03:17:32',9),(11,'서비스','2020-10-14 03:17:32','2020-10-14 03:17:32',10),(12,'카운터','2020-10-14 03:17:32','2020-10-14 03:17:32',11),(13,'카운터','2020-10-14 03:17:32','2020-10-14 03:17:32',12),(14,'안내','2020-10-14 03:17:32','2020-10-14 03:17:32',13),(15,'배달','2020-10-14 03:17:32','2020-10-14 03:17:32',14),(16,'안내','2020-10-14 03:17:32','2020-10-14 03:17:32',15),(17,'카운터','2020-10-14 03:17:32','2020-10-14 03:17:32',16),(18,'서비스','2020-10-14 03:17:32','2020-10-14 03:17:32',17),(19,'배달','2020-10-14 03:17:32','2020-10-14 03:17:32',18),(20,'생산직','2020-10-14 03:17:32','2020-10-14 03:17:32',19),(21,'안내','2020-10-14 03:17:32','2020-10-14 03:17:32',20),(22,'사무직','2020-10-14 03:17:32','2020-10-14 03:17:32',21),(23,'PC방','2020-10-14 03:17:32','2020-10-14 03:17:32',22),(24,'생산직','2020-10-14 03:17:32','2020-10-14 03:17:32',23),(25,'사무직','2020-10-14 03:17:32','2020-10-14 03:17:32',24),(26,'카운터','2020-10-14 03:17:32','2020-10-14 03:17:32',25),(27,'카운터','2020-10-14 03:17:32','2020-10-14 03:17:32',26),(28,'사무직','2020-10-14 03:17:32','2020-10-14 03:17:32',27),(29,'홀알바','2020-10-14 03:17:32','2020-10-14 03:17:32',28),(30,'사무직','2020-10-14 03:17:32','2020-10-14 03:17:32',29),(31,'PC방','2020-10-14 03:17:32','2020-10-14 03:17:32',30),(32,'안내','2020-10-14 03:17:32','2020-10-14 03:17:32',31),(33,'PC방','2020-10-14 03:17:32','2020-10-14 03:17:32',32),(34,'생산직','2020-10-14 03:17:32','2020-10-14 03:17:32',33),(35,'홀알바','2020-10-14 03:17:32','2020-10-14 03:17:32',34),(36,'PC방','2020-10-14 03:17:32','2020-10-14 03:17:32',35),(37,'홀알바','2020-10-14 03:17:32','2020-10-14 03:17:32',36),(38,'PC방','2020-10-14 03:17:32','2020-10-14 03:17:32',37),(39,'홀알바','2020-10-14 03:17:32','2020-10-14 03:17:32',38),(40,'생산직','2020-10-14 03:17:32','2020-10-14 03:17:32',39),(41,'사무직','2020-10-14 03:17:32','2020-10-14 03:17:32',40),(42,'생산직','2020-10-14 03:17:32','2020-10-14 03:17:32',41),(43,'홀알바','2020-10-14 03:17:33','2020-10-14 03:17:33',42),(44,'사무직','2020-10-14 03:17:33','2020-10-14 03:17:33',43),(45,'사무직','2020-10-14 03:17:33','2020-10-14 03:17:33',44),(46,'생산직','2020-10-14 03:17:33','2020-10-14 03:17:33',45),(47,'서비스','2020-10-14 03:17:33','2020-10-14 03:17:33',46),(48,'카운터','2020-10-14 03:17:33','2020-10-14 03:17:33',47),(49,'카운터','2020-10-14 03:17:33','2020-10-14 03:17:33',48),(51,'배달','2020-10-14 03:17:33','2020-10-14 03:17:33',50),(52,'안내','2020-10-14 03:17:33','2020-10-14 03:17:33',51),(53,'카운터','2020-10-14 03:17:33','2020-10-14 03:17:33',52),(54,'서비스','2020-10-14 03:17:33','2020-10-14 03:17:33',53),(55,'배달','2020-10-14 03:17:33','2020-10-14 03:17:33',54),(56,'생산직','2020-10-14 03:17:33','2020-10-14 03:17:33',55),(57,'안내','2020-10-14 03:17:33','2020-10-14 03:17:33',56),(58,'사무직','2020-10-14 03:17:33','2020-10-14 03:17:33',57),(59,'PC방','2020-10-14 03:17:33','2020-10-14 03:17:33',58),(60,'생산직','2020-10-14 03:17:33','2020-10-14 03:17:33',59),(61,'사무직','2020-10-14 03:17:33','2020-10-14 03:17:33',60),(62,'카운터','2020-10-14 03:17:33','2020-10-14 03:17:33',61),(63,'생산&middot;건설&middot;노무','2020-10-14 03:26:28','2020-10-14 05:25:00',62),(64,'편의점','2020-10-14 03:37:28','2020-10-26 05:25:51',63),(65,'배달','2020-10-14 03:37:28','2020-10-26 05:25:51',63),(66,'유통&middot;판매','2020-10-14 03:37:28','2020-10-26 05:25:51',63),(70,'운전&middot;배달','2020-10-14 05:25:00','2020-10-14 05:25:00',62),(75,'카페','2020-10-14 08:46:44','2020-10-28 03:18:06',67),(76,'생산&middot;건설&middot;노무','2020-10-15 10:46:30','2020-10-21 02:26:01',68),(77,'카페','2020-10-15 10:46:30','2020-10-21 02:26:01',68),(78,'사무직','2020-10-22 00:22:14','2020-10-22 00:22:14',69),(82,'서비스','2020-10-26 01:54:50','2020-10-26 01:54:50',72),(83,'디자인','2020-10-26 01:54:50','2020-10-26 01:54:50',72),(84,'외식&middot;음료','2020-10-26 05:39:10','2020-10-26 06:05:12',73),(85,'서비스','2020-10-26 06:07:42','2020-10-26 06:07:42',74),(86,'유통&middot;판매','2020-10-26 06:20:30','2020-10-26 06:20:30',75),(87,'외식&middot;음료','2020-10-26 06:30:15','2020-10-26 06:30:15',76),(88,'외식&middot;음료','2020-10-26 07:23:30','2020-10-26 07:23:30',77),(89,'외식&middot;음료','2020-10-26 07:54:50','2020-10-26 07:54:50',78),(90,'외식&middot;음료','2020-10-26 08:14:01','2020-10-26 08:14:01',79),(91,'외식&middot;음료','2020-10-26 09:06:03','2020-10-26 09:06:03',80),(93,'카운터','2020-10-27 10:18:25','2020-10-27 10:18:25',82),(94,'사무직','2020-10-27 10:18:25','2020-10-27 10:18:25',83),(95,'홀알바','2020-10-27 10:18:25','2020-10-27 10:18:25',84),(96,'사무직','2020-10-27 10:18:25','2020-10-27 10:18:25',85),(97,'PC방','2020-10-27 10:18:25','2020-10-27 10:18:25',86),(98,'안내','2020-10-27 10:18:25','2020-10-27 10:18:25',87),(99,'PC방','2020-10-27 10:18:25','2020-10-27 10:18:25',88),(100,'생산직','2020-10-27 10:18:25','2020-10-27 10:18:25',89),(101,'홀알바','2020-10-27 10:18:25','2020-10-27 10:18:25',90),(102,'PC방','2020-10-27 10:18:25','2020-10-27 10:18:25',91),(103,'홀알바','2020-10-27 10:18:25','2020-10-27 10:18:25',92),(104,'PC방','2020-10-27 10:18:25','2020-10-27 10:18:25',93),(105,'홀알바','2020-10-27 10:18:25','2020-10-27 10:18:25',94),(106,'생산직','2020-10-27 10:18:25','2020-10-27 10:18:25',95),(107,'사무직','2020-10-27 10:18:25','2020-10-27 10:18:25',96),(108,'생산직','2020-10-27 10:18:25','2020-10-27 10:18:25',97),(109,'홀알바','2020-10-27 10:18:25','2020-10-27 10:18:25',98),(110,'사무직','2020-10-27 10:18:25','2020-10-27 10:18:25',99),(111,'사무직','2020-10-27 10:18:25','2020-10-27 10:18:25',100),(112,'생산직','2020-10-27 10:18:25','2020-10-27 10:18:25',101),(113,'서비스','2020-10-27 10:18:25','2020-10-27 10:18:25',102),(114,'카운터','2020-10-27 10:18:25','2020-10-27 10:18:25',103),(115,'카운터','2020-10-27 10:18:25','2020-10-27 10:18:25',104),(116,'안내','2020-10-27 10:18:25','2020-10-27 10:18:25',105),(117,'배달','2020-10-27 10:18:25','2020-10-27 10:18:25',106),(118,'안내','2020-10-27 10:18:25','2020-10-27 10:18:25',107),(119,'카운터','2020-10-27 10:18:25','2020-10-27 10:18:25',108),(120,'서비스','2020-10-27 10:18:25','2020-10-27 10:18:25',109),(121,'PC방','2020-10-27 10:18:25','2020-10-27 10:18:25',110),(122,'생산직','2020-10-27 10:18:25','2020-10-27 10:18:25',111),(123,'사무직','2020-10-27 10:18:25','2020-10-27 10:18:25',112),(124,'생산직','2020-10-27 10:18:25','2020-10-27 10:18:25',113),(125,'홀알바','2020-10-27 10:18:25','2020-10-27 10:18:25',114),(126,'사무직','2020-10-27 10:18:25','2020-10-27 10:18:25',115),(127,'사무직','2020-10-27 10:18:25','2020-10-27 10:18:25',116),(128,'생산직','2020-10-27 10:18:25','2020-10-27 10:18:25',117),(129,'서비스','2020-10-27 10:18:25','2020-10-27 10:18:25',118),(130,'카운터','2020-10-27 10:18:25','2020-10-27 10:18:25',119),(131,'카운터','2020-10-27 10:18:25','2020-10-27 10:18:25',120),(132,'안내','2020-10-27 10:18:25','2020-10-27 10:18:25',121),(133,'배달','2020-10-27 10:18:25','2020-10-27 10:18:25',122),(134,'안내','2020-10-27 10:18:25','2020-10-27 10:18:25',123),(135,'카운터','2020-10-27 10:18:25','2020-10-27 10:18:25',124),(136,'서비스','2020-10-27 10:18:25','2020-10-27 10:18:25',125),(137,'배달','2020-10-27 10:18:25','2020-10-27 10:18:25',126),(138,'생산직','2020-10-27 10:18:25','2020-10-27 10:18:25',127),(139,'안내','2020-10-27 10:18:25','2020-10-27 10:18:25',128),(140,'사무직','2020-10-27 10:18:25','2020-10-27 10:18:25',129),(141,'PC방','2020-10-27 10:18:25','2020-10-27 10:18:25',130),(142,'생산직','2020-10-27 10:18:25','2020-10-27 10:18:25',131),(143,'사무직','2020-10-27 10:18:25','2020-10-27 10:18:25',132),(144,'카운터','2020-10-27 10:18:25','2020-10-27 10:18:25',133),(145,'카운터','2020-10-27 10:18:25','2020-10-27 10:18:25',134),(146,'사무직','2020-10-27 10:18:25','2020-10-27 10:18:25',135),(147,'홀알바','2020-10-27 10:18:25','2020-10-27 10:18:25',136),(148,'사무직','2020-10-27 10:18:25','2020-10-27 10:18:25',137),(149,'PC방','2020-10-27 10:18:25','2020-10-27 10:18:25',138),(150,'안내','2020-10-27 10:18:25','2020-10-27 10:18:25',139),(151,'PC방','2020-10-27 10:18:25','2020-10-27 10:18:25',140),(152,'생산직','2020-10-27 10:18:25','2020-10-27 10:18:25',141),(153,'홀알바','2020-10-27 10:18:25','2020-10-27 10:18:25',142),(154,'PC방','2020-10-27 10:18:25','2020-10-27 10:18:25',143),(155,'홀알바','2020-10-27 10:18:25','2020-10-27 10:18:25',144),(156,'PC방','2020-10-27 10:18:25','2020-10-27 10:18:25',145),(157,'홀알바','2020-10-27 10:18:25','2020-10-27 10:18:25',146),(158,'생산직','2020-10-27 10:18:25','2020-10-27 10:18:25',147),(159,'사무직','2020-10-27 10:18:25','2020-10-27 10:18:25',148),(160,'생산직','2020-10-27 10:18:25','2020-10-27 10:18:25',149),(161,'홀알바','2020-10-27 10:18:25','2020-10-27 10:18:25',150),(162,'사무직','2020-10-27 10:18:25','2020-10-27 10:18:25',151),(163,'사무직','2020-10-27 10:18:25','2020-10-27 10:18:25',152),(164,'생산직','2020-10-27 10:18:26','2020-10-27 10:18:26',153),(165,'서비스','2020-10-27 10:18:26','2020-10-27 10:18:26',154),(166,'카운터','2020-10-27 10:18:26','2020-10-27 10:18:26',155),(167,'카운터','2020-10-27 10:18:26','2020-10-27 10:18:26',156),(168,'안내','2020-10-27 10:18:26','2020-10-27 10:18:26',157),(169,'배달','2020-10-27 10:18:26','2020-10-27 10:18:26',158),(170,'안내','2020-10-27 10:18:26','2020-10-27 10:18:26',159),(171,'카운터','2020-10-27 10:18:26','2020-10-27 10:18:26',160),(172,'서비스','2020-10-27 10:18:26','2020-10-27 10:18:26',161),(173,'배달','2020-10-27 10:18:26','2020-10-27 10:18:26',162),(174,'생산직','2020-10-27 10:18:26','2020-10-27 10:18:26',163),(175,'안내','2020-10-27 10:18:26','2020-10-27 10:18:26',164),(176,'사무직','2020-10-27 10:18:26','2020-10-27 10:18:26',165),(177,'PC방','2020-10-27 10:18:26','2020-10-27 10:18:26',166),(178,'생산직','2020-10-27 10:18:26','2020-10-27 10:18:26',167),(179,'사무직','2020-10-27 10:18:26','2020-10-27 10:18:26',168),(180,'카운터','2020-10-27 10:18:26','2020-10-27 10:18:26',169),(181,'카운터','2020-10-27 10:18:26','2020-10-27 10:18:26',170),(182,'사무직','2020-10-27 10:18:26','2020-10-27 10:18:26',171),(183,'홀알바','2020-10-27 10:18:26','2020-10-27 10:18:26',172),(184,'사무직','2020-10-27 10:18:26','2020-10-27 10:18:26',173),(185,'PC방','2020-10-27 10:18:26','2020-10-27 10:18:26',174),(186,'안내','2020-10-27 10:18:26','2020-10-27 10:18:26',175),(187,'PC방','2020-10-27 10:18:26','2020-10-27 10:18:26',176),(188,'생산직','2020-10-27 10:18:26','2020-10-27 10:18:26',177),(189,'홀알바','2020-10-27 10:18:26','2020-10-27 10:18:26',178),(190,'PC방','2020-10-27 10:18:26','2020-10-27 10:18:26',179),(191,'홀알바','2020-10-27 10:18:26','2020-10-27 10:18:26',180),(192,'PC방','2020-10-27 10:18:26','2020-10-27 10:18:26',181),(193,'홀알바','2020-10-27 10:18:26','2020-10-27 10:18:26',182),(194,'생산직','2020-10-27 10:18:26','2020-10-27 10:18:26',183),(195,'사무직','2020-10-27 10:18:26','2020-10-27 10:18:26',184),(196,'생산직','2020-10-27 10:18:26','2020-10-27 10:18:26',185),(197,'홀알바','2020-10-27 10:18:26','2020-10-27 10:18:26',186),(198,'사무직','2020-10-27 10:18:26','2020-10-27 10:18:26',187),(199,'사무직','2020-10-27 10:18:26','2020-10-27 10:18:26',188),(200,'생산직','2020-10-27 10:18:26','2020-10-27 10:18:26',189),(201,'서비스','2020-10-27 10:18:26','2020-10-27 10:18:26',190),(202,'카운터','2020-10-27 10:18:26','2020-10-27 10:18:26',191),(203,'카운터','2020-10-27 10:18:26','2020-10-27 10:18:26',192),(204,'안내','2020-10-27 10:18:26','2020-10-27 10:18:26',193),(205,'배달','2020-10-27 10:18:26','2020-10-27 10:18:26',194),(206,'안내','2020-10-27 10:18:26','2020-10-27 10:18:26',195),(207,'카운터','2020-10-27 10:18:26','2020-10-27 10:18:26',196),(208,'서비스','2020-10-27 10:18:26','2020-10-27 10:18:26',197),(209,'PC방','2020-10-27 10:18:26','2020-10-27 10:18:26',198),(210,'생산직','2020-10-27 10:18:26','2020-10-27 10:18:26',199),(211,'사무직','2020-10-27 10:18:26','2020-10-27 10:18:26',200),(212,'생산직','2020-10-27 10:18:26','2020-10-27 10:18:26',201),(213,'홀알바','2020-10-27 10:18:26','2020-10-27 10:18:26',202),(214,'사무직','2020-10-27 10:18:26','2020-10-27 10:18:26',203),(215,'사무직','2020-10-27 10:18:26','2020-10-27 10:18:26',204),(216,'생산직','2020-10-27 10:18:26','2020-10-27 10:18:26',205),(217,'서비스','2020-10-27 10:18:26','2020-10-27 10:18:26',206),(218,'카운터','2020-10-27 10:18:26','2020-10-27 10:18:26',207),(219,'카운터','2020-10-27 10:18:26','2020-10-27 10:18:26',208),(220,'안내','2020-10-27 10:18:26','2020-10-27 10:18:26',209),(221,'배달','2020-10-27 10:18:26','2020-10-27 10:18:26',210),(222,'안내','2020-10-27 10:18:26','2020-10-27 10:18:26',211),(223,'카운터','2020-10-27 10:18:26','2020-10-27 10:18:26',212),(224,'서비스','2020-10-27 10:18:26','2020-10-27 10:18:26',213),(225,'배달','2020-10-27 10:18:26','2020-10-27 10:18:26',214),(226,'생산직','2020-10-27 10:18:26','2020-10-27 10:18:26',215),(227,'안내','2020-10-27 10:18:26','2020-10-27 10:18:26',216),(228,'사무직','2020-10-27 10:18:26','2020-10-27 10:18:26',217),(229,'PC방','2020-10-27 10:18:26','2020-10-27 10:18:26',218),(230,'생산직','2020-10-27 10:18:26','2020-10-27 10:18:26',219),(231,'사무직','2020-10-27 10:18:26','2020-10-27 10:18:26',220),(232,'카운터','2020-10-27 10:18:26','2020-10-27 10:18:26',221),(233,'카운터','2020-10-27 10:18:26','2020-10-27 10:18:26',222),(234,'사무직','2020-10-27 10:18:26','2020-10-27 10:18:26',223),(235,'홀알바','2020-10-27 10:18:26','2020-10-27 10:18:26',224),(236,'사무직','2020-10-27 10:18:26','2020-10-27 10:18:26',225),(237,'PC방','2020-10-27 10:18:26','2020-10-27 10:18:26',226),(238,'안내','2020-10-27 10:18:26','2020-10-27 10:18:26',227),(239,'PC방','2020-10-27 10:18:26','2020-10-27 10:18:26',228),(240,'생산직','2020-10-27 10:18:26','2020-10-27 10:18:26',229),(241,'홀알바','2020-10-27 10:18:26','2020-10-27 10:18:26',230),(242,'PC방','2020-10-27 10:18:26','2020-10-27 10:18:26',231),(243,'홀알바','2020-10-27 10:18:26','2020-10-27 10:18:26',232),(244,'PC방','2020-10-27 10:18:26','2020-10-27 10:18:26',233),(245,'홀알바','2020-10-27 10:18:26','2020-10-27 10:18:26',234),(246,'생산직','2020-10-27 10:18:26','2020-10-27 10:18:26',235),(247,'사무직','2020-10-27 10:18:26','2020-10-27 10:18:26',236),(248,'생산직','2020-10-27 10:18:26','2020-10-27 10:18:26',237),(249,'홀알바','2020-10-27 10:18:26','2020-10-27 10:18:26',238),(250,'사무직','2020-10-27 10:18:26','2020-10-27 10:18:26',239),(251,'사무직','2020-10-27 10:18:26','2020-10-27 10:18:26',240),(252,'생산직','2020-10-27 10:18:26','2020-10-27 10:18:26',241),(253,'서비스','2020-10-27 10:18:27','2020-10-27 10:18:27',242),(254,'카운터','2020-10-27 10:18:27','2020-10-27 10:18:27',243),(255,'카운터','2020-10-27 10:18:27','2020-10-27 10:18:27',244),(256,'안내','2020-10-27 10:18:27','2020-10-27 10:18:27',245),(257,'배달','2020-10-27 10:18:27','2020-10-27 10:18:27',246),(258,'안내','2020-10-27 10:18:27','2020-10-27 10:18:27',247),(259,'카운터','2020-10-27 10:18:27','2020-10-27 10:18:27',248),(260,'서비스','2020-10-27 10:18:27','2020-10-27 10:18:27',249),(261,'배달','2020-10-27 10:18:27','2020-10-27 10:18:27',250),(262,'생산직','2020-10-27 10:18:27','2020-10-27 10:18:27',251),(263,'안내','2020-10-27 10:18:27','2020-10-27 10:18:27',252),(264,'사무직','2020-10-27 10:18:27','2020-10-27 10:18:27',253),(265,'PC방','2020-10-27 10:18:27','2020-10-27 10:18:27',254),(266,'생산직','2020-10-27 10:18:27','2020-10-27 10:18:27',255),(267,'사무직','2020-10-27 10:18:27','2020-10-27 10:18:27',256),(268,'카운터','2020-10-27 10:18:27','2020-10-27 10:18:27',257),(269,'카운터','2020-10-27 10:18:27','2020-10-27 10:18:27',258),(270,'사무직','2020-10-27 10:18:27','2020-10-27 10:18:27',259),(271,'홀알바','2020-10-27 10:18:27','2020-10-27 10:18:27',260),(272,'사무직','2020-10-27 10:18:27','2020-10-27 10:18:27',261),(273,'PC방','2020-10-27 10:18:27','2020-10-27 10:18:27',262),(274,'안내','2020-10-27 10:18:27','2020-10-27 10:18:27',263),(275,'PC방','2020-10-27 10:18:27','2020-10-27 10:18:27',264),(276,'생산직','2020-10-27 10:18:27','2020-10-27 10:18:27',265),(277,'홀알바','2020-10-27 10:18:27','2020-10-27 10:18:27',266),(278,'PC방','2020-10-27 10:18:27','2020-10-27 10:18:27',267),(279,'홀알바','2020-10-27 10:18:27','2020-10-27 10:18:27',268),(280,'PC방','2020-10-27 10:18:27','2020-10-27 10:18:27',269),(281,'홀알바','2020-10-27 10:18:27','2020-10-27 10:18:27',270),(282,'생산직','2020-10-27 10:18:27','2020-10-27 10:18:27',271),(283,'사무직','2020-10-27 10:18:27','2020-10-27 10:18:27',272),(284,'생산직','2020-10-27 10:18:27','2020-10-27 10:18:27',273),(285,'홀알바','2020-10-27 10:18:27','2020-10-27 10:18:27',274),(286,'사무직','2020-10-27 10:18:27','2020-10-27 10:18:27',275),(287,'사무직','2020-10-27 10:18:27','2020-10-27 10:18:27',276),(288,'생산직','2020-10-27 10:18:27','2020-10-27 10:18:27',277),(289,'서비스','2020-10-27 10:18:27','2020-10-27 10:18:27',278),(290,'카운터','2020-10-27 10:18:27','2020-10-27 10:18:27',279),(291,'카운터','2020-10-27 10:18:27','2020-10-27 10:18:27',280),(292,'안내','2020-10-27 10:18:27','2020-10-27 10:18:27',281),(293,'배달','2020-10-27 10:18:27','2020-10-27 10:18:27',282),(294,'안내','2020-10-27 10:18:27','2020-10-27 10:18:27',283),(295,'카운터','2020-10-27 10:18:27','2020-10-27 10:18:27',284),(296,'서비스','2020-10-27 10:18:27','2020-10-27 10:18:27',285),(297,'PC방','2020-10-27 10:18:27','2020-10-27 10:18:27',286),(298,'생산직','2020-10-27 10:18:27','2020-10-27 10:18:27',287),(299,'사무직','2020-10-27 10:18:27','2020-10-27 10:18:27',288),(300,'생산직','2020-10-27 10:18:27','2020-10-27 10:18:27',289),(301,'홀알바','2020-10-27 10:18:27','2020-10-27 10:18:27',290),(302,'사무직','2020-10-27 10:18:27','2020-10-27 10:18:27',291),(303,'사무직','2020-10-27 10:18:27','2020-10-27 10:18:27',292),(304,'생산직','2020-10-27 10:18:27','2020-10-27 10:18:27',293),(305,'서비스','2020-10-27 10:18:27','2020-10-27 10:18:27',294),(306,'카운터','2020-10-27 10:18:27','2020-10-27 10:18:27',295),(307,'카운터','2020-10-27 10:18:27','2020-10-27 10:18:27',296),(308,'안내','2020-10-27 10:18:27','2020-10-27 10:18:27',297),(309,'배달','2020-10-27 10:18:27','2020-10-27 10:18:27',298),(310,'안내','2020-10-27 10:18:27','2020-10-27 10:18:27',299),(311,'카운터','2020-10-27 10:18:27','2020-10-27 10:18:27',300),(312,'서비스','2020-10-27 10:18:27','2020-10-27 10:18:27',301),(313,'배달','2020-10-27 10:18:27','2020-10-27 10:18:27',302),(314,'생산직','2020-10-27 10:18:27','2020-10-27 10:18:27',303),(316,'사무직','2020-10-28 03:16:27','2020-10-28 03:18:06',67),(317,'교육&middot;강사','2020-10-28 11:19:03','2020-10-28 13:18:53',305),(318,'유통&middot;판매','2020-10-28 11:20:10','2020-10-28 11:20:10',306),(319,'사무직','2020-10-28 11:23:14','2020-10-28 11:23:14',307),(320,'서비스','2020-10-28 11:33:55','2020-10-28 11:33:55',308),(321,'교육&middot;강사','2020-10-28 11:33:55','2020-10-28 11:33:55',308),(322,'외식&middot;음료','2020-10-29 01:41:21','2020-10-29 01:41:21',309),(323,'외식&middot;음료','2020-10-29 03:46:18','2020-10-29 03:46:18',310),(324,'외식&middot;음료','2020-10-29 07:16:10','2020-10-29 07:16:10',311),(325,'외식&middot;음료','2020-10-29 08:59:20','2020-10-29 08:59:20',312),(326,'외식&middot;음료','2020-10-29 09:42:26','2020-10-29 09:42:26',313),(327,'유통&middot;판매','2020-10-29 09:42:26','2020-10-29 09:42:26',313),(328,'외식&middot;음료','2020-10-29 09:47:48','2020-10-29 09:47:48',314),(329,'외식&middot;음료','2020-10-29 09:48:57','2020-10-29 09:48:57',315),(330,'유통&middot;판매','2020-10-29 09:48:57','2020-10-29 09:48:57',315),(331,'생산&middot;건설&middot;노무','2020-10-29 09:57:05','2020-10-29 09:57:05',316),(332,'카페','2020-10-29 09:57:05','2020-10-29 09:57:05',316),(333,'외식&middot;음료','2020-10-29 09:59:34','2020-10-29 09:59:34',317),(334,'외식&middot;음료','2020-10-30 07:06:50','2020-10-30 07:06:50',318),(335,'외식&middot;음료','2020-10-30 07:07:23','2020-10-30 07:07:23',319),(336,'유통&middot;판매','2020-10-30 07:07:23','2020-10-30 07:07:23',319),(337,'외식&middot;음료','2020-10-30 07:08:15','2020-10-30 07:08:15',320),(338,'유통&middot;판매','2020-10-30 07:08:15','2020-10-30 07:08:15',320),(339,'IT&middot;컴퓨터','2020-10-30 07:38:43','2020-10-30 07:38:43',321),(340,'외식&middot;음료','2020-10-30 11:11:54','2020-10-30 11:11:54',322),(341,'외식&middot;음료','2020-10-30 11:32:52','2020-10-30 11:32:52',323),(342,'외식&middot;음료','2020-11-02 05:55:39','2020-11-02 05:55:39',324),(343,'외식&middot;음료','2020-11-02 06:06:28','2020-11-02 06:06:28',325),(344,'외식&middot;음료','2020-11-02 07:34:51','2020-11-02 07:34:51',326),(346,'외식&middot;음료','2020-11-03 01:41:28','2020-11-03 01:41:28',328),(347,'외식&middot;음료','2020-11-03 03:30:14','2020-11-03 03:30:14',329),(360,'외식&middot;음료','2020-11-05 00:46:17','2020-11-05 00:46:17',342),(361,'유통&middot;판매','2020-11-05 00:46:17','2020-11-05 00:46:17',342),(362,'유통&middot;판매','2020-11-05 01:02:50','2020-11-05 01:02:50',343),(363,'고객상담&middot;리서치','2020-11-05 01:02:50','2020-11-05 01:02:50',343),(364,'사무직','2020-11-05 01:02:50','2020-11-05 01:02:50',343),(365,'외식&middot;음료','2020-11-05 03:17:41','2020-11-05 03:17:41',344),(366,'카페','2020-11-05 05:57:41','2020-11-05 05:57:41',345),(367,'외식&middot;음료','2020-11-05 08:15:36','2020-11-05 08:15:36',346),(373,'교육&middot;강사','2020-11-05 09:37:17','2020-11-05 09:37:17',350),(374,'고객상담&middot;리서치','2020-11-05 09:38:28','2020-11-05 09:38:28',351),(375,'서비스','2020-11-05 09:40:27','2020-11-05 09:40:27',352);

--
-- Table structure for table `announcement_view_time`
--

 SET character_set_client = utf8mb4 ;
CREATE TABLE `announcement_view_time` (
  `id` int(11) NOT NULL AUTO_INCREMENT,
  `view_datetime` datetime NOT NULL,
  `created_at` datetime NOT NULL,
  `updated_at` datetime NOT NULL,
  `announcement_id` int(11) DEFAULT NULL,
  `general_user_id` int(11) DEFAULT NULL,
  PRIMARY KEY (`id`),
  KEY `announcement_view_time_ibfk_1` (`announcement_id`),
  KEY `announcement_view_time_ibfk_2` (`general_user_id`),
  CONSTRAINT `announcement_view_time_ibfk_1` FOREIGN KEY (`announcement_id`) REFERENCES `announcement` (`id`) ON DELETE CASCADE ON UPDATE CASCADE,
  CONSTRAINT `announcement_view_time_ibfk_2` FOREIGN KEY (`general_user_id`) REFERENCES `general_user` (`id`) ON DELETE CASCADE ON UPDATE CASCADE
) ENGINE=InnoDB AUTO_INCREMENT=26 DEFAULT CHARSET=utf8mb4;

--
-- Dumping data for table `announcement_view_time`
--

INSERT INTO `announcement_view_time` VALUES (20,'2020-11-05 14:59:08','2020-11-05 01:20:32','2020-11-05 05:59:08',342,108),(21,'2020-11-05 19:20:08','2020-11-05 03:17:49','2020-11-05 10:20:08',346,93),(24,'2020-11-05 19:14:28','2020-11-05 09:38:36','2020-11-05 10:14:28',352,109),(25,'2020-11-05 18:40:55','2020-11-05 09:39:04','2020-11-05 09:40:55',352,94);

--
-- Table structure for table `applicant`
--

 SET character_set_client = utf8mb4 ;
CREATE TABLE `applicant` (
  `id` int(11) NOT NULL AUTO_INCREMENT,
  `nagotiation_amount` int(11) DEFAULT NULL,
  `apply_state` int(11) NOT NULL DEFAULT '0',
  `approval_state` tinyint(1) NOT NULL DEFAULT '0',
  `is_hidden` tinyint(1) NOT NULL DEFAULT '0',
  `created_at` datetime NOT NULL,
  `updated_at` datetime NOT NULL,
  `announcement_id` int(11) NOT NULL,
  `general_user_id` int(11) NOT NULL,
  `end_datetime_interview` datetime DEFAULT NULL,
  PRIMARY KEY (`id`),
  KEY `announcement_id` (`announcement_id`),
  KEY `general_user_id` (`general_user_id`),
  CONSTRAINT `applicant_ibfk_1` FOREIGN KEY (`announcement_id`) REFERENCES `announcement` (`id`) ON DELETE CASCADE ON UPDATE CASCADE,
  CONSTRAINT `applicant_ibfk_2` FOREIGN KEY (`general_user_id`) REFERENCES `general_user` (`id`) ON DELETE CASCADE ON UPDATE CASCADE
) ENGINE=InnoDB AUTO_INCREMENT=124 DEFAULT CHARSET=utf8mb4;

--
-- Dumping data for table `applicant`
--

INSERT INTO `applicant` VALUES (5,NULL,0,0,0,'2020-10-26 02:47:29','2020-11-02 10:56:35',1,1,NULL),(7,NULL,2,1,0,'2020-10-27 02:16:14','2020-11-02 10:56:35',99,92,NULL),(10,NULL,2,1,0,'2020-10-28 08:28:40','2020-11-02 10:56:35',163,94,NULL),(11,NULL,2,1,0,'2020-10-28 08:28:53','2020-11-02 10:56:35',35,94,NULL),(42,NULL,2,1,0,'2020-10-28 13:34:39','2020-11-02 10:56:35',68,93,NULL),(45,NULL,2,1,0,'2020-10-28 14:41:31','2020-11-02 10:56:35',305,94,NULL),(46,NULL,2,1,0,'2020-10-28 14:41:38','2020-11-02 10:56:35',36,94,NULL),(49,NULL,3,4,0,'2020-10-30 04:56:12','2020-11-02 10:56:35',314,96,NULL),(55,NULL,2,1,0,'2020-11-02 07:05:02','2020-11-02 10:56:35',143,93,NULL),(123,NULL,4,4,0,'2020-11-06 02:53:33','2020-11-06 02:55:08',345,93,'2020-11-06 11:54:03');

--
-- Table structure for table `application`
--

 SET character_set_client = utf8mb4 ;
CREATE TABLE `application` (
  `id` int(11) NOT NULL AUTO_INCREMENT,
  `start_time` time NOT NULL,
  `end_time` time DEFAULT NULL,
  `day_of_the_week` varchar(45) DEFAULT NULL,
  `created_at` datetime NOT NULL,
  `updated_at` datetime NOT NULL,
  `preferred_workplace_id` int(11) NOT NULL,
  `general_user_id` int(11) NOT NULL,
  `is_time_irrelevant` tinyint(1) NOT NULL DEFAULT '0',
  PRIMARY KEY (`id`),
  KEY `preferred_workplace_id` (`preferred_workplace_id`),
  KEY `general_user_id` (`general_user_id`),
  CONSTRAINT `application_ibfk_1` FOREIGN KEY (`preferred_workplace_id`) REFERENCES `preferred_workplace` (`id`) ON DELETE CASCADE ON UPDATE CASCADE,
  CONSTRAINT `application_ibfk_2` FOREIGN KEY (`general_user_id`) REFERENCES `general_user` (`id`) ON DELETE CASCADE ON UPDATE CASCADE
) ENGINE=InnoDB AUTO_INCREMENT=152 DEFAULT CHARSET=utf8mb4;

--
-- Dumping data for table `application`
--

INSERT INTO `application` VALUES (1,'10:00:00','18:00:00','3','2020-10-14 03:10:33','2020-10-14 03:10:33',1,1,0),(2,'10:00:00','18:00:00','6','2020-10-14 03:10:33','2020-10-14 03:10:33',2,2,0),(3,'10:00:00','18:00:00','4','2020-10-14 03:10:33','2020-10-14 03:10:33',3,3,0),(4,'10:00:00','18:00:00','6','2020-10-14 03:10:33','2020-10-14 03:10:33',4,4,0),(5,'10:00:00','18:00:00','3','2020-10-14 03:10:33','2020-10-14 03:10:33',5,5,0),(6,'10:00:00','18:00:00','4','2020-10-14 03:10:33','2020-10-14 03:10:33',6,6,0),(7,'10:00:00','18:00:00','2','2020-10-14 03:10:33','2020-10-14 03:10:33',7,7,0),(8,'10:00:00','18:00:00','5','2020-10-14 03:10:33','2020-10-14 03:10:33',8,8,0),(9,'10:00:00','18:00:00','2','2020-10-14 03:10:33','2020-10-14 03:10:33',9,9,0),(10,'10:00:00','18:00:00','2','2020-10-14 03:10:33','2020-10-14 03:10:33',10,10,0),(11,'10:00:00','18:00:00','2','2020-10-14 03:10:33','2020-10-14 03:10:33',11,11,0),(12,'10:00:00','18:00:00','2','2020-10-14 03:10:33','2020-10-14 03:10:33',12,12,0),(13,'10:00:00','18:00:00','2','2020-10-14 03:10:33','2020-10-14 03:10:33',13,13,0),(14,'10:00:00','18:00:00','0','2020-10-14 03:10:33','2020-10-14 03:10:33',14,14,0),(15,'10:00:00','18:00:00','2','2020-10-14 03:10:33','2020-10-14 03:10:33',15,15,0),(16,'10:00:00','18:00:00','1','2020-10-14 03:10:33','2020-10-14 03:10:33',16,16,0),(17,'10:00:00','18:00:00','1','2020-10-14 03:10:33','2020-10-14 03:10:33',17,17,0),(18,'10:00:00','18:00:00','5','2020-10-14 03:10:33','2020-10-14 03:10:33',18,18,0),(19,'10:00:00','18:00:00','1','2020-10-14 03:10:33','2020-10-14 03:10:33',19,19,0),(21,'10:00:00','18:00:00','3','2020-10-14 03:10:33','2020-10-14 03:10:33',21,21,0),(22,'10:00:00','18:00:00','6','2020-10-14 03:10:33','2020-10-14 03:10:33',22,22,0),(23,'10:00:00','18:00:00','0','2020-10-14 03:10:33','2020-10-14 03:10:33',23,23,0),(24,'10:00:00','18:00:00','0','2020-10-14 03:10:33','2020-10-14 03:10:33',24,24,0),(25,'10:00:00','18:00:00','0','2020-10-14 03:10:33','2020-10-14 03:10:33',25,25,0),(26,'10:00:00','18:00:00','1','2020-10-14 03:10:33','2020-10-14 03:10:33',26,26,0),(27,'10:00:00','18:00:00','2','2020-10-14 03:10:33','2020-10-14 03:10:33',27,27,0),(28,'10:00:00','18:00:00','4','2020-10-14 03:10:33','2020-10-14 03:10:33',28,28,0),(29,'10:00:00','18:00:00','6','2020-10-14 03:10:33','2020-10-14 03:10:33',29,29,0),(30,'10:00:00','18:00:00','2','2020-10-14 03:10:33','2020-10-14 03:10:33',30,30,0),(31,'10:00:00','18:00:00','2','2020-10-14 03:10:33','2020-10-14 03:10:33',31,31,0),(32,'10:00:00','18:00:00','4','2020-10-14 03:10:33','2020-10-14 03:10:33',32,32,0),(33,'10:00:00','18:00:00','2','2020-10-14 03:10:33','2020-10-14 03:10:33',33,33,0),(34,'10:00:00','18:00:00','6','2020-10-14 03:10:33','2020-10-14 03:10:33',34,34,0),(35,'10:00:00','18:00:00','1','2020-10-14 03:10:33','2020-10-14 03:10:33',35,35,0),(36,'10:00:00','18:00:00','0','2020-10-14 03:10:33','2020-10-14 03:10:33',36,36,0),(37,'10:00:00','18:00:00','0','2020-10-14 03:10:33','2020-10-14 03:10:33',37,37,0),(108,'15:30:00','20:30:00','1,2,3,4,5,6,0','2020-10-20 12:50:55','2020-10-20 12:50:55',83,97,0),(119,'00:00:00','00:00:00','2,3,4','2020-10-22 06:57:43','2020-10-22 06:57:43',82,96,1),(128,'15:30:00','20:30:00','5,6,0','2020-10-22 09:01:24','2020-10-28 14:35:53',78,94,1),(142,'00:20:00','00:00:00','4,5,6','2020-10-28 14:35:39','2020-10-28 14:35:46',78,94,0),(143,'00:00:00','00:00:00','1,2,3,4,5,6,0','2020-10-28 14:36:01','2020-10-28 14:36:01',78,94,1),(144,'00:00:00','00:00:00','2,4,6','2020-10-30 06:47:44','2020-10-30 06:47:44',94,108,1),(145,'00:00:00','00:00:00','1,3,5','2020-10-30 06:48:12','2020-10-30 06:48:12',94,108,1),(146,'00:00:00','00:00:00','1,2,3,4,5,6,0','2020-10-30 06:48:23','2020-10-30 06:48:23',94,108,1),(149,'00:00:00','00:00:00','1,2,3,4,5,6,0','2020-11-04 07:02:21','2020-11-04 07:02:21',39,93,1),(150,'00:00:00','00:00:00','1,2,3,4,5,6,0','2020-11-05 13:04:32','2020-11-05 13:04:32',87,93,1),(151,'00:00:00','00:00:00','1,2,3,4,5,6,0','2020-11-05 13:11:06','2020-11-05 13:11:06',96,93,1);

--
-- Table structure for table `attendance_completion`
--

 SET character_set_client = utf8mb4 ;
CREATE TABLE `attendance_completion` (
  `id` int(11) NOT NULL AUTO_INCREMENT,
  `created_at` datetime NOT NULL,
  `updated_at` datetime NOT NULL,
  `announcement_id` int(11) NOT NULL,
  `general_user_id` int(11) NOT NULL,
  PRIMARY KEY (`id`),
  KEY `announcement_id` (`announcement_id`),
  KEY `general_user_id` (`general_user_id`),
  CONSTRAINT `attendance_completion_ibfk_1` FOREIGN KEY (`announcement_id`) REFERENCES `announcement` (`id`) ON DELETE CASCADE ON UPDATE CASCADE,
  CONSTRAINT `attendance_completion_ibfk_2` FOREIGN KEY (`general_user_id`) REFERENCES `general_user` (`id`) ON DELETE CASCADE ON UPDATE CASCADE
) ENGINE=InnoDB AUTO_INCREMENT=11 DEFAULT CHARSET=utf8mb4;

--
-- Dumping data for table `attendance_completion`
--

INSERT INTO `attendance_completion` VALUES (1,'2020-10-14 03:39:59','2020-10-14 03:39:59',80,93),(2,'2020-10-30 00:16:13','2020-10-30 00:16:13',69,93),(5,'2020-11-05 01:47:56','2020-11-05 01:47:56',343,108),(6,'2020-11-05 06:00:18','2020-11-05 06:00:18',342,108),(9,'2020-11-05 09:57:27','2020-11-05 09:57:27',351,109),(10,'2020-11-06 02:44:47','2020-11-06 02:44:47',345,93);

--
-- Table structure for table `attendance_confirmation`
--

 SET character_set_client = utf8mb4 ;
CREATE TABLE `attendance_confirmation` (
  `id` int(11) NOT NULL AUTO_INCREMENT,
  `datetime` datetime NOT NULL,
  `created_at` datetime NOT NULL,
  `updated_at` datetime NOT NULL,
  `announcement_id` int(11) NOT NULL,
  `general_user_id` int(11) NOT NULL,
  PRIMARY KEY (`id`),
  KEY `announcement_id` (`announcement_id`),
  KEY `general_user_id` (`general_user_id`),
  CONSTRAINT `attendance_confirmation_ibfk_1` FOREIGN KEY (`announcement_id`) REFERENCES `announcement` (`id`) ON DELETE CASCADE ON UPDATE CASCADE,
  CONSTRAINT `attendance_confirmation_ibfk_2` FOREIGN KEY (`general_user_id`) REFERENCES `general_user` (`id`) ON DELETE CASCADE ON UPDATE CASCADE
) ENGINE=InnoDB AUTO_INCREMENT=17 DEFAULT CHARSET=utf8mb4;

--
-- Dumping data for table `attendance_confirmation`
--

INSERT INTO `attendance_confirmation` VALUES (1,'2020-10-28 10:29:46','2020-10-28 10:29:46','2020-10-28 10:29:46',68,93),(2,'2020-10-28 11:38:33','2020-10-28 11:38:33','2020-10-28 11:38:33',305,94),(3,'2020-10-29 10:15:35','2020-10-29 10:15:35','2020-10-29 10:15:35',315,93),(4,'2020-10-29 14:54:09','2020-10-29 14:54:09','2020-10-29 14:54:09',69,93),(8,'2020-11-04 07:33:16','2020-11-04 07:33:16','2020-11-04 07:33:16',309,93),(9,'2020-11-05 01:24:45','2020-11-05 01:24:45','2020-11-05 01:24:45',343,108),(10,'2020-11-05 06:00:02','2020-11-05 06:00:02','2020-11-05 06:00:02',342,108),(12,'2020-11-05 09:53:08','2020-11-05 09:53:08','2020-11-05 09:53:08',352,109),(13,'2020-11-05 09:53:58','2020-11-05 09:53:58','2020-11-05 09:53:58',351,109),(15,'2020-11-06 00:50:01','2020-11-06 00:50:01','2020-11-06 00:50:01',311,93),(16,'2020-11-06 02:44:10','2020-11-06 02:44:10','2020-11-06 02:44:10',345,93);

--
-- Table structure for table `bomb_registration_announcement`
--

 SET character_set_client = utf8mb4 ;
CREATE TABLE `bomb_registration_announcement` (
  `id` int(11) NOT NULL AUTO_INCREMENT,
  `created_at` datetime NOT NULL,
  `updated_at` datetime NOT NULL,
  `announcement_id` int(11) NOT NULL,
  `corporate_user_id` int(11) NOT NULL,
  PRIMARY KEY (`id`),
  KEY `announcement_id` (`announcement_id`),
  KEY `corporate_user_id` (`corporate_user_id`),
  CONSTRAINT `bomb_registration_announcement_ibfk_1` FOREIGN KEY (`announcement_id`) REFERENCES `announcement` (`id`) ON DELETE CASCADE ON UPDATE CASCADE,
  CONSTRAINT `bomb_registration_announcement_ibfk_2` FOREIGN KEY (`corporate_user_id`) REFERENCES `corporate_user` (`id`) ON DELETE CASCADE ON UPDATE CASCADE
) ENGINE=InnoDB DEFAULT CHARSET=utf8mb4;

--
-- Dumping data for table `bomb_registration_announcement`
--


--
-- Table structure for table `career`
--

 SET character_set_client = utf8mb4 ;
CREATE TABLE `career` (
  `id` int(11) NOT NULL AUTO_INCREMENT,
  `content` varchar(100) NOT NULL,
  `created_at` datetime NOT NULL,
  `updated_at` datetime NOT NULL,
  `general_user_id` int(11) NOT NULL,
  PRIMARY KEY (`id`),
  KEY `general_user_id` (`general_user_id`),
  CONSTRAINT `career_ibfk_1` FOREIGN KEY (`general_user_id`) REFERENCES `general_user` (`id`) ON DELETE CASCADE ON UPDATE CASCADE
) ENGINE=InnoDB AUTO_INCREMENT=7 DEFAULT CHARSET=utf8mb4;

--
-- Dumping data for table `career`
--

INSERT INTO `career` VALUES (1,'알바나우 10년차','2020-10-14 06:00:01','2020-11-05 13:10:30',93),(3,'홀서빙 6개월','2020-10-19 03:26:19','2020-10-22 06:57:33',96),(4,'경력','2020-10-28 14:42:58','2020-11-05 09:50:10',94),(5,'Babshs','2020-11-05 08:01:35','2020-11-05 13:10:30',93),(6,'논ㄷㄱㄱㄱㄱㄱㄱ','2020-11-05 08:01:51','2020-11-05 13:10:30',93);

--
-- Table structure for table `career_history`
--

 SET character_set_client = utf8mb4 ;
CREATE TABLE `career_history` (
  `id` int(11) NOT NULL AUTO_INCREMENT,
  `content` varchar(100) NOT NULL,
  `count` int(11) NOT NULL,
  `created_at` datetime NOT NULL,
  `updated_at` datetime NOT NULL,
  `general_user_id` int(11) NOT NULL,
  PRIMARY KEY (`id`),
  KEY `general_user_id` (`general_user_id`),
  CONSTRAINT `career_history_ibfk_1` FOREIGN KEY (`general_user_id`) REFERENCES `general_user` (`id`) ON DELETE CASCADE ON UPDATE CASCADE
) ENGINE=InnoDB DEFAULT CHARSET=utf8mb4;

--
-- Dumping data for table `career_history`
--


--
-- Table structure for table `certificate`
--

 SET character_set_client = utf8mb4 ;
CREATE TABLE `certificate` (
  `id` int(11) NOT NULL AUTO_INCREMENT,
  `content` varchar(100) NOT NULL,
  `created_at` datetime NOT NULL,
  `updated_at` datetime NOT NULL,
  `general_user_id` int(11) NOT NULL,
  PRIMARY KEY (`id`),
  KEY `general_user_id` (`general_user_id`),
  CONSTRAINT `certificate_ibfk_1` FOREIGN KEY (`general_user_id`) REFERENCES `general_user` (`id`) ON DELETE CASCADE ON UPDATE CASCADE
) ENGINE=InnoDB AUTO_INCREMENT=6 DEFAULT CHARSET=utf8mb4;

--
-- Dumping data for table `certificate`
--

INSERT INTO `certificate` VALUES (1,'컴활 1급','2020-10-14 06:00:01','2020-11-05 13:10:30',93),(3,'정보처리기사','2020-10-19 03:26:19','2020-10-22 06:57:33',96),(4,'자격증','2020-10-28 14:42:58','2020-11-05 09:50:10',94),(5,'Ahehshs','2020-11-05 08:01:35','2020-11-05 13:10:30',93);

--
-- Table structure for table `checklist`
--

 SET character_set_client = utf8mb4 ;
CREATE TABLE `checklist` (
  `id` int(11) NOT NULL AUTO_INCREMENT,
  `content` varchar(100) NOT NULL,
  `created_at` datetime NOT NULL,
  `updated_at` datetime NOT NULL,
  `announcement_id` int(11) NOT NULL,
  PRIMARY KEY (`id`),
  KEY `announcement_id` (`announcement_id`),
  CONSTRAINT `checklist_ibfk_1` FOREIGN KEY (`announcement_id`) REFERENCES `announcement` (`id`) ON DELETE CASCADE ON UPDATE CASCADE
) ENGINE=InnoDB AUTO_INCREMENT=36 DEFAULT CHARSET=utf8mb4;

--
-- Dumping data for table `checklist`
--

INSERT INTO `checklist` VALUES (1,'운전면허증을 보유하고 있습니다','2020-10-14 03:26:28','2020-10-14 05:25:00',62),(5,'운전면허증을 보유하고 있습니다','2020-10-21 02:26:01','2020-10-21 02:26:01',68),(6,'운전면허증을 보유하고 있습니다','2020-10-22 00:22:14','2020-10-22 00:22:14',69),(7,'해당 업무에 경력이 있습니다','2020-10-22 00:22:14','2020-10-22 00:22:14',69),(11,'보건증 보유','2020-10-26 01:54:50','2020-10-26 01:54:50',72),(12,'보건증을 보유하고 있습니다','2020-10-26 05:39:09','2020-10-26 06:05:12',73),(13,'해당 업무에 경력이 있습니다','2020-10-26 05:39:09','2020-10-26 06:05:12',73),(14,'보건증을 보유하고 있습니다','2020-10-26 06:07:42','2020-10-26 06:07:42',74),(15,'보건증을 보유하고 있습니다','2020-10-26 07:23:30','2020-10-26 07:23:30',77),(17,'보건증을 보유하고 있습니다','2020-10-28 03:16:27','2020-10-28 03:18:06',67),(18,'운전면허증을 보유하고 있습니다','2020-10-28 03:16:27','2020-10-28 03:18:06',67),(19,'운전면허증을 보유하고 있습니다','2020-10-28 11:20:10','2020-10-28 11:20:10',306),(20,'보건증을 보유하고 있습니다','2020-10-28 11:33:55','2020-10-28 11:33:55',308),(21,'보건증을 보유하고 있습니다','2020-10-29 01:41:21','2020-10-29 01:41:21',309),(22,'해당 업무에 경력이 있습니다','2020-10-29 03:46:18','2020-10-29 03:46:18',310),(23,'보건증을 보유하고 있습니다','2020-10-29 07:16:09','2020-10-29 07:16:09',311),(24,'보건증을 보유하고 있습니다','2020-10-29 08:59:20','2020-10-29 08:59:20',312),(25,'보건증을 보유하고 있습니다','2020-10-29 09:48:57','2020-10-29 09:48:57',315),(26,'운전면허증을 보유하고 있습니다','2020-10-29 09:57:05','2020-10-29 09:57:05',316),(27,'해당 업무에 경력이 있습니다','2020-10-29 09:59:34','2020-10-29 09:59:34',317),(28,'보건증을 보유하고 있습니다','2020-10-30 07:06:50','2020-10-30 07:06:50',318),(29,'보건증을 보유하고 있습니다','2020-10-30 07:07:23','2020-10-30 07:07:23',319),(30,'보건증을 보유하고 있습니다','2020-10-30 07:08:15','2020-10-30 07:08:15',320),(31,'보건증을 보유하고 있습니다','2020-10-30 07:38:43','2020-10-30 07:38:43',321),(32,'보건증을 보유하고 있습니다','2020-11-05 01:02:50','2020-11-05 01:02:50',343),(33,'운전면허증을 보유하고 있습니다','2020-11-05 01:02:50','2020-11-05 01:02:50',343),(34,'보건증을 보유하고 있습니다','2020-11-05 05:57:41','2020-11-05 05:57:41',345);

--
-- Table structure for table `company`
--

 SET character_set_client = utf8mb4 ;
CREATE TABLE `company` (
  `id` int(11) NOT NULL AUTO_INCREMENT,
  `name` varchar(100) NOT NULL,
  `address` varchar(255) NOT NULL,
  `latitude` double NOT NULL,
  `longitude` double NOT NULL,
  `photos` varchar(1024) DEFAULT NULL,
  `phone` varchar(45) DEFAULT NULL,
  `detailed_address` varchar(128) DEFAULT NULL,
  `abbreviation` varchar(100) NOT NULL,
  `created_at` datetime NOT NULL,
  `updated_at` datetime NOT NULL,
  `corporate_user_id` int(11) NOT NULL,
  PRIMARY KEY (`id`),
  KEY `corporate_user_id` (`corporate_user_id`),
  CONSTRAINT `company_ibfk_1` FOREIGN KEY (`corporate_user_id`) REFERENCES `corporate_user` (`id`) ON DELETE CASCADE ON UPDATE CASCADE
) ENGINE=InnoDB AUTO_INCREMENT=686 DEFAULT CHARSET=utf8mb4;

--
-- Dumping data for table `company`
--

INSERT INTO `company` VALUES (1,'경서모터스(주)','서울특별시 영등포구 양평동5가 37-4',37.538256,126.892057,'http:// localhost:3000/static/resources/images/company/8de9be6b933c0b92e83b7d2a6f604e1c','01012345678',NULL,'양평동','2020-10-14 03:03:06','2020-10-26 01:54:50',286),(2,'퀵렌터카','서울특별시 영등포구 양평동5가 26-7',37.537838,126.893233,NULL,'02-868-7234',NULL,'역삼동','2020-10-14 03:07:07','2020-10-14 03:07:07',2),(3,'세븐일레븐 롯데타워점','서울특별시 영등포구 양평동5가 21',37.53731,126.892842,NULL,'02-737-5398',NULL,'양평동','2020-10-14 03:07:07','2020-10-14 03:07:07',3),(4,'한신연세소아과의원','서울특별시 영등포구 양평동5가 90-2',37.539226,126.893377,NULL,'02-733-5488',NULL,'양평동','2020-10-14 03:07:07','2020-10-14 03:07:07',4),(5,'t world','서울특별시 양평동4가',37.536757,126.896435,NULL,'02-359-4948',NULL,'양평동','2020-10-14 03:07:07','2020-10-14 03:07:07',5),(6,'패스트미디어(주)','서울특별시 영등포구 양평동5가 39',37.538752,126.891302,NULL,'02-632-5247',NULL,'양평동','2020-10-14 03:07:07','2020-10-14 03:07:07',6),(7,'당산원치과의원','서울특별시 영등포구 당산동6가 당산로 231 대원빌딩',37.534457,126.901871,NULL,'02-261-9622',NULL,'양평동','2020-10-14 03:07:07','2020-10-14 03:07:07',7),(8,'씨피코트','양평동5가 26-18번지 영등포구 서울특별시 KR',37.537958,126.893002,NULL,'02-748-4574',NULL,'양평동','2020-10-14 03:07:07','2020-10-14 03:07:07',8),(9,'패스트미디어(주)','서울특별시 영등포구 양평동5가 39',37.538761,126.891308,NULL,'02-777-3116',NULL,'양평동','2020-10-14 03:07:07','2020-10-14 03:07:07',9),(10,'한신연세소아과의원','서울특별시 영등포구 양평동5가 90-2',37.539228,126.893393,NULL,'02-977-7900',NULL,'양평동','2020-10-14 03:07:07','2020-10-14 03:07:07',10),(11,'선유도한의원','서울특별시 영등포구 양평동4가 70번지 1층',37.53664,126.895813,NULL,'02-295-9227',NULL,'양평동','2020-10-14 03:07:07','2020-10-14 03:07:07',11),(12,'양평로','서울특별시 영등포구',37.53882,126.890693,NULL,'02-110-2034',NULL,'양평동','2020-10-14 03:07:07','2020-10-14 03:07:07',12),(13,'IBK기업은행 당산역','서울특별시 영등포구 당산동6가 331-1',37.53448,126.901195,NULL,'02-247-5526',NULL,'양평동','2020-10-14 03:07:07','2020-10-14 03:07:07',13),(14,'(주)파워랜드','서울특별시 영등포구 양평동5가 26-7',37.537926,126.893214,NULL,'02-283-7948',NULL,'양평동','2020-10-14 03:07:07','2020-10-14 03:07:07',14),(15,'양평동5가','서울특별시 영등포구',37.539395,126.892234,NULL,'02-544-2061',NULL,'양평동','2020-10-14 03:07:07','2020-10-14 03:07:07',15),(16,'은혜와진리교회 영등포성전','서울특별시 영등포구 양평동5가 양평로22다길 5',37.539052,126.894074,NULL,'02-642-7410',NULL,'양평동','2020-10-14 03:07:07','2020-10-14 03:07:07',16),(17,'구립늘해랑어린이집','서울특별시 영등포구 양평동4가 153-1번지',37.5367,126.896786,NULL,'02-129-8848',NULL,'양평동','2020-10-14 03:07:07','2020-10-14 03:07:07',17),(18,'영등포제일교회','서울특별시 영등포구 양평동5가 50',37.539641,126.891227,NULL,'02-392-1454',NULL,'양평동','2020-10-14 03:07:07','2020-10-14 03:07:07',18),(19,'kt','서울특별시 당산동6가',37.534619,126.900857,NULL,'02-279-8995',NULL,'양평동','2020-10-14 03:07:07','2020-10-14 03:07:07',19),(20,'에이알모터스','양평동5가 22-3번지 영등포구 서울특별시 KR',37.537696,126.892469,NULL,'02-127-5270',NULL,'양평동','2020-10-14 03:07:07','2020-10-14 03:07:07',20),(21,'Korean Charcoal BBQ 얼큰이꼼장어','서울특별시 영등포구 양평동5가',37.539339,126.892421,NULL,'02-199-1162',NULL,'양평동','2020-10-14 03:07:07','2020-10-14 03:07:07',21),(22,'명진카독크','서울특별시 영등포구 양평동',37.539843,126.895225,NULL,'02-587-9769',NULL,'양평동','2020-10-14 03:07:07','2020-10-14 03:07:07',22),(23,'양평동우체국','서울특별시 영등포구 양평동4가 153-31',37.536478,126.897071,NULL,'02-694-8161',NULL,'양평동','2020-10-14 03:07:07','2020-10-14 03:07:07',23),(24,'린나이코리아 일신엔터프라이즈','서울특별시 영등포구 양평동5가 76',37.53983,126.8915,NULL,'02-311-5280',NULL,'양평동','2020-10-14 03:07:07','2020-10-14 03:07:07',24),(25,'박상준의원','서울특별시 영등포구 당산2동 양평로 53',37.534366,126.900375,NULL,'02-877-3895',NULL,'양평동','2020-10-14 03:07:07','2020-10-14 03:07:07',25),(26,'세븐일레븐 롯데타워점','서울특별시 영등포구 양평동5가 21',37.537313,126.892842,NULL,'02-630-6805',NULL,'양평동','2020-10-14 03:07:07','2020-10-14 03:07:07',26),(27,'린나이코리아 일신엔터프라이즈','서울특별시 영등포구 양평동5가 76',37.539812,126.891512,NULL,'02-838-8454',NULL,'양평동','2020-10-14 03:07:07','2020-10-14 03:07:07',27),(28,'이마트24편의점','서울특별시 영등포구 양평로22길 대한민국',37.539137,126.89479,NULL,'02-770-9918',NULL,'양평동','2020-10-14 03:07:07','2020-10-14 03:07:07',28),(29,'(주)더존통상','서울특별시 영등포구 양평동4가 153-6번지 문화빌딩 304호',37.536391,126.897288,NULL,'02-640-1980',NULL,'양평동','2020-10-14 03:07:07','2020-10-14 03:07:07',29),(30,'대양엔지니어링','서울특별시 영등포구 양평동5가 76',37.540033,126.89206,NULL,'02-830-7108',NULL,'양평동','2020-10-14 03:07:07','2020-10-14 03:07:07',30),(31,'당산삼흥빌딩','서울특별시 영등포구 당산동5가 33-5',37.534374,126.900165,NULL,'02-374-6055',NULL,'양평동','2020-10-14 03:07:07','2020-10-14 03:07:07',31),(32,'에이알모터스','양평동5가 22-3번지 영등포구 서울특별시 KR',37.537707,126.892484,NULL,'02-182-5629',NULL,'양평동','2020-10-14 03:07:07','2020-10-14 03:07:07',32),(33,'린나이코리아 일신엔터프라이즈','서울특별시 영등포구 양평동5가 76',37.539801,126.891493,NULL,'02-685-1637',NULL,'양평동','2020-10-14 03:07:07','2020-10-14 03:07:07',33),(34,'류한의원','서울특별시 영등포구 양평동4가 202',37.538756,126.894892,NULL,'02-612-1375',NULL,'양평동','2020-10-14 03:07:07','2020-10-14 03:07:07',34),(35,'자연과사람디앤씨','서울특별시 영등포구 양평동4가 65-1',37.536147,126.896725,NULL,'02-176-4691',NULL,'양평동','2020-10-14 03:07:07','2020-10-14 03:07:07',35),(36,'롯데칠성정비공장','서울특별시 영등포구 양평동5가 109',37.541093,126.893867,NULL,'02-474-9723',NULL,'양평동','2020-10-14 03:07:07','2020-10-14 03:07:07',36),(37,'맑은소리스피치학원','서울특별시 영등포구 당산2동 양평로 59 대영빌딩 6층',37.534559,126.899913,NULL,'02-358-4263',NULL,'양평동','2020-10-14 03:07:07','2020-10-14 03:07:07',37),(38,'경서모터스(주)','서울특별시 영등포구 양평동5가 37-4',37.538256,126.892057,NULL,'02-671-2722',NULL,'양평동','2020-10-14 03:07:07','2020-10-14 03:07:07',38),(39,'대양엔지니어링','서울특별시 영등포구 양평동5가 76',37.540035,126.892064,NULL,'02-314-6428',NULL,'양평동','2020-10-14 03:07:07','2020-10-14 03:07:07',39),(40,'컴닥터119 양평동4가점','서울특별시 영등포구 양평동4가 129',37.538026,126.894362,NULL,'02-301-5222',NULL,'양평동','2020-10-14 03:07:07','2020-10-14 03:07:07',40),(41,'(주)국민은행','양평동4가 153-11번지 영등포구 서울특별시 KR',37.536236,126.897618,NULL,'02-265-4325',NULL,'양평동','2020-10-14 03:07:07','2020-10-14 03:07:07',41),(42,'서울은빛요양병원','서울특별시 영등포구 양평동5가 121-1',37.540789,126.895006,NULL,'02-377-4142',NULL,'양평동','2020-10-14 03:07:07','2020-10-14 03:07:07',42),(43,'더후라이팬 당산역점','서울특별시 영등포구 당산동5가 33-1',37.534903,126.899239,NULL,'02-112-3131',NULL,'양평동','2020-10-14 03:07:07','2020-10-14 03:07:07',43),(44,'선유도주유소','서울특별시 영등포구 양평동5가 37번지',37.538398,126.892266,NULL,'02-975-3179',NULL,'양평동','2020-10-14 03:07:07','2020-10-14 03:07:07',44),(45,'양평로24길','서울특별시 영등포구 양평동5가',37.539345,126.893119,NULL,'02-381-5972',NULL,'양평동','2020-10-14 03:07:07','2020-10-14 03:07:07',45),(46,'파리바게뜨 선유도역','서울특별시 영등포구 양평동4가 양평로 122',37.537835,126.894287,NULL,'02-203-9040',NULL,'양평동','2020-10-14 03:07:07','2020-10-14 03:07:07',46),(47,'쎄븐일레븐양평롯데길점','서울특별시 영등포구 양평동4가 51-1',37.535589,126.895807,NULL,'02-565-2180',NULL,'양평동','2020-10-14 03:07:07','2020-10-14 03:07:07',47),(48,'세원자동차공업사','서울특별시 영등포구 양평동',37.54047,126.895621,NULL,'02-912-2241',NULL,'양평동','2020-10-14 03:07:07','2020-10-14 03:07:07',48),(50,'경서모터스(주)','서울특별시 영등포구 양평동5가 37-4',37.538258,126.892051,NULL,'02-113-7745',NULL,'양평동','2020-10-14 03:07:07','2020-10-14 03:07:07',50),(51,'양평로24길','서울특별시 영등포구 양평동5가',37.539347,126.893119,NULL,'02-910-6130',NULL,'양평동','2020-10-14 03:07:07','2020-10-14 03:07:07',51),(52,'세븐일레븐 양평점','서울특별시 영등포구 양평동4가 197-1',37.537755,126.895507,NULL,'02-263-1213',NULL,'양평동','2020-10-14 03:07:07','2020-10-14 03:07:07',52),(53,'앤앤텍영상서울2지사','서울특별시 영등포구 양평동4가 번지 511호 32-8 그랑드빌',37.534733,126.897302,NULL,'02-123-4520',NULL,'양평동','2020-10-14 03:07:07','2020-10-14 03:07:07',53),(54,'세븐일레븐','서울특별시 영등포구 당산동6가',37.534843,126.902255,NULL,'02-482-2427',NULL,'양평동','2020-10-14 03:07:07','2020-10-14 03:07:07',54),(55,'로이드밤','서울특별시 영등포구 양평동4가 27-2번지',37.535237,126.898592,NULL,'02-212-4437',NULL,'양평동','2020-10-14 03:07:07','2020-10-14 03:07:07',55),(56,'경서모터스(주)','서울특별시 영등포구 양평동5가 37-4',37.538258,126.892,NULL,'02-859-3260',NULL,'양평동','2020-10-14 03:07:07','2020-10-14 03:07:07',56),(57,'대양엔지니어링','서울특별시 영등포구 양평동5가 76',37.540036,126.892057,NULL,'02-720-5169',NULL,'양평동','2020-10-14 03:07:08','2020-10-14 03:07:08',57),(58,'더빛나요','양평동4가 122번지 1호 1층 그림그린그릇 40',37.537536,126.895384,NULL,'02-997-2821',NULL,'양평동','2020-10-14 03:07:08','2020-10-14 03:07:08',58),(59,'HOTEL LOFT','서울특별시 영등포구 선유동2로 72',37.534586,126.898756,NULL,'02-907-6957',NULL,'양평동','2020-10-14 03:07:08','2020-10-14 03:07:08',59),(60,'(주)신평항공','서울특별시 영등포구 당산동6가 331-1',37.534391,126.901198,NULL,'02-192-9677',NULL,'양평동','2020-10-14 03:07:08','2020-10-14 03:07:08',60),(61,'한미석유 제2한강주유소','서울특별시 영등포구 양평동4가 선유로 260',37.535478,126.897922,NULL,'02-980-4550',NULL,'양평동','2020-10-14 03:07:08','2020-10-14 03:07:08',61),(62,'T','서울 강남구 강남대로98길',37.5007457253818,127.027708363414,'http://182.162.62.209:3000/static/resources/images/company/2b6f5f2273deb66d9d96d427c56b5a82','1234',NULL,'역삼동','2020-10-14 03:25:57','2020-11-05 10:29:55',201),(64,'제플','서울 영등포구 양평동5가 40-1',37.53840637207031,126.89157104492188,NULL,'01099902538',NULL,'양평동5가','2020-10-14 03:35:34','2020-10-14 03:35:34',203),(66,'4','서울 강남구 역삼동 825-2',37.4970486776201,127.028627058312,NULL,'6',NULL,'역삼동','2020-10-14 05:37:46','2020-11-05 08:27:57',204),(67,'GS25','서울 영등포구 양평동5가',37.5393563567172,126.892639686611,NULL,'01099902538',NULL,'양평동5가','2020-10-14 05:48:09','2020-10-14 05:48:09',203),(68,'테스트 삼','서울 영등포구 양평동',37.5282170949853,126.885713864668,'http://182.162.62.209:3000/static/resources/images/company/a9802861cb6afc25e2902378a67f7058','08057845748',NULL,'양평동','2020-10-14 06:03:50','2020-10-28 06:15:10',202),(95,'양평순대국','경기 성남시 분당구 정자3동',37.360763816811,127.119553820185,'http://182.162.62.209:3000/static/resources/images/company/dcc9a2b1cbb99e7b2b67808958b84be6,http://182.162.62.209:3000/static/resources/images/company/60b59bd4cf67bc3d616e27716c8f1265','01062642066',NULL,'정자3동','2020-10-19 12:07:20','2020-11-05 03:07:50',202),(100,'퀵렌터카','서울특별시 영등포구 양평동5가 26-7',37.537838,126.893233,NULL,'01012345678',NULL,'양평동','2020-10-26 01:54:45','2020-10-26 01:54:45',205),(101,'경서모터스(주)','서울특별시 영등포구 양평동5가 37-4',37.538256,126.892057,'http://182.162.62.209:3000/static/resources/images/company/e59f61917ab371f594d78a6d94b996a5','01012345678',NULL,'양평동','2020-10-26 01:54:50','2020-10-26 01:54:50',1),(443,'류한의원','서울특별시 영등포구 양평동4가 202',37.538748,126.894904,NULL,'010-868-7234',NULL,'양평동','2020-10-27 09:32:02','2020-10-27 09:32:02',62),(444,'이치고이치에','서울특별시 영등포구 여의도동 의사당대로 108',37.520853,126.923995,NULL,'010-737-5398',NULL,'양평동','2020-10-27 09:32:02','2020-10-27 09:32:02',63),(445,'지지고목동학원가점','서울특별시 양천구 목동 907-5번지 가든스위트 101호',37.536057,126.878688,NULL,'010-733-5488',NULL,'양평동','2020-10-27 09:32:02','2020-10-27 09:32:02',64),(446,'희우정로','서울특별시 마포구',37.555092,126.900446,NULL,'010-359-4948',NULL,'양평동','2020-10-27 09:32:02','2020-10-27 09:32:02',65),(447,'컴닥터119 양평동4가점','서울특별시 영등포구 양평동4가 129',37.538021,126.894376,NULL,'010-632-5247',NULL,'양평동','2020-10-27 09:32:02','2020-10-27 09:32:02',66),(448,'국회대로54길','서울특별시 영등포구 영등포동',37.522598,126.908984,NULL,'010-261-9622',NULL,'양평동','2020-10-27 09:32:02','2020-10-27 09:32:02',67),(449,'티엔카','목동 199-70번지 1층 양천구 서울특별시 KR',37.540076,126.874935,NULL,'010-748-4574',NULL,'양평동','2020-10-27 09:32:02','2020-10-27 09:32:02',68),(450,'희우정로16길','서울특별시 마포구 망원1동',37.554453,126.904022,NULL,'010-777-3116',NULL,'양평동','2020-10-27 09:32:02','2020-10-27 09:32:02',69),(451,'제이카','서울특별시 영등포구 양평동3가 96-1',37.533853,126.892237,NULL,'010-977-7900',NULL,'양평동','2020-10-27 09:32:02','2020-10-27 09:32:02',70),(452,'에스케렌시아','서울특별시 영등포구 여의동 41-2',37.520976,126.934271,NULL,'010-295-9227',NULL,'양평동','2020-10-27 09:32:02','2020-10-27 09:32:02',71),(453,'야채랑과일이랑','서울특별시 목5동',37.542506,126.881558,NULL,'010-110-2034',NULL,'양평동','2020-10-27 09:32:02','2020-10-27 09:32:02',72),(454,'월드컵로5길','서울특별시 마포구 합정동',37.549988,126.908121,NULL,'010-247-5526',NULL,'양평동','2020-10-27 09:32:02','2020-10-27 09:32:02',73),(455,'뚜레쥬르국회점','서울특별시 영등포구 여의도동 의사당대로 1',37.53005,126.912783,NULL,'010-283-7948',NULL,'양평동','2020-10-27 09:32:02','2020-10-27 09:32:02',74),(456,'(주)은성여의도점','서울특별시 영등포구 여의동 번지 1층 46-1',37.519309,126.929594,NULL,'010-544-2061',NULL,'양평동','2020-10-27 09:32:02','2020-10-27 09:32:02',75),(457,'수영유치원','서울특별시 양천구 목동 901',37.540388,126.87694,NULL,'010-642-7410',NULL,'양평동','2020-10-27 09:32:02','2020-10-27 09:32:02',76),(458,'독막로7길','서울특별시 마포구',37.550112,126.919871,NULL,'010-129-8848',NULL,'양평동','2020-10-27 09:32:02','2020-10-27 09:32:02',77),(459,'㈜SLA엔지니어링건축사사무소','서울특별시 영등포구 여의도동 국회대로 750',37.528195,126.916516,NULL,'010-392-1454',NULL,'양평동','2020-10-27 09:32:02','2020-10-27 09:32:02',78),(460,'뱅크다운','서울특별시 영등포구 당산2동 국회대로 543',37.529123,126.895271,NULL,'010-279-8995',NULL,'양평동','2020-10-27 09:32:02','2020-10-27 09:32:02',79),(461,'gs25 양화수선화점','서울특별시 영등포구 양화동 29-2',37.544858,126.891637,NULL,'010-127-5270',NULL,'양평동','2020-10-27 09:32:02','2020-10-27 09:32:02',80),(462,'gs 25','서울특별시 영등포구 여의동 여의공원로',37.52613,126.917759,NULL,'010-199-1162',NULL,'양평동','2020-10-27 09:32:02','2020-10-27 09:32:02',81),(463,'(주)아사다라솔루션','서울특별시 영등포구 여의동 15-12',37.528476,126.919346,NULL,'010-587-9769',NULL,'양평동','2020-10-27 09:32:02','2020-10-27 09:32:02',82),(464,'(주)서울김','서울특별시 영등포구 양평동2가 43-14',37.525711,126.883188,NULL,'010-694-8161',NULL,'양평동','2020-10-27 09:32:02','2020-10-27 09:32:02',83),(465,'기업은행ATM','서울특별시 강서구 염창동 264-14번지 1층',37.549859,126.873345,NULL,'010-311-5280',NULL,'양평동','2020-10-27 09:32:02','2020-10-27 09:32:02',84),(466,'판다익스프레스 여의도IFC몰점','서울특별시 영등포구 여의동 국제금융로 10, 지하 3층',37.525484,126.925423,NULL,'010-877-3895',NULL,'양평동','2020-10-27 09:32:02','2020-10-27 09:32:02',85),(467,'잇츠100(IT\'S100)','서울특별시 영등포구 여의동 11-11',37.530595,126.92475,NULL,'010-630-6805',NULL,'양평동','2020-10-27 09:32:02','2020-10-27 09:32:02',86),(468,'SC제일은행 목동5단지지점 Standard Chartered Bank','서울특별시 양천구 목5동 목동동로 350',37.533533,126.881695,NULL,'010-838-8454',NULL,'양평동','2020-10-27 09:32:02','2020-10-27 09:32:02',87),(469,'공구사오','서울특별시 강서구 염창동 305번지',37.55148,126.870299,NULL,'010-770-9918',NULL,'양평동','2020-10-27 09:32:02','2020-10-27 09:32:02',88),(470,'여의도주유소','서울특별시 영등포구 여의도동 10-1',37.530349,126.925568,NULL,'010-640-1980',NULL,'양평동','2020-10-27 09:32:02','2020-10-27 09:32:02',89),(471,'강남서울밝은안과','서울특별시 강남구 역삼동 825',37.49781,127.028617,NULL,'010-737-5398',NULL,'역삼동','2020-10-27 09:32:02','2020-10-27 09:32:02',90),(472,'역삼세무회계','서울특별시 강남구 역삼동 824-39',37.498175,127.030798,NULL,'010-733-5488',NULL,'역삼동','2020-10-27 09:32:02','2020-10-27 09:32:02',91),(473,'파크&스위트','서울특별시 강남구 역삼동',37.494884,127.032726,NULL,'010-359-4948',NULL,'역삼동','2020-10-27 09:32:02','2020-10-27 09:32:02',92),(474,'양치과의원','서울특별시 강남구 역삼동 833-4',37.493707,127.033292,NULL,'010-632-5247',NULL,'역삼동','2020-10-27 09:32:02','2020-10-27 09:32:02',93),(475,'워크 브릿지(Work Bridge)','서울특별시 강남구 역삼동 논현로 401 청송빌딩 403호',37.495904,127.03887,NULL,'010-261-9622',NULL,'역삼동','2020-10-27 09:32:02','2020-10-27 09:32:02',94),(476,'하이카프라자','서울특별시 강남구 역삼1동 741',37.497725,127.033751,NULL,'010-748-4574',NULL,'역삼동','2020-10-27 09:32:02','2020-10-27 09:32:02',95),(477,'디젠트','서울특별시 강남구 역삼동 825-13',37.497319,127.028334,NULL,'010-777-3116',NULL,'역삼동','2020-10-27 09:32:02','2020-10-27 09:32:02',96),(478,'강남비나리 사주 타로 신점','서울특별시 강남구 역삼동 강남대로8길 33 대우디오빌플러스 426호',37.497398,127.03102,NULL,'010-977-7900',NULL,'역삼동','2020-10-27 09:32:02','2020-10-27 09:32:02',97),(479,'와이즈인컴퍼니','서울특별시 강남구 역삼동 역삼로 123',37.494132,127.033055,NULL,'010-295-9227',NULL,'역삼동','2020-10-27 09:32:02','2020-10-27 09:32:02',98),(480,'골프존파크 역삼 위너스크린','서울특별시 강남구 역삼동 834-34',37.493081,127.03418,NULL,'010-110-2034',NULL,'역삼동','2020-10-27 09:32:03','2020-10-27 09:32:03',99),(481,'제이케이엔지니어링','서울특별시 강남구 역삼동 논현로 407',37.496366,127.038641,NULL,'010-247-5526',NULL,'역삼동','2020-10-27 09:32:03','2020-10-27 09:32:03',100),(482,'(주)타임카페','서울특별시 강남구 역삼동 논현로85길 58',37.498005,127.033162,NULL,'010-283-7948',NULL,'역삼동','2020-10-27 09:32:03','2020-10-27 09:32:03',101),(483,'Bite2Heaven','서울특별시 강남구 역삼동 테헤란로4길 14',37.497282,127.029734,NULL,'010-544-2061',NULL,'역삼동','2020-10-27 09:32:03','2020-10-27 09:32:03',102),(484,'분더키친','서울특별시 강남구 역삼동 강남대로84길 28',37.496918,127.030951,NULL,'010-642-7410',NULL,'역삼동','2020-10-27 09:32:03','2020-10-27 09:32:03',103),(485,'이성일치과의원','서울특별시 강남구 역삼동 831-11',37.493737,127.030515,NULL,'010-129-8848',NULL,'역삼동','2020-10-27 09:32:03','2020-10-27 09:32:03',104),(486,'(주)지니어트','서울특별시 강남구 역삼동 834 44번지 5층',37.494138,127.034501,NULL,'010-392-1454',NULL,'역삼동','2020-10-27 09:32:03','2020-10-27 09:32:03',105),(487,'웨버 샌드윅','서울특별시 강남구 역삼동 823-21',37.499,127.032244,NULL,'010-279-8995',NULL,'역삼동','2020-10-27 09:32:03','2020-10-27 09:32:03',106),(488,'(주)미국대학교육원','서울특별시 강남구 역삼동 825-30 번지 해성빌딩',37.497349,127.029329,NULL,'010-127-5270',NULL,'역삼동','2020-10-27 09:32:03','2020-10-27 09:32:03',107),(489,'강남문화원','서울특별시 강남구 역삼1동 827-61',37.496384,127.031907,NULL,'010-199-1162',NULL,'역삼동','2020-10-27 09:32:03','2020-10-27 09:32:03',108),(490,'결혼과가족관계 연구소','서울특별시 강남구 역삼동 강남대로 324 대우디오슈페리움 308호',37.492153,127.030936,NULL,'010-587-9769',NULL,'역삼동','2020-10-27 09:32:03','2020-10-27 09:32:03',109),(491,'SK서광주유소','서울특별시 강남구 역삼1동 834-47',37.494302,127.035037,NULL,'010-694-8161',NULL,'역삼동','2020-10-27 09:32:03','2020-10-27 09:32:03',110),(492,'라드바버샵','서울특별시 강남구 역삼동 752-59번지 1층 101호',37.494824,127.034073,NULL,'010-311-5280',NULL,'역삼동','2020-10-27 09:32:03','2020-10-27 09:32:03',111),(493,'iBEST유학','서울특별시 강남구 역삼동 강남대로84길 8',37.496438,127.029252,NULL,'010-877-3895',NULL,'역삼동','2020-10-27 09:32:03','2020-10-27 09:32:03',112),(494,'스완하우스','서울특별시 강남구 역삼동 827-70',37.495552,127.031747,NULL,'010-630-6805',NULL,'역삼동','2020-10-27 09:32:03','2020-10-27 09:32:03',113),(495,'영동기업(주)','서울특별시 강남구 역삼동 832',37.492972,127.030477,NULL,'010-838-8454',NULL,'역삼동','2020-10-27 09:32:03','2020-10-27 09:32:03',114),(496,'우림빌딩','서울특별시 강남구 역삼동 834 64번지',37.493172,127.035634,NULL,'010-770-9918',NULL,'역삼동','2020-10-27 09:32:03','2020-10-27 09:32:03',115),(497,'(주)키메디','서울특별시 강남구 역삼2동 논현로 416',37.497385,127.038916,NULL,'010-640-1980',NULL,'역삼동','2020-10-27 09:32:03','2020-10-27 09:32:03',116),(498,'어반스커트 구름산추어탕','서울특별시 강남구 역삼1동 테헤란로 142',37.499632,127.034838,NULL,'010-830-7108',NULL,'역삼동','2020-10-27 09:32:03','2020-10-27 09:32:03',117),(499,'리액트파트너코리아','서울특별시 강남구 역삼동 테헤란로2길 27 비젼타워 13층',37.496487,127.029635,NULL,'010-374-6055',NULL,'역삼동','2020-10-27 09:32:03','2020-10-27 09:32:03',118),(500,'GS25ATM','서울특별시 강남구 역삼동 826-37',37.4952,127.03079,NULL,'010-182-5629',NULL,'역삼동','2020-10-27 09:32:03','2020-10-27 09:32:03',119),(501,'(주)에이티티','서울특별시 강남구 역삼동 832-41',37.49316,127.031586,NULL,'010-685-1637',NULL,'역삼동','2020-10-27 09:32:03','2020-10-27 09:32:03',120),(502,'기아모터스','서울특별시 강남구 역삼2동 논현로 416',37.494733,127.036865,NULL,'010-612-1375',NULL,'역삼동','2020-10-27 09:32:03','2020-10-27 09:32:03',121),(503,'(주)케이아이티지','서울특별시 강남구 역삼동 828-10',37.496026,127.033001,NULL,'010-176-4691',NULL,'역삼동','2020-10-27 09:32:03','2020-10-27 09:32:03',122),(504,'에그스팟','서울특별시 강남구 역삼동 테헤란로38길 40',37.499941,127.042757,NULL,'010-474-9723',NULL,'역삼동','2020-10-27 09:32:03','2020-10-27 09:32:03',123),(505,'디스커버아일랜드-서울센터','서울특별시 강남구 역삼동 828-10',37.497416,127.030262,NULL,'010-358-4263',NULL,'역삼동','2020-10-27 09:32:03','2020-10-27 09:32:03',124),(506,'잇올스파르타 강남센터','서울특별시 강남구 강남대로78길 12 예미프레스티지 빌딩 5층',37.49486,127.030301,NULL,'010-671-2722',NULL,'역삼동','2020-10-27 09:32:03','2020-10-27 09:32:03',125),(507,'가인안마','서울특별시 강남구 역삼동 역삼로4길 16 1219호',37.492341,127.032007,NULL,'010-314-6428',NULL,'역삼동','2020-10-27 09:32:03','2020-10-27 09:32:03',126),(508,'SeasoniPC방','790-20 역삼동 강남구 서울특별시',37.494648,127.037631,NULL,'010-301-5222',NULL,'역삼동','2020-10-27 09:32:03','2020-10-27 09:32:03',127),(509,'Far East Corp.','서울특별시 강남구 역삼동 테헤란로8길 41',37.496335,127.032757,NULL,'010-265-4325',NULL,'역삼동','2020-10-27 09:32:03','2020-10-27 09:32:03',128),(510,'금다이아몬드 매입판매','서울특별시 강남구 역삼동 논현로85길 5',37.499049,127.037126,NULL,'010-377-4142',NULL,'역삼동','2020-10-27 09:32:03','2020-10-27 09:32:03',129),(511,'패스트원 강남센터','서울특별시 강남구 824 역삼빌딩 14층 패스트캠퍼스',37.49829,127.030086,NULL,'010-112-3131',NULL,'역삼동','2020-10-27 09:32:03','2020-10-27 09:32:03',130),(512,'아스민밸리댄스 강남본원','서울특별시 강남구 역삼동 830-5',37.495121,127.031578,NULL,'010-975-3179',NULL,'역삼동','2020-10-27 09:32:03','2020-10-27 09:32:03',131),(513,'피지에이웨스트골프아카데미','서울특별시 강남구 역삼동 833-2',37.493604,127.032673,NULL,'010-381-5972',NULL,'역삼동','2020-10-27 09:32:03','2020-10-27 09:32:03',132),(514,'씨투지','서울특별시 강남구 역삼동 번지 5층 796-26 삼정빌딩',37.493245,127.038824,NULL,'010-203-9040',NULL,'역삼동','2020-10-27 09:32:03','2020-10-27 09:32:03',133),(515,'세무법인 지산','서울특별시 강남구 역삼동 테헤란로8길 33',37.496766,127.032382,NULL,'010-565-2180',NULL,'역삼동','2020-10-27 09:32:03','2020-10-27 09:32:03',134),(516,'(주)라움피에프브이','KR 서울특별시 강남구 역삼동 726번지 14층 ',37.49897,127.03835,NULL,'010-912-2241',NULL,'역삼동','2020-10-27 09:32:03','2020-10-27 09:32:03',135),(517,'양재서초공인중개사사무소','서울특별시 서초구 서초동 1364-11',37.484664,127.029815,NULL,'010-325-9736',NULL,'역삼동','2020-10-27 09:32:03','2020-10-27 09:32:03',136),(518,'완산골명가 역삼점','서울특별시 강남구 역삼2동 788-1',37.493316,127.040635,NULL,'010-113-7745',NULL,'역삼동','2020-10-27 09:32:03','2020-10-27 09:32:03',137),(519,'진진수라 서초점(일품진진수라)','지하 KR 서울특별시 서초구 서초대로254 오퓨런스빌딩 2층',37.492077,127.009398,NULL,'010-910-6130',NULL,'역삼동','2020-10-27 09:32:03','2020-10-27 09:32:03',138),(520,'the class hyosung','65 효령로55길 서초동 서초구 서울특별시',37.487655,127.013808,NULL,'010-263-1213',NULL,'역삼동','2020-10-27 09:32:03','2020-10-27 09:32:03',139),(521,'버거킹 양재점','서울특별시 서초구 서초동 강남대로 221',37.484033,127.033761,NULL,'010-123-4520',NULL,'역삼동','2020-10-27 09:32:03','2020-10-27 09:32:03',140),(522,'코이웨어','서울특별시 서초구 서초대로 356, 서초지웰타워 1301호',37.495298,127.02022,NULL,'010-482-2427',NULL,'역삼동','2020-10-27 09:32:03','2020-10-27 09:32:03',141),(523,'효성ATM서초중앙점F','서울특별시 서초구 서초동 1566-5번지',37.489916,127.013508,NULL,'010-212-4437',NULL,'역삼동','2020-10-27 09:32:03','2020-10-27 09:32:03',142),(524,'아이리스성형외과의원','서울특별시 서초구 서초동 서초대로74길 3',37.497212,127.026229,NULL,'010-859-3260',NULL,'역삼동','2020-10-27 09:32:03','2020-10-27 09:32:03',143),(525,'(주)토토디앤씨','서울특별시 서초구 양재동 11-56 번지 창대빌딩 5층',37.483598,127.036363,NULL,'010-720-5169',NULL,'역삼동','2020-10-27 09:32:03','2020-10-27 09:32:03',144),(526,'사랑하는 교회','서울특별시 서초구 서초동 1631-1',37.490154,127.021199,NULL,'010-997-2821',NULL,'역삼동','2020-10-27 09:32:03','2020-10-27 09:32:03',145),(527,'법무법인거산','서울특별시 서초구 서초동 1540-1',37.489887,127.007923,NULL,'010-907-6957',NULL,'역삼동','2020-10-27 09:32:03','2020-10-27 09:32:03',146),(528,'StopOver','9-11 강남대로55길 서초동 서초구 서울특별시',37.495096,127.027912,NULL,'010-192-9677',NULL,'역삼동','2020-10-27 09:32:03','2020-10-27 09:32:03',147),(529,'GS25 양재타운점','서울특별시 서초구 양재동 8-31',37.483858,127.039721,NULL,'010-980-4550',NULL,'역삼동','2020-10-27 09:32:03','2020-10-27 09:32:03',148),(530,'서리풀6길','서울특별시 서초구 서초동',37.488638,127.021318,NULL,'010-868-7234',NULL,'역삼동','2020-10-27 09:32:03','2020-10-27 09:32:03',149),(531,'(주)에너지넷','서초동 1536-15번지 서초구 서울특별시 KR',37.486414,127.00987,NULL,'010-737-5398',NULL,'역삼동','2020-10-27 09:32:03','2020-10-27 09:32:03',150),(532,'역전우동 0410','서울특별시 강남구 역삼동 테헤란로4길 46',37.495212,127.030742,NULL,'010-733-5488',NULL,'역삼동','2020-10-27 09:32:03','2020-10-27 09:32:03',151),(533,'양재커피','서울특별시 서초구 양재동 번지 102호 7-43 초석빌딩',37.48271,127.040549,NULL,'010-359-4948',NULL,'역삼동','2020-10-27 09:32:03','2020-10-27 09:32:03',152),(534,'카플러스','서초동 1439-2번지 1층 서초구 서울특별시 KR',37.486248,127.021864,NULL,'010-632-5247',NULL,'역삼동','2020-10-27 09:32:03','2020-10-27 09:32:03',153),(535,'동우유치원','서울특별시 서초구 서초3동 1514-2',37.486443,127.005575,NULL,'010-261-9622',NULL,'역삼동','2020-10-27 09:32:03','2020-10-27 09:32:03',154),(536,'(주)브이씨','서울특별시 강남구 역삼동 번지 34층 746-1 화원빌딩',37.497274,127.038074,NULL,'010-748-4574',NULL,'역삼동','2020-10-27 09:32:03','2020-10-27 09:32:03',155),(537,'원조나주구복덕할매집곰탕','서울특별시 강남구 도곡2동 515-10',37.483598,127.043115,NULL,'010-777-3116',NULL,'역삼동','2020-10-27 09:32:03','2020-10-27 09:32:03',156),(538,'순덕철강(주)','서울특별시 서초구 서초동 서초중앙로 72',37.488082,127.01493,NULL,'010-977-7900',NULL,'역삼동','2020-10-27 09:32:03','2020-10-27 09:32:03',157),(539,'홍종흔 베이커리 서울고점(서초)','서울특별시 서초구 서초3동 1532-7',37.483837,127.009106,NULL,'010-295-9227',NULL,'역삼동','2020-10-27 09:32:03','2020-10-27 09:32:03',158),(540,'BEAT신한은행','역삼2동 KR 서울특별시 강남구 역삼동 731번지 신한은행 강남 별관동 지상 1층',37.49849,127.043658,NULL,'010-110-2034',NULL,'역삼동','2020-10-27 09:32:03','2020-10-27 09:32:03',159),(541,'S-Oil','서울특별시 서초구 양재동 4-18',37.481509,127.042237,NULL,'010-247-5526',NULL,'역삼동','2020-10-27 09:32:03','2020-10-27 09:32:03',160),(542,'(주)골드머니대부','서울특별시 서초구 서초동 1603-67',37.485461,127.01723,NULL,'010-283-7948',NULL,'역삼동','2020-10-27 09:32:03','2020-10-27 09:32:03',161),(543,'스타벅스 서울아트센터점','서초구 서초동 1464-22',37.480591,127.012371,NULL,'010-544-2061',NULL,'역삼동','2020-10-27 09:32:03','2020-10-27 09:32:03',162),(544,'태원방사선과의원','서울특별시 강남구 역삼동 769-12',37.495401,127.039782,NULL,'010-642-7410',NULL,'역삼동','2020-10-27 09:32:03','2020-10-27 09:32:03',163),(545,'(주)선진주유소','서울특별시 강남구 도곡동 546 3번지 SK한국주유소',37.491056,127.037614,NULL,'010-129-8848',NULL,'역삼동','2020-10-27 09:32:03','2020-10-27 09:32:03',164),(546,'CU','서울특별시 서초구 서초동 서초대로50길 8',37.492734,127.012528,NULL,'010-392-1454',NULL,'역삼동','2020-10-27 09:32:03','2020-10-27 09:32:03',165),(547,'오늘CAFEANDFLOWERSTUDIO','서울특별시 서초구 서초동 1467-1번지 한빛빌딩 1층 101호',37.479811,127.00612,NULL,'010-279-8995',NULL,'역삼동','2020-10-27 09:32:03','2020-10-27 09:32:03',166),(548,'㈜유니베스트에듀케이션','서울특별시 강남구 도곡로 183 유니베스트 현진빌딩 3층',37.492138,127.039408,NULL,'010-127-5270',NULL,'역삼동','2020-10-27 09:32:03','2020-10-27 09:32:03',167),(549,'Miyo','2F 11 강남대로110길 역삼동 강남구 서울특별시',37.503992,127.025703,NULL,'010-199-1162',NULL,'역삼동','2020-10-27 09:32:03','2020-10-27 09:32:03',168),(550,'상성형외과의원','서울특별시 강남구 역삼동 번지 지하 631-21 1층',37.50226,127.032627,NULL,'010-587-9769',NULL,'역삼동','2020-10-27 09:32:03','2020-10-27 09:32:03',169),(551,'스튜디오 뷔','서울특별시 강남구 역삼동 언주로108길 6',37.507804,127.040116,NULL,'010-694-8161',NULL,'역삼동','2020-10-27 09:32:03','2020-10-27 09:32:03',170),(552,'THINCCOFFEE','서울특별시 강남구 역삼동 봉은사로 326 826호',37.509594,127.042612,NULL,'010-311-5280',NULL,'역삼동','2020-10-27 09:32:03','2020-10-27 09:32:03',171),(553,'연세엘재활의학과의원','서울특별시 강남구 논현동 학동로 433',37.510053,127.027194,NULL,'010-877-3895',NULL,'역삼동','2020-10-27 09:32:03','2020-10-27 09:32:03',172),(554,'클럽 플렉스(플렉스클럽) (후니)','서울특별시 강남구 논현동 강남대로 588',37.514305,127.020513,NULL,'010-630-6805',NULL,'역삼동','2020-10-27 09:32:03','2020-10-27 09:32:03',173),(555,'델리오','서울특별시 강남구 역삼동 봉은사로 114 더봄빌딩 9층',37.504678,127.026076,NULL,'010-838-8454',NULL,'역삼동','2020-10-27 09:32:03','2020-10-27 09:32:03',174),(556,'유니포니','서울특별시 강남구 역삼동 628-10번지 명뷰티프라자 빌딩 2층 215호',37.504187,127.034911,NULL,'010-770-9918',NULL,'역삼동','2020-10-27 09:32:03','2020-10-27 09:32:03',175),(557,'성모간병인협회','서울특별시 강남구 역삼동 700',37.505032,127.042027,NULL,'010-737-5398',NULL,'역삼동','2020-10-27 09:32:03','2020-10-27 09:32:03',176),(558,'삼성골프스쿨','서울특별시 강남구 삼성동',37.510641,127.045837,NULL,'010-733-5488',NULL,'역삼동','2020-10-27 09:32:03','2020-10-27 09:32:03',177),(559,'에듀민','서울특별시 강남구 논현동 162-8',37.5086,127.025002,NULL,'010-359-4948',NULL,'역삼동','2020-10-27 09:32:03','2020-10-27 09:32:03',178),(560,'갯마을','신사 13-7번지 KR 서울특별시 서초구 잠원동 제2빌딩 1층 102호',37.516137,127.018546,NULL,'010-632-5247',NULL,'역삼동','2020-10-27 09:32:03','2020-10-27 09:32:03',179),(561,'(주)센틸리언인베스트먼트','서울특별시 강남구 역삼동 648-1번지 6층 606호',37.499777,127.031053,NULL,'010-261-9622',NULL,'역삼동','2020-10-27 09:32:03','2020-10-27 09:32:03',180),(562,'런닝레빗 제임스','서울특별시 강남구 역삼1동 150 B1',37.505768,127.031117,NULL,'010-748-4574',NULL,'역삼동','2020-10-27 09:32:03','2020-10-27 09:32:03',181),(563,'효성ATM바이더웨이역삼상록점','서울특별시 강남구 역삼동 703번지',37.504547,127.044089,NULL,'010-777-3116',NULL,'역삼동','2020-10-27 09:32:03','2020-10-27 09:32:03',182),(564,'어쿠스틱라운지','서울특별시 강남구 논현동 271-1',37.511435,127.040359,NULL,'010-977-7900',NULL,'역삼동','2020-10-27 09:32:03','2020-10-27 09:32:03',183),(565,'보앤필의원','서울특별시 강남구 논현동 강남대로 480',37.505224,127.024573,NULL,'010-295-9227',NULL,'역삼동','2020-10-27 09:32:03','2020-10-27 09:32:03',184),(566,'인키즈 타투스튜디오','서울특별시 강남구 신사동 도산대로1길 36',37.519057,127.019683,NULL,'010-110-2034',NULL,'역삼동','2020-10-27 09:32:03','2020-10-27 09:32:03',185),(567,'스타벅스 국기원사거리점','서울특별시 강남구 역삼동 648-22 동찬빌딩',37.499575,127.031699,NULL,'010-247-5526',NULL,'역삼동','2020-10-27 09:32:03','2020-10-27 09:32:03',186),(568,'코퍼스트','서울특별시 강남구 역삼동 655',37.507176,127.03684,NULL,'010-283-7948',NULL,'역삼동','2020-10-27 09:32:04','2020-10-27 09:32:04',187),(569,'스타벅스','서울특별시 강남구 역삼동 선릉로93길 22',37.504944,127.046752,NULL,'010-544-2061',NULL,'역삼동','2020-10-27 09:32:04','2020-10-27 09:32:04',188),(570,'비주얼씽킹미술교습소','서울특별시 강남구 논현동 277번지 덕진빌딩 3층 301호',37.509726,127.039942,NULL,'010-642-7410',NULL,'역삼동','2020-10-27 09:32:04','2020-10-27 09:32:04',189),(571,'FLB韓国美容整形エージェンシー','서울특별시 강남구 논현동 봉은사로 129 1201호',37.505846,127.028263,NULL,'010-129-8848',NULL,'역삼동','2020-10-27 09:32:04','2020-10-27 09:32:04',190),(572,'현대자동차 반포서비스센터','서울특별시 서초구 반포1동',37.504235,127.018819,NULL,'010-392-1454',NULL,'역삼동','2020-10-27 09:32:04','2020-10-27 09:32:04',191),(573,'만수무강한의원','서울특별시 강남구 역삼동 647-8번지 2층',37.500246,127.032564,NULL,'010-279-8995',NULL,'역삼동','2020-10-27 09:32:04','2020-10-27 09:32:04',192),(574,'(주)네오파인엔터테인먼트','서울특별시 강남구 역삼동 지하1층 672번지 태광',37.504519,127.038469,NULL,'010-127-5270',NULL,'역삼동','2020-10-27 09:32:04','2020-10-27 09:32:04',193),(575,'마망스테이','역삼동 705-23번지 강남구 서울특별시 KR',37.505215,127.048034,NULL,'010-199-1162',NULL,'역삼동','2020-10-27 09:32:04','2020-10-27 09:32:04',194),(576,'GS25 논현진실점','서울특별시 강남구 논현동 218-22',37.51164,127.03498,NULL,'010-587-9769',NULL,'역삼동','2020-10-27 09:32:04','2020-10-27 09:32:04',195),(577,'GS25 논현으뜸점','서울특별시 강남구 논현동 189-14',37.507986,127.030591,NULL,'010-694-8161',NULL,'역삼동','2020-10-27 09:32:04','2020-10-27 09:32:04',196),(578,'고양이라 좋은 날','서울특별시 강남구 역삼동 강남대로98길 28 5층',37.500866,127.028628,NULL,'010-311-5280',NULL,'역삼동','2020-10-27 09:32:04','2020-10-27 09:32:04',197),(579,'(주)스포츠에이전시매니지먼트','서울특별시 강남구 역삼동 번지 지하 646-14 1층',37.500881,127.035011,NULL,'010-877-3895',NULL,'역삼동','2020-10-27 09:32:04','2020-10-27 09:32:04',198),(580,'역삼약국','서울특별시 강남구 역삼동',37.503162,127.039106,NULL,'010-630-6805',NULL,'역삼동','2020-10-27 09:32:04','2020-10-27 09:32:04',199),(581,'(주)삼지파트너스','서울특별시 강남구 삼성동 140 28번지 2층',37.506055,127.048939,NULL,'010-838-8454',NULL,'역삼동','2020-10-27 09:32:04','2020-10-27 09:32:04',200),(582,'GS25 논현동부점','서울특별시 강남구 논현2동 220-18',37.51105,127.033281,NULL,'010-770-9918',NULL,'역삼동','2020-10-27 09:32:04','2020-10-27 09:32:04',206),(583,'와이낫포토그래피','서울특별시 서초구 반포동 718-9 B1',37.508738,127.019701,NULL,'010-640-1980',NULL,'역삼동','2020-10-27 09:32:04','2020-10-27 09:32:04',207),(584,'해커스공무원제2별관','서울특별시 강남구 역삼동 강남대로 442',37.502119,127.026057,NULL,'010-830-7108',NULL,'역삼동','2020-10-27 09:32:04','2020-10-27 09:32:04',208),(585,'(주)피앤에이치소프트웨어학원','서울특별시 강남구 역삼동 논현로 509',37.501913,127.036085,NULL,'010-374-6055',NULL,'역삼동','2020-10-27 09:32:04','2020-10-27 09:32:04',209),(586,'언주로94길','서울특별시 강남구 역삼동',37.504505,127.0427,NULL,'010-182-5629',NULL,'역삼동','2020-10-27 09:32:04','2020-10-27 09:32:04',210),(587,'디엠피건축','서울특별시 강남구 삼성동 142-22',37.506446,127.052285,NULL,'010-685-1637',NULL,'역삼동','2020-10-27 09:32:04','2020-10-27 09:32:04',211),(588,'얼티밋커리어그룹 1관 (UCG취업컨설팅)','KR 서울특별시 강남구 논현로114길 11 해광빌딩 얼티밋커리어그룹 6층',37.508799,127.03432,NULL,'010-612-1375',NULL,'역삼동','2020-10-27 09:32:04','2020-10-27 09:32:04',212),(589,'투어플','서울특별시 서초구 잠원동 40-9번지 세게빌딩 3층 4호',37.510763,127.019457,NULL,'010-176-4691',NULL,'역삼동','2020-10-27 09:32:04','2020-10-27 09:32:04',213),(590,'태권도지도자연수원','서울특별시 강남구 역삼동 634-2',37.502971,127.030225,NULL,'010-474-9723',NULL,'역삼동','2020-10-27 09:32:04','2020-10-27 09:32:04',214),(591,'베이퍼24 역삼','서울특별시 강남구 역삼동 테헤란로25길 23 1층',37.502043,127.035148,NULL,'010-358-4263',NULL,'역삼동','2020-10-27 09:32:04','2020-10-27 09:32:04',215),(592,'(주)뮤직컴퍼스','서울특별시 강남구 역삼동 656-19',37.507031,127.038769,NULL,'010-671-2722',NULL,'역삼동','2020-10-27 09:32:04','2020-10-27 09:32:04',216),(593,'G# THAI massae','40 선릉로86길 대치4동 강남구 서울특별시',37.503774,127.052899,NULL,'010-314-6428',NULL,'역삼동','2020-10-27 09:32:04','2020-10-27 09:32:04',217),(594,'㈜동하석유 힐탑주유소','서울특별시 강남구 논현2동 논현로 640',37.510611,127.03259,NULL,'010-301-5222',NULL,'역삼동','2020-10-27 09:32:04','2020-10-27 09:32:04',218),(595,'경한물산','서울특별시 서초구 잠원동 30-6번지',37.512724,127.018149,NULL,'010-265-4325',NULL,'역삼동','2020-10-27 09:32:04','2020-10-27 09:32:04',219),(596,'유원인터내셔널코리아이주공사','서울특별시 강남구 삼성동 114- 8 전체 75애비뉴 빌딩 2층',37.507172,127.026914,NULL,'010-377-4142',NULL,'역삼동','2020-10-27 09:32:04','2020-10-27 09:32:04',220),(597,'(주)반코어코리아강남역지점','서울특별시 서초구 서초동 번지 지하 1317-9 1층',37.498718,127.026141,NULL,'010-112-3131',NULL,'역삼동','2020-10-27 09:32:04','2020-10-27 09:32:04',221),(598,'화사한 강남점','서울특별시 서초구 서초4동 서운로 220 3층',37.502648,127.02163,NULL,'010-975-3179',NULL,'역삼동','2020-10-27 09:32:04','2020-10-27 09:32:04',222),(599,'(주)크리에이티브그룹아더','반포동 704번지 3층 서초구 서울특별시 KR',37.510131,127.018951,NULL,'010-381-5972',NULL,'역삼동','2020-10-27 09:32:04','2020-10-27 09:32:04',223),(600,'시골집','서울특별시 강남구 역삼동 테헤란로34길 17',37.500436,127.040555,NULL,'010-203-9040',NULL,'역삼동','2020-10-27 09:32:04','2020-10-27 09:32:04',224),(601,'(주)스마트포스팅','서울특별시 강남구 역삼동 662-18번지 4층',37.505353,127.04116,NULL,'010-565-2180',NULL,'역삼동','2020-10-27 09:32:04','2020-10-27 09:32:04',225),(602,'투데이머그','서울특별시 강남구 747-25 역삼빌딩 2층',37.496363,127.038661,NULL,'010-912-2241',NULL,'역삼동','2020-10-27 09:32:04','2020-10-27 09:32:04',226),(603,'(사)글로벌금융학회','서울특별시 강남구 역삼동 언주로 333',37.497499,127.044851,NULL,'010-325-9736',NULL,'역삼동','2020-10-27 09:32:04','2020-10-27 09:32:04',227),(604,'고메이랩 PC토랑','서울특별시 강남구 역삼동 논현로94길 30',37.502817,127.038788,NULL,'010-113-7745',NULL,'역삼동','2020-10-27 09:32:04','2020-10-27 09:32:04',228),(605,'동서공인중개사','서울특별시 강남구 역삼동 776-24',37.494653,127.040581,NULL,'010-910-6130',NULL,'역삼동','2020-10-27 09:32:04','2020-10-27 09:32:04',229),(606,'제오헤어','서울특별시 서초구 서초4동 1317-1',37.498811,127.025365,NULL,'010-263-1213',NULL,'역삼동','2020-10-27 09:32:04','2020-10-27 09:32:04',230),(607,'제노플랜코리아(주)','서울특별시 서초구 서초4동 강남대로 465',37.503779,127.024102,NULL,'010-123-4520',NULL,'역삼동','2020-10-27 09:32:04','2020-10-27 09:32:04',231),(608,'수타우동 겐','-dong, 721-37 역삼2동 강남구 서울특별시',37.499971,127.043596,NULL,'010-482-2427',NULL,'역삼동','2020-10-27 09:32:04','2020-10-27 09:32:04',232),(609,'시원설비앤전기','서울특별시 강남구 역삼동 언주로 508',37.503921,127.042892,NULL,'010-212-4437',NULL,'역삼동','2020-10-27 09:32:04','2020-10-27 09:32:04',233),(610,'(주)청명주유소','역삼동 734-15번지 강남구 서울특별시 KR',37.496227,127.039635,NULL,'010-859-3260',NULL,'역삼동','2020-10-27 09:32:04','2020-10-27 09:32:04',234),(611,'산요프로AS센터','서울특별시 강남구 역삼동',37.497256,127.041729,NULL,'010-720-5169',NULL,'역삼동','2020-10-27 09:32:04','2020-10-27 09:32:04',235),(612,'오르다코리아','서울특별시 강남구 역삼동 629-2',37.503247,127.033664,NULL,'010-997-2821',NULL,'역삼동','2020-10-27 09:32:04','2020-10-27 09:32:04',236),(613,'[대표사이트] 강남라스트 메이드룸','서울특별시 강남구 삼성동 143 라스트 1층',37.506324,127.051939,NULL,'010-907-6957',NULL,'역삼동','2020-10-27 09:32:04','2020-10-27 09:32:04',237),(614,'네일원츄(nailwantu)','서울특별시 서초구 서초동 서운로 164',37.498124,127.023895,NULL,'010-192-9677',NULL,'역삼동','2020-10-27 09:32:04','2020-10-27 09:32:04',238),(615,'(주)케이씨씨서울영업소','서울특별시 서초구 서초동 1301 4번지',37.503027,127.020818,NULL,'010-980-4550',NULL,'역삼동','2020-10-27 09:32:04','2020-10-27 09:32:04',239),(616,'에스터메디뷰티의원','서울특별시 강남구 역삼동 626-32',37.503513,127.033491,NULL,'010-868-7234',NULL,'역삼동','2020-10-27 09:32:04','2020-10-27 09:32:04',240),(617,'IBK기업 Atm','서울특별시 강남구 역삼동 테헤란로 305',37.503191,127.043596,NULL,'010-737-5398',NULL,'역삼동','2020-10-27 09:32:04','2020-10-27 09:32:04',241),(618,'토너플러스','서울특별시 강남구 역삼동 논현로63길 16',37.492904,127.039077,NULL,'010-733-5488',NULL,'역삼동','2020-10-27 09:32:04','2020-10-27 09:32:04',242),(619,'법무법인 유비즈','서울특별시 강남구 역삼동 논현로 418',37.497671,127.03886,NULL,'010-359-4948',NULL,'역삼동','2020-10-27 09:32:04','2020-10-27 09:32:04',243),(620,'신라한식뷔페','서울특별시 강남구 역삼동 번지 지하 673-38 1층',37.503719,127.040187,NULL,'010-632-5247',NULL,'역삼동','2020-10-27 09:32:04','2020-10-27 09:32:04',244),(621,'인카 금융서비스 샤인사업단','서울특별시 강남구 역삼동 언주로 432-6',37.501947,127.043765,NULL,'010-261-9622',NULL,'역삼동','2020-10-27 09:32:04','2020-10-27 09:32:04',245),(622,'해커스잡 취업아카데미','서울특별시 서초구 서울특별시 서초구 강남대로61길 25 2층',37.498453,127.023904,NULL,'010-748-4574',NULL,'역삼동','2020-10-27 09:32:04','2020-10-27 09:32:04',246),(623,'คลินิกศัลยกรรมดูดไขมัน Perfect Line - Perfect Line Clinic','487 강남대로 반포1동 서초구 서울특별시',37.505701,127.023353,NULL,'010-777-3116',NULL,'역삼동','2020-10-27 09:32:04','2020-10-27 09:32:04',247),(624,'GS25잠원강남점','서울특별시 서초구 잠원동 강남대로99길 27 서안빌딩',37.514854,127.018053,NULL,'010-977-7900',NULL,'역삼동','2020-10-27 09:32:04','2020-10-27 09:32:04',248),(625,'(주)핀포인트홀딩스','서울특별시 강남구 역삼동 논현로 553 삼정빌딩 3층',37.505367,127.034403,NULL,'010-295-9227',NULL,'역삼동','2020-10-27 09:32:04','2020-10-27 09:32:04',249),(626,'(주)코리아세븐역삼코넬점','KR 서울특별시 강남구 역삼동 673-24번지 코넬빌딩 1층 코너',37.503814,127.03959,NULL,'010-110-2034',NULL,'역삼동','2020-10-27 09:32:04','2020-10-27 09:32:04',250),(627,'신한마리오어린이집','서울특별시 강남구 역삼동',37.499489,127.039916,NULL,'010-247-5526',NULL,'역삼동','2020-10-27 09:32:04','2020-10-27 09:32:04',251),(628,'인프라B2B','서울특별시 강남구 역삼동 논현로85길 5-14',37.498523,127.036731,NULL,'010-283-7948',NULL,'역삼동','2020-10-27 09:32:04','2020-10-27 09:32:04',252),(629,'(주)디앤비플러스','역삼동 724-36번지 강남구 서울특별시 KR',37.499417,127.042478,NULL,'010-544-2061',NULL,'역삼동','2020-10-27 09:32:04','2020-10-27 09:32:04',253),(630,'BEK 강남하우스','서울특별시 강남구 역삼로 244',37.497352,127.043071,NULL,'010-642-7410',NULL,'역삼동','2020-10-27 09:32:04','2020-10-27 09:32:04',254),(631,'경동유료주차장','서울특별시 서초구 서초동 1307-2',37.499513,127.025049,NULL,'010-129-8848',NULL,'역삼동','2020-10-27 09:32:04','2020-10-27 09:32:04',255),(632,'한국닛테츠케미컬앤머티리얼(주)','서울특별시 서초구 반포동 745-5',37.503604,127.020421,NULL,'010-392-1454',NULL,'역삼동','2020-10-27 09:32:04','2020-10-27 09:32:04',256),(633,'GS25 역삼충현점','서울특별시 강남구 역삼동 660-33',37.505735,127.037708,NULL,'010-279-8995',NULL,'역삼동','2020-10-27 09:32:04','2020-10-27 09:32:04',257),(634,'엘튜브','서울특별시 강남구 역삼동 강남대로94길 34',37.499713,127.030045,NULL,'010-127-5270',NULL,'역삼동','2020-10-27 09:32:04','2020-10-27 09:32:04',258),(635,'(주)포인트컨설팅','서울특별시 강남구 역삼동 언주로 432',37.502075,127.043334,NULL,'010-199-1162',NULL,'역삼동','2020-10-27 09:32:04','2020-10-27 09:32:04',259),(636,'기아자동차 역삼남부대리점','서울특별시 강남구 역삼동 789',37.494793,127.036903,NULL,'010-587-9769',NULL,'역삼동','2020-10-27 09:32:04','2020-10-27 09:32:04',260),(637,'BGF휴먼넷','서울특별시 강남구 역삼동 논현로85길 22 2층',37.499031,127.035757,NULL,'010-694-8161',NULL,'역삼동','2020-10-27 09:32:04','2020-10-27 09:32:04',261),(638,'이스트시어리(주)','서울특별시 강남구 역삼동 733-24 삼영빌딩',37.496962,127.040981,NULL,'010-311-5280',NULL,'역삼동','2020-10-27 09:32:04','2020-10-27 09:32:04',262),(639,'더뉴웨이컴퍼니','서울특별시 강남구 역삼동 EGSOULLEADER 828-28번지 308호',37.497149,127.033638,NULL,'010-877-3895',NULL,'역삼동','2020-10-27 09:32:04','2020-10-27 09:32:04',263),(640,'비거커피','서울특별시 서초구 서초4동 서초대로77길 35 1층 102호',37.50083,127.025293,NULL,'010-630-6805',NULL,'역삼동','2020-10-27 09:32:04','2020-10-27 09:32:04',264),(641,'나을약국','서울특별시 서초구 반포동 740',37.5049,127.021143,NULL,'010-838-8454',NULL,'역삼동','2020-10-27 09:32:04','2020-10-27 09:32:04',265),(642,'진스피치','서울특별시 강남구 역삼1동 605-23',37.505878,127.033134,NULL,'010-770-9918',NULL,'역삼동','2020-10-27 09:32:04','2020-10-27 09:32:04',266),(643,'(주)두루컴퍼니','서울특별시 강남구 역삼동 677-5번지 3층',37.503206,127.040366,NULL,'010-737-5398',NULL,'역삼동','2020-10-27 09:32:04','2020-10-27 09:32:04',267),(644,'지일세무회계','서울특별시 강남구 역삼동 403',37.497501,127.043118,NULL,'010-733-5488',NULL,'역삼동','2020-10-27 09:32:04','2020-10-27 09:32:04',268),(645,'(주)매봉주유소','서울특별시 강남구 역삼2동 언주로 307',37.494936,127.04597,NULL,'010-359-4948',NULL,'역삼동','2020-10-27 09:32:04','2020-10-27 09:32:04',269),(646,'더매칭플레이스','서울특별시 강남구 역삼동 테헤란로20길 12',37.498744,127.034331,NULL,'010-632-5247',NULL,'역삼동','2020-10-27 09:32:04','2020-10-27 09:32:04',270),(647,'(주)에이치씨에스컨설팅','역삼동 661-33번지 6층 강남구 서울특별시 KR',37.506318,127.039371,NULL,'010-261-9622',NULL,'역삼동','2020-10-27 09:32:04','2020-10-27 09:32:04',271),(648,'세무회계 태광','서울특별시 강남구 역삼동 테헤란로10길 6 7층',37.498552,127.032086,NULL,'010-748-4574',NULL,'역삼동','2020-10-27 09:32:04','2020-10-27 09:32:04',272),(649,'스타약국','서울특별시 서초구 서초동 1305-3',37.501438,127.0256,NULL,'010-777-3116',NULL,'역삼동','2020-10-27 09:32:04','2020-10-27 09:32:04',273),(650,'우리고시원','서울특별시 서초구 반포동 716-3',37.507534,127.019104,NULL,'010-977-7900',NULL,'역삼동','2020-10-27 09:32:04','2020-10-27 09:32:04',274),(651,'은행공용 ATM','서울특별시 강남구 역삼동 봉은사로30길 78',37.502439,127.037047,NULL,'010-295-9227',NULL,'역삼동','2020-10-27 09:32:04','2020-10-27 09:32:04',275),(652,'미앤느','서울특별시 강남구 역삼동 775-14',37.496139,127.041964,NULL,'010-110-2034',NULL,'역삼동','2020-10-27 09:32:05','2020-10-27 09:32:05',276),(653,'강남 1인가구 커뮤니티센터','서울특별시 강남구 역삼동 718-32',37.500534,127.039925,NULL,'010-247-5526',NULL,'역삼동','2020-10-27 09:32:05','2020-10-27 09:32:05',277),(654,'주식화사금단비가','서울특별시 강남구 역삼동 607-11번지 6층',37.505713,127.034229,NULL,'010-283-7948',NULL,'역삼동','2020-10-27 09:32:05','2020-10-27 09:32:05',278),(655,'역삼로14길','서울특별시 강남구 역삼동',37.493692,127.035433,NULL,'010-544-2061',NULL,'역삼동','2020-10-27 09:32:05','2020-10-27 09:32:05',279),(656,'Солонгосын ЮҮНУ гоо сайхны эмнэлэг - goo saikhnii emneleg','서울특별시 서초구 서초4동 서초대로77길 54 W타워 9층',37.502533,127.024698,NULL,'010-642-7410',NULL,'역삼동','2020-10-27 09:32:05','2020-10-27 09:32:05',280),(657,'모디모발이식의원','서울특별시 서초구 반포동 722-21',37.508872,127.02191,NULL,'010-129-8848',NULL,'역삼동','2020-10-27 09:32:05','2020-10-27 09:32:05',281),(658,'현대자동차 역삼지점','서울특별시 강남구 역삼동 641-3',37.503011,127.035523,NULL,'010-392-1454',NULL,'역삼동','2020-10-27 09:32:05','2020-10-27 09:32:05',282),(659,'청담사주앤카페','역삼동 659-8번지 1층 강남구 서울특별시 KR',37.504895,127.035323,NULL,'010-279-8995',NULL,'역삼동','2020-10-27 09:32:05','2020-10-27 09:32:05',283),(660,'휘트니스 클리닉 역삼점','서울특별시 강남구 역삼동 역삼로 170',37.495175,127.037849,NULL,'010-127-5270',NULL,'역삼동','2020-10-27 09:32:05','2020-10-27 09:32:05',284),(661,'(주)아름다운세상','서울특별시 강남구 역삼동 779 4번지 304호',37.496347,127.045293,NULL,'010-199-1162',NULL,'역삼동','2020-10-27 09:32:05','2020-10-27 09:32:05',285),(662,'(주)도시와풍경','서울특별시 강남구 역삼동 642-6',37.501522,127.036154,NULL,'010-587-9769',NULL,'역삼동','2020-10-27 09:32:05','2020-10-27 09:32:05',286),(663,'(주)미들맨','역삼동 632번지 4층 강남구 서울특별시 KR',37.502936,127.03127,NULL,'010-694-8161',NULL,'역삼동','2020-10-27 09:32:05','2020-10-27 09:32:05',287),(664,'(주)필그린통상','역삼동 689-33번지 강남구 서울특별시 KR',37.506882,127.041024,NULL,'010-311-5280',NULL,'역삼동','2020-10-27 09:32:05','2020-10-27 09:32:05',288),(665,'(주)디지털포르테','서울 영등포구 양평동5가 18',37.5381584371411,126.891511063868,NULL,'01031947235',NULL,'양평동5가','2020-10-27 03:44:11','2020-10-27 03:44:11',294),(666,'(주)엔비어스','서울 영등포구 양평동5가 18',37.5381584371411,126.891511063868,NULL,'01031947236',NULL,'양평동5가','2020-10-27 05:08:32','2020-10-27 05:17:43',295),(667,'테스트','서울 강남구 테헤란로6길',37.4971068279996,127.030986265087,NULL,'023125468',NULL,'역삼동','2020-10-28 04:59:07','2020-10-28 04:59:07',296),(668,'게임데이','서울 강남구 테헤란로20길',37.4986269131809,127.034568262673,NULL,'01099902538',NULL,'역삼동','2020-10-28 05:16:03','2020-10-28 05:16:03',203),(673,'사업장','경기 성남시 분당구 서현1동',37.3829079107164,127.126016001895,'http://182.162.62.209:3000/static/resources/images/company/5b9f195ea3b4c94eba9da1872d419c55,http://182.162.62.209:3000/static/resources/images/company/b9cd7cad0544a362d60a0e3003b42336','0211112222',NULL,'서현1동','2020-10-30 05:10:18','2020-11-05 08:20:31',300),(676,'테스트2','서울 강남구',37.5173319258532,127.047377408384,NULL,'2345678',NULL,'강남구','2020-11-05 03:09:26','2020-11-05 03:09:26',202),(677,'신논현 우동','서울 서초구 서초4동',37.5026854085131,127.022170883244,NULL,'01012345678',NULL,'서초4동','2020-11-05 03:13:47','2020-11-05 03:13:47',202),(678,'테스','경기 성남시 분당구 정자2동',37.366004845958,127.115258839136,NULL,'02556890996',NULL,'정자2동','2020-11-05 05:57:06','2020-11-05 05:57:06',202),(679,'테스','서울 강남구 테헤란로1길',37.4999626091592,127.027544885802,NULL,'0214563258',NULL,'역삼동','2020-11-05 06:43:18','2020-11-05 06:43:18',300),(681,'테스트','서울 강남구',37.5173319258532,127.047377408384,NULL,'12345678',NULL,'강남구','2020-11-05 06:52:08','2020-11-05 06:52:08',202),(684,'가나다라사업장입니다','서울 마포구 서교동',37.5551093133848,126.91459072348,NULL,'1111',NULL,'서교동','2020-11-05 09:38:08','2020-11-05 09:38:08',201),(685,'테스형','경기 성남시 분당구 매화로55번길',37.4126209165947,127.133380133066,NULL,'0258965809',NULL,'야탑동','2020-11-06 00:16:49','2020-11-06 00:16:49',301);

--
-- Table structure for table `company_grade`
--

 SET character_set_client = utf8mb4 ;
CREATE TABLE `company_grade` (
  `id` int(11) NOT NULL AUTO_INCREMENT,
  `title` varchar(100) NOT NULL,
  `condition` varchar(100) NOT NULL,
  `benefit` varchar(100) NOT NULL,
  `description` varchar(100) NOT NULL,
  `created_at` datetime NOT NULL,
  `updated_at` datetime NOT NULL,
  PRIMARY KEY (`id`)
) ENGINE=InnoDB AUTO_INCREMENT=10 DEFAULT CHARSET=utf8mb4;

--
-- Dumping data for table `company_grade`
--

INSERT INTO `company_grade` VALUES (1,'초보 고용주','알바 고용 경력 5회','수수료 -0.1%','알바 고용 경력 5회','2020-10-22 07:58:17','2020-10-22 07:58:17'),(2,'채용 수련자','알바 고용 경력 10회','수수료 -0.1%','알바 고용 경력 10회','2020-10-22 07:58:17','2020-10-22 07:58:17'),(3,'채용 단련자','알바 고용 경력 20회','수수료 -0.1%','알바 고용 경력 20회','2020-10-22 07:58:17','2020-10-22 07:58:17'),(4,'채용의 고수','알바 고용 경력 50회','수수료 -0.1%','알바 고용 경력 50회','2020-10-22 07:58:17','2020-10-22 07:58:17'),(5,'채용의 달인','알바 고용 경력 70회','수수료 -0.1%','알바 고용 경력 70회','2020-10-22 07:58:17','2020-10-22 07:58:17'),(6,'생존의 대가','알바 고용 경력 100회','수수료 -0.1%','알바 고용 경력 100회','2020-10-22 07:58:17','2020-10-22 07:58:17'),(7,'채용 명인','알바 고용 경력 300회','수수료 -0.1%','알바 고용 경력 300회','2020-10-22 07:58:17','2020-10-22 07:58:17'),(8,'채용의 신','알바 고용 경력 500회','수수료 -0.1%','알바 고용 경력 500회','2020-10-22 07:58:17','2020-10-22 07:58:17'),(9,'채용의 전설','알바 고용 경력 1000회','수수료 -0.1%','알바 고용 경력 1000회','2020-10-22 07:58:17','2020-10-22 07:58:17');

--
-- Table structure for table `company_keyword`
--

 SET character_set_client = utf8mb4 ;
CREATE TABLE `company_keyword` (
  `id` int(11) NOT NULL AUTO_INCREMENT,
  `content` varchar(100) NOT NULL,
  `created_at` datetime NOT NULL,
  `updated_at` datetime NOT NULL,
  `company_id` int(11) NOT NULL,
  PRIMARY KEY (`id`),
  KEY `company_id` (`company_id`),
  CONSTRAINT `company_keyword_ibfk_1` FOREIGN KEY (`company_id`) REFERENCES `company` (`id`) ON DELETE CASCADE ON UPDATE CASCADE
) ENGINE=InnoDB AUTO_INCREMENT=395 DEFAULT CHARSET=utf8mb4;

--
-- Dumping data for table `company_keyword`
--

INSERT INTO `company_keyword` VALUES (1,'사무직','2020-10-14 03:03:06','2020-10-26 01:54:50',1),(2,'디자인','2020-10-14 03:03:06','2020-10-26 01:54:50',1),(4,'PC방','2020-10-14 03:08:58','2020-10-14 03:08:58',2),(5,'생산직','2020-10-14 03:08:58','2020-10-14 03:08:58',3),(6,'사무직','2020-10-14 03:08:58','2020-10-14 03:08:58',4),(7,'생산직','2020-10-14 03:08:58','2020-10-14 03:08:58',5),(8,'홀알바','2020-10-14 03:08:58','2020-10-14 03:08:58',6),(9,'사무직','2020-10-14 03:08:58','2020-10-14 03:08:58',7),(10,'사무직','2020-10-14 03:08:58','2020-10-14 03:08:58',8),(11,'생산직','2020-10-14 03:08:58','2020-10-14 03:08:58',9),(12,'서비스','2020-10-14 03:08:58','2020-10-14 03:08:58',10),(13,'카운터','2020-10-14 03:08:58','2020-10-14 03:08:58',11),(14,'카운터','2020-10-14 03:08:58','2020-10-14 03:08:58',12),(15,'안내','2020-10-14 03:08:58','2020-10-14 03:08:58',13),(16,'배달','2020-10-14 03:08:58','2020-10-14 03:08:58',14),(17,'안내','2020-10-14 03:08:58','2020-10-14 03:08:58',15),(18,'카운터','2020-10-14 03:08:58','2020-10-14 03:08:58',16),(19,'서비스','2020-10-14 03:08:58','2020-10-14 03:08:58',17),(20,'배달','2020-10-14 03:08:58','2020-10-14 03:08:58',18),(21,'생산직','2020-10-14 03:08:58','2020-10-14 03:08:58',19),(22,'안내','2020-10-14 03:08:58','2020-10-14 03:08:58',20),(23,'사무직','2020-10-14 03:08:59','2020-10-14 03:08:59',21),(24,'PC방','2020-10-14 03:08:59','2020-10-14 03:08:59',22),(25,'생산직','2020-10-14 03:08:59','2020-10-14 03:08:59',23),(26,'사무직','2020-10-14 03:08:59','2020-10-14 03:08:59',24),(27,'카운터','2020-10-14 03:08:59','2020-10-14 03:08:59',25),(28,'카운터','2020-10-14 03:08:59','2020-10-14 03:08:59',26),(29,'사무직','2020-10-14 03:08:59','2020-10-14 03:08:59',27),(30,'홀알바','2020-10-14 03:08:59','2020-10-14 03:08:59',28),(31,'사무직','2020-10-14 03:08:59','2020-10-14 03:08:59',29),(32,'PC방','2020-10-14 03:08:59','2020-10-14 03:08:59',30),(33,'안내','2020-10-14 03:08:59','2020-10-14 03:08:59',31),(34,'PC방','2020-10-14 03:08:59','2020-10-14 03:08:59',32),(35,'생산직','2020-10-14 03:08:59','2020-10-14 03:08:59',33),(36,'홀알바','2020-10-14 03:08:59','2020-10-14 03:08:59',34),(37,'PC방','2020-10-14 03:08:59','2020-10-14 03:08:59',35),(38,'홀알바','2020-10-14 03:08:59','2020-10-14 03:08:59',36),(39,'PC방','2020-10-14 03:08:59','2020-10-14 03:08:59',37),(40,'홀알바','2020-10-14 03:08:59','2020-10-14 03:08:59',38),(41,'생산직','2020-10-14 03:08:59','2020-10-14 03:08:59',39),(42,'사무직','2020-10-14 03:08:59','2020-10-14 03:08:59',40),(43,'생산직','2020-10-14 03:08:59','2020-10-14 03:08:59',41),(44,'홀알바','2020-10-14 03:08:59','2020-10-14 03:08:59',42),(45,'사무직','2020-10-14 03:08:59','2020-10-14 03:08:59',43),(46,'사무직','2020-10-14 03:08:59','2020-10-14 03:08:59',44),(47,'생산직','2020-10-14 03:08:59','2020-10-14 03:08:59',45),(48,'서비스','2020-10-14 03:08:59','2020-10-14 03:08:59',46),(49,'카운터','2020-10-14 03:08:59','2020-10-14 03:08:59',47),(50,'카운터','2020-10-14 03:08:59','2020-10-14 03:08:59',48),(52,'배달','2020-10-14 03:08:59','2020-10-14 03:08:59',50),(53,'안내','2020-10-14 03:08:59','2020-10-14 03:08:59',51),(54,'카운터','2020-10-14 03:08:59','2020-10-14 03:08:59',52),(55,'서비스','2020-10-14 03:08:59','2020-10-14 03:08:59',53),(56,'배달','2020-10-14 03:08:59','2020-10-14 03:08:59',54),(57,'생산직','2020-10-14 03:08:59','2020-10-14 03:08:59',55),(58,'안내','2020-10-14 03:08:59','2020-10-14 03:08:59',56),(59,'사무직','2020-10-14 03:08:59','2020-10-14 03:08:59',57),(60,'PC방','2020-10-14 03:08:59','2020-10-14 03:08:59',58),(61,'생산직','2020-10-14 03:08:59','2020-10-14 03:08:59',59),(62,'사무직','2020-10-14 03:08:59','2020-10-14 03:08:59',60),(63,'카운터','2020-10-14 03:08:59','2020-10-14 03:08:59',61),(64,'교육&middot;강사','2020-10-14 03:25:57','2020-11-05 10:29:55',62),(65,'문화&middot;여가&middot;생활','2020-10-14 03:25:57','2020-11-05 10:29:55',62),(69,'앱개발 및 디자인','2020-10-14 03:35:34','2020-10-14 03:35:34',64),(72,'외식&middot;음료','2020-10-14 05:37:46','2020-11-05 08:27:57',66),(73,'편의점','2020-10-14 05:48:09','2020-10-14 05:48:09',67),(74,'배달','2020-10-14 05:48:09','2020-10-14 05:48:09',67),(75,'배달','2020-10-14 06:03:50','2020-10-28 06:15:10',68),(76,'IT&middot;컴퓨터','2020-10-14 06:03:50','2020-10-28 06:15:10',68),(77,'외식&middot;음료','2020-10-19 05:03:53','2020-10-28 06:15:10',68),(126,'서비스','2020-10-19 12:07:20','2020-11-05 03:07:50',95),(127,'고객상담&middot;리서치','2020-10-19 12:07:20','2020-11-05 03:07:50',95),(133,'카페','2020-10-22 09:12:04','2020-11-05 08:27:57',66),(134,'사무직','2020-10-26 01:54:45','2020-10-26 01:54:45',100),(135,'서비스','2020-10-26 01:54:45','2020-10-26 01:54:45',100),(136,'사무직','2020-10-26 01:54:50','2020-10-26 01:54:50',101),(137,'카운터','2020-10-27 09:36:39','2020-10-27 09:36:39',443),(138,'사무직','2020-10-27 09:36:39','2020-10-27 09:36:39',444),(139,'홀알바','2020-10-27 09:36:39','2020-10-27 09:36:39',445),(140,'사무직','2020-10-27 09:36:39','2020-10-27 09:36:39',446),(141,'PC방','2020-10-27 09:36:39','2020-10-27 09:36:39',447),(142,'안내','2020-10-27 09:36:39','2020-10-27 09:36:39',448),(143,'PC방','2020-10-27 09:36:39','2020-10-27 09:36:39',449),(144,'생산직','2020-10-27 09:36:39','2020-10-27 09:36:39',450),(145,'홀알바','2020-10-27 09:36:39','2020-10-27 09:36:39',451),(146,'PC방','2020-10-27 09:36:39','2020-10-27 09:36:39',452),(147,'홀알바','2020-10-27 09:36:39','2020-10-27 09:36:39',453),(148,'PC방','2020-10-27 09:36:39','2020-10-27 09:36:39',454),(149,'홀알바','2020-10-27 09:36:39','2020-10-27 09:36:39',455),(150,'생산직','2020-10-27 09:36:39','2020-10-27 09:36:39',456),(151,'사무직','2020-10-27 09:36:39','2020-10-27 09:36:39',457),(152,'생산직','2020-10-27 09:36:39','2020-10-27 09:36:39',458),(153,'홀알바','2020-10-27 09:36:39','2020-10-27 09:36:39',459),(154,'사무직','2020-10-27 09:36:39','2020-10-27 09:36:39',460),(155,'사무직','2020-10-27 09:36:39','2020-10-27 09:36:39',461),(156,'생산직','2020-10-27 09:36:39','2020-10-27 09:36:39',462),(157,'서비스','2020-10-27 09:36:39','2020-10-27 09:36:39',463),(158,'카운터','2020-10-27 09:36:39','2020-10-27 09:36:39',464),(159,'카운터','2020-10-27 09:36:39','2020-10-27 09:36:39',465),(160,'안내','2020-10-27 09:36:39','2020-10-27 09:36:39',466),(161,'배달','2020-10-27 09:36:39','2020-10-27 09:36:39',467),(162,'안내','2020-10-27 09:36:39','2020-10-27 09:36:39',468),(163,'카운터','2020-10-27 09:36:39','2020-10-27 09:36:39',469),(164,'서비스','2020-10-27 09:36:39','2020-10-27 09:36:39',470),(165,'PC방','2020-10-27 09:36:39','2020-10-27 09:36:39',471),(166,'생산직','2020-10-27 09:36:39','2020-10-27 09:36:39',472),(167,'사무직','2020-10-27 09:36:39','2020-10-27 09:36:39',473),(168,'생산직','2020-10-27 09:36:39','2020-10-27 09:36:39',474),(169,'홀알바','2020-10-27 09:36:39','2020-10-27 09:36:39',475),(170,'사무직','2020-10-27 09:36:39','2020-10-27 09:36:39',476),(171,'사무직','2020-10-27 09:36:39','2020-10-27 09:36:39',477),(172,'생산직','2020-10-27 09:36:39','2020-10-27 09:36:39',478),(173,'서비스','2020-10-27 09:36:39','2020-10-27 09:36:39',479),(174,'카운터','2020-10-27 09:36:39','2020-10-27 09:36:39',480),(175,'카운터','2020-10-27 09:36:39','2020-10-27 09:36:39',481),(176,'안내','2020-10-27 09:36:39','2020-10-27 09:36:39',482),(177,'배달','2020-10-27 09:36:39','2020-10-27 09:36:39',483),(178,'안내','2020-10-27 09:36:39','2020-10-27 09:36:39',484),(179,'카운터','2020-10-27 09:36:39','2020-10-27 09:36:39',485),(180,'서비스','2020-10-27 09:36:39','2020-10-27 09:36:39',486),(181,'배달','2020-10-27 09:36:39','2020-10-27 09:36:39',487),(182,'생산직','2020-10-27 09:36:39','2020-10-27 09:36:39',488),(183,'안내','2020-10-27 09:36:39','2020-10-27 09:36:39',489),(184,'사무직','2020-10-27 09:36:39','2020-10-27 09:36:39',490),(185,'PC방','2020-10-27 09:36:39','2020-10-27 09:36:39',491),(186,'생산직','2020-10-27 09:36:39','2020-10-27 09:36:39',492),(187,'사무직','2020-10-27 09:36:39','2020-10-27 09:36:39',493),(188,'카운터','2020-10-27 09:36:39','2020-10-27 09:36:39',494),(189,'카운터','2020-10-27 09:36:39','2020-10-27 09:36:39',495),(190,'사무직','2020-10-27 09:36:39','2020-10-27 09:36:39',496),(191,'홀알바','2020-10-27 09:36:39','2020-10-27 09:36:39',497),(192,'사무직','2020-10-27 09:36:39','2020-10-27 09:36:39',498),(193,'PC방','2020-10-27 09:36:39','2020-10-27 09:36:39',499),(194,'안내','2020-10-27 09:36:39','2020-10-27 09:36:39',500),(195,'PC방','2020-10-27 09:36:39','2020-10-27 09:36:39',501),(196,'생산직','2020-10-27 09:36:39','2020-10-27 09:36:39',502),(197,'홀알바','2020-10-27 09:36:39','2020-10-27 09:36:39',503),(198,'PC방','2020-10-27 09:36:39','2020-10-27 09:36:39',504),(199,'홀알바','2020-10-27 09:36:39','2020-10-27 09:36:39',505),(200,'PC방','2020-10-27 09:36:39','2020-10-27 09:36:39',506),(201,'홀알바','2020-10-27 09:36:39','2020-10-27 09:36:39',507),(202,'생산직','2020-10-27 09:36:39','2020-10-27 09:36:39',508),(203,'사무직','2020-10-27 09:36:39','2020-10-27 09:36:39',509),(204,'생산직','2020-10-27 09:36:39','2020-10-27 09:36:39',510),(205,'홀알바','2020-10-27 09:36:40','2020-10-27 09:36:40',511),(206,'사무직','2020-10-27 09:36:40','2020-10-27 09:36:40',512),(207,'사무직','2020-10-27 09:36:40','2020-10-27 09:36:40',513),(208,'생산직','2020-10-27 09:36:40','2020-10-27 09:36:40',514),(209,'서비스','2020-10-27 09:36:40','2020-10-27 09:36:40',515),(210,'카운터','2020-10-27 09:36:40','2020-10-27 09:36:40',516),(211,'카운터','2020-10-27 09:36:40','2020-10-27 09:36:40',517),(212,'안내','2020-10-27 09:36:40','2020-10-27 09:36:40',518),(213,'배달','2020-10-27 09:36:40','2020-10-27 09:36:40',519),(214,'안내','2020-10-27 09:36:40','2020-10-27 09:36:40',520),(215,'카운터','2020-10-27 09:36:40','2020-10-27 09:36:40',521),(216,'서비스','2020-10-27 09:36:40','2020-10-27 09:36:40',522),(217,'배달','2020-10-27 09:36:40','2020-10-27 09:36:40',523),(218,'생산직','2020-10-27 09:36:40','2020-10-27 09:36:40',524),(219,'안내','2020-10-27 09:36:40','2020-10-27 09:36:40',525),(220,'사무직','2020-10-27 09:36:40','2020-10-27 09:36:40',526),(221,'PC방','2020-10-27 09:36:40','2020-10-27 09:36:40',527),(222,'생산직','2020-10-27 09:36:40','2020-10-27 09:36:40',528),(223,'사무직','2020-10-27 09:36:40','2020-10-27 09:36:40',529),(224,'카운터','2020-10-27 09:36:40','2020-10-27 09:36:40',530),(225,'카운터','2020-10-27 09:36:40','2020-10-27 09:36:40',531),(226,'사무직','2020-10-27 09:36:40','2020-10-27 09:36:40',532),(227,'홀알바','2020-10-27 09:36:40','2020-10-27 09:36:40',533),(228,'사무직','2020-10-27 09:36:40','2020-10-27 09:36:40',534),(229,'PC방','2020-10-27 09:36:40','2020-10-27 09:36:40',535),(230,'안내','2020-10-27 09:36:40','2020-10-27 09:36:40',536),(231,'PC방','2020-10-27 09:36:40','2020-10-27 09:36:40',537),(232,'생산직','2020-10-27 09:36:40','2020-10-27 09:36:40',538),(233,'홀알바','2020-10-27 09:36:40','2020-10-27 09:36:40',539),(234,'PC방','2020-10-27 09:36:40','2020-10-27 09:36:40',540),(235,'홀알바','2020-10-27 09:36:40','2020-10-27 09:36:40',541),(236,'PC방','2020-10-27 09:36:40','2020-10-27 09:36:40',542),(237,'홀알바','2020-10-27 09:36:40','2020-10-27 09:36:40',543),(238,'생산직','2020-10-27 09:36:40','2020-10-27 09:36:40',544),(239,'사무직','2020-10-27 09:36:40','2020-10-27 09:36:40',545),(240,'생산직','2020-10-27 09:36:40','2020-10-27 09:36:40',546),(241,'홀알바','2020-10-27 09:36:40','2020-10-27 09:36:40',547),(242,'사무직','2020-10-27 09:36:40','2020-10-27 09:36:40',548),(243,'사무직','2020-10-27 09:36:40','2020-10-27 09:36:40',549),(244,'생산직','2020-10-27 09:36:40','2020-10-27 09:36:40',550),(245,'서비스','2020-10-27 09:36:40','2020-10-27 09:36:40',551),(246,'카운터','2020-10-27 09:36:40','2020-10-27 09:36:40',552),(247,'카운터','2020-10-27 09:36:40','2020-10-27 09:36:40',553),(248,'안내','2020-10-27 09:36:40','2020-10-27 09:36:40',554),(249,'배달','2020-10-27 09:36:40','2020-10-27 09:36:40',555),(250,'안내','2020-10-27 09:36:40','2020-10-27 09:36:40',556),(251,'카운터','2020-10-27 09:36:40','2020-10-27 09:36:40',557),(252,'서비스','2020-10-27 09:36:40','2020-10-27 09:36:40',558),(253,'PC방','2020-10-27 09:36:40','2020-10-27 09:36:40',559),(254,'생산직','2020-10-27 09:36:40','2020-10-27 09:36:40',560),(255,'사무직','2020-10-27 09:36:40','2020-10-27 09:36:40',561),(256,'생산직','2020-10-27 09:36:40','2020-10-27 09:36:40',562),(257,'홀알바','2020-10-27 09:36:40','2020-10-27 09:36:40',563),(258,'사무직','2020-10-27 09:36:40','2020-10-27 09:36:40',564),(259,'사무직','2020-10-27 09:36:40','2020-10-27 09:36:40',565),(260,'생산직','2020-10-27 09:36:40','2020-10-27 09:36:40',566),(261,'서비스','2020-10-27 09:36:40','2020-10-27 09:36:40',567),(262,'카운터','2020-10-27 09:36:40','2020-10-27 09:36:40',568),(263,'카운터','2020-10-27 09:36:40','2020-10-27 09:36:40',569),(264,'안내','2020-10-27 09:36:40','2020-10-27 09:36:40',570),(265,'배달','2020-10-27 09:36:40','2020-10-27 09:36:40',571),(266,'안내','2020-10-27 09:36:40','2020-10-27 09:36:40',572),(267,'카운터','2020-10-27 09:36:40','2020-10-27 09:36:40',573),(268,'서비스','2020-10-27 09:36:40','2020-10-27 09:36:40',574),(269,'배달','2020-10-27 09:36:40','2020-10-27 09:36:40',575),(270,'생산직','2020-10-27 09:36:40','2020-10-27 09:36:40',576),(271,'안내','2020-10-27 09:36:40','2020-10-27 09:36:40',577),(272,'사무직','2020-10-27 09:36:40','2020-10-27 09:36:40',578),(273,'PC방','2020-10-27 09:36:40','2020-10-27 09:36:40',579),(274,'생산직','2020-10-27 09:36:40','2020-10-27 09:36:40',580),(275,'사무직','2020-10-27 09:36:40','2020-10-27 09:36:40',581),(276,'카운터','2020-10-27 09:36:40','2020-10-27 09:36:40',582),(277,'카운터','2020-10-27 09:36:40','2020-10-27 09:36:40',583),(278,'사무직','2020-10-27 09:36:40','2020-10-27 09:36:40',584),(279,'홀알바','2020-10-27 09:36:40','2020-10-27 09:36:40',585),(280,'사무직','2020-10-27 09:36:40','2020-10-27 09:36:40',586),(281,'PC방','2020-10-27 09:36:40','2020-10-27 09:36:40',587),(282,'안내','2020-10-27 09:36:40','2020-10-27 09:36:40',588),(283,'PC방','2020-10-27 09:36:40','2020-10-27 09:36:40',589),(284,'생산직','2020-10-27 09:36:40','2020-10-27 09:36:40',590),(285,'홀알바','2020-10-27 09:36:40','2020-10-27 09:36:40',591),(286,'PC방','2020-10-27 09:36:40','2020-10-27 09:36:40',592),(287,'홀알바','2020-10-27 09:36:40','2020-10-27 09:36:40',593),(288,'PC방','2020-10-27 09:36:40','2020-10-27 09:36:40',594),(289,'홀알바','2020-10-27 09:36:40','2020-10-27 09:36:40',595),(290,'생산직','2020-10-27 09:36:40','2020-10-27 09:36:40',596),(291,'사무직','2020-10-27 09:36:40','2020-10-27 09:36:40',597),(292,'생산직','2020-10-27 09:36:40','2020-10-27 09:36:40',598),(293,'홀알바','2020-10-27 09:36:40','2020-10-27 09:36:40',599),(294,'사무직','2020-10-27 09:36:40','2020-10-27 09:36:40',600),(295,'사무직','2020-10-27 09:36:41','2020-10-27 09:36:41',601),(296,'생산직','2020-10-27 09:36:41','2020-10-27 09:36:41',602),(297,'서비스','2020-10-27 09:36:41','2020-10-27 09:36:41',603),(298,'카운터','2020-10-27 09:36:41','2020-10-27 09:36:41',604),(299,'카운터','2020-10-27 09:36:41','2020-10-27 09:36:41',605),(300,'안내','2020-10-27 09:36:41','2020-10-27 09:36:41',606),(301,'배달','2020-10-27 09:36:41','2020-10-27 09:36:41',607),(302,'안내','2020-10-27 09:36:41','2020-10-27 09:36:41',608),(303,'카운터','2020-10-27 09:36:41','2020-10-27 09:36:41',609),(304,'서비스','2020-10-27 09:36:41','2020-10-27 09:36:41',610),(305,'배달','2020-10-27 09:36:41','2020-10-27 09:36:41',611),(306,'생산직','2020-10-27 09:36:41','2020-10-27 09:36:41',612),(307,'안내','2020-10-27 09:36:41','2020-10-27 09:36:41',613),(308,'사무직','2020-10-27 09:36:41','2020-10-27 09:36:41',614),(309,'PC방','2020-10-27 09:36:41','2020-10-27 09:36:41',615),(310,'생산직','2020-10-27 09:36:41','2020-10-27 09:36:41',616),(311,'사무직','2020-10-27 09:36:41','2020-10-27 09:36:41',617),(312,'카운터','2020-10-27 09:36:41','2020-10-27 09:36:41',618),(313,'카운터','2020-10-27 09:36:41','2020-10-27 09:36:41',619),(314,'사무직','2020-10-27 09:36:41','2020-10-27 09:36:41',620),(315,'홀알바','2020-10-27 09:36:41','2020-10-27 09:36:41',621),(316,'사무직','2020-10-27 09:36:41','2020-10-27 09:36:41',622),(317,'PC방','2020-10-27 09:36:41','2020-10-27 09:36:41',623),(318,'안내','2020-10-27 09:36:41','2020-10-27 09:36:41',624),(319,'PC방','2020-10-27 09:36:41','2020-10-27 09:36:41',625),(320,'생산직','2020-10-27 09:36:41','2020-10-27 09:36:41',626),(321,'홀알바','2020-10-27 09:36:41','2020-10-27 09:36:41',627),(322,'PC방','2020-10-27 09:36:41','2020-10-27 09:36:41',628),(323,'홀알바','2020-10-27 09:36:41','2020-10-27 09:36:41',629),(324,'PC방','2020-10-27 09:36:41','2020-10-27 09:36:41',630),(325,'홀알바','2020-10-27 09:36:41','2020-10-27 09:36:41',631),(326,'생산직','2020-10-27 09:36:41','2020-10-27 09:36:41',632),(327,'사무직','2020-10-27 09:36:41','2020-10-27 09:36:41',633),(328,'생산직','2020-10-27 09:36:41','2020-10-27 09:36:41',634),(329,'홀알바','2020-10-27 09:36:41','2020-10-27 09:36:41',635),(330,'사무직','2020-10-27 09:36:41','2020-10-27 09:36:41',636),(331,'사무직','2020-10-27 09:36:41','2020-10-27 09:36:41',637),(332,'생산직','2020-10-27 09:36:41','2020-10-27 09:36:41',638),(333,'서비스','2020-10-27 09:36:41','2020-10-27 09:36:41',639),(334,'카운터','2020-10-27 09:36:41','2020-10-27 09:36:41',640),(335,'카운터','2020-10-27 09:36:41','2020-10-27 09:36:41',641),(336,'안내','2020-10-27 09:36:41','2020-10-27 09:36:41',642),(337,'배달','2020-10-27 09:36:41','2020-10-27 09:36:41',643),(338,'안내','2020-10-27 09:36:41','2020-10-27 09:36:41',644),(339,'카운터','2020-10-27 09:36:41','2020-10-27 09:36:41',645),(340,'서비스','2020-10-27 09:36:41','2020-10-27 09:36:41',646),(341,'PC방','2020-10-27 09:36:41','2020-10-27 09:36:41',647),(342,'생산직','2020-10-27 09:36:41','2020-10-27 09:36:41',648),(343,'사무직','2020-10-27 09:36:41','2020-10-27 09:36:41',649),(344,'생산직','2020-10-27 09:36:41','2020-10-27 09:36:41',650),(345,'홀알바','2020-10-27 09:36:41','2020-10-27 09:36:41',651),(346,'사무직','2020-10-27 09:36:41','2020-10-27 09:36:41',652),(347,'사무직','2020-10-27 09:36:41','2020-10-27 09:36:41',653),(348,'생산직','2020-10-27 09:36:41','2020-10-27 09:36:41',654),(349,'서비스','2020-10-27 09:36:41','2020-10-27 09:36:41',655),(350,'카운터','2020-10-27 09:36:41','2020-10-27 09:36:41',656),(351,'카운터','2020-10-27 09:36:41','2020-10-27 09:36:41',657),(352,'안내','2020-10-27 09:36:41','2020-10-27 09:36:41',658),(353,'배달','2020-10-27 09:36:41','2020-10-27 09:36:41',659),(354,'안내','2020-10-27 09:36:41','2020-10-27 09:36:41',660),(355,'카운터','2020-10-27 09:36:41','2020-10-27 09:36:41',661),(356,'서비스','2020-10-27 09:36:41','2020-10-27 09:36:41',662),(357,'배달','2020-10-27 09:36:41','2020-10-27 09:36:41',663),(358,'생산직','2020-10-27 09:36:41','2020-10-27 09:36:41',664),(359,'편의점','2020-10-27 03:44:11','2020-10-27 03:44:11',665),(360,'카페','2020-10-27 03:44:11','2020-10-27 03:44:11',665),(361,'서비스','2020-10-27 05:08:32','2020-10-27 05:17:43',666),(362,'배달','2020-10-27 05:08:32','2020-10-27 05:17:43',666),(363,'외식&middot;음료','2020-10-28 04:59:07','2020-10-28 04:59:07',667),(364,'카페','2020-10-28 04:59:07','2020-10-28 04:59:07',667),(365,'IT&middot;컴퓨터','2020-10-28 05:16:03','2020-10-28 05:16:03',668),(366,'디자인','2020-10-28 05:16:03','2020-10-28 05:16:03',668),(374,'서비스','2020-10-30 05:10:19','2020-11-05 08:20:31',673),(375,'사무직','2020-10-30 05:10:19','2020-11-05 08:20:31',673),(376,'IT&middot;컴퓨터','2020-10-30 05:10:19','2020-11-05 08:20:31',673),(379,'서비스','2020-11-05 03:09:26','2020-11-05 03:09:26',676),(380,'외식&middot;음료','2020-11-05 03:13:47','2020-11-05 03:13:47',677),(381,'편의점','2020-11-05 05:57:06','2020-11-05 05:57:06',678),(382,'카페','2020-11-05 05:57:06','2020-11-05 05:57:06',678),(383,'외식&middot;음료','2020-11-05 06:43:18','2020-11-05 06:43:18',679),(384,'유통&middot;판매','2020-11-05 06:43:18','2020-11-05 06:43:18',679),(387,'서비스','2020-11-05 06:52:08','2020-11-05 06:52:08',681),(390,'생산&middot;건설&middot;노무','2020-11-05 09:20:23','2020-11-05 10:29:55',62),(391,'카페','2020-11-05 09:38:08','2020-11-05 09:38:08',684),(392,'생산&middot;건설&middot;노무','2020-11-05 09:38:08','2020-11-05 09:38:08',684),(393,'서비스','2020-11-06 00:16:49','2020-11-06 00:16:49',685),(394,'사무직','2020-11-06 00:16:49','2020-11-06 00:16:49',685);
 SET character_set_client = utf8mb4 ;

--
-- Table structure for table `coupon`
--

 SET character_set_client = utf8mb4 ;
CREATE TABLE `coupon` (
  `id` int(11) NOT NULL AUTO_INCREMENT,
  `start_datetime` datetime DEFAULT NULL,
  `end_datetime` datetime DEFAULT NULL,
  `number_of_available` int(11) NOT NULL,
  `state` int(11) NOT NULL COMMENT '보유중/사용중/사용 완료',
  `created_at` datetime NOT NULL,
  `updated_at` datetime NOT NULL,
  `corporate_user_id` int(11) NOT NULL,
  `announcement_id` int(11) DEFAULT NULL,
  `product_id` int(11) NOT NULL,
  `payment_history_id` int(11) NOT NULL,
  PRIMARY KEY (`id`),
  KEY `corporate_user_id` (`corporate_user_id`),
  KEY `announcement_id` (`announcement_id`),
  KEY `product_id` (`product_id`),
  KEY `payment_history_id` (`payment_history_id`),
  CONSTRAINT `coupon_ibfk_1` FOREIGN KEY (`corporate_user_id`) REFERENCES `corporate_user` (`id`) ON DELETE CASCADE ON UPDATE CASCADE,
  CONSTRAINT `coupon_ibfk_2` FOREIGN KEY (`announcement_id`) REFERENCES `announcement` (`id`) ON DELETE CASCADE ON UPDATE CASCADE,
  CONSTRAINT `coupon_ibfk_3` FOREIGN KEY (`product_id`) REFERENCES `product` (`id`) ON DELETE CASCADE ON UPDATE CASCADE,
  CONSTRAINT `coupon_ibfk_4` FOREIGN KEY (`payment_history_id`) REFERENCES `payment_history` (`id`) ON DELETE CASCADE ON UPDATE CASCADE
) ENGINE=InnoDB DEFAULT CHARSET=utf8mb4;

--
-- Dumping data for table `coupon`
--


--
-- Table structure for table `data_event`
--

 SET character_set_client = utf8mb4 ;
CREATE TABLE `data_event` (
  `idx` int(11) unsigned NOT NULL AUTO_INCREMENT,
  `banner_path` varchar(1024) NOT NULL DEFAULT '0' COMMENT '배너경로',
  `title` varchar(64) NOT NULL DEFAULT '0' COMMENT '제목',
  `contents` varchar(512) NOT NULL DEFAULT '0' COMMENT '내용',
  `is_public` int(11) NOT NULL COMMENT '공개여부(0-비공개, 1-공개)',
  `start_date` datetime NOT NULL DEFAULT '2020-11-01 00:00:00',
  `public_days` int(11) NOT NULL DEFAULT '0' COMMENT '노출유지기간(일단위)',
  PRIMARY KEY (`idx`)
) ENGINE=InnoDB DEFAULT CHARSET=utf8 COMMENT='이벤트';

--
-- Dumping data for table `data_event`
--


--
-- Table structure for table `data_game_version`
--

 SET character_set_client = utf8mb4 ;
CREATE TABLE `data_game_version` (
  `market_type` int(11) NOT NULL COMMENT '서비스 대상의 마켓 타입\n\n- 하나의 게임 서비스는 1개 이상의 마켓에 적용될 수 있다.\n: 동일한 마켓에 여러 개의 앱이 등록되는 경우는, market_type은 같으나, service_code가 다른 경우이다.\n\n- eMarketType 참조',
  `app_version_major` tinyint(4) unsigned NOT NULL DEFAULT '0' COMMENT '현재 서비스에 적용할 애플리케이션의 주 버전\n\n- 주 버전과 부 버전을 비교한다.',
  `app_version_minor` tinyint(4) unsigned NOT NULL DEFAULT '0' COMMENT '현재 서비스에 적용할 애플리케이션의 주 버전\n\n- 주 버전과 부 버전을 비교한다.',
  `require_update` tinyint(4) unsigned NOT NULL DEFAULT '0' COMMENT '강제 업데이트 필요한지 여부. 강제 업데이트면 업데이를 유도한다.',
  `access_link_live` varchar(128) NOT NULL DEFAULT '' COMMENT '애플리케이션의 서버 액세스 링크 URL(라이브 서비스)\n\n- app_version_major, app_version_minor가 일치해야 한다.',
  `access_link_stage` varchar(128) NOT NULL DEFAULT '' COMMENT '애플리케이션의 서버 액세스 링크 URL(스테이지 서버)\n\n- app_version_major, app_version_minor가 현재 라이브 중인 버전보다 큰 경우에는 검수용 URL을 제공한다.',
  PRIMARY KEY (`market_type`)
) ENGINE=InnoDB DEFAULT CHARSET=utf8 COMMENT='게임 서비스 정보';

--
-- Dumping data for table `data_game_version`
--

INSERT INTO `data_game_version` VALUES (0,1,0,0,'http://182.162.62.209:3000/admin','http://182.162.62.209:3000/admin');

--
-- Table structure for table `data_server_status`
--

 SET character_set_client = utf8mb4 ;
CREATE TABLE `data_server_status` (
  `idx` int(11) NOT NULL,
  `state` tinyint(4) NOT NULL DEFAULT '0' COMMENT '서비스 대상의 서비스 상태\n\n0 = 서비스 하지 않는 상태\n1 = 서비스 중\n2 = 서비스 점검 중',
  `start_date` datetime NOT NULL DEFAULT '2020-11-01 00:00:00',
  `end_date` datetime NOT NULL DEFAULT '2020-11-01 00:00:00',
  `message` varchar(256) NOT NULL DEFAULT '' COMMENT '점검 메세지',
  PRIMARY KEY (`idx`)
) ENGINE=InnoDB DEFAULT CHARSET=utf8 COMMENT='서버상태';

--
-- Dumping data for table `data_server_status`
--

INSERT INTO `data_server_status` VALUES (1,0,'2020-10-10 00:00:00','2020-10-20 00:00:00','점검중입니다.');

--
-- Table structure for table `favorite_announcement`
--

 SET character_set_client = utf8mb4 ;
CREATE TABLE `favorite_announcement` (
  `id` int(11) NOT NULL AUTO_INCREMENT,
  `created_at` datetime NOT NULL,
  `updated_at` datetime NOT NULL,
  `announcement_id` int(11) NOT NULL,
  `general_user_id` int(11) NOT NULL,
  PRIMARY KEY (`id`),
  KEY `announcement_id` (`announcement_id`),
  KEY `general_user_id` (`general_user_id`),
  CONSTRAINT `favorite_announcement_ibfk_1` FOREIGN KEY (`announcement_id`) REFERENCES `announcement` (`id`) ON DELETE CASCADE ON UPDATE CASCADE,
  CONSTRAINT `favorite_announcement_ibfk_2` FOREIGN KEY (`general_user_id`) REFERENCES `general_user` (`id`) ON DELETE CASCADE ON UPDATE CASCADE
) ENGINE=InnoDB AUTO_INCREMENT=18 DEFAULT CHARSET=utf8mb4;

--
-- Dumping data for table `favorite_announcement`
--

INSERT INTO `favorite_announcement` VALUES (1,'2020-10-16 13:37:08','2020-10-16 13:37:08',35,94),(2,'2020-10-16 14:10:07','2020-10-16 14:10:07',36,94),(4,'2020-10-19 13:13:33','2020-10-19 13:13:33',68,96),(5,'2020-10-20 12:54:14','2020-10-20 12:54:14',68,97),(6,'2020-10-21 03:14:22','2020-10-21 03:14:22',68,93),(11,'2020-10-23 06:33:24','2020-10-23 06:33:24',69,93),(12,'2020-10-27 02:51:07','2020-10-27 02:51:07',99,92),(13,'2020-10-28 08:05:40','2020-10-28 08:05:40',68,98),(14,'2020-10-28 08:36:11','2020-10-28 08:36:11',80,97),(15,'2020-10-28 14:30:20','2020-10-28 14:30:20',305,94),(16,'2020-10-30 08:30:17','2020-10-30 08:30:17',321,108),(17,'2020-11-05 01:20:42','2020-11-05 01:20:42',343,108);

--
-- Table structure for table `favorite_by_company`
--

 SET character_set_client = utf8mb4 ;
CREATE TABLE `favorite_by_company` (
  `id` int(11) NOT NULL AUTO_INCREMENT,
  `created_at` datetime NOT NULL,
  `updated_at` datetime NOT NULL,
  `corporate_user_id` int(11) NOT NULL,
  `general_user_id` int(11) NOT NULL,
  PRIMARY KEY (`id`),
  KEY `corporate_user_id` (`corporate_user_id`),
  KEY `general_user_id` (`general_user_id`),
  CONSTRAINT `favorite_by_company_ibfk_1` FOREIGN KEY (`corporate_user_id`) REFERENCES `corporate_user` (`id`) ON DELETE CASCADE ON UPDATE CASCADE,
  CONSTRAINT `favorite_by_company_ibfk_2` FOREIGN KEY (`general_user_id`) REFERENCES `general_user` (`id`) ON DELETE CASCADE ON UPDATE CASCADE
) ENGINE=InnoDB AUTO_INCREMENT=41 DEFAULT CHARSET=utf8mb4;

--
-- Dumping data for table `favorite_by_company`
--

INSERT INTO `favorite_by_company` VALUES (20,'2020-10-16 13:57:13','2020-10-16 13:57:13',204,94),(26,'2020-10-19 11:55:01','2020-10-19 11:55:01',204,10),(31,'2020-10-20 11:30:36','2020-10-20 11:30:36',202,96),(35,'2020-10-23 05:22:20','2020-10-23 05:22:20',202,30),(36,'2020-10-26 01:54:51','2020-10-26 01:54:51',202,91),(38,'2020-10-28 11:19:38','2020-10-28 11:19:38',201,94),(39,'2020-10-28 11:30:30','2020-10-28 11:30:30',204,93),(40,'2020-11-05 10:11:50','2020-11-05 10:11:50',201,109);

--
-- Table structure for table `favorite_by_user`
--

 SET character_set_client = utf8mb4 ;
CREATE TABLE `favorite_by_user` (
  `id` int(11) NOT NULL AUTO_INCREMENT,
  `created_at` datetime NOT NULL,
  `updated_at` datetime NOT NULL,
  `company_id` int(11) NOT NULL,
  `general_user_id` int(11) NOT NULL,
  PRIMARY KEY (`id`),
  KEY `company_id` (`company_id`),
  KEY `general_user_id` (`general_user_id`),
  CONSTRAINT `favorite_by_user_ibfk_1` FOREIGN KEY (`company_id`) REFERENCES `company` (`id`) ON DELETE CASCADE ON UPDATE CASCADE,
  CONSTRAINT `favorite_by_user_ibfk_2` FOREIGN KEY (`general_user_id`) REFERENCES `general_user` (`id`) ON DELETE CASCADE ON UPDATE CASCADE
) ENGINE=InnoDB AUTO_INCREMENT=81 DEFAULT CHARSET=utf8mb4;

--
-- Dumping data for table `favorite_by_user`
--

INSERT INTO `favorite_by_user` VALUES (1,'2020-10-14 03:48:02','2020-10-14 03:48:02',35,92),(2,'2020-10-14 03:48:18','2020-10-14 03:48:18',52,92),(3,'2020-10-14 03:52:32','2020-10-14 03:52:32',44,92),(4,'2020-10-14 05:53:13','2020-10-14 05:53:13',59,93),(5,'2020-10-14 05:58:15','2020-10-14 05:58:15',34,93),(9,'2020-10-15 02:29:02','2020-10-15 02:29:02',41,94),(19,'2020-10-15 13:49:41','2020-10-15 13:49:41',7,93),(33,'2020-10-15 13:52:28','2020-10-15 13:52:28',54,93),(42,'2020-10-15 14:23:24','2020-10-15 14:23:24',3,93),(44,'2020-10-15 15:46:55','2020-10-15 15:46:55',58,93),(50,'2020-10-15 16:08:56','2020-10-15 16:08:56',8,93),(52,'2020-10-15 16:11:49','2020-10-15 16:11:49',2,93),(69,'2020-10-19 14:50:37','2020-10-19 14:50:37',68,96),(70,'2020-10-20 12:54:04','2020-10-20 12:54:04',95,97),(75,'2020-10-27 01:31:31','2020-10-27 01:31:31',595,107),(76,'2020-10-27 02:50:48','2020-10-27 02:50:48',468,92),(77,'2020-10-27 02:50:58','2020-10-27 02:50:58',460,92),(78,'2020-10-28 08:28:35','2020-10-28 08:28:35',524,94),(80,'2020-10-28 14:30:19','2020-10-28 14:30:19',62,94);
 SET character_set_client = utf8mb4 ;

--
-- Table structure for table `hidden_announcement_general_user`
--

 SET character_set_client = utf8mb4 ;
CREATE TABLE `hidden_announcement_general_user` (
  `id` int(11) NOT NULL AUTO_INCREMENT,
  `created_at` datetime NOT NULL,
  `updated_at` datetime NOT NULL,
  `announcement_id` int(11) NOT NULL,
  `general_user_id` int(11) NOT NULL,
  PRIMARY KEY (`id`),
  KEY `announcement_id` (`announcement_id`),
  KEY `general_user_id` (`general_user_id`),
  CONSTRAINT `hidden_announcement_general_user_ibfk_1` FOREIGN KEY (`announcement_id`) REFERENCES `announcement` (`id`) ON DELETE CASCADE ON UPDATE CASCADE,
  CONSTRAINT `hidden_announcement_general_user_ibfk_2` FOREIGN KEY (`general_user_id`) REFERENCES `general_user` (`id`) ON DELETE CASCADE ON UPDATE CASCADE
) ENGINE=InnoDB AUTO_INCREMENT=15 DEFAULT CHARSET=utf8mb4;

--
-- Dumping data for table `hidden_announcement_general_user`
--

INSERT INTO `hidden_announcement_general_user` VALUES (12,'2020-10-28 14:42:14','2020-10-28 14:42:14',35,94),(14,'2020-11-06 00:37:25','2020-11-06 00:37:25',309,93);

--
-- Table structure for table `keyword_category`
--

 SET character_set_client = utf8mb4 ;
CREATE TABLE `keyword_category` (
  `id` int(11) NOT NULL AUTO_INCREMENT,
  `content` varchar(100) NOT NULL,
  `created_at` datetime NOT NULL,
  `updated_at` datetime NOT NULL,
  PRIMARY KEY (`id`)
) ENGINE=InnoDB DEFAULT CHARSET=utf8mb4;

--
-- Dumping data for table `keyword_category`
--


--
-- Table structure for table `notification_corporate_user`
--

 SET character_set_client = utf8mb4 ;
CREATE TABLE `notification_corporate_user` (
  `id` int(11) NOT NULL AUTO_INCREMENT,
  `is_active` tinyint(1) NOT NULL DEFAULT '1',
  `night_start_time` time NOT NULL DEFAULT '00:00:00',
  `night_end_time` time NOT NULL DEFAULT '24:00:00',
  `night_state` tinyint(1) NOT NULL DEFAULT '0',
  `do_not_disturb` tinyint(1) NOT NULL DEFAULT '0',
  `interested_general_user` tinyint(1) NOT NULL DEFAULT '0',
  `created_at` datetime NOT NULL,
  `updated_at` datetime NOT NULL,
  `corporate_user_id` int(11) NOT NULL,
  PRIMARY KEY (`id`),
  KEY `corporate_user_id` (`corporate_user_id`),
  CONSTRAINT `notification_corporate_user_ibfk_1` FOREIGN KEY (`corporate_user_id`) REFERENCES `corporate_user` (`id`) ON DELETE CASCADE ON UPDATE CASCADE
) ENGINE=InnoDB AUTO_INCREMENT=15 DEFAULT CHARSET=utf8mb4;

--
-- Dumping data for table `notification_corporate_user`
--

INSERT INTO `notification_corporate_user` VALUES (1,1,'00:00:00','24:00:00',0,0,0,'2020-10-14 03:03:06','2020-10-14 03:03:06',1),(2,0,'22:00:00','00:00:00',0,0,0,'2020-10-14 03:25:57','2020-11-05 10:17:34',201),(3,0,'22:02:00','23:46:00',1,0,1,'2020-10-14 03:35:32','2020-11-06 02:52:50',202),(4,1,'00:00:00','24:00:00',0,0,0,'2020-10-14 03:35:34','2020-10-14 03:35:34',203),(5,1,'00:00:00','24:00:00',0,0,0,'2020-10-14 05:28:04','2020-10-14 05:28:04',204),(6,1,'00:00:00','24:00:00',0,0,0,'2020-10-26 01:54:45','2020-10-26 01:54:45',205),(7,1,'00:00:00','24:00:00',0,0,0,'2020-10-27 03:44:11','2020-10-27 03:44:11',294),(8,1,'00:00:00','24:00:00',0,0,0,'2020-10-27 05:08:32','2020-10-27 05:08:32',295),(9,1,'00:00:00','24:00:00',0,0,0,'2020-10-28 04:59:07','2020-10-28 04:59:07',296),(13,1,'00:00:00','24:00:00',0,0,0,'2020-10-30 05:10:19','2020-10-30 05:10:19',300),(14,1,'00:00:00','24:00:00',0,0,0,'2020-11-06 00:16:49','2020-11-06 00:16:49',301);

--
-- Table structure for table `notification_general_user`
--

 SET character_set_client = utf8mb4 ;
CREATE TABLE `notification_general_user` (
  `id` int(11) NOT NULL AUTO_INCREMENT,
  `is_active` tinyint(1) NOT NULL DEFAULT '1',
  `night_start_time` time NOT NULL DEFAULT '00:00:00',
  `night_end_time` time NOT NULL DEFAULT '24:00:00',
  `night_state` tinyint(1) NOT NULL DEFAULT '0',
  `do_not_disturb` tinyint(1) NOT NULL DEFAULT '0',
  `interested_company` tinyint(1) NOT NULL DEFAULT '0',
  `created_at` datetime NOT NULL,
  `updated_at` datetime NOT NULL,
  `general_user_id` int(11) NOT NULL,
  PRIMARY KEY (`id`),
  KEY `general_user_id` (`general_user_id`),
  CONSTRAINT `notification_general_user_ibfk_1` FOREIGN KEY (`general_user_id`) REFERENCES `general_user` (`id`) ON DELETE CASCADE ON UPDATE CASCADE
) ENGINE=InnoDB AUTO_INCREMENT=12 DEFAULT CHARSET=utf8mb4;

--
-- Dumping data for table `notification_general_user`
--

INSERT INTO `notification_general_user` VALUES (1,1,'00:00:00','24:00:00',0,0,0,'2020-10-14 03:39:59','2020-10-14 03:39:59',92),(2,1,'22:00:00','06:00:00',1,0,0,'2020-10-14 05:12:15','2020-10-15 22:32:05',93),(3,0,'22:00:00','06:00:00',0,0,0,'2020-10-15 02:28:32','2020-10-28 14:33:49',94),(4,1,'00:00:00','24:00:00',0,0,0,'2020-10-16 03:46:41','2020-10-16 03:46:41',95),(5,1,'00:00:00','24:00:00',0,0,0,'2020-10-19 03:22:32','2020-10-19 03:22:32',96),(6,1,'00:00:00','24:00:00',0,0,0,'2020-10-20 12:30:59','2020-10-20 12:30:59',97),(7,1,'00:00:00','24:00:00',0,0,0,'2020-10-21 01:11:41','2020-10-21 01:11:41',98),(8,1,'00:00:00','24:00:00',0,0,0,'2020-10-26 01:54:45','2020-10-26 01:54:45',99),(9,1,'00:00:00','24:00:00',0,0,0,'2020-10-26 02:14:31','2020-10-26 02:14:31',107),(10,1,'00:00:00','24:00:00',0,0,0,'2020-10-30 05:14:34','2020-10-30 05:14:34',108),(11,1,'00:00:00','24:00:00',0,0,0,'2020-11-05 09:24:56','2020-11-05 09:24:56',109);

--
-- Table structure for table `offering`
--

 SET character_set_client = utf8mb4 ;
CREATE TABLE `offering` (
  `id` int(11) NOT NULL AUTO_INCREMENT,
  `content` varchar(100) NOT NULL,
  `created_at` datetime NOT NULL,
  `updated_at` datetime NOT NULL,
  `announcement_id` int(11) NOT NULL,
  PRIMARY KEY (`id`),
  KEY `announcement_id` (`announcement_id`),
  CONSTRAINT `offering_ibfk_1` FOREIGN KEY (`announcement_id`) REFERENCES `announcement` (`id`) ON DELETE CASCADE ON UPDATE CASCADE
) ENGINE=InnoDB AUTO_INCREMENT=34 DEFAULT CHARSET=utf8mb4;

--
-- Dumping data for table `offering`
--

INSERT INTO `offering` VALUES (1,'휴게 시간 제공','2020-10-14 03:26:28','2020-10-14 05:25:00',62),(2,'식대 포함','2020-10-14 03:37:28','2020-10-26 05:25:51',63),(3,'휴게 시간 제공','2020-10-14 03:37:28','2020-10-26 05:25:51',63),(4,'야근 교통비','2020-10-14 03:37:28','2020-10-26 05:25:51',63),(8,'야근 교통비','2020-10-21 02:26:01','2020-10-21 02:26:01',68),(9,'식대 포함','2020-10-22 00:22:14','2020-10-22 00:22:14',69),(10,'휴게 시간 제공','2020-10-22 00:22:14','2020-10-22 00:22:14',69),(13,'식대포함','2020-10-26 01:54:50','2020-10-26 01:54:50',72),(14,'식대 포함','2020-10-26 05:39:09','2020-10-26 06:05:12',73),(15,'식사 제공','2020-10-26 05:39:10','2020-10-26 06:05:12',73),(17,'식대 포함','2020-10-28 03:16:27','2020-10-28 03:18:06',67),(18,'식사 제공','2020-10-28 03:16:27','2020-10-28 03:18:06',67),(19,'휴게 시간 제공','2020-10-28 11:20:10','2020-10-28 11:20:10',306),(20,'식대 포함','2020-10-28 11:33:55','2020-10-28 11:33:55',308),(21,'식대 포함','2020-10-29 01:41:21','2020-10-29 01:41:21',309),(22,'식대 포함','2020-10-29 03:46:18','2020-10-29 03:46:18',310),(23,'식대 포함','2020-10-29 07:16:10','2020-10-29 07:16:10',311),(24,'식대 포함','2020-10-29 08:59:20','2020-10-29 08:59:20',312),(25,'야근 교통비','2020-10-29 09:57:05','2020-10-29 09:57:05',316),(26,'식대 포함','2020-10-29 09:59:34','2020-10-29 09:59:34',317),(27,'식대 포함','2020-10-30 07:06:50','2020-10-30 07:06:50',318),(28,'식대 포함','2020-10-30 07:38:43','2020-10-30 07:38:43',321),(29,'야근 교통비','2020-10-30 07:38:43','2020-10-30 07:38:43',321),(30,'식대 포함','2020-11-05 01:02:50','2020-11-05 01:02:50',343),(31,'휴게 시간 제공','2020-11-05 01:02:50','2020-11-05 01:02:50',343),(32,'식대 포함','2020-11-05 05:57:41','2020-11-05 05:57:41',345),(33,'야근 교통비','2020-11-05 05:57:41','2020-11-05 05:57:41',345);

--
-- Table structure for table `opened_general_user`
--

 SET character_set_client = utf8mb4 ;
CREATE TABLE `opened_general_user` (
  `id` int(11) NOT NULL AUTO_INCREMENT,
  `view_datetime` datetime NOT NULL,
  `created_at` datetime NOT NULL,
  `updated_at` datetime NOT NULL,
  `corporate_user_id` int(11) NOT NULL,
  `general_user_id` int(11) NOT NULL,
  `item_used` tinyint(1) NOT NULL DEFAULT '0',
  `user_requested` tinyint(1) NOT NULL DEFAULT '0',
  `hired_user` tinyint(1) NOT NULL DEFAULT '0',
  PRIMARY KEY (`id`),
  KEY `corporate_user_id` (`corporate_user_id`),
  KEY `general_user_id` (`general_user_id`),
  CONSTRAINT `opened_general_user_ibfk_1` FOREIGN KEY (`corporate_user_id`) REFERENCES `corporate_user` (`id`) ON DELETE CASCADE ON UPDATE CASCADE,
  CONSTRAINT `opened_general_user_ibfk_2` FOREIGN KEY (`general_user_id`) REFERENCES `general_user` (`id`) ON DELETE CASCADE ON UPDATE CASCADE
) ENGINE=InnoDB AUTO_INCREMENT=64 DEFAULT CHARSET=utf8mb4;

--
-- Dumping data for table `opened_general_user`
--

INSERT INTO `opened_general_user` VALUES (3,'2020-10-28 14:28:08','2020-10-28 14:28:08','2020-10-28 14:28:08',201,94,0,1,0),(4,'2020-10-28 14:30:45','2020-10-28 14:30:45','2020-10-28 14:30:45',36,94,0,1,0),(21,'2020-10-30 08:12:21','2020-10-30 08:12:21','2020-10-30 08:12:21',300,108,0,1,0),(22,'2020-11-02 07:05:02','2020-11-02 07:05:02','2020-11-02 07:05:02',123,93,0,1,0),(36,'2020-11-05 01:47:56','2020-11-05 01:47:56','2020-11-05 01:47:56',300,108,0,0,1),(46,'2020-11-05 02:48:07','2020-11-05 02:48:07','2020-11-05 02:48:07',202,93,1,0,0),(47,'2020-11-05 02:51:49','2020-11-05 02:51:49','2020-11-05 02:51:49',300,26,1,0,0),(48,'2020-11-05 03:05:49','2020-11-05 03:05:49','2020-11-05 03:05:49',300,3,1,0,0),(49,'2020-11-05 03:08:23','2020-11-05 03:08:23','2020-11-05 03:08:23',300,6,1,0,0),(50,'2020-11-05 03:10:00','2020-11-05 03:10:00','2020-11-05 03:10:00',300,7,1,0,0),(51,'2020-11-05 03:11:23','2020-11-05 03:11:23','2020-11-05 03:11:23',300,23,1,0,0),(52,'2020-11-05 03:47:16','2020-11-05 03:47:16','2020-11-05 03:47:16',202,93,0,1,0),(53,'2020-11-05 05:07:21','2020-11-05 05:07:21','2020-11-05 05:07:21',202,96,1,0,0),(54,'2020-11-05 05:59:17','2020-11-05 05:59:17','2020-11-05 05:59:17',202,108,0,1,0),(55,'2020-11-05 06:00:18','2020-11-05 06:00:18','2020-11-05 06:00:18',202,108,0,0,1),(56,'2020-11-05 08:56:57','2020-11-05 08:56:57','2020-11-05 08:56:57',201,30,1,0,0),(57,'2020-11-05 08:57:13','2020-11-05 08:57:13','2020-11-05 08:57:13',201,24,1,0,0),(58,'2020-11-05 08:57:58','2020-11-05 08:57:58','2020-11-05 08:57:58',201,21,1,0,0),(59,'2020-11-05 08:58:21','2020-11-05 08:58:21','2020-11-05 08:58:21',201,29,1,0,0),(60,'2020-11-05 09:16:34','2020-11-05 09:16:34','2020-11-05 09:16:34',201,94,0,0,1),(61,'2020-11-05 09:34:32','2020-11-05 09:34:32','2020-11-05 09:34:32',201,109,0,1,0),(62,'2020-11-05 09:55:23','2020-11-05 09:55:23','2020-11-05 09:55:23',202,93,0,0,1),(63,'2020-11-05 09:57:27','2020-11-05 09:57:27','2020-11-05 09:57:27',201,109,0,0,1);

--
-- Table structure for table `other_ability`
--

 SET character_set_client = utf8mb4 ;
CREATE TABLE `other_ability` (
  `id` int(11) NOT NULL AUTO_INCREMENT,
  `content` varchar(100) NOT NULL,
  `created_at` datetime NOT NULL,
  `updated_at` datetime NOT NULL,
  `general_user_id` int(11) NOT NULL,
  PRIMARY KEY (`id`),
  KEY `general_user_id` (`general_user_id`),
  CONSTRAINT `other_ability_ibfk_1` FOREIGN KEY (`general_user_id`) REFERENCES `general_user` (`id`) ON DELETE CASCADE ON UPDATE CASCADE
) ENGINE=InnoDB AUTO_INCREMENT=3 DEFAULT CHARSET=utf8mb4;

--
-- Dumping data for table `other_ability`
--

INSERT INTO `other_ability` VALUES (1,'운동','2020-10-14 06:00:01','2020-11-05 13:10:30',93),(2,'Bsbshs','2020-11-05 08:01:35','2020-11-05 13:10:30',93);

--
-- Table structure for table `payment_history`
--

 SET character_set_client = utf8mb4 ;
CREATE TABLE `payment_history` (
  `id` int(11) NOT NULL AUTO_INCREMENT,
  `payment_date` date NOT NULL,
  `payment_state` int(11) NOT NULL,
  `payment_method` int(11) NOT NULL,
  `amount_of_payment` int(11) NOT NULL,
  `final_payment_amount` int(11) NOT NULL,
  `details` varchar(100) DEFAULT NULL,
  `created_at` datetime NOT NULL,
  `updated_at` datetime NOT NULL,
  `order_number` varchar(200) NOT NULL,
  `product_id` int(11) NOT NULL,
  `tid` varchar(200) DEFAULT NULL,
  `corporate_user_id` int(11) NOT NULL,
  `announcement_id` int(11) DEFAULT NULL,
  PRIMARY KEY (`id`),
  KEY `product_id_idx` (`id`),
  KEY `product_id_idx1` (`product_id`),
  KEY `corporate_user_id_idx` (`corporate_user_id`),
  CONSTRAINT `corporate_user_id` FOREIGN KEY (`corporate_user_id`) REFERENCES `corporate_user` (`id`) ON DELETE NO ACTION ON UPDATE NO ACTION,
  CONSTRAINT `product_id` FOREIGN KEY (`product_id`) REFERENCES `product` (`id`) ON DELETE NO ACTION ON UPDATE NO ACTION
) ENGINE=InnoDB AUTO_INCREMENT=173 DEFAULT CHARSET=utf8mb4;

--
-- Dumping data for table `payment_history`
--

INSERT INTO `payment_history` VALUES (45,'2020-10-20',0,1,100,100,NULL,'2020-10-20 01:01:35','2020-10-20 01:01:35','Danal_202010201603155695',3,NULL,202,NULL),(46,'2020-10-20',0,1,100,100,NULL,'2020-10-20 01:02:12','2020-10-20 01:02:12','Danal_202010201603155732',2,NULL,202,NULL),(47,'2020-10-20',0,1,100,100,NULL,'2020-10-20 01:03:57','2020-10-20 01:03:57','Danal_202010201603155837',2,NULL,202,NULL),(48,'2020-10-20',0,1,100,100,NULL,'2020-10-20 01:33:38','2020-10-20 01:33:38','Danal_202010201603157618',2,'202010201033387372623400',202,NULL),(49,'2020-10-20',0,1,100,100,NULL,'2020-10-20 01:40:45','2020-10-20 01:40:45','Danal_202010201603158045',3,NULL,202,NULL),(50,'2020-10-20',0,1,100,100,NULL,'2020-10-20 01:40:56','2020-10-20 01:40:56','Danal_202010201603158057',2,'202010201040567488673400',202,NULL),(51,'2020-10-20',0,1,100,100,NULL,'2020-10-20 01:43:13','2020-10-20 01:43:13','Danal_202010201603158193',3,NULL,202,NULL),(52,'2020-10-20',0,1,100,100,NULL,'2020-10-20 01:43:48','2020-10-20 01:43:48','Danal_202010201603158228',3,'202010201043481321093400',202,NULL),(53,'2020-10-20',0,1,100,100,NULL,'2020-10-20 01:50:38','2020-10-20 01:50:38','Danal_202010201603158638',3,'202010201050384036283400',202,NULL),(54,'2020-10-20',0,1,100,100,NULL,'2020-10-20 01:58:19','2020-10-20 01:58:19','Danal_202010201603159099',3,NULL,202,NULL),(55,'2020-10-20',0,1,100,100,NULL,'2020-10-20 02:02:10','2020-10-20 02:02:10','Danal_202010201603159329',3,NULL,202,NULL),(56,'2020-10-20',0,1,100,100,NULL,'2020-10-20 02:21:26','2020-10-20 02:21:26','Danal_202010201603160486',2,NULL,202,NULL),(57,'2020-10-20',3,1,100,100,NULL,'2020-10-20 02:24:23','2020-10-20 02:24:23','Danal_202010201603160663',3,'202010201124232156843400',202,NULL),(58,'2020-10-20',2,1,100,100,NULL,'2020-10-20 02:26:30','2020-10-20 02:26:30','Danal_202010201603160791',2,NULL,202,NULL),(59,'2020-10-20',0,1,100,100,NULL,'2020-10-20 02:28:13','2020-10-20 02:28:13','Danal_202010201603160893',3,'202010201128137689423400',202,NULL),(63,'2020-10-20',1,1,100,100,NULL,'2020-10-20 02:39:27','2020-10-20 02:39:27','Danal_202010201603161567',2,'202010201139270386713400',202,NULL),(64,'2020-10-20',0,0,15000,15000,NULL,'2020-10-20 11:30:21','2020-10-20 11:30:21','Danal_202010201603193421',3,NULL,202,NULL),(65,'2020-10-21',0,1,10000,10000,NULL,'2020-10-21 23:41:16','2020-10-21 23:41:16','Danal_202010221603323677',1,NULL,202,NULL),(66,'2020-10-22',1,1,10000,10000,NULL,'2020-10-22 00:19:08','2020-10-22 00:19:08','Danal_202010221603325949',1,'202010220919088878343400',202,NULL),(67,'2020-10-22',1,1,10000,10000,NULL,'2020-10-22 00:33:37','2020-10-22 00:33:37','Danal_202010221603326818',1,'202010220933374788923400',202,NULL),(68,'2020-10-22',0,0,15000,15000,NULL,'2020-10-22 01:23:05','2020-10-22 01:23:05','Danal_202010221603329785',3,NULL,203,NULL),(69,'2020-10-22',0,1,15000,15000,NULL,'2020-10-22 06:04:19','2020-10-22 06:04:19','Danal_202010221603346660',3,NULL,202,NULL),(70,'2020-10-22',0,1,15000,15000,NULL,'2020-10-22 06:06:02','2020-10-22 06:06:02','Danal_202010221603346761',3,NULL,202,NULL),(71,'2020-10-22',1,1,15000,15000,NULL,'2020-10-22 06:07:26','2020-10-22 06:07:26','Danal_202010221603346847',3,'202010221507261999173400',202,NULL),(72,'2020-10-22',0,1,5000,5000,NULL,'2020-10-22 07:32:10','2020-10-22 07:32:10','Danal_202010221603351930',2,NULL,202,NULL),(73,'2020-10-22',0,1,10000,10000,NULL,'2020-10-22 07:32:49','2020-10-22 07:32:49','Danal_202010221603351967',1,NULL,202,NULL),(74,'2020-10-22',0,1,10000,10000,NULL,'2020-10-22 07:41:44','2020-10-22 07:41:44','Danal_202010221603352505',1,NULL,202,NULL),(75,'2020-10-22',0,1,10000,10000,NULL,'2020-10-22 07:41:49','2020-10-22 07:41:49','Danal_202010221603352510',1,NULL,202,NULL),(76,'2020-10-22',1,1,100,100,NULL,'2020-10-22 07:50:04','2020-10-22 07:50:04','Danal_202010221603353004',1,'202010221650045408383400',202,NULL),(77,'2020-10-22',0,1,100,100,NULL,'2020-10-22 07:55:06','2020-10-22 07:55:06','Danal_202010221603353307',1,'202010221655067241733400',202,NULL),(78,'2020-10-22',1,1,100,100,NULL,'2020-10-22 07:57:16','2020-10-22 07:57:16','Danal_202010221603353437',1,'202010221657169153133400',202,NULL),(79,'2020-10-22',1,1,100,100,NULL,'2020-10-22 08:14:19','2020-10-22 08:14:19','Danal_202010221603354460',1,'202010221714200085703400',202,NULL),(80,'2020-10-22',1,1,100,100,NULL,'2020-10-22 08:16:13','2020-10-22 08:16:13','Danal_202010221603354574',1,'202010221716137168274400',202,NULL),(81,'2020-10-22',1,1,100,100,NULL,'2020-10-22 08:21:43','2020-10-22 08:21:43','Danal_202010221603354904',1,'202010221721436501493400',202,NULL),(82,'2020-10-26',0,1,10000,10000,NULL,'2020-10-26 10:59:19','2020-10-26 10:59:19','Danal_202010261603677558',1,NULL,204,NULL),(83,'2020-10-26',0,1,10000,10000,NULL,'2020-10-26 10:59:40','2020-10-26 10:59:40','Danal_202010261603677578',1,NULL,204,NULL),(84,'2020-10-26',0,0,30000,30000,NULL,'2020-10-26 14:24:36','2020-10-26 14:24:36','Danal_202010261603689876',3,NULL,203,NULL),(85,'2020-10-26',0,0,30000,30000,NULL,'2020-10-26 14:24:58','2020-10-26 14:24:58','Danal_202010261603689898',3,NULL,203,NULL),(86,'2020-10-26',1,1,10000,10000,NULL,'2020-10-26 15:03:08','2020-10-26 15:03:08','Danal_202010261603692188',1,'202010261503084721244400',201,NULL),(87,'2020-10-26',0,0,10000,10000,NULL,'2020-10-26 16:37:22','2020-10-26 16:37:22','Danal_202010261603697841',1,NULL,202,NULL),(88,'2020-10-26',1,0,10000,10000,NULL,'2020-10-26 16:37:35','2020-10-26 16:37:35','Danal_202010261603697855',1,'102616373510476221',202,NULL),(89,'2020-10-26',0,0,10000,10000,NULL,'2020-10-26 16:59:42','2020-10-26 16:59:42','Danal_202010261603699182',1,NULL,202,NULL),(90,'2020-10-26',1,0,10000,10000,NULL,'2020-10-26 17:00:35','2020-10-26 17:00:35','Danal_202010261603699235',1,'102617003512028421',202,NULL),(91,'2020-10-26',0,0,10000,10000,NULL,'2020-10-26 18:17:35','2020-10-26 18:17:35','Danal_202010261603703855',1,NULL,202,NULL),(92,'2020-10-26',1,0,10000,10000,NULL,'2020-10-26 18:27:29','2020-10-26 18:27:29','Danal_202010261603704449',1,'102618272921777221',202,NULL),(93,'2020-10-26',1,0,120000,120000,NULL,'2020-10-26 18:35:00','2020-10-26 18:35:00','Danal_202010261603704900',4,'102618350021786321',202,NULL),(94,'2020-10-27',0,1,30000,30000,NULL,'2020-10-27 17:58:08','2020-10-27 17:58:08','Danal_202010271603789088',3,NULL,1,NULL),(95,'2020-10-27',0,1,10000,10000,NULL,'2020-10-27 17:58:28','2020-10-27 17:58:28','Danal_202010271603789108',1,NULL,1,NULL),(96,'2020-10-27',0,1,5000,5000,NULL,'2020-10-27 17:58:33','2020-10-27 17:58:33','Danal_202010271603789113',2,NULL,1,NULL),(97,'2020-10-27',0,1,120000,120000,NULL,'2020-10-27 17:59:04','2020-10-27 17:59:04','Danal_202010271603789145',4,NULL,1,NULL),(98,'2020-10-27',0,1,55000,55000,NULL,'2020-10-27 17:59:10','2020-10-27 17:59:10','Danal_202010271603789150',5,NULL,1,NULL),(99,'2020-10-27',0,1,20000,20000,NULL,'2020-10-27 17:59:15','2020-10-27 17:59:15','Danal_202010271603789155',6,NULL,1,NULL),(100,'2020-10-27',0,0,30000,30000,NULL,'2020-10-27 17:59:35','2020-10-27 17:59:35','Danal_202010271603789174',3,NULL,1,NULL),(101,'2020-10-27',0,0,10000,10000,NULL,'2020-10-27 17:59:43','2020-10-27 17:59:43','Danal_202010271603789182',1,NULL,1,NULL),(102,'2020-10-27',0,0,5000,5000,NULL,'2020-10-27 17:59:47','2020-10-27 17:59:47','Danal_202010271603789187',2,NULL,1,NULL),(103,'2020-10-27',0,0,5000,5000,NULL,'2020-10-27 18:00:00','2020-10-27 18:00:00','Danal_202010271603789200',2,NULL,1,NULL),(104,'2020-10-27',0,0,120000,120000,NULL,'2020-10-27 18:00:06','2020-10-27 18:00:06','Danal_202010271603789206',4,NULL,1,NULL),(105,'2020-10-27',0,0,55000,55000,NULL,'2020-10-27 18:00:11','2020-10-27 18:00:11','Danal_202010271603789211',5,NULL,1,NULL),(106,'2020-10-27',0,0,20000,20000,NULL,'2020-10-27 18:00:16','2020-10-27 18:00:16','Danal_202010271603789216',6,NULL,1,NULL),(107,'2020-10-27',0,1,30000,30000,NULL,'2020-10-27 18:09:38','2020-10-27 18:09:38','Danal_202010271603789778',3,NULL,1,NULL),(108,'2020-10-28',1,0,10000,10000,NULL,'2020-10-28 08:41:56','2020-10-28 08:41:56','Danal_202010281603842116',1,'102808415683441321',285,NULL),(109,'2020-10-28',1,0,10000,10000,NULL,'2020-10-28 10:51:53','2020-10-28 10:51:53','Danal_202010281603849913',1,'102810515397290221',202,NULL),(110,'2020-10-28',1,0,10000,10000,NULL,'2020-10-28 11:19:02','2020-10-28 11:19:02','Danal_202010281603851542',1,'102811190200154221',202,NULL),(111,'2020-10-28',1,0,10000,10000,NULL,'2020-10-28 11:22:51','2020-10-28 11:22:51','Danal_202010281603851770',1,'102811225097450121',202,NULL),(112,'2020-10-28',1,0,10000,10000,NULL,'2020-10-28 11:37:44','2020-10-28 11:37:44','Danal_202010281603852663',1,'102811374400585421',202,NULL),(113,'2020-10-28',1,1,10000,10000,NULL,'2020-10-28 20:18:26','2020-10-28 20:18:26','Danal_202010281603883906',1,'202010282018264488594400',201,NULL),(114,'2020-10-28',1,0,10000,10000,NULL,'2020-10-28 20:19:56','2020-10-28 20:19:56','Danal_202010281603883996',1,'102820195653645321',202,NULL),(115,'2020-10-28',0,1,10000,10000,NULL,'2020-10-28 20:22:55','2020-10-28 20:22:55','Danal_202010281603884180',1,NULL,202,NULL),(116,'2020-10-28',1,0,10000,10000,NULL,'2020-10-28 20:22:59','2020-10-28 20:22:59','Danal_202010281603884179',1,'102820225953918421',202,NULL),(117,'2020-10-28',1,0,10000,10000,NULL,'2020-10-28 20:33:40','2020-10-28 20:33:40','Danal_202010281603884820',1,'102820334056527221',202,NULL),(118,'2020-10-28',1,1,30000,30000,NULL,'2020-10-28 20:45:07','2020-10-28 20:45:07','Danal_202010281603885507',3,'202010282045076648953400',201,NULL),(119,'2020-10-28',1,0,30000,30000,NULL,'2020-10-28 21:22:23','2020-10-28 21:22:23','Danal_202010281603887742',3,'102821222260068421',202,NULL),(120,'2020-10-28',1,0,10000,10000,NULL,'2020-10-28 21:34:30','2020-10-28 21:34:30','Danal_202010281603888469',1,'102821343062803221',202,NULL),(121,'2020-10-28',1,0,5000,5000,NULL,'2020-10-28 21:37:12','2020-10-28 21:37:12','Danal_202010281603888632',2,'102821371263072221',202,NULL),(122,'2020-10-28',1,0,5000,5000,NULL,'2020-10-28 21:48:50','2020-10-28 21:48:50','Danal_202010281603889330',2,'102821485062740421',202,NULL),(123,'2020-10-28',1,0,5000,5000,NULL,'2020-10-28 21:55:32','2020-10-28 21:55:32','Danal_202010281603889732',2,'102821553262345121',202,NULL),(124,'2020-10-28',1,0,5000,5000,NULL,'2020-10-28 21:58:18','2020-10-28 21:58:18','Danal_202010281603889898',2,'102821581862609121',202,NULL),(125,'2020-10-28',1,0,5000,5000,NULL,'2020-10-28 22:04:25','2020-10-28 22:04:25','Danal_202010281603890265',2,'102822042564145321',202,NULL),(126,'2020-10-28',1,0,10000,10000,NULL,'2020-10-28 22:06:30','2020-10-28 22:06:30','Danal_202010281603890390',1,'102822063066110221',202,NULL),(127,'2020-10-28',2,1,20000,20000,NULL,'2020-10-28 22:12:45','2020-10-28 22:12:45','Danal_202010281603890765',6,NULL,201,NULL),(128,'2020-10-28',1,1,20000,20000,NULL,'2020-10-28 22:12:59','2020-10-28 22:12:59','Danal_202010281603890779',6,'202010282212594205123400',201,NULL),(129,'2020-10-29',1,1,20000,20000,NULL,'2020-10-29 10:38:54','2020-10-29 10:38:54','Danal_202010291603935534',6,'202010291038547425263400',202,NULL),(130,'2020-10-29',0,1,20000,20000,NULL,'2020-10-29 11:15:19','2020-10-29 11:15:19','Danal_202010291603937718',6,NULL,202,NULL),(131,'2020-10-29',1,1,20000,20000,NULL,'2020-10-29 11:15:38','2020-10-29 11:15:38','Danal_202010291603937738',6,'202010291115385723944400',202,NULL),(132,'2020-10-29',1,1,10000,10000,NULL,'2020-10-29 12:22:06','2020-10-29 12:22:06','Danal_202010291603941725',1,'202010291222062163473400',202,NULL),(133,'2020-10-29',1,1,55000,55000,NULL,'2020-10-29 13:46:46','2020-10-29 13:46:46','Danal_202010291603946728',5,'202010291346461496473400',202,NULL),(134,'2020-10-29',0,1,30000,30000,NULL,'2020-10-29 15:26:50','2020-10-29 15:26:50','Danal_202010291603952786',3,NULL,202,NULL),(135,'2020-10-29',0,1,30000,30000,NULL,'2020-10-29 16:05:43','2020-10-29 16:05:43','Danal_202010291603955119',3,NULL,202,NULL),(136,'2020-10-29',1,1,30000,30000,NULL,'2020-10-29 16:08:14','2020-10-29 16:08:14','Danal_202010291603955270',3,'202010291608148681133400',202,NULL),(137,'2020-10-29',0,0,20000,20000,NULL,'2020-10-29 17:57:17','2020-10-29 17:57:17','Danal_202010291603961837',6,NULL,202,NULL),(138,'2020-10-29',1,1,20000,20000,NULL,'2020-10-29 17:57:34','2020-10-29 17:57:34','Danal_202010291603961852',6,'202010291757341317854400',202,NULL),(139,'2020-10-29',1,1,20000,20000,NULL,'2020-10-29 18:15:02','2020-10-29 18:15:02','Danal_202010291603962901',6,'202010291815024239334400',202,NULL),(140,'2020-10-29',1,1,20000,20000,NULL,'2020-10-29 18:45:34','2020-10-29 18:45:34','Danal_202010291603964733',6,'202010291845347183773400',202,NULL),(141,'2020-10-30',1,0,30000,30000,NULL,'2020-10-30 15:54:15','2020-11-02 06:06:28','Danal_202010301604040855',3,'103015541541271221',300,325),(142,'2020-10-30',1,0,10000,10000,NULL,'2020-10-30 16:38:27','2020-10-30 16:38:27','Danal_202010301604043507',1,'103016382742412121',300,NULL),(143,'2020-11-02',0,0,10000,10000,NULL,'2020-11-02 14:52:33','2020-11-02 14:52:33','Danal_202011021604296353',1,NULL,300,NULL),(144,'2020-11-02',0,1,10000,10000,NULL,'2020-11-02 14:52:38','2020-11-02 14:52:38','Danal_202011021604296357',1,NULL,300,NULL),(145,'2020-11-02',1,0,10000,10000,NULL,'2020-11-02 14:53:55','2020-11-02 14:53:55','Danal_202011021604296435',1,'110214535589780421',300,NULL),(146,'2020-11-03',1,0,10000,10000,NULL,'2020-11-03 08:22:01','2020-11-03 08:22:01','Danal_202011031604359321',1,'110308220131141421',202,NULL),(147,'2020-11-03',1,0,10000,10000,NULL,'2020-11-03 10:03:57','2020-11-03 10:03:57','Danal_202011031604365437',1,'110310035745980221',202,NULL),(148,'2020-11-03',0,0,10000,10000,NULL,'2020-11-03 10:05:52','2020-11-03 10:05:52','Danal_202011031604365552',1,NULL,202,NULL),(149,'2020-11-03',1,0,10000,10000,NULL,'2020-11-03 10:40:58','2020-11-03 10:40:58','Danal_202011031604367658',1,'110310405850067321',202,NULL),(150,'2020-11-03',0,0,10000,10000,NULL,'2020-11-03 12:27:57','2020-11-03 12:27:57','Danal_202011031604374077',1,NULL,202,NULL),(151,'2020-11-03',1,0,120000,120000,NULL,'2020-11-03 12:28:17','2020-11-03 12:28:17','Danal_202011031604374097',4,'110312281767252321',202,NULL),(152,'2020-11-04',1,0,10000,10000,NULL,'2020-11-04 16:50:31','2020-11-04 16:50:31','Danal_202011041604476231',1,'110416503198846121',202,NULL),(153,'2020-11-04',1,0,55000,55000,NULL,'2020-11-04 16:59:57','2020-11-04 16:59:57','Danal_202011041604476797',5,'110416595701860221',202,NULL),(154,'2020-11-05',1,0,55000,55000,NULL,'2020-11-05 08:32:44','2020-11-05 08:32:44','Danal_202011051604532764',5,'110508324495535321',202,NULL),(155,'2020-11-05',1,0,10000,10000,NULL,'2020-11-05 10:02:18','2020-11-05 10:02:18','Danal_202011051604538138',1,'110510021804584321',300,NULL),(156,'2020-11-05',1,0,55000,55000,NULL,'2020-11-05 10:55:01','2020-11-05 10:55:01','Danal_202011051604541301',5,'110510550112879321',202,NULL),(157,'2020-11-05',1,0,55000,55000,NULL,'2020-11-05 10:59:04','2020-11-05 10:59:04','Danal_202011051604541544',5,'110510590413931121',202,NULL),(158,'2020-11-05',1,0,10000,10000,NULL,'2020-11-05 11:22:58','2020-11-05 11:22:58','Danal_202011051604542978',1,'110511225816936321',202,NULL),(159,'2020-11-05',0,0,20000,20000,NULL,'2020-11-05 11:33:55','2020-11-05 11:33:55','Danal_202011051604543635',6,NULL,202,NULL),(160,'2020-11-05',0,0,20000,20000,NULL,'2020-11-05 11:45:53','2020-11-05 11:45:53','Danal_202011051604544353',6,NULL,202,NULL),(161,'2020-11-05',0,0,20000,20000,NULL,'2020-11-05 11:46:17','2020-11-05 11:46:17','Danal_202011051604544377',6,NULL,202,NULL),(162,'2020-11-05',1,0,20000,20000,NULL,'2020-11-05 11:46:32','2020-11-05 11:46:32','Danal_202011051604544392',6,'110511463220784421',202,NULL),(163,'2020-11-05',1,0,10000,10000,NULL,'2020-11-05 11:51:34','2020-11-05 11:51:34','Danal_202011051604544694',1,'110511513421050121',300,NULL),(164,'2020-11-05',1,0,10000,10000,NULL,'2020-11-05 12:05:32','2020-11-05 12:05:32','Danal_202011051604545532',1,'110512053222475321',300,NULL),(165,'2020-11-05',1,0,10000,10000,NULL,'2020-11-05 12:08:12','2020-11-05 12:08:12','Danal_202011051604545692',1,'110512081223596421',300,NULL),(166,'2020-11-05',1,0,10000,10000,NULL,'2020-11-05 12:09:50','2020-11-05 12:09:50','Danal_202011051604545790',1,'110512095023816421',300,NULL),(167,'2020-11-05',1,0,10000,10000,NULL,'2020-11-05 12:11:13','2020-11-05 12:11:13','Danal_202011051604545873',1,'110512111325835221',300,NULL),(168,'2020-11-05',0,1,30000,30000,NULL,'2020-11-05 17:26:26','2020-11-05 17:26:26','Danal_202011051604564787',3,NULL,204,NULL),(169,'2020-11-05',0,1,20000,20000,NULL,'2020-11-05 17:53:22','2020-11-05 17:53:22','Danal_202011051604566402',6,NULL,201,NULL),(170,'2020-11-05',1,1,20000,20000,NULL,'2020-11-05 17:53:32','2020-11-05 17:53:32','Danal_202011051604566412',6,'202011051753328576024400',201,NULL),(171,'2020-11-05',1,0,20000,20000,NULL,'2020-11-05 17:54:22','2020-11-05 17:54:22','Danal_202011051604566461',6,'110517542270268121',202,NULL),(172,'2020-11-05',1,0,20000,20000,NULL,'2020-11-05 18:00:57','2020-11-05 18:00:57','Danal_202011051604566857',6,'110518005771732421',202,NULL);

--
-- Table structure for table `precaution`
--

 SET character_set_client = utf8mb4 ;
CREATE TABLE `precaution` (
  `id` int(11) NOT NULL AUTO_INCREMENT,
  `content` varchar(100) NOT NULL,
  `created_at` datetime NOT NULL,
  `updated_at` datetime NOT NULL,
  `announcement_id` int(11) NOT NULL,
  PRIMARY KEY (`id`),
  KEY `announcement_id` (`announcement_id`),
  CONSTRAINT `precaution_ibfk_1` FOREIGN KEY (`announcement_id`) REFERENCES `announcement` (`id`) ON DELETE CASCADE ON UPDATE CASCADE
) ENGINE=InnoDB AUTO_INCREMENT=29 DEFAULT CHARSET=utf8mb4;

--
-- Dumping data for table `precaution`
--

INSERT INTO `precaution` VALUES (1,'근로계약서 작성을 위한 신분증을 지참해주세요','2020-10-14 03:26:28','2020-10-14 05:25:00',62),(7,'미성년자는 채용이 어렵습니다','2020-10-21 02:26:01','2020-10-21 02:26:01',68),(8,'미성년자는 채용이 어렵습니다','2020-10-22 00:22:14','2020-10-22 00:22:14',69),(11,'세금이 3.3% 공제됩니다','2020-10-26 01:54:50','2020-10-26 01:54:50',72),(12,'미성년자는 채용이 어렵습니다','2020-10-26 05:39:10','2020-10-26 06:05:12',73),(14,'미성년자는 채용이 어렵습니다','2020-10-28 03:16:27','2020-10-28 03:18:06',67),(15,'근로계약서 작성을 위한 신분증을 지참해주세요','2020-10-28 11:19:03','2020-10-28 13:18:53',305),(16,'미성년자는 채용이 어렵습니다','2020-10-28 11:20:10','2020-10-28 11:20:10',306),(17,'세금이 3.3% 공제됩니다','2020-10-28 11:33:55','2020-10-28 11:33:55',308),(18,'세금이 3.3% 공제됩니다','2020-10-29 01:41:21','2020-10-29 01:41:21',309),(19,'세금이 3.3% 공제됩니다','2020-10-29 03:46:18','2020-10-29 03:46:18',310),(20,'세금이 3.3% 공제됩니다','2020-10-29 07:16:10','2020-10-29 07:16:10',311),(21,'세금이 3.3% 공제됩니다','2020-10-29 08:59:20','2020-10-29 08:59:20',312),(22,'미성년자는 채용이 어렵습니다','2020-10-29 09:57:05','2020-10-29 09:57:05',316),(23,'세금이 3.3% 공제됩니다','2020-10-29 09:59:34','2020-10-29 09:59:34',317),(24,'근로계약서 작성을 위한 신분증을 지참해주세요','2020-10-30 07:06:50','2020-10-30 07:06:50',318),(25,'세금이 3.3% 공제됩니다','2020-10-30 07:38:43','2020-10-30 07:38:43',321),(26,'미성년자는 채용이 어렵습니다','2020-11-05 01:02:50','2020-11-05 01:02:50',343),(27,'근로계약서 작성을 위한 신분증을 지참해주세요','2020-11-05 01:02:50','2020-11-05 01:02:50',343),(28,'근로계약서 작성을 위한 신분증을 지참해주세요','2020-11-05 05:57:41','2020-11-05 05:57:41',345);

--
-- Table structure for table `preferred_workplace`
--

 SET character_set_client = utf8mb4 ;
CREATE TABLE `preferred_workplace` (
  `id` int(11) NOT NULL AUTO_INCREMENT,
  `address` varchar(255) NOT NULL,
  `latitude` double NOT NULL,
  `longitude` double NOT NULL,
  `detailed_address` varchar(128) DEFAULT NULL,
  `abbreviation` varchar(100) NOT NULL,
  `created_at` datetime NOT NULL,
  `updated_at` datetime NOT NULL,
  `general_user_id` int(11) NOT NULL,
  PRIMARY KEY (`id`),
  KEY `general_user_id` (`general_user_id`),
  CONSTRAINT `preferred_workplace_ibfk_1` FOREIGN KEY (`general_user_id`) REFERENCES `general_user` (`id`) ON DELETE CASCADE ON UPDATE CASCADE
) ENGINE=InnoDB AUTO_INCREMENT=97 DEFAULT CHARSET=utf8mb4;

--
-- Dumping data for table `preferred_workplace`
--

INSERT INTO `preferred_workplace` VALUES (1,'서울특별시 당산2동',37.534506,126.899321,'102 성원아파트','양평동','2020-10-14 03:09:24','2020-10-14 03:09:24',1),(2,'서울특별시 영등포구 양평동4가 92-1번지 2층',37.536865,126.894367,'(주)새한건설','양평동','2020-10-14 03:09:24','2020-10-14 03:09:24',2),(3,'서울특별시 영등포구 양평동',37.538027,126.895038,'수성예술아파트','양평동','2020-10-14 03:09:24','2020-10-14 03:09:24',3),(4,'서울특별시 양평동5가',37.540069,126.892887,'102 한신아파트','양평동','2020-10-14 03:09:24','2020-10-14 03:09:24',4),(5,'서울특별시 영등포구 양평동4가 97',37.536954,126.894783,'현대에스지','양평동','2020-10-14 03:09:24','2020-10-14 03:09:24',5),(6,'서울특별시 영등포구 당산동5가 9-9',37.534453,126.898564,'동아서적','양평동','2020-10-14 03:09:25','2020-10-14 03:09:25',6),(7,'서울특별시 영등포구 양평동4가 97',37.536952,126.894813,'현대에스지','양평동','2020-10-14 03:09:25','2020-10-14 03:09:25',7),(8,'KR 서울특별시 영등포구 양평로 22길 10 천희빌딩 담다살롱 2층',37.538422,126.894625,'담다살롱','양평동','2020-10-14 03:09:25','2020-10-14 03:09:25',8),(9,'서울특별시 양평2동',37.540359,126.8923,'104 한신아파트','양평동','2020-10-14 03:09:25','2020-10-14 03:09:25',9),(10,'서울특별시 영등포구 양평동',37.534395,126.897943,'국도빌딩','양평동','2020-10-14 03:09:25','2020-10-14 03:09:25',10),(11,'KR 서울특별시 영등포구 양평동4가 98-7번지 3층 건업빌딩',37.536972,126.894939,'(주)코원비젼','양평동','2020-10-14 03:09:25','2020-10-14 03:09:25',11),(12,'서울특별시 영등포구 양평동',37.538918,126.894571,'라이너빌딩','양평동','2020-10-14 03:09:25','2020-10-14 03:09:25',12),(13,'서울특별시 양평2동',37.540153,126.891063,'108 한신아파트','양평동','2020-10-14 03:09:25','2020-10-14 03:09:25',13),(14,'서울특별시 영등포구 양평동4가 34-3번지 금성빌딩 2층',37.535002,126.896707,'(주)한국기업경영연구원','양평동','2020-10-14 03:09:25','2020-10-14 03:09:25',14),(15,'서울특별시 영등포구 양평동4가 양평로 111-1 명서빌딩 3층',37.537097,126.894866,'WhoseGoods','양평동','2020-10-14 03:09:25','2020-10-14 03:09:25',15),(16,'서울특별시 양평2동',37.539173,126.894663,'104 대우미래사랑2차','양평동','2020-10-14 03:09:25','2020-10-14 03:09:25',16),(17,'서울특별시 양평2동',37.540624,126.891545,'109 한신아파트','양평동','2020-10-14 03:09:25','2020-10-14 03:09:25',17),(18,'서울특별시 영등포구 양평동4가 34-10번지 101호 청호빌딩',37.535071,126.896565,'박태훈','양평동','2020-10-14 03:09:25','2020-10-14 03:09:25',18),(19,'서울특별시 영등포구 양평동4가 151-2',37.536872,126.895373,'잭스팟','양평동','2020-10-14 03:09:25','2020-10-14 03:09:25',19),(20,'서울특별시 양평2동',37.539707,126.893968,'101 대우미래사랑2차','양평동','2020-10-14 03:09:25','2020-10-14 03:09:25',20),(21,'서울특별시 양평2동',37.538034,126.890776,'101 양평동보아파트','양평동','2020-10-14 03:09:25','2020-10-14 03:09:25',21),(22,'서울특별시 영등포구 양평동',37.53721,126.895701,'해성빌딩','양평동','2020-10-14 03:09:25','2020-10-14 03:09:25',22),(23,'서울특별시 영등포구 양평로22길 21 선유도 코오롱 디지털 타워 202 호',37.53988,126.894469,'어울림영상(주)','양평동','2020-10-14 03:09:25','2020-10-14 03:09:25',23),(24,'서울특별시 양평2동',37.537729,126.890928,'102 양평동보아파트','양평동','2020-10-14 03:09:25','2020-10-14 03:09:25',24),(25,'서울특별시 영등포구 양평동 4가 79-2 부윤빌딩 7층',37.536223,126.895462,'라임네츠','양평동','2020-10-14 03:09:25','2020-10-14 03:09:25',25),(26,'양평동4가 151-3번지 영등포구 서울특별시 KR',37.536991,126.896376,'무아지경','양평동','2020-10-14 03:09:25','2020-10-14 03:09:25',26),(27,'서울특별시 영등포구 양평동5가 122번지 3층',37.540684,126.89448,'(주)중독자','양평동','2020-10-14 03:09:25','2020-10-14 03:09:25',27),(28,'서울특별시 영등포구 양평동4가 94',37.536734,126.893762,'삼호한숲아파트','양평동','2020-10-14 03:09:25','2020-10-14 03:09:25',28),(29,'서울특별시 영등포구 양평동4가 51-1',37.535666,126.896177,'태건광고','양평동','2020-10-14 03:09:25','2020-10-14 03:09:25',29),(30,'양평동4가 81번지 영등포구 서울특별시 KR',37.535793,126.89536,'베스트스크린골프','양평동','2020-10-14 03:09:25','2020-10-14 03:09:25',30),(31,'서울특별시 영등포구 양평동',37.537682,126.89584,'충성빌딩','양평동','2020-10-14 03:09:25','2020-10-14 03:09:25',31),(32,'서울특별시 양평동5가',37.540069,126.892887,'102 한신아파트','양평동','2020-10-14 03:09:25','2020-10-14 03:09:25',32),(33,'서울특별시 양평동4가',37.537036,126.89376,'102 삼호한숲아파트','양평동','2020-10-14 03:09:25','2020-10-14 03:09:25',33),(34,'서울특별시 영등포구 양평동4가 선유로49길 23 선유도역2차아이에스비즈타워 614호',37.536225,126.894831,'(주)호우캐스트','양평동','2020-10-14 03:09:25','2020-10-14 03:09:25',34),(35,'서울특별시 영등포구 양평동',37.537284,126.896867,'서흥빌딩','양평동','2020-10-14 03:09:25','2020-10-14 03:09:25',35),(36,'서울특별시 양평동5가',37.540069,126.892887,'102 한신아파트','양평동','2020-10-14 03:09:25','2020-10-14 03:09:25',36),(37,'서울특별시 양평동4가',37.536758,126.89347,'101 삼호한숲아파트','양평동','2020-10-14 03:09:25','2020-10-14 03:09:25',37),(38,'서울 영등포구',37.5263671784802,126.896278443882,NULL,'','2020-10-14 03:39:59','2020-10-27 03:04:13',92),(39,'서울 강남구 테헤란로2길',37.4966288944138,127.029378344801,NULL,'역삼동','2020-10-14 05:12:15','2020-11-05 13:10:30',93),(41,'서울특별시 당산2동',37.534506,126.899321,'102 성원아파트','양평동','2020-10-14 07:26:15','2020-10-14 07:26:15',1),(42,'서울특별시 영등포구 양평동4가 92-1번지 2층',37.536865,126.894367,'(주)새한건설','양평동','2020-10-14 07:26:15','2020-10-14 07:26:15',2),(43,'서울특별시 영등포구 양평동',37.538027,126.895038,'수성예술아파트','양평동','2020-10-14 07:26:15','2020-10-14 07:26:15',3),(44,'서울특별시 양평동5가',37.540069,126.892887,'102 한신아파트','양평동','2020-10-14 07:26:15','2020-10-14 07:26:15',4),(45,'서울특별시 영등포구 양평동4가 97',37.536954,126.894783,'현대에스지','양평동','2020-10-14 07:26:15','2020-10-14 07:26:15',5),(46,'서울특별시 영등포구 당산동5가 9-9',37.534453,126.898564,'동아서적','양평동','2020-10-14 07:26:15','2020-10-14 07:26:15',6),(47,'서울특별시 영등포구 양평동4가 97',37.536952,126.894813,'현대에스지','양평동','2020-10-14 07:26:15','2020-10-14 07:26:15',7),(48,'KR 서울특별시 영등포구 양평로 22길 10 천희빌딩 담다살롱 2층',37.538422,126.894625,'담다살롱','양평동','2020-10-14 07:26:15','2020-10-14 07:26:15',8),(49,'서울특별시 양평2동',37.540359,126.8923,'104 한신아파트','양평동','2020-10-14 07:26:15','2020-10-14 07:26:15',9),(50,'서울특별시 영등포구 양평동',37.534395,126.897943,'국도빌딩','양평동','2020-10-14 07:26:15','2020-10-14 07:26:15',10),(51,'KR 서울특별시 영등포구 양평동4가 98-7번지 3층 건업빌딩',37.536972,126.894939,'(주)코원비젼','양평동','2020-10-14 07:26:15','2020-10-14 07:26:15',11),(52,'서울특별시 영등포구 양평동',37.538918,126.894571,'라이너빌딩','양평동','2020-10-14 07:26:15','2020-10-14 07:26:15',12),(53,'서울특별시 양평2동',37.540153,126.891063,'108 한신아파트','양평동','2020-10-14 07:26:15','2020-10-14 07:26:15',13),(54,'서울특별시 영등포구 양평동4가 34-3번지 금성빌딩 2층',37.535002,126.896707,'(주)한국기업경영연구원','양평동','2020-10-14 07:26:15','2020-10-14 07:26:15',14),(55,'서울특별시 영등포구 양평동4가 양평로 111-1 명서빌딩 3층',37.537097,126.894866,'WhoseGoods','양평동','2020-10-14 07:26:15','2020-10-14 07:26:15',15),(56,'서울특별시 양평2동',37.539173,126.894663,'104 대우미래사랑2차','양평동','2020-10-14 07:26:15','2020-10-14 07:26:15',16),(57,'서울특별시 양평2동',37.540624,126.891545,'109 한신아파트','양평동','2020-10-14 07:26:15','2020-10-14 07:26:15',17),(58,'서울특별시 영등포구 양평동4가 34-10번지 101호 청호빌딩',37.535071,126.896565,'박태훈','양평동','2020-10-14 07:26:15','2020-10-14 07:26:15',18),(59,'서울특별시 영등포구 양평동4가 151-2',37.536872,126.895373,'잭스팟','양평동','2020-10-14 07:26:15','2020-10-14 07:26:15',19),(60,'서울특별시 양평2동',37.539707,126.893968,'101 대우미래사랑2차','양평동','2020-10-14 07:26:15','2020-10-14 07:26:15',20),(61,'서울특별시 양평2동',37.538034,126.890776,'101 양평동보아파트','양평동','2020-10-14 07:26:15','2020-10-14 07:26:15',21),(62,'서울특별시 영등포구 양평동',37.53721,126.895701,'해성빌딩','양평동','2020-10-14 07:26:15','2020-10-14 07:26:15',22),(63,'서울특별시 영등포구 양평로22길 21 선유도 코오롱 디지털 타워 202 호',37.53988,126.894469,'어울림영상(주)','양평동','2020-10-14 07:26:15','2020-10-14 07:26:15',23),(64,'서울특별시 양평2동',37.537729,126.890928,'102 양평동보아파트','양평동','2020-10-14 07:26:15','2020-10-14 07:26:15',24),(65,'서울특별시 영등포구 양평동 4가 79-2 부윤빌딩 7층',37.536223,126.895462,'라임네츠','양평동','2020-10-14 07:26:15','2020-10-14 07:26:15',25),(66,'양평동4가 151-3번지 영등포구 서울특별시 KR',37.536991,126.896376,'무아지경','양평동','2020-10-14 07:26:15','2020-10-14 07:26:15',26),(67,'서울특별시 영등포구 양평동5가 122번지 3층',37.540684,126.89448,'(주)중독자','양평동','2020-10-14 07:26:15','2020-10-14 07:26:15',27),(68,'서울특별시 영등포구 양평동4가 94',37.536734,126.893762,'삼호한숲아파트','양평동','2020-10-14 07:26:15','2020-10-14 07:26:15',28),(69,'서울특별시 영등포구 양평동4가 51-1',37.535666,126.896177,'태건광고','양평동','2020-10-14 07:26:15','2020-10-14 07:26:15',29),(70,'양평동4가 81번지 영등포구 서울특별시 KR',37.535793,126.89536,'베스트스크린골프','양평동','2020-10-14 07:26:15','2020-10-14 07:26:15',30),(71,'서울특별시 영등포구 양평동',37.537682,126.89584,'충성빌딩','양평동','2020-10-14 07:26:15','2020-10-14 07:26:15',31),(72,'서울특별시 양평동5가',37.540069,126.892887,'102 한신아파트','양평동','2020-10-14 07:26:15','2020-10-14 07:26:15',32),(73,'서울특별시 양평동4가',37.537036,126.89376,'102 삼호한숲아파트','양평동','2020-10-14 07:26:15','2020-10-14 07:26:15',33),(74,'서울특별시 영등포구 양평동4가 선유로49길 23 선유도역2차아이에스비즈타워 614호',37.536225,126.894831,'(주)호우캐스트','양평동','2020-10-14 07:26:15','2020-10-14 07:26:15',34),(75,'서울특별시 영등포구 양평동',37.537284,126.896867,'서흥빌딩','양평동','2020-10-14 07:26:16','2020-10-14 07:26:16',35),(76,'서울특별시 양평동5가',37.540069,126.892887,'102 한신아파트','양평동','2020-10-14 07:26:16','2020-10-14 07:26:16',36),(77,'서울특별시 양평동4가',37.536758,126.89347,'101 삼호한숲아파트','양평동','2020-10-14 07:26:16','2020-10-14 07:26:16',37),(78,'서울 마포구 서교동',37.5551093133848,126.91459072348,NULL,'서교동','2020-10-15 02:28:32','2020-11-05 09:50:10',94),(80,'서울특별시 서초구 서초동',37.492771,127.013184,NULL,'서초동','2020-10-16 03:46:41','2020-10-16 03:46:41',95),(81,'서울특별시 서초구 우면동 555-1',37.456869,127.019216,NULL,'우면동','2020-10-19 03:22:32','2020-10-22 06:57:33',96),(82,'서울 서초구 서초동',37.484966,127.024699,NULL,'서초동','2020-10-19 03:22:32','2020-10-22 06:57:33',96),(83,'경기 성남시 분당구 정자1동',37.3727600961187,127.106323114642,NULL,'정자1동','2020-10-20 12:30:59','2020-10-28 08:33:58',97),(86,'서울 서초구 서초동 1379',37.498069763183594,127.02363586425781,NULL,'서초동','2020-10-21 01:11:41','2020-10-21 01:11:41',98),(87,'서울 서초구 서초동 1321-1',37.49678421020508,127.02477264404295,NULL,'서초동','2020-10-23 08:58:31','2020-11-05 13:10:30',93),(88,'서울특별시 영등포구 양평동',37.538027,126.895038,NULL,'양평동','2020-10-26 01:54:45','2020-10-26 01:54:45',99),(93,'서울 마포구 서교동 416',37.5518507335065,126.917977256668,NULL,'서교동','2020-10-26 02:14:31','2020-10-26 02:14:31',107),(94,'경기 성남시 분당구 이매2동',37.3996063722733,127.121892336792,NULL,'이매2동','2020-10-30 05:14:34','2020-10-30 05:14:34',108),(95,'서울 마포구 서교동',37.5551093133848,126.91459072348,NULL,'서교동','2020-11-05 09:24:56','2020-11-05 09:49:55',109),(96,'서울 강남구 청담동',37.5250293348774,127.049233039691,NULL,'청담동','2020-11-05 13:10:30','2020-11-05 13:10:30',93);

--
-- Table structure for table `product`
--

 SET character_set_client = utf8mb4 ;
CREATE TABLE `product` (
  `id` int(11) NOT NULL AUTO_INCREMENT,
  `code` varchar(100) NOT NULL,
  `name` varchar(45) NOT NULL,
  `sub_name` varchar(45) NOT NULL,
  `price` int(11) NOT NULL,
  `quantity` int(11) NOT NULL,
  `description` varchar(100) NOT NULL,
  `is_highlight` tinyint(1) NOT NULL DEFAULT '0',
  `created_at` datetime NOT NULL,
  `updated_at` datetime NOT NULL,
  `period` int(11) NOT NULL DEFAULT '0',
  PRIMARY KEY (`id`)
) ENGINE=InnoDB AUTO_INCREMENT=7 DEFAULT CHARSET=utf8mb4;

--
-- Dumping data for table `product`
--

INSERT INTO `product` VALUES (1,'par','공고 등록 1건','공고 등록',10000,1,'공고를 등록하실 수 있습니다',0,'2020-10-13 04:29:13','2020-10-13 04:29:13',1),(2,'br','폭탄 등록','폭탄 등록',5000,1,'등록된 공고를 폭탄 아이콘으로 변경<br>가장 위로 올림',1,'2020-10-13 04:29:13','2020-10-13 04:29:13',1),(3,'hrs','인재 검색 100건 120일','인재 검색',30000,100,'회원의 정보를 <b>100</b>건 열람',0,'2020-10-13 04:29:13','2020-10-13 04:29:13',120),(4,'business30','비즈니스 30일','30일 무제한',120000,-1,'회원 열람 <b>무제한</b><br>공고 / 폭탄 아이콘 <b>무제한</b> 등록',1,'2020-10-13 04:29:13','2020-10-13 04:29:13',30),(5,'lite','라이트 30일','30일 이용권',55000,10,'회원 <b>10</b>회 열람<br>공고 <b>무제한</b> 등록',0,'2020-10-13 04:29:13','2020-10-13 04:29:13',30),(6,'business1','비즈니스 1일','1일 무제한',20000,-1,'회원 <b>무제한</b> 열람<br>공고 <b>무제한</b> 등록',0,'2020-10-13 04:29:13','2020-10-13 04:29:13',1);

--
-- Table structure for table `rejection_company`
--

 SET character_set_client = utf8mb4 ;
CREATE TABLE `rejection_company` (
  `id` int(11) NOT NULL AUTO_INCREMENT,
  `created_at` datetime NOT NULL,
  `updated_at` datetime NOT NULL,
  `company_id` int(11) NOT NULL,
  `general_user_id` int(11) NOT NULL,
  PRIMARY KEY (`id`),
  KEY `company_id` (`company_id`),
  KEY `general_user_id` (`general_user_id`),
  CONSTRAINT `rejection_company_ibfk_1` FOREIGN KEY (`company_id`) REFERENCES `company` (`id`) ON DELETE CASCADE ON UPDATE CASCADE,
  CONSTRAINT `rejection_company_ibfk_2` FOREIGN KEY (`general_user_id`) REFERENCES `general_user` (`id`) ON DELETE CASCADE ON UPDATE CASCADE
) ENGINE=InnoDB AUTO_INCREMENT=6 DEFAULT CHARSET=utf8mb4;

--
-- Dumping data for table `rejection_company`
--


--
-- Table structure for table `rejection_user`
--

 SET character_set_client = utf8mb4 ;
CREATE TABLE `rejection_user` (
  `id` int(11) NOT NULL AUTO_INCREMENT,
  `created_at` datetime NOT NULL,
  `updated_at` datetime NOT NULL,
  `corporate_user_id` int(11) NOT NULL,
  `general_user_id` int(11) NOT NULL,
  PRIMARY KEY (`id`),
  KEY `corporate_user_id` (`corporate_user_id`),
  KEY `general_user_id` (`general_user_id`),
  CONSTRAINT `rejection_user_ibfk_1` FOREIGN KEY (`corporate_user_id`) REFERENCES `corporate_user` (`id`) ON DELETE CASCADE ON UPDATE CASCADE,
  CONSTRAINT `rejection_user_ibfk_2` FOREIGN KEY (`general_user_id`) REFERENCES `general_user` (`id`) ON DELETE CASCADE ON UPDATE CASCADE
) ENGINE=InnoDB AUTO_INCREMENT=4 DEFAULT CHARSET=utf8mb4;

--
-- Dumping data for table `rejection_user`
--


--
-- Table structure for table `representative_company`
--

 SET character_set_client = utf8mb4 ;
CREATE TABLE `representative_company` (
  `id` int(11) NOT NULL AUTO_INCREMENT,
  `created_at` datetime NOT NULL,
  `updated_at` datetime NOT NULL,
  `corporate_user_id` int(11) NOT NULL,
  `company_id` int(11) NOT NULL,
  PRIMARY KEY (`id`),
  KEY `corporate_user_id` (`corporate_user_id`),
  KEY `company_id` (`company_id`),
  CONSTRAINT `representative_company_ibfk_1` FOREIGN KEY (`corporate_user_id`) REFERENCES `corporate_user` (`id`) ON DELETE CASCADE ON UPDATE CASCADE,
  CONSTRAINT `representative_company_ibfk_2` FOREIGN KEY (`company_id`) REFERENCES `company` (`id`) ON DELETE CASCADE ON UPDATE CASCADE
) ENGINE=InnoDB AUTO_INCREMENT=298 DEFAULT CHARSET=utf8mb4;

--
-- Dumping data for table `representative_company`
--

INSERT INTO `representative_company` VALUES (1,'2020-10-14 03:03:06','2020-10-26 01:54:50',1,6),(2,'2020-10-14 03:25:57','2020-11-05 09:38:08',201,684),(4,'2020-10-14 03:35:34','2020-10-14 03:35:34',203,64),(5,'2020-10-14 05:28:04','2020-11-05 08:27:57',204,66),(6,'2020-10-14 07:20:03','2020-10-14 07:20:03',2,2),(7,'2020-10-14 07:20:03','2020-10-14 07:20:03',3,3),(8,'2020-10-14 07:20:03','2020-10-14 07:20:03',4,4),(9,'2020-10-14 07:20:03','2020-10-14 07:20:03',5,5),(10,'2020-10-14 07:20:03','2020-10-14 07:20:03',6,6),(11,'2020-10-14 07:20:03','2020-10-14 07:20:03',7,7),(12,'2020-10-14 07:20:03','2020-10-14 07:20:03',8,8),(13,'2020-10-14 07:20:03','2020-10-14 07:20:03',9,9),(14,'2020-10-14 07:20:03','2020-10-14 07:20:03',10,10),(15,'2020-10-14 07:20:03','2020-10-14 07:20:03',11,11),(16,'2020-10-14 07:20:03','2020-10-14 07:20:03',12,12),(17,'2020-10-14 07:20:03','2020-10-14 07:20:03',13,13),(18,'2020-10-14 07:20:03','2020-10-14 07:20:03',14,14),(19,'2020-10-14 07:20:03','2020-10-14 07:20:03',15,15),(20,'2020-10-14 07:20:03','2020-10-14 07:20:03',16,16),(21,'2020-10-14 07:20:03','2020-10-14 07:20:03',17,17),(22,'2020-10-14 07:20:03','2020-10-14 07:20:03',18,18),(23,'2020-10-14 07:20:03','2020-10-14 07:20:03',19,19),(24,'2020-10-14 07:20:03','2020-10-14 07:20:03',20,20),(25,'2020-10-14 07:20:03','2020-10-14 07:20:03',21,21),(26,'2020-10-14 07:20:04','2020-10-14 07:20:04',22,22),(27,'2020-10-14 07:20:04','2020-10-14 07:20:04',23,23),(28,'2020-10-14 07:20:04','2020-10-14 07:20:04',24,24),(29,'2020-10-14 07:20:04','2020-10-14 07:20:04',25,25),(30,'2020-10-14 07:20:04','2020-10-14 07:20:04',26,26),(31,'2020-10-14 07:20:04','2020-10-14 07:20:04',27,27),(32,'2020-10-14 07:20:04','2020-10-14 07:20:04',28,28),(33,'2020-10-14 07:20:04','2020-10-14 07:20:04',29,29),(34,'2020-10-14 07:20:04','2020-10-14 07:20:04',30,30),(35,'2020-10-14 07:20:04','2020-10-14 07:20:04',31,31),(36,'2020-10-14 07:20:04','2020-10-14 07:20:04',32,32),(37,'2020-10-14 07:20:04','2020-10-14 07:20:04',33,33),(38,'2020-10-14 07:20:04','2020-10-14 07:20:04',34,34),(39,'2020-10-14 07:20:04','2020-10-14 07:20:04',35,35),(40,'2020-10-14 07:20:04','2020-10-14 07:20:04',36,36),(41,'2020-10-14 07:20:04','2020-10-14 07:20:04',37,37),(42,'2020-10-14 07:20:04','2020-10-14 07:20:04',38,38),(43,'2020-10-14 07:20:04','2020-10-14 07:20:04',39,39),(44,'2020-10-14 07:20:04','2020-10-14 07:20:04',40,40),(45,'2020-10-14 07:20:04','2020-10-14 07:20:04',41,41),(46,'2020-10-14 07:20:04','2020-10-14 07:20:04',42,42),(47,'2020-10-14 07:20:04','2020-10-14 07:20:04',43,43),(48,'2020-10-14 07:20:04','2020-10-14 07:20:04',44,44),(49,'2020-10-14 07:20:04','2020-10-14 07:20:04',45,45),(50,'2020-10-14 07:20:04','2020-10-14 07:20:04',46,46),(51,'2020-10-14 07:20:04','2020-10-14 07:20:04',47,47),(52,'2020-10-14 07:20:04','2020-10-14 07:20:04',48,48),(54,'2020-10-14 07:20:04','2020-10-14 07:20:04',50,50),(55,'2020-10-14 07:20:04','2020-10-14 07:20:04',51,51),(56,'2020-10-14 07:20:04','2020-10-14 07:20:04',52,52),(57,'2020-10-14 07:20:04','2020-10-14 07:20:04',53,53),(58,'2020-10-14 07:20:04','2020-10-14 07:20:04',54,54),(59,'2020-10-14 07:20:04','2020-10-14 07:20:04',55,55),(60,'2020-10-14 07:20:04','2020-10-14 07:20:04',56,56),(61,'2020-10-14 07:20:04','2020-10-14 07:20:04',57,57),(62,'2020-10-14 07:20:04','2020-10-14 07:20:04',58,58),(63,'2020-10-14 07:20:04','2020-10-14 07:20:04',59,59),(64,'2020-10-14 07:20:04','2020-10-14 07:20:04',60,60),(65,'2020-10-14 07:20:04','2020-10-14 07:20:04',61,61),(66,'2020-10-14 07:20:04','2020-11-05 03:13:47',202,677),(67,'2020-10-26 01:54:45','2020-10-26 01:54:45',205,100),(68,'2020-10-27 09:33:14','2020-10-27 09:33:14',62,443),(69,'2020-10-27 09:33:14','2020-10-27 09:33:14',63,444),(70,'2020-10-27 09:33:14','2020-10-27 09:33:14',64,445),(71,'2020-10-27 09:33:14','2020-10-27 09:33:14',65,446),(72,'2020-10-27 09:33:14','2020-10-27 09:33:14',66,447),(73,'2020-10-27 09:33:14','2020-10-27 09:33:14',67,448),(74,'2020-10-27 09:33:14','2020-10-27 09:33:14',68,449),(75,'2020-10-27 09:33:14','2020-10-27 09:33:14',69,450),(76,'2020-10-27 09:33:14','2020-10-27 09:33:14',70,451),(77,'2020-10-27 09:33:14','2020-10-27 09:33:14',71,452),(78,'2020-10-27 09:33:14','2020-10-27 09:33:14',72,453),(79,'2020-10-27 09:33:14','2020-10-27 09:33:14',73,454),(80,'2020-10-27 09:33:14','2020-10-27 09:33:14',74,455),(81,'2020-10-27 09:33:14','2020-10-27 09:33:14',75,456),(82,'2020-10-27 09:33:14','2020-10-27 09:33:14',76,457),(83,'2020-10-27 09:33:14','2020-10-27 09:33:14',77,458),(84,'2020-10-27 09:33:14','2020-10-27 09:33:14',78,459),(85,'2020-10-27 09:33:14','2020-10-27 09:33:14',79,460),(86,'2020-10-27 09:33:14','2020-10-27 09:33:14',80,461),(87,'2020-10-27 09:33:14','2020-10-27 09:33:14',81,462),(88,'2020-10-27 09:33:14','2020-10-27 09:33:14',82,463),(89,'2020-10-27 09:33:14','2020-10-27 09:33:14',83,464),(90,'2020-10-27 09:33:14','2020-10-27 09:33:14',84,465),(91,'2020-10-27 09:33:14','2020-10-27 09:33:14',85,466),(92,'2020-10-27 09:33:14','2020-10-27 09:33:14',86,467),(93,'2020-10-27 09:33:14','2020-10-27 09:33:14',87,468),(94,'2020-10-27 09:33:14','2020-10-27 09:33:14',88,469),(95,'2020-10-27 09:33:14','2020-10-27 09:33:14',89,470),(96,'2020-10-27 09:33:14','2020-10-27 09:33:14',90,471),(97,'2020-10-27 09:33:14','2020-10-27 09:33:14',91,472),(98,'2020-10-27 09:33:14','2020-10-27 09:33:14',92,473),(99,'2020-10-27 09:33:14','2020-10-27 09:33:14',93,474),(100,'2020-10-27 09:33:14','2020-10-27 09:33:14',94,475),(101,'2020-10-27 09:33:14','2020-10-27 09:33:14',95,476),(102,'2020-10-27 09:33:14','2020-10-27 09:33:14',96,477),(103,'2020-10-27 09:33:14','2020-10-27 09:33:14',97,478),(104,'2020-10-27 09:33:14','2020-10-27 09:33:14',98,479),(105,'2020-10-27 09:33:14','2020-10-27 09:33:14',99,480),(106,'2020-10-27 09:33:14','2020-10-27 09:33:14',100,481),(107,'2020-10-27 09:33:14','2020-10-27 09:33:14',101,482),(108,'2020-10-27 09:33:14','2020-10-27 09:33:14',102,483),(109,'2020-10-27 09:33:14','2020-10-27 09:33:14',103,484),(110,'2020-10-27 09:33:14','2020-10-27 09:33:14',104,485),(111,'2020-10-27 09:33:14','2020-10-27 09:33:14',105,486),(112,'2020-10-27 09:33:14','2020-10-27 09:33:14',106,487),(113,'2020-10-27 09:33:14','2020-10-27 09:33:14',107,488),(114,'2020-10-27 09:33:14','2020-10-27 09:33:14',108,489),(115,'2020-10-27 09:33:14','2020-10-27 09:33:14',109,490),(116,'2020-10-27 09:33:14','2020-10-27 09:33:14',110,491),(117,'2020-10-27 09:33:14','2020-10-27 09:33:14',111,492),(118,'2020-10-27 09:33:14','2020-10-27 09:33:14',112,493),(119,'2020-10-27 09:33:14','2020-10-27 09:33:14',113,494),(120,'2020-10-27 09:33:14','2020-10-27 09:33:14',114,495),(121,'2020-10-27 09:33:14','2020-10-27 09:33:14',115,496),(122,'2020-10-27 09:33:14','2020-10-27 09:33:14',116,497),(123,'2020-10-27 09:33:14','2020-10-27 09:33:14',117,498),(124,'2020-10-27 09:33:14','2020-10-27 09:33:14',118,499),(125,'2020-10-27 09:33:14','2020-10-27 09:33:14',119,500),(126,'2020-10-27 09:33:14','2020-10-27 09:33:14',120,501),(127,'2020-10-27 09:33:14','2020-10-27 09:33:14',121,502),(128,'2020-10-27 09:33:14','2020-10-27 09:33:14',122,503),(129,'2020-10-27 09:33:14','2020-10-27 09:33:14',123,504),(130,'2020-10-27 09:33:14','2020-10-27 09:33:14',124,505),(131,'2020-10-27 09:33:14','2020-10-27 09:33:14',125,506),(132,'2020-10-27 09:33:14','2020-10-27 09:33:14',126,507),(133,'2020-10-27 09:33:14','2020-10-27 09:33:14',127,508),(134,'2020-10-27 09:33:14','2020-10-27 09:33:14',128,509),(135,'2020-10-27 09:33:14','2020-10-27 09:33:14',129,510),(136,'2020-10-27 09:33:14','2020-10-27 09:33:14',130,511),(137,'2020-10-27 09:33:14','2020-10-27 09:33:14',131,512),(138,'2020-10-27 09:33:14','2020-10-27 09:33:14',132,513),(139,'2020-10-27 09:33:15','2020-10-27 09:33:15',133,514),(140,'2020-10-27 09:33:15','2020-10-27 09:33:15',134,515),(141,'2020-10-27 09:33:15','2020-10-27 09:33:15',135,516),(142,'2020-10-27 09:33:15','2020-10-27 09:33:15',136,517),(143,'2020-10-27 09:33:15','2020-10-27 09:33:15',137,518),(144,'2020-10-27 09:33:15','2020-10-27 09:33:15',138,519),(145,'2020-10-27 09:33:15','2020-10-27 09:33:15',139,520),(146,'2020-10-27 09:33:15','2020-10-27 09:33:15',140,521),(147,'2020-10-27 09:33:15','2020-10-27 09:33:15',141,522),(148,'2020-10-27 09:33:15','2020-10-27 09:33:15',142,523),(149,'2020-10-27 09:33:15','2020-10-27 09:33:15',143,524),(150,'2020-10-27 09:33:15','2020-10-27 09:33:15',144,525),(151,'2020-10-27 09:33:15','2020-10-27 09:33:15',145,526),(152,'2020-10-27 09:33:15','2020-10-27 09:33:15',146,527),(153,'2020-10-27 09:33:15','2020-10-27 09:33:15',147,528),(154,'2020-10-27 09:33:15','2020-10-27 09:33:15',148,529),(155,'2020-10-27 09:33:15','2020-10-27 09:33:15',149,530),(156,'2020-10-27 09:33:15','2020-10-27 09:33:15',150,531),(157,'2020-10-27 09:33:15','2020-10-27 09:33:15',151,532),(158,'2020-10-27 09:33:15','2020-10-27 09:33:15',152,533),(159,'2020-10-27 09:33:15','2020-10-27 09:33:15',153,534),(160,'2020-10-27 09:33:15','2020-10-27 09:33:15',154,535),(161,'2020-10-27 09:33:15','2020-10-27 09:33:15',155,536),(162,'2020-10-27 09:33:15','2020-10-27 09:33:15',156,537),(163,'2020-10-27 09:33:15','2020-10-27 09:33:15',157,538),(164,'2020-10-27 09:33:15','2020-10-27 09:33:15',158,539),(165,'2020-10-27 09:33:15','2020-10-27 09:33:15',159,540),(166,'2020-10-27 09:33:15','2020-10-27 09:33:15',160,541),(167,'2020-10-27 09:33:15','2020-10-27 09:33:15',161,542),(168,'2020-10-27 09:33:15','2020-10-27 09:33:15',162,543),(169,'2020-10-27 09:33:15','2020-10-27 09:33:15',163,544),(170,'2020-10-27 09:33:15','2020-10-27 09:33:15',164,545),(171,'2020-10-27 09:33:15','2020-10-27 09:33:15',165,546),(172,'2020-10-27 09:33:15','2020-10-27 09:33:15',166,547),(173,'2020-10-27 09:33:15','2020-10-27 09:33:15',167,548),(174,'2020-10-27 09:33:15','2020-10-27 09:33:15',168,549),(175,'2020-10-27 09:33:15','2020-10-27 09:33:15',169,550),(176,'2020-10-27 09:33:15','2020-10-27 09:33:15',170,551),(177,'2020-10-27 09:33:15','2020-10-27 09:33:15',171,552),(178,'2020-10-27 09:33:15','2020-10-27 09:33:15',172,553),(179,'2020-10-27 09:33:15','2020-10-27 09:33:15',173,554),(180,'2020-10-27 09:33:15','2020-10-27 09:33:15',174,555),(181,'2020-10-27 09:33:15','2020-10-27 09:33:15',175,556),(182,'2020-10-27 09:33:15','2020-10-27 09:33:15',176,557),(183,'2020-10-27 09:33:15','2020-10-27 09:33:15',177,558),(184,'2020-10-27 09:33:15','2020-10-27 09:33:15',178,559),(185,'2020-10-27 09:33:15','2020-10-27 09:33:15',179,560),(186,'2020-10-27 09:33:15','2020-10-27 09:33:15',180,561),(187,'2020-10-27 09:33:15','2020-10-27 09:33:15',181,562),(188,'2020-10-27 09:33:15','2020-10-27 09:33:15',182,563),(189,'2020-10-27 09:33:15','2020-10-27 09:33:15',183,564),(190,'2020-10-27 09:33:15','2020-10-27 09:33:15',184,565),(191,'2020-10-27 09:33:15','2020-10-27 09:33:15',185,566),(192,'2020-10-27 09:33:15','2020-10-27 09:33:15',186,567),(193,'2020-10-27 09:33:15','2020-10-27 09:33:15',187,568),(194,'2020-10-27 09:33:15','2020-10-27 09:33:15',188,569),(195,'2020-10-27 09:33:15','2020-10-27 09:33:15',189,570),(196,'2020-10-27 09:33:15','2020-10-27 09:33:15',190,571),(197,'2020-10-27 09:33:15','2020-10-27 09:33:15',191,572),(198,'2020-10-27 09:33:15','2020-10-27 09:33:15',192,573),(199,'2020-10-27 09:33:15','2020-10-27 09:33:15',193,574),(200,'2020-10-27 09:33:15','2020-10-27 09:33:15',194,575),(201,'2020-10-27 09:33:15','2020-10-27 09:33:15',195,576),(202,'2020-10-27 09:33:15','2020-10-27 09:33:15',196,577),(203,'2020-10-27 09:33:15','2020-10-27 09:33:15',197,578),(204,'2020-10-27 09:33:15','2020-10-27 09:33:15',198,579),(205,'2020-10-27 09:33:15','2020-10-27 09:33:15',199,580),(206,'2020-10-27 09:33:15','2020-10-27 09:33:15',200,581),(207,'2020-10-27 09:33:15','2020-10-27 09:33:15',206,582),(208,'2020-10-27 09:33:15','2020-10-27 09:33:15',207,583),(209,'2020-10-27 09:33:15','2020-10-27 09:33:15',208,584),(210,'2020-10-27 09:33:15','2020-10-27 09:33:15',209,585),(211,'2020-10-27 09:33:15','2020-10-27 09:33:15',210,586),(212,'2020-10-27 09:33:15','2020-10-27 09:33:15',211,587),(213,'2020-10-27 09:33:15','2020-10-27 09:33:15',212,588),(214,'2020-10-27 09:33:15','2020-10-27 09:33:15',213,589),(215,'2020-10-27 09:33:15','2020-10-27 09:33:15',214,590),(216,'2020-10-27 09:33:15','2020-10-27 09:33:15',215,591),(217,'2020-10-27 09:33:15','2020-10-27 09:33:15',216,592),(218,'2020-10-27 09:33:15','2020-10-27 09:33:15',217,593),(219,'2020-10-27 09:33:15','2020-10-27 09:33:15',218,594),(220,'2020-10-27 09:33:15','2020-10-27 09:33:15',219,595),(221,'2020-10-27 09:33:15','2020-10-27 09:33:15',220,596),(222,'2020-10-27 09:33:15','2020-10-27 09:33:15',221,597),(223,'2020-10-27 09:33:15','2020-10-27 09:33:15',222,598),(224,'2020-10-27 09:33:15','2020-10-27 09:33:15',223,599),(225,'2020-10-27 09:33:15','2020-10-27 09:33:15',224,600),(226,'2020-10-27 09:33:15','2020-10-27 09:33:15',225,601),(227,'2020-10-27 09:33:15','2020-10-27 09:33:15',226,602),(228,'2020-10-27 09:33:15','2020-10-27 09:33:15',227,603),(229,'2020-10-27 09:33:15','2020-10-27 09:33:15',228,604),(230,'2020-10-27 09:33:16','2020-10-27 09:33:16',229,605),(231,'2020-10-27 09:33:16','2020-10-27 09:33:16',230,606),(232,'2020-10-27 09:33:16','2020-10-27 09:33:16',231,607),(233,'2020-10-27 09:33:16','2020-10-27 09:33:16',232,608),(234,'2020-10-27 09:33:16','2020-10-27 09:33:16',233,609),(235,'2020-10-27 09:33:16','2020-10-27 09:33:16',234,610),(236,'2020-10-27 09:33:16','2020-10-27 09:33:16',235,611),(237,'2020-10-27 09:33:16','2020-10-27 09:33:16',236,612),(238,'2020-10-27 09:33:16','2020-10-27 09:33:16',237,613),(239,'2020-10-27 09:33:16','2020-10-27 09:33:16',238,614),(240,'2020-10-27 09:33:16','2020-10-27 09:33:16',239,615),(241,'2020-10-27 09:33:16','2020-10-27 09:33:16',240,616),(242,'2020-10-27 09:33:16','2020-10-27 09:33:16',241,617),(243,'2020-10-27 09:33:16','2020-10-27 09:33:16',242,618),(244,'2020-10-27 09:33:16','2020-10-27 09:33:16',243,619),(245,'2020-10-27 09:33:16','2020-10-27 09:33:16',244,620),(246,'2020-10-27 09:33:16','2020-10-27 09:33:16',245,621),(247,'2020-10-27 09:33:16','2020-10-27 09:33:16',246,622),(248,'2020-10-27 09:33:16','2020-10-27 09:33:16',247,623),(249,'2020-10-27 09:33:16','2020-10-27 09:33:16',248,624),(250,'2020-10-27 09:33:16','2020-10-27 09:33:16',249,625),(251,'2020-10-27 09:33:16','2020-10-27 09:33:16',250,626),(252,'2020-10-27 09:33:16','2020-10-27 09:33:16',251,627),(253,'2020-10-27 09:33:16','2020-10-27 09:33:16',252,628),(254,'2020-10-27 09:33:16','2020-10-27 09:33:16',253,629),(255,'2020-10-27 09:33:16','2020-10-27 09:33:16',254,630),(256,'2020-10-27 09:33:16','2020-10-27 09:33:16',255,631),(257,'2020-10-27 09:33:16','2020-10-27 09:33:16',256,632),(258,'2020-10-27 09:33:16','2020-10-27 09:33:16',257,633),(259,'2020-10-27 09:33:16','2020-10-27 09:33:16',258,634),(260,'2020-10-27 09:33:16','2020-10-27 09:33:16',259,635),(261,'2020-10-27 09:33:16','2020-10-27 09:33:16',260,636),(262,'2020-10-27 09:33:16','2020-10-27 09:33:16',261,637),(263,'2020-10-27 09:33:16','2020-10-27 09:33:16',262,638),(264,'2020-10-27 09:33:16','2020-10-27 09:33:16',263,639),(265,'2020-10-27 09:33:16','2020-10-27 09:33:16',264,640),(266,'2020-10-27 09:33:16','2020-10-27 09:33:16',265,641),(267,'2020-10-27 09:33:16','2020-10-27 09:33:16',266,642),(268,'2020-10-27 09:33:16','2020-10-27 09:33:16',267,643),(269,'2020-10-27 09:33:16','2020-10-27 09:33:16',268,644),(270,'2020-10-27 09:33:16','2020-10-27 09:33:16',269,645),(271,'2020-10-27 09:33:16','2020-10-27 09:33:16',270,646),(272,'2020-10-27 09:33:16','2020-10-27 09:33:16',271,647),(273,'2020-10-27 09:33:16','2020-10-27 09:33:16',272,648),(274,'2020-10-27 09:33:16','2020-10-27 09:33:16',273,649),(275,'2020-10-27 09:33:16','2020-10-27 09:33:16',274,650),(276,'2020-10-27 09:33:16','2020-10-27 09:33:16',275,651),(277,'2020-10-27 09:33:16','2020-10-27 09:33:16',276,652),(278,'2020-10-27 09:33:16','2020-10-27 09:33:16',277,653),(279,'2020-10-27 09:33:16','2020-10-27 09:33:16',278,654),(280,'2020-10-27 09:33:16','2020-10-27 09:33:16',279,655),(281,'2020-10-27 09:33:16','2020-10-27 09:33:16',280,656),(282,'2020-10-27 09:33:16','2020-10-27 09:33:16',281,657),(283,'2020-10-27 09:33:16','2020-10-27 09:33:16',282,658),(284,'2020-10-27 09:33:16','2020-10-27 09:33:16',283,659),(285,'2020-10-27 09:33:16','2020-10-27 09:33:16',284,660),(286,'2020-10-27 09:33:16','2020-10-27 09:33:16',285,661),(287,'2020-10-27 09:33:16','2020-10-27 09:33:16',286,662),(288,'2020-10-27 09:33:16','2020-10-27 09:33:16',287,663),(289,'2020-10-27 09:33:16','2020-10-27 09:33:16',288,664),(290,'2020-10-27 03:44:11','2020-10-27 03:44:11',294,665),(291,'2020-10-27 05:08:32','2020-10-27 05:17:43',295,666),(292,'2020-10-28 04:59:07','2020-10-28 04:59:07',296,667),(296,'2020-10-30 05:10:19','2020-11-05 08:20:31',300,673),(297,'2020-11-06 00:16:49','2020-11-06 00:16:49',301,685);

--
-- Table structure for table `representative_preferred_workplace`
--

 SET character_set_client = utf8mb4 ;
CREATE TABLE `representative_preferred_workplace` (
  `id` int(11) NOT NULL AUTO_INCREMENT,
  `created_at` datetime NOT NULL,
  `updated_at` datetime NOT NULL,
  `preferred_workplace_id` int(11) NOT NULL,
  `general_user_id` int(11) NOT NULL,
  PRIMARY KEY (`id`),
  KEY `preferred_workplace_id` (`preferred_workplace_id`),
  KEY `general_user_id` (`general_user_id`),
  CONSTRAINT `representative_preferred_workplace_ibfk_1` FOREIGN KEY (`preferred_workplace_id`) REFERENCES `preferred_workplace` (`id`) ON DELETE CASCADE ON UPDATE CASCADE,
  CONSTRAINT `representative_preferred_workplace_ibfk_2` FOREIGN KEY (`general_user_id`) REFERENCES `general_user` (`id`) ON DELETE CASCADE ON UPDATE CASCADE
) ENGINE=InnoDB AUTO_INCREMENT=87 DEFAULT CHARSET=utf8mb4;

--
-- Dumping data for table `representative_preferred_workplace`
--

INSERT INTO `representative_preferred_workplace` VALUES (1,'2020-10-14 03:39:59','2020-10-27 03:04:13',38,92),(2,'2020-10-14 05:12:15','2020-11-05 13:10:30',39,93),(3,'2020-10-14 07:23:54','2020-10-14 07:23:54',1,1),(4,'2020-10-14 07:23:54','2020-10-14 07:23:54',2,2),(5,'2020-10-14 07:23:54','2020-10-14 07:23:54',3,3),(6,'2020-10-14 07:23:54','2020-10-14 07:23:54',4,4),(7,'2020-10-14 07:23:54','2020-10-14 07:23:54',5,5),(8,'2020-10-14 07:23:54','2020-10-14 07:23:54',6,6),(9,'2020-10-14 07:23:54','2020-10-14 07:23:54',7,7),(10,'2020-10-14 07:23:54','2020-10-14 07:23:54',8,8),(11,'2020-10-14 07:23:54','2020-10-14 07:23:54',9,9),(12,'2020-10-14 07:23:54','2020-10-14 07:23:54',10,10),(13,'2020-10-14 07:23:54','2020-10-14 07:23:54',11,11),(14,'2020-10-14 07:23:54','2020-10-14 07:23:54',12,12),(15,'2020-10-14 07:23:54','2020-10-14 07:23:54',13,13),(16,'2020-10-14 07:23:54','2020-10-14 07:23:54',14,14),(17,'2020-10-14 07:23:54','2020-10-14 07:23:54',15,15),(18,'2020-10-14 07:23:54','2020-10-14 07:23:54',16,16),(19,'2020-10-14 07:23:54','2020-10-14 07:23:54',17,17),(20,'2020-10-14 07:23:54','2020-10-14 07:23:54',18,18),(21,'2020-10-14 07:23:54','2020-10-14 07:23:54',19,19),(22,'2020-10-14 07:23:54','2020-10-14 07:23:54',20,20),(23,'2020-10-14 07:23:54','2020-10-14 07:23:54',21,21),(24,'2020-10-14 07:23:54','2020-10-14 07:23:54',22,22),(25,'2020-10-14 07:23:54','2020-10-14 07:23:54',23,23),(26,'2020-10-14 07:23:54','2020-10-14 07:23:54',24,24),(27,'2020-10-14 07:23:54','2020-10-14 07:23:54',25,25),(28,'2020-10-14 07:23:54','2020-10-14 07:23:54',26,26),(29,'2020-10-14 07:23:54','2020-10-14 07:23:54',27,27),(30,'2020-10-14 07:23:54','2020-10-14 07:23:54',28,28),(31,'2020-10-14 07:23:54','2020-10-14 07:23:54',29,29),(32,'2020-10-14 07:23:54','2020-10-14 07:23:54',30,30),(33,'2020-10-14 07:23:54','2020-10-14 07:23:54',31,31),(34,'2020-10-14 07:23:54','2020-10-14 07:23:54',32,32),(35,'2020-10-14 07:23:54','2020-10-14 07:23:54',33,33),(36,'2020-10-14 07:23:54','2020-10-14 07:23:54',34,34),(37,'2020-10-14 07:23:54','2020-10-14 07:23:54',35,35),(38,'2020-10-14 07:23:54','2020-10-14 07:23:54',36,36),(39,'2020-10-14 07:23:54','2020-10-14 07:23:54',37,37),(40,'2020-10-14 07:26:33','2020-10-14 07:26:33',1,1),(41,'2020-10-14 07:26:33','2020-10-14 07:26:33',2,2),(42,'2020-10-14 07:26:33','2020-10-14 07:26:33',3,3),(43,'2020-10-14 07:26:33','2020-10-14 07:26:33',4,4),(44,'2020-10-14 07:26:33','2020-10-14 07:26:33',5,5),(45,'2020-10-14 07:26:33','2020-10-14 07:26:33',6,6),(46,'2020-10-14 07:26:33','2020-10-14 07:26:33',7,7),(47,'2020-10-14 07:26:33','2020-10-14 07:26:33',8,8),(48,'2020-10-14 07:26:33','2020-10-14 07:26:33',9,9),(49,'2020-10-14 07:26:33','2020-10-14 07:26:33',10,10),(50,'2020-10-14 07:26:33','2020-10-14 07:26:33',11,11),(51,'2020-10-14 07:26:33','2020-10-14 07:26:33',12,12),(52,'2020-10-14 07:26:33','2020-10-14 07:26:33',13,13),(53,'2020-10-14 07:26:33','2020-10-14 07:26:33',14,14),(54,'2020-10-14 07:26:33','2020-10-14 07:26:33',15,15),(55,'2020-10-14 07:26:33','2020-10-14 07:26:33',16,16),(56,'2020-10-14 07:26:33','2020-10-14 07:26:33',17,17),(57,'2020-10-14 07:26:33','2020-10-14 07:26:33',18,18),(58,'2020-10-14 07:26:33','2020-10-14 07:26:33',19,19),(59,'2020-10-14 07:26:33','2020-10-14 07:26:33',20,20),(60,'2020-10-14 07:26:33','2020-10-14 07:26:33',21,21),(61,'2020-10-14 07:26:33','2020-10-14 07:26:33',22,22),(62,'2020-10-14 07:26:33','2020-10-14 07:26:33',23,23),(63,'2020-10-14 07:26:33','2020-10-14 07:26:33',24,24),(64,'2020-10-14 07:26:33','2020-10-14 07:26:33',25,25),(65,'2020-10-14 07:26:33','2020-10-14 07:26:33',26,26),(66,'2020-10-14 07:26:33','2020-10-14 07:26:33',27,27),(67,'2020-10-14 07:26:33','2020-10-14 07:26:33',28,28),(68,'2020-10-14 07:26:33','2020-10-14 07:26:33',29,29),(69,'2020-10-14 07:26:33','2020-10-14 07:26:33',30,30),(70,'2020-10-14 07:26:33','2020-10-14 07:26:33',31,31),(71,'2020-10-14 07:26:33','2020-10-14 07:26:33',32,32),(72,'2020-10-14 07:26:33','2020-10-14 07:26:33',33,33),(73,'2020-10-14 07:26:33','2020-10-14 07:26:33',34,34),(74,'2020-10-14 07:26:33','2020-10-14 07:26:33',35,35),(75,'2020-10-14 07:26:33','2020-10-14 07:26:33',36,36),(76,'2020-10-14 07:26:33','2020-10-14 07:26:33',37,37),(77,'2020-10-15 02:28:32','2020-11-05 09:50:10',78,94),(78,'2020-10-15 02:28:32','2020-10-15 02:28:32',78,91),(79,'2020-10-16 03:46:41','2020-10-16 03:46:41',80,95),(80,'2020-10-19 03:22:32','2020-10-22 06:57:33',81,96),(81,'2020-10-20 12:30:59','2020-10-28 08:33:58',83,97),(82,'2020-10-21 01:11:41','2020-10-21 01:11:41',86,98),(83,'2020-10-26 01:54:45','2020-10-26 01:54:45',88,99),(84,'2020-10-26 02:14:31','2020-10-26 02:14:31',93,107),(85,'2020-10-30 05:14:34','2020-10-30 05:14:34',94,108),(86,'2020-11-05 09:24:56','2020-11-05 09:49:55',95,109);

--
-- Table structure for table `review_by_company`
--

 SET character_set_client = utf8mb4 ;
CREATE TABLE `review_by_company` (
  `id` int(11) NOT NULL AUTO_INCREMENT,
  `rating` float NOT NULL DEFAULT '0',
  `detailed_rating1` float NOT NULL DEFAULT '0',
  `detailed_rating2` float NOT NULL DEFAULT '0',
  `detailed_rating3` float NOT NULL DEFAULT '0',
  `detailed_rating4` float NOT NULL DEFAULT '0',
  `content` varchar(128) DEFAULT NULL,
  `created_at` datetime NOT NULL,
  `updated_at` datetime NOT NULL,
  `company_id` int(11) NOT NULL,
  `general_user_id` int(11) NOT NULL,
  PRIMARY KEY (`id`),
  KEY `company_id` (`company_id`),
  KEY `general_user_id` (`general_user_id`),
  CONSTRAINT `review_by_company_ibfk_1` FOREIGN KEY (`company_id`) REFERENCES `company` (`id`) ON DELETE CASCADE ON UPDATE CASCADE,
  CONSTRAINT `review_by_company_ibfk_2` FOREIGN KEY (`general_user_id`) REFERENCES `general_user` (`id`) ON DELETE CASCADE ON UPDATE CASCADE
) ENGINE=InnoDB AUTO_INCREMENT=8 DEFAULT CHARSET=utf8mb4;

--
-- Dumping data for table `review_by_company`
--

INSERT INTO `review_by_company` VALUES (1,1,1,2,2,3,'출근시간을 잘 지키지 못하는 모습이 아쉬웠습니다','2020-10-26 01:54:50','2020-10-26 01:54:50',1,1),(2,1,1,2,2,3,'출근시간을 잘 지키지 못하는 모습이 아쉬웠습니다','2020-10-29 13:07:01','2020-10-29 13:07:01',1,1),(5,1,1,2,0,1,'별로에요','2020-10-30 04:51:32','2020-10-30 04:51:32',95,93),(6,3.5,5,3,1,5,'지각을 안하고 깨끗해요','2020-11-05 01:51:17','2020-11-05 01:51:17',673,108),(7,2.5,1,2,5,2,'단정해요','2020-11-05 06:00:53','2020-11-05 06:00:53',95,108);

--
-- Table structure for table `review_by_user`
--

 SET character_set_client = utf8mb4 ;
CREATE TABLE `review_by_user` (
  `id` int(11) NOT NULL AUTO_INCREMENT,
  `rating` float NOT NULL DEFAULT '0',
  `detailed_rating1` float NOT NULL DEFAULT '0',
  `detailed_rating2` float NOT NULL DEFAULT '0',
  `detailed_rating3` float NOT NULL DEFAULT '0',
  `detailed_rating4` float NOT NULL DEFAULT '0',
  `content` varchar(128) DEFAULT NULL,
  `created_at` datetime NOT NULL,
  `updated_at` datetime NOT NULL,
  `company_id` int(11) NOT NULL,
  `general_user_id` int(11) NOT NULL,
  PRIMARY KEY (`id`),
  KEY `company_id` (`company_id`),
  KEY `general_user_id` (`general_user_id`),
  CONSTRAINT `review_by_user_ibfk_1` FOREIGN KEY (`company_id`) REFERENCES `company` (`id`) ON DELETE CASCADE ON UPDATE CASCADE,
  CONSTRAINT `review_by_user_ibfk_2` FOREIGN KEY (`general_user_id`) REFERENCES `general_user` (`id`) ON DELETE CASCADE ON UPDATE CASCADE
) ENGINE=InnoDB AUTO_INCREMENT=5 DEFAULT CHARSET=utf8mb4;

--
-- Dumping data for table `review_by_user`
--

INSERT INTO `review_by_user` VALUES (1,4,5,5,3,3,'친절하게 대해주셔서 감사해요','2020-10-26 01:54:50','2020-10-26 01:54:50',2,3),(2,3,5,1,4,2,'좋아요','2020-10-29 14:05:58','2020-10-29 14:05:58',95,93),(3,2.25,1,5,2,1,'교육이 끝내줍니다','2020-11-05 01:49:00','2020-11-05 01:49:00',673,108);

--
-- Table structure for table `sequelizemeta`
--

 SET character_set_client = utf8mb4 ;
CREATE TABLE `sequelizemeta` (
  `name` varchar(255) COLLATE utf8_unicode_ci NOT NULL,
  PRIMARY KEY (`name`),
  UNIQUE KEY `name` (`name`)
) ENGINE=InnoDB DEFAULT CHARSET=utf8 COLLATE=utf8_unicode_ci;

--
-- Dumping data for table `sequelizemeta`
--

INSERT INTO `sequelizemeta` VALUES ('20200804074232-create-user.js');

--
-- Table structure for table `user_keyword`
--

 SET character_set_client = utf8mb4 ;
CREATE TABLE `user_keyword` (
  `id` int(11) NOT NULL AUTO_INCREMENT,
  `content` varchar(100) NOT NULL,
  `created_at` datetime NOT NULL,
  `updated_at` datetime NOT NULL,
  `general_user_id` int(11) NOT NULL,
  PRIMARY KEY (`id`),
  KEY `general_user_id` (`general_user_id`),
  CONSTRAINT `user_keyword_ibfk_1` FOREIGN KEY (`general_user_id`) REFERENCES `general_user` (`id`) ON DELETE CASCADE ON UPDATE CASCADE
) ENGINE=InnoDB AUTO_INCREMENT=116 DEFAULT CHARSET=utf8mb4;

--
-- Dumping data for table `user_keyword`
--

INSERT INTO `user_keyword` VALUES (1,'PC방','2020-10-14 03:04:02','2020-10-14 03:04:02',1),(2,'생산직','2020-10-14 03:04:02','2020-10-14 03:04:02',2),(3,'사무직','2020-10-14 03:04:02','2020-10-14 03:04:02',3),(4,'생산직','2020-10-14 03:04:02','2020-10-14 03:04:02',4),(5,'홀알바','2020-10-14 03:04:02','2020-10-14 03:04:02',5),(6,'사무직','2020-10-14 03:04:02','2020-10-14 03:04:02',6),(7,'사무직','2020-10-14 03:04:02','2020-10-14 03:04:02',7),(8,'생산직','2020-10-14 03:04:02','2020-10-14 03:04:02',8),(9,'서비스','2020-10-14 03:04:02','2020-10-14 03:04:02',9),(10,'카운터','2020-10-14 03:04:02','2020-10-14 03:04:02',10),(11,'카운터','2020-10-14 03:04:02','2020-10-14 03:04:02',11),(12,'안내','2020-10-14 03:04:02','2020-10-14 03:04:02',12),(13,'배달','2020-10-14 03:04:02','2020-10-14 03:04:02',13),(14,'안내','2020-10-14 03:04:02','2020-10-14 03:04:02',14),(15,'카운터','2020-10-14 03:04:02','2020-10-14 03:04:02',15),(16,'서비스','2020-10-14 03:04:02','2020-10-14 03:04:02',16),(17,'배달','2020-10-14 03:04:02','2020-10-14 03:04:02',17),(18,'생산직','2020-10-14 03:04:02','2020-10-14 03:04:02',18),(19,'안내','2020-10-14 03:04:02','2020-10-14 03:04:02',19),(20,'사무직','2020-10-14 03:04:02','2020-10-14 03:04:02',20),(21,'PC방','2020-10-14 03:04:02','2020-10-14 03:04:02',21),(22,'생산직','2020-10-14 03:04:02','2020-10-14 03:04:02',22),(23,'사무직','2020-10-14 03:04:02','2020-10-14 03:04:02',23),(24,'카운터','2020-10-14 03:04:02','2020-10-14 03:04:02',24),(25,'카운터','2020-10-14 03:04:02','2020-10-14 03:04:02',25),(26,'사무직','2020-10-14 03:04:02','2020-10-14 03:04:02',26),(27,'홀알바','2020-10-14 03:04:02','2020-10-14 03:04:02',27),(28,'사무직','2020-10-14 03:04:02','2020-10-14 03:04:02',28),(29,'PC방','2020-10-14 03:04:02','2020-10-14 03:04:02',29),(30,'안내','2020-10-14 03:04:02','2020-10-14 03:04:02',30),(31,'PC방','2020-10-14 03:04:02','2020-10-14 03:04:02',31),(32,'생산직','2020-10-14 03:04:02','2020-10-14 03:04:02',32),(33,'홀알바','2020-10-14 03:04:02','2020-10-14 03:04:02',33),(34,'PC방','2020-10-14 03:04:02','2020-10-14 03:04:02',34),(35,'홀알바','2020-10-14 03:04:02','2020-10-14 03:04:02',35),(36,'PC방','2020-10-14 03:04:02','2020-10-14 03:04:02',36),(37,'홀알바','2020-10-14 03:04:02','2020-10-14 03:04:02',37),(38,'생산직','2020-10-14 03:04:02','2020-10-14 03:04:02',38),(39,'사무직','2020-10-14 03:04:02','2020-10-14 03:04:02',39),(40,'생산직','2020-10-14 03:04:02','2020-10-14 03:04:02',40),(41,'홀알바','2020-10-14 03:04:02','2020-10-14 03:04:02',41),(42,'사무직','2020-10-14 03:04:02','2020-10-14 03:04:02',42),(43,'사무직','2020-10-14 03:04:02','2020-10-14 03:04:02',43),(44,'생산직','2020-10-14 03:04:02','2020-10-14 03:04:02',44),(45,'서비스','2020-10-14 03:04:02','2020-10-14 03:04:02',45),(46,'카운터','2020-10-14 03:04:02','2020-10-14 03:04:02',46),(47,'카운터','2020-10-14 03:04:02','2020-10-14 03:04:02',47),(48,'안내','2020-10-14 03:04:02','2020-10-14 03:04:02',48),(49,'배달','2020-10-14 03:04:02','2020-10-14 03:04:02',49),(50,'안내','2020-10-14 03:04:02','2020-10-14 03:04:02',50),(51,'카운터','2020-10-14 03:04:03','2020-10-14 03:04:03',51),(52,'서비스','2020-10-14 03:04:03','2020-10-14 03:04:03',52),(53,'배달','2020-10-14 03:04:03','2020-10-14 03:04:03',53),(54,'생산직','2020-10-14 03:04:03','2020-10-14 03:04:03',54),(55,'안내','2020-10-14 03:04:03','2020-10-14 03:04:03',55),(56,'사무직','2020-10-14 03:04:03','2020-10-14 03:04:03',56),(57,'PC방','2020-10-14 03:04:03','2020-10-14 03:04:03',57),(58,'생산직','2020-10-14 03:04:03','2020-10-14 03:04:03',58),(59,'사무직','2020-10-14 03:04:03','2020-10-14 03:04:03',59),(60,'카운터','2020-10-14 03:04:03','2020-10-14 03:04:03',60),(61,'카운터','2020-10-14 03:04:03','2020-10-14 03:04:03',61),(62,'사무직','2020-10-14 03:04:03','2020-10-14 03:04:03',62),(63,'홀알바','2020-10-14 03:04:03','2020-10-14 03:04:03',63),(64,'사무직','2020-10-14 03:04:03','2020-10-14 03:04:03',64),(65,'PC방','2020-10-14 03:04:03','2020-10-14 03:04:03',65),(66,'안내','2020-10-14 03:04:03','2020-10-14 03:04:03',66),(67,'PC방','2020-10-14 03:04:03','2020-10-14 03:04:03',67),(68,'생산직','2020-10-14 03:04:03','2020-10-14 03:04:03',68),(69,'홀알바','2020-10-14 03:04:03','2020-10-14 03:04:03',69),(70,'PC방','2020-10-14 03:04:03','2020-10-14 03:04:03',70),(71,'홀알바','2020-10-14 03:04:03','2020-10-14 03:04:03',71),(72,'PC방','2020-10-14 03:04:03','2020-10-14 03:04:03',72),(73,'홀알바','2020-10-14 03:04:03','2020-10-14 03:04:03',73),(74,'생산직','2020-10-14 03:04:03','2020-10-14 03:04:03',74),(75,'사무직','2020-10-14 03:04:03','2020-10-14 03:04:03',75),(76,'생산직','2020-10-14 03:04:03','2020-10-14 03:04:03',76),(77,'홀알바','2020-10-14 03:04:03','2020-10-14 03:04:03',77),(78,'사무직','2020-10-14 03:04:03','2020-10-14 03:04:03',78),(79,'사무직','2020-10-14 03:04:03','2020-10-14 03:04:03',79),(80,'생산직','2020-10-14 03:04:03','2020-10-14 03:04:03',80),(81,'서비스','2020-10-14 03:04:03','2020-10-14 03:04:03',81),(82,'카운터','2020-10-14 03:04:03','2020-10-14 03:04:03',82),(83,'카운터','2020-10-14 03:04:03','2020-10-14 03:04:03',83),(84,'안내','2020-10-14 03:04:03','2020-10-14 03:04:03',84),(85,'배달','2020-10-14 03:04:03','2020-10-14 03:04:03',85),(86,'안내','2020-10-14 03:04:03','2020-10-14 03:04:03',86),(87,'카운터','2020-10-14 03:04:03','2020-10-14 03:04:03',87),(88,'서비스','2020-10-14 03:04:03','2020-10-14 03:04:03',88),(89,'유통&middot;판매','2020-10-14 03:39:59','2020-10-27 03:04:13',92),(90,'서비스','2020-10-14 03:39:59','2020-10-27 03:04:13',92),(91,'문화&middot;여가&middot;생활','2020-10-14 03:39:59','2020-10-27 03:04:13',92),(92,'IT&middot;컴퓨터','2020-10-14 05:12:15','2020-11-05 13:10:30',93),(93,'디자인','2020-10-14 05:12:15','2020-11-05 13:10:30',93),(94,'메인','2020-10-14 05:12:15','2020-11-05 13:10:30',93),(95,'IT&middot;컴퓨터','2020-10-15 02:28:32','2020-11-05 09:50:10',94),(96,'디자인','2020-10-16 03:46:41','2020-10-16 03:46:41',95),(97,'외식&middot;음료','2020-10-16 14:16:21','2020-11-05 09:50:10',94),(98,'외식&middot;음료','2020-10-19 03:22:32','2020-10-22 06:57:33',96),(99,'카페','2020-10-19 03:22:32','2020-10-22 06:57:33',96),(101,'카페','2020-10-20 12:30:59','2020-10-28 08:33:58',97),(102,'생산&middot;건설&middot;노무','2020-10-20 12:30:59','2020-10-28 08:33:58',97),(103,'외식&middot;음료','2020-10-21 01:11:41','2020-10-21 01:11:41',98),(104,'유통&middot;판매','2020-10-21 01:11:41','2020-10-21 01:11:41',98),(105,'문화&middot;여가&middot;생활','2020-10-21 01:11:41','2020-10-21 01:11:41',98),(106,'디자인','2020-10-26 01:54:45','2020-10-26 01:54:45',99),(107,'미디어','2020-10-26 01:54:45','2020-10-26 01:54:45',99),(108,'서비스','2020-10-26 01:54:45','2020-10-26 01:54:45',99),(109,'유통&middot;판매','2020-10-26 02:14:31','2020-10-26 02:14:31',107),(110,'서비스','2020-10-26 02:14:31','2020-10-26 02:14:31',107),(111,'운전&middot;배달','2020-10-28 14:36:23','2020-11-05 09:50:10',94),(112,'IT&middot;컴퓨터','2020-10-30 05:14:34','2020-10-30 05:14:34',108),(113,'디자인','2020-10-30 05:14:34','2020-10-30 05:14:34',108),(114,'미디어','2020-10-30 05:14:34','2020-10-30 05:14:34',108),(115,'외식&middot;음료','2020-11-05 09:24:56','2020-11-05 09:49:55',109);

--
-- Table structure for table `voucher`
--

 SET character_set_client = utf8mb4 ;
CREATE TABLE `voucher` (
  `id` int(11) NOT NULL AUTO_INCREMENT,
  `start_datetime` datetime DEFAULT NULL,
  `end_datetime` datetime DEFAULT NULL,
  `number_of_available` int(11) NOT NULL,
  `state` int(11) NOT NULL COMMENT '보유중/사용중/사용 완료',
  `created_at` datetime NOT NULL,
  `updated_at` datetime NOT NULL,
  `corporate_user_id` int(11) NOT NULL,
  `announcement_id` int(11) DEFAULT NULL,
  `product_id` int(11) NOT NULL,
  `payment_history_id` int(11) NOT NULL,
  PRIMARY KEY (`id`),
  KEY `corporate_user_id` (`corporate_user_id`),
  KEY `announcement_id` (`announcement_id`),
  KEY `product_id` (`product_id`),
  KEY `payment_history_id` (`payment_history_id`),
  CONSTRAINT `voucher_ibfk_1` FOREIGN KEY (`corporate_user_id`) REFERENCES `corporate_user` (`id`) ON DELETE CASCADE ON UPDATE CASCADE,
  CONSTRAINT `voucher_ibfk_2` FOREIGN KEY (`announcement_id`) REFERENCES `announcement` (`id`) ON DELETE CASCADE ON UPDATE CASCADE,
  CONSTRAINT `voucher_ibfk_3` FOREIGN KEY (`product_id`) REFERENCES `product` (`id`) ON DELETE CASCADE ON UPDATE CASCADE,
  CONSTRAINT `voucher_ibfk_4` FOREIGN KEY (`payment_history_id`) REFERENCES `payment_history` (`id`) ON DELETE CASCADE ON UPDATE CASCADE
) ENGINE=InnoDB AUTO_INCREMENT=65 DEFAULT CHARSET=utf8mb4;

--
-- Dumping data for table `voucher`
--

INSERT INTO `voucher` VALUES (15,'2020-10-28 08:42:55','2020-10-29 23:59:59',1,0,'2020-10-28 08:42:55','2020-10-28 08:42:55',285,NULL,1,108),(24,'2020-10-28 20:45:37','2021-02-25 20:45:37',100,0,'2020-10-28 20:45:37','2020-10-28 20:45:37',201,NULL,3,118),(42,'2020-10-30 15:54:43','2021-02-27 15:54:43',78,1,'2020-10-30 15:54:43','2020-11-05 03:11:23',300,NULL,3,141),(57,'2020-11-05 11:51:47','2020-11-06 23:59:59',1,0,'2020-11-05 11:51:47','2020-11-05 11:51:47',300,NULL,1,163),(58,'2020-11-05 12:05:46','2020-11-06 23:59:59',1,0,'2020-11-05 12:05:46','2020-11-05 12:05:46',300,NULL,1,164),(59,'2020-11-05 12:08:21','2020-11-06 23:59:59',1,0,'2020-11-05 12:08:21','2020-11-05 12:08:21',300,NULL,1,165),(60,'2020-11-05 12:09:58','2020-11-06 23:59:59',1,0,'2020-11-05 12:09:58','2020-11-05 12:09:58',300,NULL,1,166),(61,'2020-11-05 12:11:21','2020-11-06 23:59:59',1,0,'2020-11-05 12:11:21','2020-11-05 12:11:21',300,NULL,1,167),(62,'2020-11-05 17:54:06','2020-11-06 17:54:06',-1,0,'2020-11-05 17:54:06','2020-11-05 17:54:06',201,NULL,6,170),(64,'2020-11-05 18:01:24','2020-11-06 23:59:59',-1,0,'2020-11-05 18:01:24','2020-11-05 18:01:24',202,NULL,6,172);

--
-- Dumping events for database 'albapung'
--

--
-- Dumping routines for database 'albapung'
--


